-- https://www.phpmyadmin.net/
--
-- Hôte : proamcottydbiarr.mysql.db
-- Généré le : lun. 26 jan. 2026 à 21:29
-- Version du serveur : 8.0.44-35
-- Version de PHP : 8.1.33

START TRANSACTION;



--
-- Base de données : `proamcottydbiarr`
--

-- --------------------------------------------------------

--
-- Structure de la table `admin_comptes`
--

CREATE TABLE `admin_comptes` (
  `compte_id` varchar(100) CHARACTER SET utf8mb3 COLLATE utf8mb3_unicode_ci NOT NULL DEFAULT '0',
  `compte_type` enum('superviseur','administrateur','utilisateur') CHARACTER SET utf8mb3 COLLATE utf8mb3_unicode_ci NOT NULL DEFAULT 'utilisateur',
  `compte_nom_utilisateur` varchar(255) CHARACTER SET utf8mb3 COLLATE utf8mb3_unicode_ci NOT NULL,
  `compte_mot_passe` varchar(255) CHARACTER SET utf8mb3 COLLATE utf8mb3_unicode_ci NOT NULL,
  `compte_nom` varchar(255) CHARACTER SET utf8mb3 COLLATE utf8mb3_unicode_ci NOT NULL,
  `compte_prenom` varchar(255) CHARACTER SET utf8mb3 COLLATE utf8mb3_unicode_ci NOT NULL,
  `compte_email` varchar(255) CHARACTER SET utf8mb3 COLLATE utf8mb3_unicode_ci NOT NULL,
  `compte_commentaire` text CHARACTER SET utf8mb3 COLLATE utf8mb3_unicode_ci NOT NULL,
  `compte_acces_modules` text CHARACTER SET utf8mb3 COLLATE utf8mb3_unicode_ci NOT NULL,
  `compte_acces_rubriques` text CHARACTER SET utf8mb3 COLLATE utf8mb3_unicode_ci NOT NULL
) ENGINE=MyISAM DEFAULT CHARSET=utf8mb3 COLLATE=utf8mb3_unicode_ci COMMENT='ADMIN : Comptes d''accès';

--
-- Déchargement des données de la table `admin_comptes`
--

INSERT INTO `admin_comptes` (`compte_id`, `compte_type`, `compte_nom_utilisateur`, `compte_mot_passe`, `compte_nom`, `compte_prenom`, `compte_email`, `compte_commentaire`, `compte_acces_modules`, `compte_acces_rubriques`) VALUES
('3cf611a58a3d2', 'superviseur', 'oguenon', 'f23eeca781d4489dfc63c000a293daa1', 'GU&Eacute;NON', 'Olivier', 'oguenon@gmail.com', '', '', ''),
('5241c8ea21d03', 'administrateur', 'cantegrel', '0c5c388b2d409a49998be6bcdd938f9b', 'CANTEGREL', 'Christophe', 'ccantgolf@golf-first.fr', '', '', ''),
('55e478360b2e1', 'utilisateur', 'paco', '15abc9ffd5ea9708eb98e7034574f814', 'PACO', 'Paco', 'ccantgolf@golf-first.fr', '', '6,5', '3,4,6,7,9'),
('6400639ee2df6', 'utilisateur', 'MARIN', 'd5d49691ae7b30b4102d9b4ce2e2f38f', 'MARIN', 'Laetitia', 'laetitia@makilas-golftour.com', '', '8,6,7,9,1,5', '10,12,11,13,3,4,5,1,2,6,7,9');

-- --------------------------------------------------------

--
-- Structure de la table `admin_modif_facture_EN`
--

CREATE TABLE `admin_modif_facture_EN` (
  `ID` int NOT NULL,
  `input1` varchar(255) NOT NULL,
  `input2` varchar(255) NOT NULL,
  `input3` varchar(255) NOT NULL,
  `input4` varchar(255) NOT NULL,
  `input5` varchar(255) NOT NULL,
  `input6` varchar(255) NOT NULL,
  `input7` varchar(255) NOT NULL,
  `input8` varchar(255) NOT NULL,
  `input9` varchar(255) NOT NULL,
  `input10` varchar(255) NOT NULL,
  `input11` varchar(255) NOT NULL,
  `input12` varchar(255) NOT NULL,
  `input13` varchar(255) NOT NULL
) ENGINE=InnoDB DEFAULT CHARSET=latin1;

--
-- Déchargement des données de la table `admin_modif_facture_EN`
--

INSERT INTO `admin_modif_facture_EN` (`ID`, `input1`, `input2`, `input3`, `input4`, `input5`, `input6`, `input7`, `input8`, `input9`, `input10`, `input11`, `input12`, `input13`) VALUES
(1, 'FACTURE PRO FORMAT', 'N° TVA INTRA-COMMUNAUTAIRE', 'FRN 91343871687', 'VIREMENT', 'BANQUE CREDIT AGRICOLE  BAYONNE', 'Code IBAN: FR76 1690 6200 2451 0054 4111 818 ', 'Code BIC: AGRIFRPP869', '- Réglement : Acompte de 500 euros à la commande, le solde au 1er Juin  2025', '- Escompte pour réglement anticipé: 0%', '- En cas de retard de paiement, une pénalité sera appliquée à un taux de 1.5 fois le taux  d\'intérêt  légal ainsi  qu\'une amende forfaitaire de recouvrement de 40  €.', 'CHALLENGE ORGANISATION - 95 Rue des 4 cantons 64600 ANGLET', 'Tél : 05 59 42 27 97   -  www.proamagadir.com  -  proam@golf-first.fr', 'SARL au capital de 7 622 €  -   Siret 343 871 687 00038 ');

-- --------------------------------------------------------

--
-- Structure de la table `admin_modif_facture_FR`
--

CREATE TABLE `admin_modif_facture_FR` (
  `ID` int NOT NULL,
  `input1` varchar(255) NOT NULL,
  `input2` varchar(255) NOT NULL,
  `input3` varchar(255) NOT NULL,
  `input4` varchar(255) NOT NULL,
  `input5` varchar(255) NOT NULL,
  `input6` varchar(255) NOT NULL,
  `input7` varchar(255) NOT NULL,
  `input8` varchar(255) NOT NULL,
  `input9` varchar(255) NOT NULL,
  `input10` varchar(255) NOT NULL,
  `input11` varchar(255) NOT NULL,
  `input12` varchar(255) NOT NULL,
  `input13` varchar(255) NOT NULL
) ENGINE=InnoDB DEFAULT CHARSET=utf8mb3;

--
-- Déchargement des données de la table `admin_modif_facture_FR`
--

INSERT INTO `admin_modif_facture_FR` (`ID`, `input1`, `input2`, `input3`, `input4`, `input5`, `input6`, `input7`, `input8`, `input9`, `input10`, `input11`, `input12`, `input13`) VALUES
(1, 'FACTURE PRO FORMAT', 'N° TVA INTRA-COMMUNAUTAIRE', 'FRN 91343871687', 'VIREMENT', 'BANQUE CREDIT AGRICOLE  BAYONNE', 'Code IBAN: FR76 1690 6200 2451 0054 4111 818 ', 'Code BIC: AGRIFRPP869', '- Réglement : Acompte de 500 euros à la commande, le solde au 1er Juin 2023', '- Escompte pour réglement anticipé: 0%', '- En cas de retard de paiement, une pénalité sera appliquée à un taux de 1.5 fois le taux  d\'intérêt  légal ainsi  qu\'une amende forfaitaire de recouvrement de 40  €.', 'CHALLENGE ORGANISATION - 95 Rue des 4 cantons 64600 ANGLET', 'Tél : 05 59 42 27 97   -  www.proamagadir.com  -  proam@golf-first.fr', 'SARL au capital de 7 622 €  -   Siret 343 871 687 00038 ');

-- --------------------------------------------------------

--
-- Structure de la table `admin_modules`
--

CREATE TABLE `admin_modules` (
  `module_id` int NOT NULL,
  `module_niveau` enum('primaire','secondaire','tertiaire') CHARACTER SET utf8mb3 COLLATE utf8mb3_unicode_ci NOT NULL DEFAULT 'primaire',
  `module_libelle` varchar(255) CHARACTER SET utf8mb3 COLLATE utf8mb3_unicode_ci NOT NULL,
  `module_repertoire` varchar(100) CHARACTER SET utf8mb3 COLLATE utf8mb3_unicode_ci NOT NULL,
  `module_classement` int NOT NULL DEFAULT '0',
  `module_activation` varchar(1) CHARACTER SET utf8mb3 COLLATE utf8mb3_unicode_ci NOT NULL DEFAULT '1'
) ENGINE=MyISAM DEFAULT CHARSET=utf8mb3 COLLATE=utf8mb3_unicode_ci COMMENT='ADMIN : Liste des modules';

--
-- Déchargement des données de la table `admin_modules`
--

INSERT INTO `admin_modules` (`module_id`, `module_niveau`, `module_libelle`, `module_repertoire`, `module_classement`, `module_activation`) VALUES
(1, 'tertiaire', 'Configuration', 'configuration', 5, '1'),
(5, 'primaire', 'R&eacute;sultats', 'resultats', 6, '1'),
(6, 'primaire', 'Joueurs &amp; &Eacute;quipes', 'joueurs_equipes', 2, '1'),
(7, 'primaire', 'Planning', 'planning', 3, '1'),
(8, 'primaire', 'Comp&eacute;titions', 'competitions', 1, '1'),
(9, 'primaire', 'H&eacute;bergements', 'hebergements', 4, '1');

-- --------------------------------------------------------

--
-- Structure de la table `admin_rubriques`
--

CREATE TABLE `admin_rubriques` (
  `rubrique_id` int NOT NULL,
  `rubrique_module` int NOT NULL DEFAULT '0',
  `rubrique_libelle` varchar(255) CHARACTER SET utf8mb3 COLLATE utf8mb3_unicode_ci NOT NULL,
  `rubrique_repertoire` varchar(100) CHARACTER SET utf8mb3 COLLATE utf8mb3_unicode_ci NOT NULL,
  `rubrique_classement` int NOT NULL DEFAULT '0',
  `rubrique_activation` varchar(1) CHARACTER SET utf8mb3 COLLATE utf8mb3_unicode_ci NOT NULL DEFAULT '1'
) ENGINE=MyISAM DEFAULT CHARSET=utf8mb3 COLLATE=utf8mb3_unicode_ci COMMENT='ADMIN : Liste des rubriques';

--
-- Déchargement des données de la table `admin_rubriques`
--

INSERT INTO `admin_rubriques` (`rubrique_id`, `rubrique_module`, `rubrique_libelle`, `rubrique_repertoire`, `rubrique_classement`, `rubrique_activation`) VALUES
(1, 1, 'Comptes', 'comptes', 1, '1'),
(2, 1, 'Arborescence', 'arborescence', 2, '1'),
(3, 6, 'Joueurs', 'joueurs', 1, '1'),
(4, 6, '&Eacute;quipes', 'equipes', 2, '1'),
(5, 6, 'Facturation', 'facturation', 3, '1'),
(6, 5, 'Cartes de score', 'cartes_score', 1, '1'),
(7, 5, 'Classement cumul&eacute;', 'classement_cumule', 2, '1'),
(9, 5, 'Classement cumul&eacute; Pro', 'classement_cumule_pro', 3, '1'),
(10, 8, 'Comp&eacute;titions', 'competitions', 1, '1'),
(11, 8, 'Roadbooks', 'roadbooks', 3, '1'),
(12, 8, 'Golf', 'golfs', 2, '1'),
(13, 8, 'Sponsors', 'sponsors', 4, '1');

-- --------------------------------------------------------

--
-- Structure de la table `admin_traces`
--

CREATE TABLE `admin_traces` (
  `trace_id` int NOT NULL,
  `trace_compte` varchar(100) CHARACTER SET utf8mb3 COLLATE utf8mb3_unicode_ci NOT NULL DEFAULT '0',
  `trace_datetime_connexion` datetime NOT NULL DEFAULT '1970-01-01 00:00:00',
  `trace_datetime_deconnexion` datetime NOT NULL DEFAULT '1970-01-01 00:00:00'
) ENGINE=MyISAM DEFAULT CHARSET=utf8mb3 COLLATE=utf8mb3_unicode_ci COMMENT='ADMIN : Traces de connexion et de déconnexion';

--
-- Déchargement des données de la table `admin_traces`
--

INSERT INTO `admin_traces` (`trace_id`, `trace_compte`, `trace_datetime_connexion`, `trace_datetime_deconnexion`) VALUES
(126, '5241c8ea21d03', '2014-09-18 09:50:01', '1970-01-01 00:00:00'),
(127, '5241c8ea21d03', '2014-09-18 18:12:09', '2014-09-18 18:16:02'),
(128, '5241c8ea21d03', '2014-09-18 18:16:10', '1970-01-01 00:00:00'),
(129, '5241c8ea21d03', '2014-09-18 18:17:21', '1970-01-01 00:00:00'),
(130, '5241c8ea21d03', '2014-09-22 10:57:40', '1970-01-01 00:00:00'),
(131, '5241c8ea21d03', '2014-09-22 17:06:23', '1970-01-01 00:00:00'),
(132, '5241c8ea21d03', '2014-09-23 09:40:54', '1970-01-01 00:00:00'),
(133, '5241c8ea21d03', '2014-09-23 09:41:07', '1970-01-01 00:00:00'),
(134, '5241c8ea21d03', '2014-09-23 09:42:21', '1970-01-01 00:00:00'),
(135, '5241c8ea21d03', '2014-09-23 10:17:04', '1970-01-01 00:00:00'),
(136, '5241c8ea21d03', '2014-09-23 16:37:27', '2014-09-23 17:16:03'),
(137, '5241c8ea21d03', '2014-09-23 16:38:50', '1970-01-01 00:00:00'),
(138, '5241c8ea21d03', '2014-09-23 17:24:06', '1970-01-01 00:00:00'),
(139, '5241c8ea21d03', '2014-09-24 10:13:11', '1970-01-01 00:00:00'),
(140, '5241c8ea21d03', '2014-09-25 16:23:08', '1970-01-01 00:00:00'),
(141, '5241c8ea21d03', '2014-09-29 09:53:43', '1970-01-01 00:00:00'),
(142, '5241c8ea21d03', '2014-10-07 16:07:31', '1970-01-01 00:00:00'),
(143, '5241c8ea21d03', '2014-10-09 11:59:49', '1970-01-01 00:00:00'),
(144, '5241c8ea21d03', '2014-10-09 11:59:51', '1970-01-01 00:00:00'),
(145, '5241c8ea21d03', '2014-10-09 14:50:47', '1970-01-01 00:00:00'),
(146, '5241c8ea21d03', '2014-10-13 10:24:39', '2014-10-13 12:28:11'),
(147, '5241c8ea21d03', '2014-10-15 14:51:03', '1970-01-01 00:00:00'),
(148, '5241c8ea21d03', '2014-10-21 09:52:53', '1970-01-01 00:00:00'),
(149, '5241c8ea21d03', '2014-10-28 10:52:15', '1970-01-01 00:00:00'),
(150, '5241c8ea21d03', '2014-11-13 16:47:19', '1970-01-01 00:00:00'),
(151, '5241c8ea21d03', '2014-11-13 16:58:12', '1970-01-01 00:00:00'),
(152, '5241c8ea21d03', '2014-11-13 23:45:44', '1970-01-01 00:00:00'),
(153, '5241c8ea21d03', '2014-11-19 14:31:27', '1970-01-01 00:00:00'),
(154, '5241c8ea21d03', '2014-11-19 14:42:38', '2014-11-19 16:17:08'),
(155, '5241c8ea21d03', '2014-11-21 10:21:54', '2014-11-21 10:31:17'),
(156, '5241c8ea21d03', '2014-11-21 10:58:20', '2014-11-21 10:59:06'),
(157, '5241c8ea21d03', '2014-11-26 16:40:00', '1970-01-01 00:00:00'),
(158, '5241c8ea21d03', '2014-11-27 16:58:28', '2014-11-27 17:26:58'),
(159, '5241c8ea21d03', '2014-11-28 10:04:39', '1970-01-01 00:00:00'),
(160, '5241c8ea21d03', '2014-12-01 16:19:38', '1970-01-01 00:00:00'),
(161, '5241c8ea21d03', '2014-12-02 11:55:55', '1970-01-01 00:00:00'),
(162, '5241c8ea21d03', '2014-12-02 15:40:35', '2014-12-02 16:05:08'),
(163, '5241c8ea21d03', '2014-12-02 16:05:16', '1970-01-01 00:00:00'),
(164, '5241c8ea21d03', '2014-12-03 14:12:38', '1970-01-01 00:00:00'),
(165, '5241c8ea21d03', '2014-12-04 09:56:35', '2014-12-04 09:57:54'),
(166, '5241c8ea21d03', '2014-12-08 11:52:33', '1970-01-01 00:00:00'),
(167, '5241c8ea21d03', '2014-12-09 10:07:32', '1970-01-01 00:00:00'),
(168, '5241c8ea21d03', '2014-12-11 14:05:56', '2014-12-11 14:21:47'),
(169, '5241c8ea21d03', '2014-12-11 15:20:21', '2014-12-11 15:25:55'),
(170, '5241c8ea21d03', '2014-12-17 14:42:09', '1970-01-01 00:00:00'),
(171, '5241c8ea21d03', '2014-12-23 11:47:15', '2014-12-23 12:03:31'),
(172, '5241c8ea21d03', '2014-12-31 10:46:31', '1970-01-01 00:00:00'),
(173, '5241c8ea21d03', '2014-12-31 10:55:25', '1970-01-01 00:00:00'),
(174, '5241c8ea21d03', '2014-12-31 12:07:32', '1970-01-01 00:00:00'),
(175, '5241c8ea21d03', '2014-12-31 18:54:11', '1970-01-01 00:00:00'),
(176, '5241c8ea21d03', '2015-01-05 14:40:32', '2015-01-05 15:13:33'),
(177, '5241c8ea21d03', '2015-01-06 09:22:15', '2015-01-06 09:50:04'),
(178, '5241c8ea21d03', '2015-01-07 10:03:12', '1970-01-01 00:00:00'),
(179, '5241c8ea21d03', '2015-01-09 11:52:10', '1970-01-01 00:00:00'),
(180, '5241c8ea21d03', '2015-01-13 09:48:22', '1970-01-01 00:00:00'),
(181, '5241c8ea21d03', '2015-01-14 15:50:01', '1970-01-01 00:00:00'),
(182, '5241c8ea21d03', '2015-01-16 11:16:17', '2015-01-16 11:34:29'),
(183, '5241c8ea21d03', '2015-01-16 11:56:11', '2015-01-16 12:18:30'),
(184, '5241c8ea21d03', '2015-01-19 10:15:53', '2015-01-19 11:05:00'),
(185, '5241c8ea21d03', '2015-01-19 11:44:31', '1970-01-01 00:00:00'),
(186, '5241c8ea21d03', '2015-01-19 15:57:32', '1970-01-01 00:00:00'),
(187, '5241c8ea21d03', '2015-01-19 16:08:58', '2015-01-19 17:47:13'),
(188, '5241c8ea21d03', '2015-01-20 14:49:22', '2015-01-20 15:39:53'),
(189, '5241c8ea21d03', '2015-01-20 15:43:07', '2015-01-20 15:51:12'),
(190, '5241c8ea21d03', '2015-01-20 16:21:42', '2015-01-20 16:26:29'),
(191, '5241c8ea21d03', '2015-01-21 11:43:15', '2015-01-21 11:57:12'),
(192, '5241c8ea21d03', '2015-01-21 12:12:39', '1970-01-01 00:00:00'),
(193, '5241c8ea21d03', '2015-01-21 15:19:40', '2015-01-21 15:50:06'),
(194, '5241c8ea21d03', '2015-01-21 16:13:49', '1970-01-01 00:00:00'),
(195, '5241c8ea21d03', '2015-01-21 17:45:00', '2015-01-21 17:46:29'),
(196, '5241c8ea21d03', '2015-01-23 17:18:54', '2015-01-23 17:43:38'),
(197, '5241c8ea21d03', '2015-01-23 17:45:13', '1970-01-01 00:00:00'),
(198, '5241c8ea21d03', '2015-01-27 10:31:03', '1970-01-01 00:00:00'),
(199, '5241c8ea21d03', '2015-01-28 10:14:48', '2015-01-28 10:29:20'),
(200, '5241c8ea21d03', '2015-02-02 12:07:32', '1970-01-01 00:00:00'),
(201, '5241c8ea21d03', '2015-02-02 14:07:05', '1970-01-01 00:00:00'),
(202, '5241c8ea21d03', '2015-02-02 14:18:40', '1970-01-01 00:00:00'),
(203, '5241c8ea21d03', '2015-02-02 15:14:48', '2015-02-02 15:15:49'),
(204, '5241c8ea21d03', '2015-02-02 15:33:06', '2015-02-02 16:30:16'),
(205, '5241c8ea21d03', '2015-02-02 16:32:20', '2015-02-02 16:42:34'),
(206, '5241c8ea21d03', '2015-02-02 16:43:10', '2015-02-02 16:46:34'),
(207, '5241c8ea21d03', '2015-02-02 17:05:41', '1970-01-01 00:00:00'),
(208, '5241c8ea21d03', '2015-02-03 09:40:19', '2015-02-03 10:25:35'),
(209, '5241c8ea21d03', '2015-02-03 10:28:28', '2015-02-03 10:56:14'),
(210, '5241c8ea21d03', '2015-02-03 12:24:51', '2015-02-03 12:27:46'),
(211, '5241c8ea21d03', '2015-02-04 09:52:41', '2015-02-04 10:13:45'),
(212, '5241c8ea21d03', '2015-02-04 10:15:44', '2015-02-04 10:16:11'),
(213, '5241c8ea21d03', '2015-02-05 17:32:36', '1970-01-01 00:00:00'),
(214, '5241c8ea21d03', '2015-02-05 17:36:18', '2015-02-05 18:02:15'),
(215, '5241c8ea21d03', '2015-02-06 12:08:31', '1970-01-01 00:00:00'),
(216, '5241c8ea21d03', '2015-02-06 14:51:44', '2015-02-06 15:49:37'),
(217, '5241c8ea21d03', '2015-02-08 21:12:02', '1970-01-01 00:00:00'),
(218, '5241c8ea21d03', '2015-02-12 15:44:21', '2015-02-12 16:18:36'),
(219, '5241c8ea21d03', '2015-02-12 16:18:52', '2015-02-12 17:01:01'),
(220, '5241c8ea21d03', '2015-02-12 17:12:32', '1970-01-01 00:00:00'),
(221, '5241c8ea21d03', '2015-02-13 14:18:38', '2015-02-13 16:01:44'),
(222, '5241c8ea21d03', '2015-02-16 14:18:39', '1970-01-01 00:00:00'),
(223, '5241c8ea21d03', '2015-02-16 14:18:39', '2015-02-16 16:45:23'),
(224, '5241c8ea21d03', '2015-02-16 17:51:33', '2015-02-16 18:11:07'),
(225, '5241c8ea21d03', '2015-02-16 18:11:56', '1970-01-01 00:00:00'),
(226, '5241c8ea21d03', '2015-02-17 09:19:24', '2015-02-17 10:33:17'),
(227, '5241c8ea21d03', '2015-02-18 10:18:42', '2015-02-18 11:43:54'),
(228, '5241c8ea21d03', '2015-02-18 11:44:11', '1970-01-01 00:00:00'),
(229, '5241c8ea21d03', '2015-02-18 12:05:38', '1970-01-01 00:00:00'),
(230, '5241c8ea21d03', '2015-02-18 14:38:21', '2015-02-18 15:49:55'),
(231, '5241c8ea21d03', '2015-02-19 11:14:58', '2015-02-19 11:46:07'),
(232, '5241c8ea21d03', '2015-02-20 09:38:51', '2015-02-20 10:12:44'),
(233, '5241c8ea21d03', '2015-02-20 10:28:32', '2015-02-20 11:23:40'),
(234, '5241c8ea21d03', '2015-02-20 14:21:50', '1970-01-01 00:00:00'),
(235, '5241c8ea21d03', '2015-02-20 14:36:42', '1970-01-01 00:00:00'),
(236, '5241c8ea21d03', '2015-02-20 15:01:15', '1970-01-01 00:00:00'),
(237, '5241c8ea21d03', '2015-02-20 16:55:45', '2015-02-20 17:08:31'),
(238, '5241c8ea21d03', '2015-02-20 17:10:42', '2015-02-20 17:46:49'),
(239, '5241c8ea21d03', '2015-02-23 09:54:03', '1970-01-01 00:00:00'),
(240, '5241c8ea21d03', '2015-02-23 14:01:00', '2015-02-23 14:03:04'),
(241, '5241c8ea21d03', '2015-02-23 14:18:34', '1970-01-01 00:00:00'),
(242, '5241c8ea21d03', '2015-02-23 17:30:43', '1970-01-01 00:00:00'),
(243, '5241c8ea21d03', '2015-02-24 10:28:12', '2015-02-24 10:33:46'),
(244, '5241c8ea21d03', '2015-02-24 10:43:24', '1970-01-01 00:00:00'),
(245, '5241c8ea21d03', '2015-02-25 09:47:31', '1970-01-01 00:00:00'),
(246, '5241c8ea21d03', '2015-02-25 16:48:47', '2015-02-25 16:49:23'),
(247, '5241c8ea21d03', '2015-02-25 16:53:43', '2015-02-25 17:02:55'),
(248, '5241c8ea21d03', '2015-02-26 09:22:58', '2015-02-26 10:28:26'),
(249, '5241c8ea21d03', '2015-02-26 11:23:30', '1970-01-01 00:00:00'),
(250, '5241c8ea21d03', '2015-02-26 15:57:04', '1970-01-01 00:00:00'),
(251, '5241c8ea21d03', '2015-02-27 10:06:14', '2015-02-27 12:14:27'),
(252, '5241c8ea21d03', '2015-02-27 15:28:30', '2015-02-27 15:34:28'),
(253, '5241c8ea21d03', '2015-03-02 10:46:39', '2015-03-02 12:02:44'),
(254, '5241c8ea21d03', '2015-03-03 09:50:50', '2015-03-03 11:26:52'),
(255, '5241c8ea21d03', '2015-03-03 15:43:47', '1970-01-01 00:00:00'),
(256, '5241c8ea21d03', '2015-03-04 09:29:00', '1970-01-01 00:00:00'),
(257, '5241c8ea21d03', '2015-03-04 11:46:04', '2015-03-04 11:48:35'),
(258, '5241c8ea21d03', '2015-03-04 12:12:07', '2015-03-04 12:41:07'),
(259, '5241c8ea21d03', '2015-03-05 10:47:07', '2015-03-05 12:02:17'),
(260, '5241c8ea21d03', '2015-03-05 14:43:17', '2015-03-05 15:00:23'),
(261, '5241c8ea21d03', '2015-03-05 15:40:41', '2015-03-05 15:41:06'),
(262, '5241c8ea21d03', '2015-03-06 11:10:42', '2015-03-06 11:49:27'),
(263, '5241c8ea21d03', '2015-03-06 12:27:29', '1970-01-01 00:00:00'),
(264, '5241c8ea21d03', '2015-03-06 14:43:01', '2015-03-06 15:57:44'),
(265, '5241c8ea21d03', '2015-03-06 16:37:46', '2015-03-06 17:06:28'),
(266, '5241c8ea21d03', '2015-03-06 17:13:25', '2015-03-06 17:20:15'),
(267, '5241c8ea21d03', '2015-03-06 17:22:11', '2015-03-06 17:23:08'),
(268, '5241c8ea21d03', '2015-03-09 09:36:12', '2015-03-09 12:15:52'),
(269, '5241c8ea21d03', '2015-03-09 15:49:25', '2015-03-09 17:06:28'),
(270, '5241c8ea21d03', '2015-03-10 09:11:02', '2015-03-10 10:16:16'),
(271, '5241c8ea21d03', '2015-03-10 12:13:53', '2015-03-10 12:16:34'),
(272, '5241c8ea21d03', '2015-03-10 12:27:12', '2015-03-10 12:44:06'),
(273, '5241c8ea21d03', '2015-03-10 16:58:04', '1970-01-01 00:00:00'),
(274, '5241c8ea21d03', '2015-03-11 10:59:16', '1970-01-01 00:00:00'),
(275, '5241c8ea21d03', '2015-03-11 10:59:55', '1970-01-01 00:00:00'),
(276, '5241c8ea21d03', '2015-03-11 14:11:45', '2015-03-11 14:15:16'),
(277, '5241c8ea21d03', '2015-03-12 09:24:51', '2015-03-12 09:31:12'),
(278, '5241c8ea21d03', '2015-03-12 09:54:33', '2015-03-12 10:46:03'),
(279, '5241c8ea21d03', '2015-03-12 12:00:50', '1970-01-01 00:00:00'),
(280, '5241c8ea21d03', '2015-03-12 14:18:22', '2015-03-12 17:50:01'),
(281, '5241c8ea21d03', '2015-03-13 09:40:56', '2015-03-13 12:05:47'),
(282, '5241c8ea21d03', '2015-03-13 15:01:00', '1970-01-01 00:00:00'),
(283, '5241c8ea21d03', '2015-03-13 15:02:59', '1970-01-01 00:00:00'),
(284, '5241c8ea21d03', '2015-03-16 10:15:25', '1970-01-01 00:00:00'),
(285, '5241c8ea21d03', '2015-03-16 11:04:59', '1970-01-01 00:00:00'),
(286, '5241c8ea21d03', '2015-03-16 14:41:29', '1970-01-01 00:00:00'),
(287, '5241c8ea21d03', '2015-03-16 14:41:29', '1970-01-01 00:00:00'),
(288, '5241c8ea21d03', '2015-03-16 14:41:42', '1970-01-01 00:00:00'),
(289, '5241c8ea21d03', '2015-03-16 18:21:26', '1970-01-01 00:00:00'),
(290, '5241c8ea21d03', '2015-03-17 10:18:20', '1970-01-01 00:00:00'),
(291, '5241c8ea21d03', '2015-03-17 11:53:00', '1970-01-01 00:00:00'),
(292, '5241c8ea21d03', '2015-03-18 10:34:00', '1970-01-01 00:00:00'),
(293, '5241c8ea21d03', '2015-03-18 14:39:35', '1970-01-01 00:00:00'),
(294, '5241c8ea21d03', '2015-03-23 15:14:11', '1970-01-01 00:00:00'),
(295, '5241c8ea21d03', '2015-03-23 17:17:06', '2015-03-23 18:19:48'),
(296, '5241c8ea21d03', '2015-03-24 10:02:52', '1970-01-01 00:00:00'),
(297, '5241c8ea21d03', '2015-03-24 14:34:21', '1970-01-01 00:00:00'),
(298, '5241c8ea21d03', '2015-03-24 17:24:58', '1970-01-01 00:00:00'),
(299, '5241c8ea21d03', '2015-03-25 09:34:14', '1970-01-01 00:00:00'),
(300, '5241c8ea21d03', '2015-03-25 10:01:41', '1970-01-01 00:00:00'),
(301, '5241c8ea21d03', '2015-03-25 14:46:08', '1970-01-01 00:00:00'),
(302, '5241c8ea21d03', '2015-03-25 17:21:07', '1970-01-01 00:00:00'),
(303, '5241c8ea21d03', '2015-03-26 10:22:19', '1970-01-01 00:00:00'),
(304, '5241c8ea21d03', '2015-03-26 15:01:36', '1970-01-01 00:00:00'),
(305, '5241c8ea21d03', '2015-03-26 16:25:48', '1970-01-01 00:00:00'),
(306, '5241c8ea21d03', '2015-03-27 09:42:34', '1970-01-01 00:00:00'),
(307, '5241c8ea21d03', '2015-03-27 14:14:09', '2015-03-27 14:44:42'),
(308, '5241c8ea21d03', '2015-03-27 16:21:48', '2015-03-27 16:23:51'),
(309, '5241c8ea21d03', '2015-03-27 16:33:07', '1970-01-01 00:00:00'),
(310, '5241c8ea21d03', '2015-03-30 10:43:13', '2015-03-30 12:02:51'),
(311, '5241c8ea21d03', '2015-03-30 12:18:44', '1970-01-01 00:00:00'),
(312, '5241c8ea21d03', '2015-03-30 13:49:50', '1970-01-01 00:00:00'),
(313, '5241c8ea21d03', '2015-03-31 10:02:27', '1970-01-01 00:00:00'),
(314, '5241c8ea21d03', '2015-03-31 12:02:34', '1970-01-01 00:00:00'),
(315, '5241c8ea21d03', '2015-03-31 15:18:40', '2015-03-31 16:23:33'),
(316, '5241c8ea21d03', '2015-04-01 09:58:01', '1970-01-01 00:00:00'),
(317, '5241c8ea21d03', '2015-04-01 10:05:15', '2015-04-01 11:36:24'),
(318, '5241c8ea21d03', '2015-04-01 15:57:41', '1970-01-01 00:00:00'),
(319, '5241c8ea21d03', '2015-04-02 11:34:52', '1970-01-01 00:00:00'),
(320, '5241c8ea21d03', '2015-04-02 14:46:56', '1970-01-01 00:00:00'),
(321, '5241c8ea21d03', '2015-04-02 17:32:47', '1970-01-01 00:00:00'),
(322, '5241c8ea21d03', '2015-04-03 09:48:24', '1970-01-01 00:00:00'),
(323, '5241c8ea21d03', '2015-04-03 09:48:24', '1970-01-01 00:00:00'),
(324, '5241c8ea21d03', '2015-04-03 10:34:53', '1970-01-01 00:00:00'),
(325, '5241c8ea21d03', '2015-04-07 10:40:50', '1970-01-01 00:00:00'),
(326, '5241c8ea21d03', '2015-04-07 15:30:39', '1970-01-01 00:00:00'),
(327, '5241c8ea21d03', '2015-04-07 17:10:58', '1970-01-01 00:00:00'),
(328, '5241c8ea21d03', '2015-04-07 19:37:35', '1970-01-01 00:00:00'),
(329, '5241c8ea21d03', '2015-04-08 10:55:07', '1970-01-01 00:00:00'),
(330, '5241c8ea21d03', '2015-04-08 14:42:53', '1970-01-01 00:00:00'),
(331, '5241c8ea21d03', '2015-04-09 09:39:21', '1970-01-01 00:00:00'),
(332, '5241c8ea21d03', '2015-04-09 19:31:07', '1970-01-01 00:00:00'),
(333, '5241c8ea21d03', '2015-04-10 09:50:32', '1970-01-01 00:00:00'),
(334, '5241c8ea21d03', '2015-04-12 15:45:02', '1970-01-01 00:00:00'),
(335, '5241c8ea21d03', '2015-04-12 15:45:09', '1970-01-01 00:00:00'),
(336, '5241c8ea21d03', '2015-04-12 17:37:03', '1970-01-01 00:00:00'),
(337, '5241c8ea21d03', '2015-04-12 18:58:02', '1970-01-01 00:00:00'),
(338, '5241c8ea21d03', '2015-04-13 09:27:30', '1970-01-01 00:00:00'),
(339, '5241c8ea21d03', '2015-04-13 10:40:04', '1970-01-01 00:00:00'),
(340, '5241c8ea21d03', '2015-04-13 13:52:03', '1970-01-01 00:00:00'),
(341, '5241c8ea21d03', '2015-04-13 15:50:14', '1970-01-01 00:00:00'),
(342, '5241c8ea21d03', '2015-04-13 18:06:24', '1970-01-01 00:00:00'),
(343, '5241c8ea21d03', '2015-04-13 18:15:55', '1970-01-01 00:00:00'),
(344, '5241c8ea21d03', '2015-04-14 09:45:40', '1970-01-01 00:00:00'),
(345, '5241c8ea21d03', '2015-04-14 10:19:33', '1970-01-01 00:00:00'),
(346, '5241c8ea21d03', '2015-04-14 11:35:25', '1970-01-01 00:00:00'),
(347, '5241c8ea21d03', '2015-04-14 13:51:43', '1970-01-01 00:00:00'),
(348, '5241c8ea21d03', '2015-04-14 14:12:18', '1970-01-01 00:00:00'),
(349, '5241c8ea21d03', '2015-04-14 14:37:10', '2015-04-14 18:39:41'),
(350, '5241c8ea21d03', '2015-04-15 09:15:07', '1970-01-01 00:00:00'),
(351, '5241c8ea21d03', '2015-04-15 09:18:22', '1970-01-01 00:00:00'),
(352, '5241c8ea21d03', '2015-04-15 11:40:16', '1970-01-01 00:00:00'),
(353, '5241c8ea21d03', '2015-04-15 12:27:00', '1970-01-01 00:00:00'),
(354, '5241c8ea21d03', '2015-04-15 17:50:01', '1970-01-01 00:00:00'),
(355, '5241c8ea21d03', '2015-04-16 09:35:22', '1970-01-01 00:00:00'),
(356, '5241c8ea21d03', '2015-04-16 09:48:28', '1970-01-01 00:00:00'),
(357, '5241c8ea21d03', '2015-04-16 09:55:41', '1970-01-01 00:00:00'),
(358, '5241c8ea21d03', '2015-04-16 10:56:40', '1970-01-01 00:00:00'),
(359, '5241c8ea21d03', '2015-04-16 16:15:42', '1970-01-01 00:00:00'),
(360, '5241c8ea21d03', '2015-04-16 17:16:17', '1970-01-01 00:00:00'),
(361, '5241c8ea21d03', '2015-04-16 17:39:25', '1970-01-01 00:00:00'),
(362, '5241c8ea21d03', '2015-04-18 19:39:22', '1970-01-01 00:00:00'),
(363, '5241c8ea21d03', '2015-04-19 10:09:41', '1970-01-01 00:00:00'),
(364, '5241c8ea21d03', '2015-04-19 15:09:39', '1970-01-01 00:00:00'),
(365, '5241c8ea21d03', '2015-04-19 17:00:25', '1970-01-01 00:00:00'),
(366, '5241c8ea21d03', '2015-04-19 19:45:14', '1970-01-01 00:00:00'),
(367, '5241c8ea21d03', '2015-04-19 19:47:01', '1970-01-01 00:00:00'),
(368, '5241c8ea21d03', '2015-04-19 21:42:43', '1970-01-01 00:00:00'),
(369, '5241c8ea21d03', '2015-04-19 21:47:39', '1970-01-01 00:00:00'),
(370, '5241c8ea21d03', '2015-04-20 19:37:05', '1970-01-01 00:00:00'),
(371, '5241c8ea21d03', '2015-04-21 08:12:06', '1970-01-01 00:00:00'),
(372, '5241c8ea21d03', '2015-04-21 14:11:12', '1970-01-01 00:00:00'),
(373, '5241c8ea21d03', '2015-04-21 14:12:08', '2015-04-21 14:27:40'),
(374, '5241c8ea21d03', '2015-04-21 14:17:50', '1970-01-01 00:00:00'),
(375, '5241c8ea21d03', '2015-04-21 14:32:06', '1970-01-01 00:00:00'),
(376, '5241c8ea21d03', '2015-04-21 16:09:10', '1970-01-01 00:00:00'),
(377, '5241c8ea21d03', '2015-04-21 21:32:00', '1970-01-01 00:00:00'),
(378, '5241c8ea21d03', '2015-04-22 00:24:50', '1970-01-01 00:00:00'),
(379, '5241c8ea21d03', '2015-04-22 11:37:12', '1970-01-01 00:00:00'),
(380, '5241c8ea21d03', '2015-04-22 12:10:13', '1970-01-01 00:00:00'),
(381, '5241c8ea21d03', '2015-04-22 12:37:03', '1970-01-01 00:00:00'),
(382, '5241c8ea21d03', '2015-04-22 13:16:47', '1970-01-01 00:00:00'),
(383, '5241c8ea21d03', '2015-04-22 13:35:41', '1970-01-01 00:00:00'),
(384, '5241c8ea21d03', '2015-04-22 13:42:59', '1970-01-01 00:00:00'),
(385, '5241c8ea21d03', '2015-04-22 13:45:05', '1970-01-01 00:00:00'),
(386, '5241c8ea21d03', '2015-04-22 14:31:32', '1970-01-01 00:00:00'),
(387, '5241c8ea21d03', '2015-04-22 14:50:36', '1970-01-01 00:00:00'),
(388, '5241c8ea21d03', '2015-04-22 15:51:37', '2015-04-22 18:18:18'),
(389, '5241c8ea21d03', '2015-04-22 16:10:05', '1970-01-01 00:00:00'),
(390, '5241c8ea21d03', '2015-04-22 16:11:11', '1970-01-01 00:00:00'),
(391, '5241c8ea21d03', '2015-04-22 16:16:00', '1970-01-01 00:00:00'),
(392, '5241c8ea21d03', '2015-04-22 18:12:23', '1970-01-01 00:00:00'),
(393, '5241c8ea21d03', '2015-04-22 18:24:01', '1970-01-01 00:00:00'),
(394, '5241c8ea21d03', '2015-04-22 19:31:34', '1970-01-01 00:00:00'),
(395, '5241c8ea21d03', '2015-04-22 19:31:46', '1970-01-01 00:00:00'),
(396, '5241c8ea21d03', '2015-04-23 12:10:02', '1970-01-01 00:00:00'),
(397, '5241c8ea21d03', '2015-04-23 12:20:14', '1970-01-01 00:00:00'),
(398, '5241c8ea21d03', '2015-04-23 12:44:57', '1970-01-01 00:00:00'),
(399, '5241c8ea21d03', '2015-04-23 12:49:16', '1970-01-01 00:00:00'),
(400, '5241c8ea21d03', '2015-04-23 12:52:49', '1970-01-01 00:00:00'),
(401, '5241c8ea21d03', '2015-04-23 15:45:13', '1970-01-01 00:00:00'),
(402, '5241c8ea21d03', '2015-04-23 17:55:41', '1970-01-01 00:00:00'),
(403, '5241c8ea21d03', '2015-04-23 18:31:26', '1970-01-01 00:00:00'),
(404, '5241c8ea21d03', '2015-04-23 18:33:36', '1970-01-01 00:00:00'),
(405, '5241c8ea21d03', '2015-04-23 20:37:10', '1970-01-01 00:00:00'),
(406, '5241c8ea21d03', '2015-04-24 08:14:50', '1970-01-01 00:00:00'),
(407, '5241c8ea21d03', '2015-04-24 12:15:41', '1970-01-01 00:00:00'),
(408, '5241c8ea21d03', '2015-04-24 12:22:01', '1970-01-01 00:00:00'),
(409, '5241c8ea21d03', '2015-04-24 12:22:01', '1970-01-01 00:00:00'),
(410, '5241c8ea21d03', '2015-04-24 12:41:21', '1970-01-01 00:00:00'),
(411, '5241c8ea21d03', '2015-04-24 12:54:19', '1970-01-01 00:00:00'),
(412, '5241c8ea21d03', '2015-04-24 13:52:04', '1970-01-01 00:00:00'),
(413, '5241c8ea21d03', '2015-04-24 13:52:28', '1970-01-01 00:00:00'),
(414, '5241c8ea21d03', '2015-04-24 13:52:48', '1970-01-01 00:00:00'),
(415, '5241c8ea21d03', '2015-04-24 14:58:25', '1970-01-01 00:00:00'),
(416, '5241c8ea21d03', '2015-04-24 17:20:06', '1970-01-01 00:00:00'),
(417, '5241c8ea21d03', '2015-04-24 17:38:21', '1970-01-01 00:00:00'),
(418, '5241c8ea21d03', '2015-04-24 18:40:47', '1970-01-01 00:00:00'),
(419, '5241c8ea21d03', '2015-04-25 12:05:35', '1970-01-01 00:00:00'),
(420, '5241c8ea21d03', '2015-04-25 12:43:13', '1970-01-01 00:00:00'),
(421, '5241c8ea21d03', '2015-04-25 12:54:24', '1970-01-01 00:00:00'),
(422, '5241c8ea21d03', '2015-04-25 13:37:02', '1970-01-01 00:00:00'),
(423, '5241c8ea21d03', '2015-04-25 13:41:34', '1970-01-01 00:00:00'),
(424, '5241c8ea21d03', '2015-04-25 14:27:05', '1970-01-01 00:00:00'),
(425, '5241c8ea21d03', '2015-04-25 14:30:54', '1970-01-01 00:00:00'),
(426, '5241c8ea21d03', '2015-04-25 14:45:54', '1970-01-01 00:00:00'),
(427, '5241c8ea21d03', '2015-04-25 14:50:57', '1970-01-01 00:00:00'),
(428, '5241c8ea21d03', '2015-04-25 15:02:36', '1970-01-01 00:00:00'),
(429, '5241c8ea21d03', '2015-04-25 15:47:52', '1970-01-01 00:00:00'),
(430, '5241c8ea21d03', '2015-04-25 16:44:09', '1970-01-01 00:00:00'),
(431, '5241c8ea21d03', '2015-04-25 17:18:59', '1970-01-01 00:00:00'),
(432, '5241c8ea21d03', '2015-04-25 18:31:07', '1970-01-01 00:00:00'),
(433, '5241c8ea21d03', '2015-05-06 13:21:30', '1970-01-01 00:00:00'),
(434, '5241c8ea21d03', '2015-05-06 14:19:46', '2015-05-06 14:45:01'),
(435, '5241c8ea21d03', '2015-05-06 14:45:03', '1970-01-01 00:00:00'),
(436, '5241c8ea21d03', '2015-05-06 14:57:10', '1970-01-01 00:00:00'),
(437, '5241c8ea21d03', '2015-05-06 15:24:38', '1970-01-01 00:00:00'),
(438, '5241c8ea21d03', '2015-05-06 15:30:26', '1970-01-01 00:00:00'),
(439, '5241c8ea21d03', '2015-05-07 14:38:19', '1970-01-01 00:00:00'),
(440, '5241c8ea21d03', '2015-05-07 14:39:03', '1970-01-01 00:00:00'),
(441, '5241c8ea21d03', '2015-05-07 17:48:55', '1970-01-01 00:00:00'),
(442, '5241c8ea21d03', '2015-05-07 18:18:44', '1970-01-01 00:00:00'),
(443, '5241c8ea21d03', '2015-05-07 18:24:52', '1970-01-01 00:00:00'),
(444, '5241c8ea21d03', '2015-05-11 10:35:33', '1970-01-01 00:00:00'),
(445, '5241c8ea21d03', '2015-05-11 11:18:05', '1970-01-01 00:00:00'),
(446, '5241c8ea21d03', '2015-05-11 11:30:53', '1970-01-01 00:00:00'),
(447, '5241c8ea21d03', '2015-05-11 14:15:44', '1970-01-01 00:00:00'),
(448, '5241c8ea21d03', '2015-05-11 15:30:24', '1970-01-01 00:00:00'),
(449, '5241c8ea21d03', '2015-05-11 16:12:20', '1970-01-01 00:00:00'),
(450, '5241c8ea21d03', '2015-05-11 17:53:44', '2015-05-11 18:03:48'),
(451, '5241c8ea21d03', '2015-05-11 18:04:58', '1970-01-01 00:00:00'),
(452, '5241c8ea21d03', '2015-05-11 18:25:48', '1970-01-01 00:00:00'),
(453, '5241c8ea21d03', '2015-05-12 11:18:47', '1970-01-01 00:00:00'),
(454, '5241c8ea21d03', '2015-05-12 14:52:02', '1970-01-01 00:00:00'),
(455, '5241c8ea21d03', '2015-05-12 16:44:15', '1970-01-01 00:00:00'),
(456, '5241c8ea21d03', '2015-05-12 18:17:23', '1970-01-01 00:00:00'),
(457, '5241c8ea21d03', '2015-05-12 18:29:10', '1970-01-01 00:00:00'),
(458, '5241c8ea21d03', '2015-05-12 18:51:55', '2015-05-12 18:53:55'),
(459, '5241c8ea21d03', '2015-05-13 14:44:46', '1970-01-01 00:00:00'),
(460, '5241c8ea21d03', '2015-05-15 11:11:02', '1970-01-01 00:00:00'),
(461, '5241c8ea21d03', '2015-05-15 16:16:35', '2015-05-15 16:19:14'),
(462, '5241c8ea21d03', '2015-05-18 10:57:04', '1970-01-01 00:00:00'),
(463, '5241c8ea21d03', '2015-05-20 12:18:37', '1970-01-01 00:00:00'),
(464, '5241c8ea21d03', '2015-05-20 16:43:10', '2015-05-20 16:55:31'),
(465, '5241c8ea21d03', '2015-05-20 20:35:55', '1970-01-01 00:00:00'),
(466, '5241c8ea21d03', '2015-05-21 10:32:13', '1970-01-01 00:00:00'),
(467, '5241c8ea21d03', '2015-05-21 11:53:43', '1970-01-01 00:00:00'),
(468, '5241c8ea21d03', '2015-05-21 15:04:15', '1970-01-01 00:00:00'),
(469, '5241c8ea21d03', '2015-05-21 17:08:47', '1970-01-01 00:00:00'),
(470, '5241c8ea21d03', '2015-05-21 17:16:26', '1970-01-01 00:00:00'),
(471, '5241c8ea21d03', '2015-05-22 15:14:34', '1970-01-01 00:00:00'),
(472, '5241c8ea21d03', '2015-05-22 16:57:36', '1970-01-01 00:00:00'),
(473, '5241c8ea21d03', '2015-05-22 18:00:38', '1970-01-01 00:00:00'),
(474, '5241c8ea21d03', '2015-05-28 11:15:58', '2015-05-28 11:34:06'),
(475, '5241c8ea21d03', '2015-05-28 14:10:35', '1970-01-01 00:00:00'),
(476, '5241c8ea21d03', '2015-05-28 14:33:36', '1970-01-01 00:00:00'),
(477, '5241c8ea21d03', '2015-05-29 14:58:33', '1970-01-01 00:00:00'),
(478, '5241c8ea21d03', '2015-05-29 16:47:47', '1970-01-01 00:00:00'),
(479, '5241c8ea21d03', '2015-05-29 17:48:19', '1970-01-01 00:00:00'),
(480, '5241c8ea21d03', '2015-06-01 09:49:23', '2015-06-01 09:59:56'),
(481, '5241c8ea21d03', '2015-06-01 10:16:46', '1970-01-01 00:00:00'),
(482, '5241c8ea21d03', '2015-06-01 14:54:13', '1970-01-01 00:00:00'),
(483, '5241c8ea21d03', '2015-06-01 17:50:29', '1970-01-01 00:00:00'),
(484, '5241c8ea21d03', '2015-06-02 10:11:52', '1970-01-01 00:00:00'),
(485, '5241c8ea21d03', '2015-06-02 11:16:53', '1970-01-01 00:00:00'),
(486, '5241c8ea21d03', '2015-06-02 11:27:44', '1970-01-01 00:00:00'),
(487, '5241c8ea21d03', '2015-06-02 18:33:25', '1970-01-01 00:00:00'),
(488, '5241c8ea21d03', '2015-06-02 18:54:53', '1970-01-01 00:00:00'),
(489, '5241c8ea21d03', '2015-06-06 09:48:28', '1970-01-01 00:00:00'),
(490, '5241c8ea21d03', '2015-06-08 11:15:11', '1970-01-01 00:00:00'),
(491, '5241c8ea21d03', '2015-06-08 14:17:08', '2015-06-08 17:28:32'),
(492, '5241c8ea21d03', '2015-06-10 09:58:28', '2015-06-10 10:34:32'),
(493, '5241c8ea21d03', '2015-06-10 15:03:43', '1970-01-01 00:00:00'),
(494, '5241c8ea21d03', '2015-06-10 15:52:28', '2015-06-10 17:40:42'),
(495, '5241c8ea21d03', '2015-06-10 17:18:38', '1970-01-01 00:00:00'),
(496, '5241c8ea21d03', '2015-06-10 17:35:21', '1970-01-01 00:00:00'),
(497, '5241c8ea21d03', '2015-06-11 13:54:22', '1970-01-01 00:00:00'),
(498, '5241c8ea21d03', '2015-06-11 14:03:55', '1970-01-01 00:00:00'),
(499, '5241c8ea21d03', '2015-06-12 11:19:51', '1970-01-01 00:00:00'),
(500, '5241c8ea21d03', '2015-06-12 17:38:33', '1970-01-01 00:00:00'),
(501, '5241c8ea21d03', '2015-06-15 11:15:05', '1970-01-01 00:00:00'),
(502, '5241c8ea21d03', '2015-06-16 09:43:26', '1970-01-01 00:00:00'),
(503, '5241c8ea21d03', '2015-06-16 16:13:15', '1970-01-01 00:00:00'),
(504, '5241c8ea21d03', '2015-06-16 16:57:20', '1970-01-01 00:00:00'),
(505, '5241c8ea21d03', '2015-06-17 09:56:19', '1970-01-01 00:00:00'),
(506, '5241c8ea21d03', '2015-06-17 17:27:11', '1970-01-01 00:00:00'),
(507, '5241c8ea21d03', '2015-06-18 16:37:48', '1970-01-01 00:00:00'),
(508, '5241c8ea21d03', '2015-06-19 17:34:22', '1970-01-01 00:00:00'),
(509, '5241c8ea21d03', '2015-06-19 17:34:56', '1970-01-01 00:00:00'),
(510, '5241c8ea21d03', '2015-06-22 10:30:22', '1970-01-01 00:00:00'),
(511, '5241c8ea21d03', '2015-06-23 14:47:38', '1970-01-01 00:00:00'),
(512, '5241c8ea21d03', '2015-06-26 10:12:30', '1970-01-01 00:00:00'),
(513, '5241c8ea21d03', '2015-07-07 15:00:48', '1970-01-01 00:00:00'),
(514, '5241c8ea21d03', '2015-07-13 11:28:24', '1970-01-01 00:00:00'),
(515, '5241c8ea21d03', '2015-07-16 15:07:02', '2015-07-16 15:08:19'),
(516, '5241c8ea21d03', '2015-07-16 15:30:46', '1970-01-01 00:00:00'),
(517, '5241c8ea21d03', '2015-07-27 16:25:06', '1970-01-01 00:00:00'),
(518, '5241c8ea21d03', '2015-07-28 17:25:08', '1970-01-01 00:00:00'),
(519, '5241c8ea21d03', '2015-07-28 17:27:09', '1970-01-01 00:00:00'),
(520, '5241c8ea21d03', '2015-07-29 10:03:59', '1970-01-01 00:00:00'),
(521, '5241c8ea21d03', '2015-07-29 11:41:12', '1970-01-01 00:00:00'),
(522, '5241c8ea21d03', '2015-07-29 12:14:47', '1970-01-01 00:00:00'),
(523, '5241c8ea21d03', '2015-07-30 10:30:55', '1970-01-01 00:00:00'),
(524, '5241c8ea21d03', '2015-07-30 11:03:44', '1970-01-01 00:00:00'),
(525, '5241c8ea21d03', '2015-08-31 15:50:13', '1970-01-01 00:00:00'),
(526, '5241c8ea21d03', '2015-08-31 17:26:08', '1970-01-01 00:00:00'),
(527, '55e478360b2e1', '2015-08-31 17:56:13', '1970-01-01 00:00:00'),
(528, '5241c8ea21d03', '2015-08-31 17:56:38', '1970-01-01 00:00:00'),
(529, '55e478360b2e1', '2015-08-31 17:57:55', '1970-01-01 00:00:00'),
(530, '55e478360b2e1', '2015-08-31 18:00:39', '1970-01-01 00:00:00'),
(531, '5241c8ea21d03', '2015-08-31 18:00:51', '1970-01-01 00:00:00'),
(532, '55e478360b2e1', '2015-08-31 18:04:09', '1970-01-01 00:00:00'),
(533, '5241c8ea21d03', '2015-08-31 18:06:10', '1970-01-01 00:00:00'),
(534, '5241c8ea21d03', '2015-08-31 18:08:20', '1970-01-01 00:00:00'),
(535, '5241c8ea21d03', '2015-09-01 15:21:03', '1970-01-01 00:00:00'),
(536, '5241c8ea21d03', '2015-09-01 16:00:44', '1970-01-01 00:00:00'),
(537, '5241c8ea21d03', '2015-09-02 09:34:16', '1970-01-01 00:00:00'),
(538, '5241c8ea21d03', '2015-09-03 15:23:11', '1970-01-01 00:00:00'),
(539, '5241c8ea21d03', '2015-09-03 15:34:40', '1970-01-01 00:00:00'),
(540, '5241c8ea21d03', '2015-09-29 15:41:53', '1970-01-01 00:00:00'),
(541, '5241c8ea21d03', '2015-09-30 11:29:01', '1970-01-01 00:00:00'),
(542, '5241c8ea21d03', '2015-09-30 15:22:37', '1970-01-01 00:00:00'),
(543, '5241c8ea21d03', '2015-09-30 15:24:03', '1970-01-01 00:00:00'),
(544, '5241c8ea21d03', '2015-10-01 15:55:05', '1970-01-01 00:00:00'),
(545, '5241c8ea21d03', '2015-10-07 10:35:23', '1970-01-01 00:00:00'),
(546, '5241c8ea21d03', '2015-10-07 14:26:10', '1970-01-01 00:00:00'),
(547, '5241c8ea21d03', '2015-10-08 10:27:42', '1970-01-01 00:00:00'),
(548, '5241c8ea21d03', '2015-10-08 10:27:58', '1970-01-01 00:00:00'),
(549, '5241c8ea21d03', '2015-10-08 14:38:43', '1970-01-01 00:00:00'),
(550, '5241c8ea21d03', '2015-10-08 15:57:23', '1970-01-01 00:00:00'),
(551, '5241c8ea21d03', '2015-10-09 11:34:11', '1970-01-01 00:00:00'),
(552, '5241c8ea21d03', '2015-10-09 15:53:25', '1970-01-01 00:00:00'),
(553, '5241c8ea21d03', '2015-10-14 12:10:39', '1970-01-01 00:00:00'),
(554, '5241c8ea21d03', '2015-10-14 16:58:09', '1970-01-01 00:00:00'),
(555, '5241c8ea21d03', '2015-10-19 11:38:23', '1970-01-01 00:00:00'),
(556, '5241c8ea21d03', '2015-10-20 16:18:05', '1970-01-01 00:00:00'),
(557, '5241c8ea21d03', '2015-11-03 10:01:11', '1970-01-01 00:00:00'),
(558, '5241c8ea21d03', '2015-11-03 12:07:49', '1970-01-01 00:00:00'),
(559, '5241c8ea21d03', '2015-11-03 12:21:44', '1970-01-01 00:00:00'),
(560, '5241c8ea21d03', '2015-11-03 12:23:14', '1970-01-01 00:00:00'),
(561, '5241c8ea21d03', '2015-11-03 12:25:03', '1970-01-01 00:00:00'),
(562, '5241c8ea21d03', '2015-11-03 14:38:12', '1970-01-01 00:00:00'),
(563, '5241c8ea21d03', '2015-11-09 14:42:20', '1970-01-01 00:00:00'),
(564, '5241c8ea21d03', '2015-11-09 14:43:38', '1970-01-01 00:00:00'),
(565, '5241c8ea21d03', '2015-11-09 17:33:15', '1970-01-01 00:00:00'),
(566, '5241c8ea21d03', '2015-11-10 09:58:59', '1970-01-01 00:00:00'),
(567, '5241c8ea21d03', '2015-11-10 10:35:47', '1970-01-01 00:00:00'),
(568, '5241c8ea21d03', '2015-11-10 16:31:00', '1970-01-01 00:00:00'),
(569, '5241c8ea21d03', '2015-11-12 10:10:13', '1970-01-01 00:00:00'),
(570, '5241c8ea21d03', '2015-11-12 15:00:48', '1970-01-01 00:00:00'),
(571, '5241c8ea21d03', '2015-11-13 15:49:10', '1970-01-01 00:00:00'),
(572, '5241c8ea21d03', '2015-11-17 11:38:53', '1970-01-01 00:00:00'),
(573, '5241c8ea21d03', '2015-11-17 15:10:42', '1970-01-01 00:00:00'),
(574, '5241c8ea21d03', '2015-11-18 10:55:16', '1970-01-01 00:00:00'),
(575, '5241c8ea21d03', '2015-11-19 11:13:29', '1970-01-01 00:00:00'),
(576, '5241c8ea21d03', '2015-11-19 15:16:53', '1970-01-01 00:00:00'),
(577, '5241c8ea21d03', '2015-11-20 15:10:43', '1970-01-01 00:00:00'),
(578, '5241c8ea21d03', '2015-11-23 09:42:15', '1970-01-01 00:00:00'),
(579, '5241c8ea21d03', '2015-11-23 09:53:54', '1970-01-01 00:00:00'),
(580, '5241c8ea21d03', '2015-11-23 10:00:55', '1970-01-01 00:00:00'),
(581, '5241c8ea21d03', '2015-11-23 17:03:31', '1970-01-01 00:00:00'),
(582, '5241c8ea21d03', '2015-11-27 10:26:43', '1970-01-01 00:00:00'),
(583, '5241c8ea21d03', '2015-11-27 11:11:53', '1970-01-01 00:00:00'),
(584, '5241c8ea21d03', '2015-11-30 17:21:43', '1970-01-01 00:00:00'),
(585, '5241c8ea21d03', '2015-12-01 09:53:52', '1970-01-01 00:00:00'),
(586, '5241c8ea21d03', '2015-12-02 12:25:16', '1970-01-01 00:00:00'),
(587, '5241c8ea21d03', '2015-12-02 15:55:20', '1970-01-01 00:00:00'),
(588, '5241c8ea21d03', '2015-12-03 11:19:22', '1970-01-01 00:00:00'),
(589, '5241c8ea21d03', '2015-12-03 14:47:20', '1970-01-01 00:00:00'),
(590, '5241c8ea21d03', '2015-12-04 15:26:50', '1970-01-01 00:00:00'),
(591, '5241c8ea21d03', '2015-12-07 11:25:44', '1970-01-01 00:00:00'),
(592, '5241c8ea21d03', '2015-12-07 16:53:13', '1970-01-01 00:00:00'),
(593, '5241c8ea21d03', '2015-12-08 11:02:07', '1970-01-01 00:00:00'),
(594, '5241c8ea21d03', '2015-12-08 11:55:25', '1970-01-01 00:00:00'),
(595, '5241c8ea21d03', '2015-12-08 16:39:14', '1970-01-01 00:00:00'),
(596, '5241c8ea21d03', '2015-12-08 16:49:16', '1970-01-01 00:00:00'),
(597, '5241c8ea21d03', '2015-12-09 16:21:11', '1970-01-01 00:00:00'),
(598, '5241c8ea21d03', '2015-12-10 11:31:11', '1970-01-01 00:00:00'),
(599, '5241c8ea21d03', '2015-12-10 11:39:02', '1970-01-01 00:00:00'),
(600, '5241c8ea21d03', '2015-12-14 09:53:58', '1970-01-01 00:00:00'),
(601, '5241c8ea21d03', '2015-12-14 10:22:56', '1970-01-01 00:00:00'),
(602, '5241c8ea21d03', '2015-12-15 10:08:15', '1970-01-01 00:00:00'),
(603, '5241c8ea21d03', '2015-12-15 10:18:11', '1970-01-01 00:00:00'),
(604, '5241c8ea21d03', '2015-12-16 10:38:26', '1970-01-01 00:00:00'),
(605, '5241c8ea21d03', '2015-12-16 14:30:22', '1970-01-01 00:00:00'),
(606, '5241c8ea21d03', '2015-12-17 10:11:19', '1970-01-01 00:00:00'),
(607, '5241c8ea21d03', '2015-12-17 15:31:09', '1970-01-01 00:00:00'),
(608, '5241c8ea21d03', '2015-12-18 10:00:14', '1970-01-01 00:00:00'),
(609, '5241c8ea21d03', '2015-12-28 14:28:27', '1970-01-01 00:00:00'),
(610, '5241c8ea21d03', '2015-12-29 12:19:30', '1970-01-01 00:00:00'),
(611, '5241c8ea21d03', '2016-01-04 09:56:20', '1970-01-01 00:00:00'),
(612, '5241c8ea21d03', '2016-01-04 17:32:22', '2016-01-04 17:40:14'),
(613, '5241c8ea21d03', '2016-01-04 17:52:43', '1970-01-01 00:00:00'),
(614, '5241c8ea21d03', '2016-01-05 09:52:48', '2016-01-05 09:57:12'),
(615, '5241c8ea21d03', '2016-01-05 10:36:52', '2016-01-05 10:38:34'),
(616, '5241c8ea21d03', '2016-01-05 17:05:52', '1970-01-01 00:00:00'),
(617, '5241c8ea21d03', '2016-01-06 09:41:04', '1970-01-01 00:00:00'),
(618, '5241c8ea21d03', '2016-01-08 11:09:18', '1970-01-01 00:00:00'),
(619, '5241c8ea21d03', '2016-01-11 10:04:12', '2016-01-11 10:20:55'),
(620, '5241c8ea21d03', '2016-01-11 12:10:41', '1970-01-01 00:00:00'),
(621, '5241c8ea21d03', '2016-01-11 14:45:57', '2016-01-11 14:50:53'),
(622, '5241c8ea21d03', '2016-01-11 14:50:56', '1970-01-01 00:00:00'),
(623, '5241c8ea21d03', '2016-01-13 10:10:53', '2016-01-13 11:21:20'),
(624, '5241c8ea21d03', '2016-01-13 16:22:15', '2016-01-13 16:29:07'),
(625, '5241c8ea21d03', '2016-01-14 10:35:47', '1970-01-01 00:00:00'),
(626, '5241c8ea21d03', '2016-01-14 14:23:30', '2016-01-14 14:42:46'),
(627, '5241c8ea21d03', '2016-01-14 14:53:01', '2016-01-14 14:58:03'),
(628, '5241c8ea21d03', '2016-01-15 16:37:52', '2016-01-15 16:41:50'),
(629, '5241c8ea21d03', '2016-01-15 17:20:04', '1970-01-01 00:00:00'),
(630, '5241c8ea21d03', '2016-01-18 15:25:11', '1970-01-01 00:00:00'),
(631, '5241c8ea21d03', '2016-01-19 10:19:56', '2016-01-19 10:52:53'),
(632, '5241c8ea21d03', '2016-01-19 16:08:39', '1970-01-01 00:00:00'),
(633, '5241c8ea21d03', '2016-01-19 17:36:50', '1970-01-01 00:00:00'),
(634, '5241c8ea21d03', '2016-01-20 09:52:02', '1970-01-01 00:00:00'),
(635, '5241c8ea21d03', '2016-01-20 16:27:41', '2016-01-20 17:06:59'),
(636, '5241c8ea21d03', '2016-01-21 10:17:16', '1970-01-01 00:00:00'),
(637, '5241c8ea21d03', '2016-01-21 16:35:26', '2016-01-21 17:45:58'),
(638, '5241c8ea21d03', '2016-01-21 18:02:47', '2016-01-21 18:03:38'),
(639, '5241c8ea21d03', '2016-01-21 18:12:17', '1970-01-01 00:00:00'),
(640, '5241c8ea21d03', '2016-01-22 10:14:37', '1970-01-01 00:00:00'),
(641, '5241c8ea21d03', '2016-01-22 12:39:46', '1970-01-01 00:00:00'),
(642, '5241c8ea21d03', '2016-01-22 15:03:03', '1970-01-01 00:00:00'),
(643, '5241c8ea21d03', '2016-01-25 09:29:52', '1970-01-01 00:00:00'),
(644, '5241c8ea21d03', '2016-01-25 10:37:18', '2016-01-25 10:40:17'),
(645, '5241c8ea21d03', '2016-01-25 10:41:10', '1970-01-01 00:00:00'),
(646, '5241c8ea21d03', '2016-01-25 16:06:51', '1970-01-01 00:00:00'),
(647, '5241c8ea21d03', '2016-01-26 16:41:06', '2016-01-26 16:41:39'),
(648, '5241c8ea21d03', '2016-01-26 17:29:26', '2016-01-26 17:52:59'),
(649, '5241c8ea21d03', '2016-01-26 17:53:11', '1970-01-01 00:00:00'),
(650, '5241c8ea21d03', '2016-01-27 09:30:49', '1970-01-01 00:00:00'),
(651, '5241c8ea21d03', '2016-01-27 11:14:37', '1970-01-01 00:00:00'),
(652, '5241c8ea21d03', '2016-01-27 11:25:20', '2016-01-27 12:00:07'),
(653, '5241c8ea21d03', '2016-01-28 17:25:25', '1970-01-01 00:00:00'),
(654, '5241c8ea21d03', '2016-01-29 09:48:30', '1970-01-01 00:00:00'),
(655, '5241c8ea21d03', '2016-01-29 13:42:07', '1970-01-01 00:00:00'),
(656, '5241c8ea21d03', '2016-01-29 16:43:18', '2016-01-29 16:56:50'),
(657, '5241c8ea21d03', '2016-01-29 16:58:23', '1970-01-01 00:00:00'),
(658, '5241c8ea21d03', '2016-02-01 11:13:41', '2016-02-01 11:16:15'),
(659, '5241c8ea21d03', '2016-02-01 16:19:07', '2016-02-01 16:42:17'),
(660, '5241c8ea21d03', '2016-02-01 16:46:55', '1970-01-01 00:00:00'),
(661, '5241c8ea21d03', '2016-02-02 10:20:15', '1970-01-01 00:00:00'),
(662, '5241c8ea21d03', '2016-02-03 23:51:05', '1970-01-01 00:00:00'),
(663, '5241c8ea21d03', '2016-02-08 11:20:12', '1970-01-01 00:00:00'),
(664, '5241c8ea21d03', '2016-02-08 14:52:34', '2016-02-08 18:06:58'),
(665, '5241c8ea21d03', '2016-02-08 14:58:38', '1970-01-01 00:00:00'),
(666, '5241c8ea21d03', '2016-02-08 18:28:10', '1970-01-01 00:00:00'),
(667, '5241c8ea21d03', '2016-02-09 09:50:48', '1970-01-01 00:00:00'),
(668, '5241c8ea21d03', '2016-02-09 16:10:51', '2016-02-09 17:14:00'),
(669, '5241c8ea21d03', '2016-02-10 11:44:09', '1970-01-01 00:00:00'),
(670, '5241c8ea21d03', '2016-02-10 12:10:37', '1970-01-01 00:00:00'),
(671, '5241c8ea21d03', '2016-02-10 14:27:32', '1970-01-01 00:00:00'),
(672, '5241c8ea21d03', '2016-02-11 09:46:59', '2016-02-11 10:36:02'),
(673, '5241c8ea21d03', '2016-02-11 10:14:23', '2016-02-11 11:16:55'),
(674, '5241c8ea21d03', '2016-02-11 11:18:47', '1970-01-01 00:00:00'),
(675, '5241c8ea21d03', '2016-02-11 11:18:55', '2016-02-11 11:32:51'),
(676, '5241c8ea21d03', '2016-02-11 11:32:53', '2016-02-11 11:36:59'),
(677, '5241c8ea21d03', '2016-02-11 11:39:12', '2016-02-11 12:11:27'),
(678, '5241c8ea21d03', '2016-02-12 09:53:46', '1970-01-01 00:00:00'),
(679, '5241c8ea21d03', '2016-02-15 09:33:36', '1970-01-01 00:00:00'),
(680, '5241c8ea21d03', '2016-02-17 16:57:34', '1970-01-01 00:00:00'),
(681, '5241c8ea21d03', '2016-02-17 17:19:38', '1970-01-01 00:00:00'),
(682, '5241c8ea21d03', '2016-02-19 12:12:13', '1970-01-01 00:00:00'),
(683, '5241c8ea21d03', '2016-02-19 14:13:15', '1970-01-01 00:00:00'),
(684, '5241c8ea21d03', '2016-02-19 16:09:08', '1970-01-01 00:00:00'),
(685, '5241c8ea21d03', '2016-02-19 18:33:22', '1970-01-01 00:00:00'),
(686, '5241c8ea21d03', '2016-02-22 09:40:47', '2016-02-22 11:48:11'),
(687, '5241c8ea21d03', '2016-02-22 11:49:56', '2016-02-22 11:52:36'),
(688, '5241c8ea21d03', '2016-02-22 14:11:41', '1970-01-01 00:00:00'),
(689, '5241c8ea21d03', '2016-02-22 17:43:03', '1970-01-01 00:00:00'),
(690, '5241c8ea21d03', '2016-02-23 09:40:34', '1970-01-01 00:00:00'),
(691, '5241c8ea21d03', '2016-02-23 11:35:52', '2016-02-23 11:39:31'),
(692, '5241c8ea21d03', '2016-02-23 16:52:28', '1970-01-01 00:00:00'),
(693, '5241c8ea21d03', '2016-02-24 09:44:20', '1970-01-01 00:00:00'),
(694, '5241c8ea21d03', '2016-02-24 10:47:24', '1970-01-01 00:00:00'),
(695, '5241c8ea21d03', '2016-02-24 16:50:14', '1970-01-01 00:00:00'),
(696, '5241c8ea21d03', '2016-02-25 10:03:03', '1970-01-01 00:00:00'),
(697, '5241c8ea21d03', '2016-02-25 16:54:16', '1970-01-01 00:00:00'),
(698, '5241c8ea21d03', '2016-02-26 14:47:20', '1970-01-01 00:00:00'),
(699, '5241c8ea21d03', '2016-02-29 10:46:15', '1970-01-01 00:00:00'),
(700, '5241c8ea21d03', '2016-02-29 17:00:47', '1970-01-01 00:00:00'),
(701, '5241c8ea21d03', '2016-03-01 10:08:17', '1970-01-01 00:00:00'),
(702, '5241c8ea21d03', '2016-03-01 12:10:24', '1970-01-01 00:00:00'),
(703, '5241c8ea21d03', '2016-03-02 09:36:25', '1970-01-01 00:00:00'),
(704, '5241c8ea21d03', '2016-03-02 16:57:54', '1970-01-01 00:00:00'),
(705, '5241c8ea21d03', '2016-03-03 10:38:35', '1970-01-01 00:00:00'),
(706, '5241c8ea21d03', '2016-03-07 10:42:18', '1970-01-01 00:00:00'),
(707, '5241c8ea21d03', '2016-03-07 11:03:28', '1970-01-01 00:00:00'),
(708, '5241c8ea21d03', '2016-03-07 11:06:24', '2016-03-07 11:07:03'),
(709, '5241c8ea21d03', '2016-03-07 14:29:44', '2016-03-07 17:37:15'),
(710, '5241c8ea21d03', '2016-03-08 10:03:51', '1970-01-01 00:00:00'),
(711, '5241c8ea21d03', '2016-03-08 11:48:43', '1970-01-01 00:00:00'),
(712, '5241c8ea21d03', '2016-03-08 17:07:09', '2016-03-08 18:03:20'),
(713, '5241c8ea21d03', '2016-03-09 09:54:02', '1970-01-01 00:00:00'),
(714, '5241c8ea21d03', '2016-03-09 15:07:08', '1970-01-01 00:00:00'),
(715, '5241c8ea21d03', '2016-03-10 12:05:23', '1970-01-01 00:00:00'),
(716, '5241c8ea21d03', '2016-03-10 14:46:37', '2016-03-10 17:39:15'),
(717, '5241c8ea21d03', '2016-03-10 17:48:31', '2016-03-10 17:52:23'),
(718, '5241c8ea21d03', '2016-03-11 10:41:19', '1970-01-01 00:00:00'),
(719, '5241c8ea21d03', '2016-03-14 10:27:14', '1970-01-01 00:00:00'),
(720, '5241c8ea21d03', '2016-03-14 10:27:16', '1970-01-01 00:00:00'),
(721, '5241c8ea21d03', '2016-03-14 14:16:20', '2016-03-14 18:23:38'),
(722, '5241c8ea21d03', '2016-03-14 18:31:50', '1970-01-01 00:00:00'),
(723, '5241c8ea21d03', '2016-03-15 10:02:19', '1970-01-01 00:00:00'),
(724, '5241c8ea21d03', '2016-03-15 12:26:04', '1970-01-01 00:00:00'),
(725, '5241c8ea21d03', '2016-03-15 14:34:41', '1970-01-01 00:00:00'),
(726, '5241c8ea21d03', '2016-03-18 17:59:57', '1970-01-01 00:00:00'),
(727, '5241c8ea21d03', '2016-03-21 11:31:47', '1970-01-01 00:00:00'),
(728, '5241c8ea21d03', '2016-03-21 14:11:02', '1970-01-01 00:00:00'),
(729, '5241c8ea21d03', '2016-03-22 09:38:13', '2016-03-22 10:14:33'),
(730, '5241c8ea21d03', '2016-03-22 10:14:35', '1970-01-01 00:00:00'),
(731, '5241c8ea21d03', '2016-03-22 15:01:27', '1970-01-01 00:00:00'),
(732, '5241c8ea21d03', '2016-03-22 15:08:20', '1970-01-01 00:00:00'),
(733, '5241c8ea21d03', '2016-03-22 18:35:17', '2016-03-22 18:57:36'),
(734, '5241c8ea21d03', '2016-03-23 09:48:27', '1970-01-01 00:00:00'),
(735, '5241c8ea21d03', '2016-03-23 15:34:52', '2016-03-23 17:00:05'),
(736, '5241c8ea21d03', '2016-03-23 17:11:16', '1970-01-01 00:00:00'),
(737, '5241c8ea21d03', '2016-03-24 09:39:16', '2016-03-24 09:43:57'),
(738, '5241c8ea21d03', '2016-03-24 09:44:00', '1970-01-01 00:00:00'),
(739, '5241c8ea21d03', '2016-03-24 14:16:49', '1970-01-01 00:00:00'),
(740, '5241c8ea21d03', '2016-03-24 15:42:15', '1970-01-01 00:00:00'),
(741, '5241c8ea21d03', '2016-03-25 09:09:01', '1970-01-01 00:00:00'),
(742, '5241c8ea21d03', '2016-03-25 17:20:51', '2016-03-25 18:17:37'),
(743, '5241c8ea21d03', '2016-03-25 18:52:45', '1970-01-01 00:00:00'),
(744, '5241c8ea21d03', '2016-03-29 10:18:21', '1970-01-01 00:00:00'),
(745, '5241c8ea21d03', '2016-03-29 11:12:09', '1970-01-01 00:00:00'),
(746, '5241c8ea21d03', '2016-03-29 14:32:16', '2016-03-29 14:49:29'),
(747, '5241c8ea21d03', '2016-03-29 14:50:19', '1970-01-01 00:00:00'),
(748, '5241c8ea21d03', '2016-03-30 09:52:15', '1970-01-01 00:00:00'),
(749, '5241c8ea21d03', '2016-03-30 09:52:15', '1970-01-01 00:00:00'),
(750, '5241c8ea21d03', '2016-03-30 14:24:13', '1970-01-01 00:00:00'),
(751, '5241c8ea21d03', '2016-03-31 10:13:28', '1970-01-01 00:00:00'),
(752, '5241c8ea21d03', '2016-03-31 15:31:30', '2016-03-31 17:22:47'),
(753, '5241c8ea21d03', '2016-03-31 17:48:38', '1970-01-01 00:00:00'),
(754, '5241c8ea21d03', '2016-04-01 10:09:17', '1970-01-01 00:00:00'),
(755, '5241c8ea21d03', '2016-04-01 14:46:06', '2016-04-01 15:17:44'),
(756, '5241c8ea21d03', '2016-04-01 15:46:09', '1970-01-01 00:00:00'),
(757, '5241c8ea21d03', '2016-04-04 11:51:04', '1970-01-01 00:00:00'),
(758, '5241c8ea21d03', '2016-04-04 14:19:29', '1970-01-01 00:00:00'),
(759, '5241c8ea21d03', '2016-04-04 17:25:52', '2016-04-04 19:03:40'),
(760, '5241c8ea21d03', '2016-04-05 08:53:10', '1970-01-01 00:00:00'),
(761, '5241c8ea21d03', '2016-04-06 09:46:20', '1970-01-01 00:00:00'),
(762, '5241c8ea21d03', '2016-04-06 10:07:18', '1970-01-01 00:00:00'),
(763, '5241c8ea21d03', '2016-04-06 11:51:37', '1970-01-01 00:00:00'),
(764, '5241c8ea21d03', '2016-04-06 14:49:54', '1970-01-01 00:00:00'),
(765, '5241c8ea21d03', '2016-04-07 09:36:59', '1970-01-01 00:00:00'),
(766, '55e478360b2e1', '2016-04-07 11:31:43', '1970-01-01 00:00:00'),
(767, '5241c8ea21d03', '2016-04-07 14:25:40', '1970-01-01 00:00:00'),
(768, '5241c8ea21d03', '2016-04-07 15:52:38', '1970-01-01 00:00:00'),
(769, '5241c8ea21d03', '2016-04-08 08:31:16', '1970-01-01 00:00:00'),
(770, '5241c8ea21d03', '2016-04-08 11:24:22', '2016-04-08 12:17:02'),
(771, '5241c8ea21d03', '2016-04-08 14:12:29', '1970-01-01 00:00:00'),
(772, '5241c8ea21d03', '2016-04-09 11:48:46', '1970-01-01 00:00:00'),
(773, '5241c8ea21d03', '2016-04-11 09:20:28', '1970-01-01 00:00:00'),
(774, '5241c8ea21d03', '2016-04-11 10:57:18', '1970-01-01 00:00:00'),
(775, '5241c8ea21d03', '2016-04-11 14:46:57', '1970-01-01 00:00:00'),
(776, '5241c8ea21d03', '2016-04-12 09:09:42', '1970-01-01 00:00:00'),
(777, '5241c8ea21d03', '2016-04-12 14:14:47', '1970-01-01 00:00:00'),
(778, '5241c8ea21d03', '2016-04-13 09:10:27', '1970-01-01 00:00:00'),
(779, '5241c8ea21d03', '2016-04-13 10:12:12', '1970-01-01 00:00:00'),
(780, '5241c8ea21d03', '2016-04-13 14:02:14', '1970-01-01 00:00:00'),
(781, '55e478360b2e1', '2016-04-13 15:55:33', '1970-01-01 00:00:00'),
(782, '55e478360b2e1', '2016-04-13 15:58:39', '1970-01-01 00:00:00'),
(783, '5241c8ea21d03', '2016-04-13 16:46:05', '1970-01-01 00:00:00'),
(784, '5241c8ea21d03', '2016-04-13 18:32:38', '1970-01-01 00:00:00'),
(785, '55e478360b2e1', '2016-04-14 09:47:25', '1970-01-01 00:00:00'),
(786, '5241c8ea21d03', '2016-04-18 10:25:58', '1970-01-01 00:00:00'),
(787, '5241c8ea21d03', '2016-04-18 11:40:43', '1970-01-01 00:00:00'),
(788, '5241c8ea21d03', '2016-04-18 15:25:38', '1970-01-01 00:00:00'),
(789, '5241c8ea21d03', '2016-04-18 17:09:58', '1970-01-01 00:00:00'),
(790, '5241c8ea21d03', '2016-04-19 10:51:30', '1970-01-01 00:00:00'),
(791, '5241c8ea21d03', '2016-04-19 16:05:37', '1970-01-01 00:00:00'),
(792, '5241c8ea21d03', '2016-04-19 17:23:21', '1970-01-01 00:00:00'),
(793, '5241c8ea21d03', '2016-04-20 09:01:24', '1970-01-01 00:00:00'),
(794, '5241c8ea21d03', '2016-04-20 15:09:40', '1970-01-01 00:00:00'),
(795, '5241c8ea21d03', '2016-04-21 09:35:10', '1970-01-01 00:00:00'),
(796, '5241c8ea21d03', '2016-04-21 10:25:51', '1970-01-01 00:00:00'),
(797, '5241c8ea21d03', '2016-04-21 12:35:15', '1970-01-01 00:00:00'),
(798, '5241c8ea21d03', '2016-04-21 13:02:56', '1970-01-01 00:00:00'),
(799, '5241c8ea21d03', '2016-04-21 14:26:12', '1970-01-01 00:00:00'),
(800, '5241c8ea21d03', '2016-04-21 19:11:45', '1970-01-01 00:00:00'),
(801, '5241c8ea21d03', '2016-04-21 19:52:15', '1970-01-01 00:00:00'),
(802, '5241c8ea21d03', '2016-04-21 23:41:33', '1970-01-01 00:00:00'),
(803, '5241c8ea21d03', '2016-04-22 08:08:51', '1970-01-01 00:00:00'),
(804, '5241c8ea21d03', '2016-04-22 10:55:02', '1970-01-01 00:00:00'),
(805, '5241c8ea21d03', '2016-04-23 08:43:18', '1970-01-01 00:00:00'),
(806, '5241c8ea21d03', '2016-04-24 13:29:00', '2016-04-24 13:34:00'),
(807, '55e478360b2e1', '2016-04-24 13:33:10', '1970-01-01 00:00:00'),
(808, '55e478360b2e1', '2016-04-24 13:34:17', '1970-01-01 00:00:00'),
(809, '5241c8ea21d03', '2016-04-24 13:36:43', '1970-01-01 00:00:00'),
(810, '5241c8ea21d03', '2016-04-24 16:22:05', '1970-01-01 00:00:00'),
(811, '5241c8ea21d03', '2016-04-24 19:53:38', '1970-01-01 00:00:00'),
(812, '5241c8ea21d03', '2016-04-24 22:51:58', '1970-01-01 00:00:00'),
(813, '5241c8ea21d03', '2016-04-25 09:24:46', '1970-01-01 00:00:00'),
(814, '5241c8ea21d03', '2016-04-26 09:04:51', '1970-01-01 00:00:00'),
(815, '5241c8ea21d03', '2016-04-26 11:20:19', '1970-01-01 00:00:00'),
(816, '55e478360b2e1', '2016-04-26 13:41:35', '1970-01-01 00:00:00'),
(817, '55e478360b2e1', '2016-04-26 13:41:47', '2016-04-26 13:46:02'),
(818, '5241c8ea21d03', '2016-04-26 22:22:05', '1970-01-01 00:00:00'),
(819, '5241c8ea21d03', '2016-04-26 23:33:24', '1970-01-01 00:00:00'),
(820, '55e478360b2e1', '2016-04-27 12:28:38', '1970-01-01 00:00:00'),
(821, '55e478360b2e1', '2016-04-27 12:32:51', '1970-01-01 00:00:00'),
(822, '55e478360b2e1', '2016-04-27 12:43:45', '1970-01-01 00:00:00'),
(823, '55e478360b2e1', '2016-04-27 12:53:33', '1970-01-01 00:00:00'),
(824, '55e478360b2e1', '2016-04-27 15:08:48', '1970-01-01 00:00:00'),
(825, '55e478360b2e1', '2016-04-27 16:47:15', '1970-01-01 00:00:00'),
(826, '55e478360b2e1', '2016-04-28 09:12:19', '2016-04-28 09:16:24'),
(827, '55e478360b2e1', '2016-04-28 12:40:39', '1970-01-01 00:00:00'),
(828, '55e478360b2e1', '2016-04-28 12:40:39', '1970-01-01 00:00:00'),
(829, '55e478360b2e1', '2016-04-28 12:44:31', '1970-01-01 00:00:00'),
(830, '55e478360b2e1', '2016-04-28 12:49:23', '1970-01-01 00:00:00'),
(831, '55e478360b2e1', '2016-04-28 12:52:11', '1970-01-01 00:00:00'),
(832, '55e478360b2e1', '2016-04-28 15:16:25', '1970-01-01 00:00:00'),
(833, '55e478360b2e1', '2016-04-28 15:17:14', '1970-01-01 00:00:00'),
(834, '55e478360b2e1', '2016-04-28 15:19:05', '1970-01-01 00:00:00'),
(835, '55e478360b2e1', '2016-04-28 16:53:57', '1970-01-01 00:00:00'),
(836, '5241c8ea21d03', '2016-04-28 17:53:12', '1970-01-01 00:00:00'),
(837, '55e478360b2e1', '2016-04-28 19:12:27', '1970-01-01 00:00:00'),
(838, '55e478360b2e1', '2016-04-29 12:17:23', '1970-01-01 00:00:00'),
(839, '55e478360b2e1', '2016-04-29 12:23:32', '1970-01-01 00:00:00'),
(840, '55e478360b2e1', '2016-04-29 12:59:46', '1970-01-01 00:00:00'),
(841, '55e478360b2e1', '2016-04-29 13:04:00', '1970-01-01 00:00:00'),
(842, '55e478360b2e1', '2016-04-29 16:24:01', '1970-01-01 00:00:00'),
(843, '55e478360b2e1', '2016-04-29 19:21:01', '1970-01-01 00:00:00'),
(844, '5241c8ea21d03', '2016-04-30 00:39:43', '1970-01-01 00:00:00'),
(845, '55e478360b2e1', '2016-04-30 11:40:27', '1970-01-01 00:00:00'),
(846, '55e478360b2e1', '2016-04-30 12:26:44', '1970-01-01 00:00:00'),
(847, '55e478360b2e1', '2016-04-30 12:51:27', '1970-01-01 00:00:00'),
(848, '55e478360b2e1', '2016-04-30 13:01:05', '1970-01-01 00:00:00'),
(849, '55e478360b2e1', '2016-04-30 18:54:08', '1970-01-01 00:00:00'),
(850, '55e478360b2e1', '2016-04-30 18:56:33', '1970-01-01 00:00:00'),
(851, '5241c8ea21d03', '2016-05-04 15:25:36', '1970-01-01 00:00:00'),
(852, '5241c8ea21d03', '2016-05-04 17:06:38', '1970-01-01 00:00:00'),
(853, '5241c8ea21d03', '2016-05-09 14:52:29', '1970-01-01 00:00:00'),
(854, '5241c8ea21d03', '2016-05-09 18:25:21', '1970-01-01 00:00:00'),
(855, '5241c8ea21d03', '2016-05-11 10:02:03', '1970-01-01 00:00:00'),
(856, '5241c8ea21d03', '2016-05-12 09:42:41', '1970-01-01 00:00:00'),
(857, '5241c8ea21d03', '2016-05-13 09:56:27', '1970-01-01 00:00:00'),
(858, '5241c8ea21d03', '2016-05-17 10:53:15', '1970-01-01 00:00:00');
INSERT INTO `admin_traces` (`trace_id`, `trace_compte`, `trace_datetime_connexion`, `trace_datetime_deconnexion`) VALUES
(859, '5241c8ea21d03', '2016-05-17 12:12:19', '1970-01-01 00:00:00'),
(860, '5241c8ea21d03', '2016-05-17 15:04:42', '1970-01-01 00:00:00'),
(861, '5241c8ea21d03', '2016-05-18 09:46:25', '1970-01-01 00:00:00'),
(862, '5241c8ea21d03', '2016-05-18 14:14:36', '1970-01-01 00:00:00'),
(863, '5241c8ea21d03', '2016-05-19 17:51:39', '1970-01-01 00:00:00'),
(864, '5241c8ea21d03', '2016-05-20 10:37:48', '1970-01-01 00:00:00'),
(865, '5241c8ea21d03', '2016-05-20 15:05:18', '1970-01-01 00:00:00'),
(866, '5241c8ea21d03', '2016-05-23 10:14:46', '1970-01-01 00:00:00'),
(867, '5241c8ea21d03', '2016-05-25 17:28:02', '1970-01-01 00:00:00'),
(868, '5241c8ea21d03', '2016-05-26 11:38:34', '1970-01-01 00:00:00'),
(869, '5241c8ea21d03', '2016-05-27 14:36:05', '1970-01-01 00:00:00'),
(870, '5241c8ea21d03', '2016-05-30 10:07:57', '1970-01-01 00:00:00'),
(871, '5241c8ea21d03', '2016-05-30 10:27:52', '1970-01-01 00:00:00'),
(872, '5241c8ea21d03', '2016-05-30 12:16:08', '1970-01-01 00:00:00'),
(873, '5241c8ea21d03', '2016-05-30 14:41:45', '1970-01-01 00:00:00'),
(874, '5241c8ea21d03', '2016-05-30 17:11:16', '1970-01-01 00:00:00'),
(875, '5241c8ea21d03', '2016-05-30 17:31:51', '1970-01-01 00:00:00'),
(876, '5241c8ea21d03', '2016-05-31 10:40:35', '1970-01-01 00:00:00'),
(877, '5241c8ea21d03', '2016-05-31 12:30:28', '1970-01-01 00:00:00'),
(878, '5241c8ea21d03', '2016-05-31 14:42:55', '1970-01-01 00:00:00'),
(879, '5241c8ea21d03', '2016-06-01 14:34:52', '1970-01-01 00:00:00'),
(880, '5241c8ea21d03', '2016-06-02 10:23:48', '2016-06-02 10:46:32'),
(881, '5241c8ea21d03', '2016-06-02 10:46:44', '2016-06-02 10:56:36'),
(882, '5241c8ea21d03', '2016-06-02 11:47:43', '1970-01-01 00:00:00'),
(883, '5241c8ea21d03', '2016-06-02 14:17:37', '1970-01-01 00:00:00'),
(884, '5241c8ea21d03', '2016-06-03 10:22:25', '1970-01-01 00:00:00'),
(885, '5241c8ea21d03', '2016-06-08 10:48:57', '1970-01-01 00:00:00'),
(886, '5241c8ea21d03', '2016-06-13 10:36:20', '1970-01-01 00:00:00'),
(887, '5241c8ea21d03', '2016-06-14 10:40:34', '1970-01-01 00:00:00'),
(888, '5241c8ea21d03', '2016-06-16 10:11:21', '1970-01-01 00:00:00'),
(889, '5241c8ea21d03', '2016-06-16 14:25:31', '1970-01-01 00:00:00'),
(890, '5241c8ea21d03', '2016-06-20 10:58:14', '1970-01-01 00:00:00'),
(891, '5241c8ea21d03', '2016-06-20 17:05:47', '1970-01-01 00:00:00'),
(892, '5241c8ea21d03', '2016-06-21 10:06:56', '1970-01-01 00:00:00'),
(893, '5241c8ea21d03', '2016-06-23 11:36:47', '1970-01-01 00:00:00'),
(894, '5241c8ea21d03', '2016-06-23 16:34:38', '1970-01-01 00:00:00'),
(895, '5241c8ea21d03', '2016-06-28 11:12:30', '2016-06-28 11:20:58'),
(896, '5241c8ea21d03', '2016-06-28 11:55:45', '1970-01-01 00:00:00'),
(897, '5241c8ea21d03', '2016-06-28 13:35:41', '1970-01-01 00:00:00'),
(898, '5241c8ea21d03', '2016-06-28 14:26:12', '1970-01-01 00:00:00'),
(899, '5241c8ea21d03', '2016-06-28 15:37:00', '1970-01-01 00:00:00'),
(900, '5241c8ea21d03', '2016-06-29 11:04:22', '1970-01-01 00:00:00'),
(901, '5241c8ea21d03', '2016-06-29 16:43:24', '1970-01-01 00:00:00'),
(902, '5241c8ea21d03', '2016-07-04 12:15:57', '1970-01-01 00:00:00'),
(903, '5241c8ea21d03', '2016-07-05 09:26:20', '1970-01-01 00:00:00'),
(904, '5241c8ea21d03', '2016-07-06 17:40:34', '1970-01-01 00:00:00'),
(905, '5241c8ea21d03', '2016-07-13 11:14:02', '1970-01-01 00:00:00'),
(906, '5241c8ea21d03', '2016-07-15 17:51:19', '1970-01-01 00:00:00'),
(907, '5241c8ea21d03', '2016-07-19 15:48:03', '1970-01-01 00:00:00'),
(908, '5241c8ea21d03', '2016-07-20 14:39:16', '1970-01-01 00:00:00'),
(909, '5241c8ea21d03', '2016-07-25 10:06:12', '1970-01-01 00:00:00'),
(910, '5241c8ea21d03', '2016-07-26 10:57:45', '1970-01-01 00:00:00'),
(911, '5241c8ea21d03', '2016-07-26 16:21:23', '1970-01-01 00:00:00'),
(912, '5241c8ea21d03', '2016-07-26 18:08:51', '1970-01-01 00:00:00'),
(913, '5241c8ea21d03', '2016-07-27 16:59:04', '1970-01-01 00:00:00'),
(914, '5241c8ea21d03', '2016-07-28 16:04:45', '1970-01-01 00:00:00'),
(915, '5241c8ea21d03', '2016-08-02 09:26:33', '1970-01-01 00:00:00'),
(916, '5241c8ea21d03', '2016-08-03 13:36:57', '1970-01-01 00:00:00'),
(917, '5241c8ea21d03', '2016-08-05 14:42:13', '1970-01-01 00:00:00'),
(918, '5241c8ea21d03', '2016-08-21 23:42:05', '1970-01-01 00:00:00'),
(919, '5241c8ea21d03', '2016-08-29 09:40:59', '1970-01-01 00:00:00'),
(920, '5241c8ea21d03', '2016-08-30 15:48:08', '1970-01-01 00:00:00'),
(921, '5241c8ea21d03', '2016-09-01 16:51:38', '2016-09-01 16:52:56'),
(922, '5241c8ea21d03', '2016-09-02 10:17:05', '1970-01-01 00:00:00'),
(923, '5241c8ea21d03', '2016-09-05 15:14:41', '1970-01-01 00:00:00'),
(924, '5241c8ea21d03', '2016-09-06 18:00:48', '1970-01-01 00:00:00'),
(925, '5241c8ea21d03', '2016-09-12 10:59:23', '1970-01-01 00:00:00'),
(926, '5241c8ea21d03', '2016-09-13 11:28:35', '1970-01-01 00:00:00'),
(927, '5241c8ea21d03', '2016-09-13 15:20:57', '1970-01-01 00:00:00'),
(928, '5241c8ea21d03', '2016-10-07 10:11:06', '1970-01-01 00:00:00'),
(929, '5241c8ea21d03', '2016-10-11 12:00:22', '1970-01-01 00:00:00'),
(930, '5241c8ea21d03', '2016-10-13 10:47:40', '1970-01-01 00:00:00'),
(931, '5241c8ea21d03', '2016-10-17 16:23:36', '1970-01-01 00:00:00'),
(932, '5241c8ea21d03', '2016-10-18 11:10:15', '1970-01-01 00:00:00'),
(933, '5241c8ea21d03', '2016-10-20 10:37:47', '1970-01-01 00:00:00'),
(934, '5241c8ea21d03', '2016-10-27 17:23:38', '1970-01-01 00:00:00'),
(935, '5241c8ea21d03', '2016-10-28 10:08:38', '1970-01-01 00:00:00'),
(936, '5241c8ea21d03', '2016-10-28 12:11:00', '1970-01-01 00:00:00'),
(937, '5241c8ea21d03', '2016-10-28 17:00:09', '1970-01-01 00:00:00'),
(938, '5241c8ea21d03', '2016-10-28 17:02:11', '1970-01-01 00:00:00'),
(939, '5241c8ea21d03', '2016-11-04 10:48:50', '1970-01-01 00:00:00'),
(940, '5241c8ea21d03', '2016-11-04 12:23:58', '1970-01-01 00:00:00'),
(941, '5241c8ea21d03', '2016-11-04 14:46:27', '1970-01-01 00:00:00'),
(942, '5241c8ea21d03', '2016-11-08 10:18:16', '1970-01-01 00:00:00'),
(943, '5241c8ea21d03', '2016-11-09 10:01:49', '1970-01-01 00:00:00'),
(944, '5241c8ea21d03', '2016-11-15 10:37:28', '1970-01-01 00:00:00'),
(945, '5241c8ea21d03', '2016-11-15 14:43:43', '1970-01-01 00:00:00'),
(946, '5241c8ea21d03', '2016-11-15 17:55:13', '1970-01-01 00:00:00'),
(947, '5241c8ea21d03', '2016-11-17 10:37:38', '1970-01-01 00:00:00'),
(948, '5241c8ea21d03', '2016-11-19 16:41:03', '1970-01-01 00:00:00'),
(949, '5241c8ea21d03', '2016-11-22 14:41:40', '1970-01-01 00:00:00'),
(950, '5241c8ea21d03', '2016-11-23 15:02:25', '1970-01-01 00:00:00'),
(951, '5241c8ea21d03', '2016-11-23 16:26:59', '1970-01-01 00:00:00'),
(952, '5241c8ea21d03', '2016-11-24 10:42:58', '1970-01-01 00:00:00'),
(953, '5241c8ea21d03', '2016-11-24 10:43:33', '1970-01-01 00:00:00'),
(954, '5241c8ea21d03', '2016-11-25 14:23:37', '1970-01-01 00:00:00'),
(955, '5241c8ea21d03', '2016-11-29 11:53:58', '1970-01-01 00:00:00'),
(956, '5241c8ea21d03', '2016-12-01 14:42:14', '1970-01-01 00:00:00'),
(957, '5241c8ea21d03', '2016-12-12 11:32:25', '1970-01-01 00:00:00'),
(958, '5241c8ea21d03', '2016-12-12 11:42:41', '1970-01-01 00:00:00'),
(959, '5241c8ea21d03', '2016-12-12 16:09:05', '1970-01-01 00:00:00'),
(960, '5241c8ea21d03', '2016-12-12 16:39:32', '1970-01-01 00:00:00'),
(961, '5241c8ea21d03', '2016-12-14 14:56:42', '1970-01-01 00:00:00'),
(962, '5241c8ea21d03', '2016-12-15 15:49:40', '1970-01-01 00:00:00'),
(963, '5241c8ea21d03', '2016-12-22 16:01:12', '1970-01-01 00:00:00'),
(964, '5241c8ea21d03', '2016-12-26 14:46:09', '1970-01-01 00:00:00'),
(965, '5241c8ea21d03', '2017-01-02 10:26:22', '1970-01-01 00:00:00'),
(966, '5241c8ea21d03', '2017-01-02 12:35:58', '1970-01-01 00:00:00'),
(967, '5241c8ea21d03', '2017-01-03 11:01:51', '1970-01-01 00:00:00'),
(968, '5241c8ea21d03', '2017-01-03 17:31:32', '2017-01-03 17:40:35'),
(969, '5241c8ea21d03', '2017-01-03 17:42:12', '1970-01-01 00:00:00'),
(970, '5241c8ea21d03', '2017-01-04 14:27:32', '1970-01-01 00:00:00'),
(971, '5241c8ea21d03', '2017-01-04 15:49:02', '1970-01-01 00:00:00'),
(972, '5241c8ea21d03', '2017-01-13 14:35:16', '1970-01-01 00:00:00'),
(973, '5241c8ea21d03', '2017-01-16 09:55:27', '1970-01-01 00:00:00'),
(974, '5241c8ea21d03', '2017-01-16 14:01:22', '1970-01-01 00:00:00'),
(975, '5241c8ea21d03', '2017-01-17 09:41:55', '1970-01-01 00:00:00'),
(976, '5241c8ea21d03', '2017-01-17 15:56:27', '1970-01-01 00:00:00'),
(977, '5241c8ea21d03', '2017-01-18 11:20:42', '1970-01-01 00:00:00'),
(978, '5241c8ea21d03', '2017-01-19 14:13:22', '1970-01-01 00:00:00'),
(979, '5241c8ea21d03', '2017-01-19 15:17:27', '1970-01-01 00:00:00'),
(980, '5241c8ea21d03', '2017-01-20 10:25:54', '1970-01-01 00:00:00'),
(981, '5241c8ea21d03', '2017-01-23 15:19:15', '1970-01-01 00:00:00'),
(982, '5241c8ea21d03', '2017-01-24 09:56:58', '1970-01-01 00:00:00'),
(983, '5241c8ea21d03', '2017-01-25 16:24:47', '1970-01-01 00:00:00'),
(984, '5241c8ea21d03', '2017-01-26 10:31:49', '1970-01-01 00:00:00'),
(985, '5241c8ea21d03', '2017-01-27 15:16:48', '1970-01-01 00:00:00'),
(986, '5241c8ea21d03', '2017-01-29 23:20:01', '1970-01-01 00:00:00'),
(987, '5241c8ea21d03', '2017-01-30 09:47:00', '1970-01-01 00:00:00'),
(988, '5241c8ea21d03', '2017-01-30 16:37:18', '1970-01-01 00:00:00'),
(989, '5241c8ea21d03', '2017-01-31 10:59:58', '1970-01-01 00:00:00'),
(990, '5241c8ea21d03', '2017-01-31 15:05:45', '1970-01-01 00:00:00'),
(991, '5241c8ea21d03', '2017-01-31 16:40:13', '1970-01-01 00:00:00'),
(992, '5241c8ea21d03', '2017-01-31 17:02:35', '1970-01-01 00:00:00'),
(993, '5241c8ea21d03', '2017-02-01 17:10:47', '1970-01-01 00:00:00'),
(994, '5241c8ea21d03', '2017-02-02 10:15:18', '1970-01-01 00:00:00'),
(995, '5241c8ea21d03', '2017-02-02 12:15:36', '1970-01-01 00:00:00'),
(996, '5241c8ea21d03', '2017-02-02 14:28:27', '1970-01-01 00:00:00'),
(997, '5241c8ea21d03', '2017-02-02 16:55:36', '1970-01-01 00:00:00'),
(998, '5241c8ea21d03', '2017-02-03 16:04:44', '1970-01-01 00:00:00'),
(999, '5241c8ea21d03', '2017-02-06 09:56:59', '1970-01-01 00:00:00'),
(1000, '5241c8ea21d03', '2017-02-06 14:16:07', '1970-01-01 00:00:00'),
(1001, '5241c8ea21d03', '2017-02-07 10:18:59', '1970-01-01 00:00:00'),
(1002, '5241c8ea21d03', '2017-02-07 16:40:11', '1970-01-01 00:00:00'),
(1003, '5241c8ea21d03', '2017-02-08 11:14:34', '1970-01-01 00:00:00'),
(1004, '5241c8ea21d03', '2017-02-13 10:55:38', '1970-01-01 00:00:00'),
(1005, '5241c8ea21d03', '2017-02-13 14:06:16', '1970-01-01 00:00:00'),
(1006, '5241c8ea21d03', '2017-02-15 16:58:37', '1970-01-01 00:00:00'),
(1007, '5241c8ea21d03', '2017-02-16 15:42:06', '1970-01-01 00:00:00'),
(1008, '5241c8ea21d03', '2017-02-16 17:24:38', '1970-01-01 00:00:00'),
(1009, '5241c8ea21d03', '2017-02-17 09:46:18', '1970-01-01 00:00:00'),
(1010, '5241c8ea21d03', '2017-02-17 14:12:43', '1970-01-01 00:00:00'),
(1011, '5241c8ea21d03', '2017-02-20 10:21:40', '1970-01-01 00:00:00'),
(1012, '5241c8ea21d03', '2017-02-21 08:50:46', '1970-01-01 00:00:00'),
(1013, '5241c8ea21d03', '2017-02-21 09:14:22', '1970-01-01 00:00:00'),
(1014, '5241c8ea21d03', '2017-02-22 09:49:20', '1970-01-01 00:00:00'),
(1015, '5241c8ea21d03', '2017-02-22 15:12:04', '1970-01-01 00:00:00'),
(1016, '5241c8ea21d03', '2017-02-23 15:13:14', '1970-01-01 00:00:00'),
(1017, '5241c8ea21d03', '2017-02-24 16:39:28', '1970-01-01 00:00:00'),
(1018, '5241c8ea21d03', '2017-02-27 09:48:24', '1970-01-01 00:00:00'),
(1019, '5241c8ea21d03', '2017-02-27 11:46:04', '1970-01-01 00:00:00'),
(1020, '5241c8ea21d03', '2017-02-27 16:57:52', '1970-01-01 00:00:00'),
(1021, '5241c8ea21d03', '2017-02-28 09:39:25', '1970-01-01 00:00:00'),
(1022, '5241c8ea21d03', '2017-02-28 17:53:46', '1970-01-01 00:00:00'),
(1023, '5241c8ea21d03', '2017-03-02 10:19:46', '1970-01-01 00:00:00'),
(1024, '5241c8ea21d03', '2017-03-03 10:11:47', '1970-01-01 00:00:00'),
(1025, '5241c8ea21d03', '2017-03-06 11:12:24', '1970-01-01 00:00:00'),
(1026, '5241c8ea21d03', '2017-03-06 16:52:00', '1970-01-01 00:00:00'),
(1027, '5241c8ea21d03', '2017-03-06 18:58:30', '1970-01-01 00:00:00'),
(1028, '5241c8ea21d03', '2017-03-07 09:45:55', '1970-01-01 00:00:00'),
(1029, '5241c8ea21d03', '2017-03-07 18:02:07', '1970-01-01 00:00:00'),
(1030, '5241c8ea21d03', '2017-03-08 09:57:37', '1970-01-01 00:00:00'),
(1031, '5241c8ea21d03', '2017-03-08 11:29:33', '1970-01-01 00:00:00'),
(1032, '5241c8ea21d03', '2017-03-08 14:14:02', '1970-01-01 00:00:00'),
(1033, '5241c8ea21d03', '2017-03-09 10:20:35', '1970-01-01 00:00:00'),
(1034, '5241c8ea21d03', '2017-03-10 10:14:33', '1970-01-01 00:00:00'),
(1035, '5241c8ea21d03', '2017-03-14 11:05:59', '1970-01-01 00:00:00'),
(1036, '5241c8ea21d03', '2017-03-14 13:53:13', '1970-01-01 00:00:00'),
(1037, '5241c8ea21d03', '2017-03-14 16:58:12', '1970-01-01 00:00:00'),
(1038, '5241c8ea21d03', '2017-03-14 18:11:46', '1970-01-01 00:00:00'),
(1039, '5241c8ea21d03', '2017-03-15 09:00:34', '1970-01-01 00:00:00'),
(1040, '5241c8ea21d03', '2017-03-15 10:31:56', '1970-01-01 00:00:00'),
(1041, '5241c8ea21d03', '2017-03-15 14:14:55', '1970-01-01 00:00:00'),
(1042, '5241c8ea21d03', '2017-03-15 16:37:36', '1970-01-01 00:00:00'),
(1043, '5241c8ea21d03', '2017-03-15 18:35:47', '1970-01-01 00:00:00'),
(1044, '5241c8ea21d03', '2017-03-16 10:30:07', '1970-01-01 00:00:00'),
(1045, '5241c8ea21d03', '2017-03-16 15:07:37', '1970-01-01 00:00:00'),
(1046, '5241c8ea21d03', '2017-03-20 09:39:08', '1970-01-01 00:00:00'),
(1047, '5241c8ea21d03', '2017-03-20 14:19:57', '1970-01-01 00:00:00'),
(1048, '5241c8ea21d03', '2017-03-20 16:44:42', '1970-01-01 00:00:00'),
(1049, '5241c8ea21d03', '2017-03-20 16:44:47', '1970-01-01 00:00:00'),
(1050, '5241c8ea21d03', '2017-03-20 17:34:31', '1970-01-01 00:00:00'),
(1051, '5241c8ea21d03', '2017-03-21 09:56:10', '1970-01-01 00:00:00'),
(1052, '5241c8ea21d03', '2017-03-21 14:08:47', '1970-01-01 00:00:00'),
(1053, '5241c8ea21d03', '2017-03-22 09:51:40', '1970-01-01 00:00:00'),
(1054, '5241c8ea21d03', '2017-03-22 16:16:35', '1970-01-01 00:00:00'),
(1055, '5241c8ea21d03', '2017-03-23 09:39:22', '1970-01-01 00:00:00'),
(1056, '5241c8ea21d03', '2017-03-24 10:38:03', '1970-01-01 00:00:00'),
(1057, '5241c8ea21d03', '2017-03-24 14:03:48', '1970-01-01 00:00:00'),
(1058, '5241c8ea21d03', '2017-03-24 18:06:03', '1970-01-01 00:00:00'),
(1059, '5241c8ea21d03', '2017-03-27 14:44:27', '1970-01-01 00:00:00'),
(1060, '5241c8ea21d03', '2017-03-27 15:58:02', '1970-01-01 00:00:00'),
(1061, '5241c8ea21d03', '2017-03-29 10:37:58', '1970-01-01 00:00:00'),
(1062, '5241c8ea21d03', '2017-03-29 14:24:03', '1970-01-01 00:00:00'),
(1063, '5241c8ea21d03', '2017-03-30 10:50:05', '1970-01-01 00:00:00'),
(1064, '5241c8ea21d03', '2017-03-30 14:40:12', '1970-01-01 00:00:00'),
(1065, '5241c8ea21d03', '2017-03-30 18:33:04', '1970-01-01 00:00:00'),
(1066, '5241c8ea21d03', '2017-03-31 11:43:45', '1970-01-01 00:00:00'),
(1067, '5241c8ea21d03', '2017-03-31 14:06:21', '1970-01-01 00:00:00'),
(1068, '5241c8ea21d03', '2017-03-31 19:43:54', '1970-01-01 00:00:00'),
(1069, '5241c8ea21d03', '2017-04-05 10:32:33', '1970-01-01 00:00:00'),
(1070, '5241c8ea21d03', '2017-04-05 14:08:30', '1970-01-01 00:00:00'),
(1071, '5241c8ea21d03', '2017-04-06 12:10:38', '1970-01-01 00:00:00'),
(1072, '5241c8ea21d03', '2017-04-06 14:25:46', '1970-01-01 00:00:00'),
(1073, '5241c8ea21d03', '2017-04-07 12:29:30', '1970-01-01 00:00:00'),
(1074, '5241c8ea21d03', '2017-04-07 14:33:21', '1970-01-01 00:00:00'),
(1075, '5241c8ea21d03', '2017-04-07 14:44:20', '1970-01-01 00:00:00'),
(1076, '5241c8ea21d03', '2017-04-10 10:25:06', '1970-01-01 00:00:00'),
(1077, '5241c8ea21d03', '2017-04-10 14:33:04', '1970-01-01 00:00:00'),
(1078, '5241c8ea21d03', '2017-04-10 16:49:44', '1970-01-01 00:00:00'),
(1079, '5241c8ea21d03', '2017-04-11 09:32:41', '1970-01-01 00:00:00'),
(1080, '5241c8ea21d03', '2017-04-11 12:14:58', '1970-01-01 00:00:00'),
(1081, '5241c8ea21d03', '2017-04-11 14:20:49', '1970-01-01 00:00:00'),
(1082, '5241c8ea21d03', '2017-04-11 14:47:44', '1970-01-01 00:00:00'),
(1083, '5241c8ea21d03', '2017-04-12 10:29:35', '1970-01-01 00:00:00'),
(1084, '5241c8ea21d03', '2017-04-12 17:37:06', '1970-01-01 00:00:00'),
(1085, '5241c8ea21d03', '2017-04-13 10:02:02', '1970-01-01 00:00:00'),
(1086, '5241c8ea21d03', '2017-04-13 14:04:04', '1970-01-01 00:00:00'),
(1087, '5241c8ea21d03', '2017-04-13 16:03:31', '1970-01-01 00:00:00'),
(1088, '5241c8ea21d03', '2017-04-13 21:00:08', '1970-01-01 00:00:00'),
(1089, '5241c8ea21d03', '2017-04-14 10:26:11', '1970-01-01 00:00:00'),
(1090, '5241c8ea21d03', '2017-04-14 13:53:11', '1970-01-01 00:00:00'),
(1091, '5241c8ea21d03', '2017-04-15 09:09:26', '1970-01-01 00:00:00'),
(1092, '5241c8ea21d03', '2017-04-15 16:32:40', '1970-01-01 00:00:00'),
(1093, '5241c8ea21d03', '2017-04-16 16:43:40', '1970-01-01 00:00:00'),
(1094, '5241c8ea21d03', '2017-04-17 10:31:18', '1970-01-01 00:00:00'),
(1095, '5241c8ea21d03', '2017-04-17 12:34:28', '1970-01-01 00:00:00'),
(1096, '55e478360b2e1', '2017-04-17 14:06:53', '1970-01-01 00:00:00'),
(1097, '5241c8ea21d03', '2017-04-17 14:26:34', '1970-01-01 00:00:00'),
(1098, '55e478360b2e1', '2017-04-17 14:33:31', '1970-01-01 00:00:00'),
(1099, '5241c8ea21d03', '2017-04-17 17:30:47', '1970-01-01 00:00:00'),
(1100, '5241c8ea21d03', '2017-04-17 23:02:50', '1970-01-01 00:00:00'),
(1101, '5241c8ea21d03', '2017-04-18 08:58:53', '1970-01-01 00:00:00'),
(1102, '5241c8ea21d03', '2017-04-18 14:04:41', '1970-01-01 00:00:00'),
(1103, '5241c8ea21d03', '2017-04-18 16:51:52', '1970-01-01 00:00:00'),
(1104, '55e478360b2e1', '2017-04-19 11:24:32', '1970-01-01 00:00:00'),
(1105, '5241c8ea21d03', '2017-04-19 11:47:08', '1970-01-01 00:00:00'),
(1106, '55e478360b2e1', '2017-04-19 13:36:00', '2017-04-19 13:36:12'),
(1107, '5241c8ea21d03', '2017-04-19 13:48:00', '1970-01-01 00:00:00'),
(1108, '5241c8ea21d03', '2017-04-19 17:52:37', '1970-01-01 00:00:00'),
(1109, '5241c8ea21d03', '2017-04-19 18:40:15', '1970-01-01 00:00:00'),
(1110, '5241c8ea21d03', '2017-04-20 12:59:04', '1970-01-01 00:00:00'),
(1111, '5241c8ea21d03', '2017-04-20 16:22:11', '1970-01-01 00:00:00'),
(1112, '5241c8ea21d03', '2017-04-20 18:09:37', '1970-01-01 00:00:00'),
(1113, '5241c8ea21d03', '2017-04-23 09:37:19', '1970-01-01 00:00:00'),
(1114, '55e478360b2e1', '2017-04-23 11:27:36', '2017-04-23 11:28:24'),
(1115, '5241c8ea21d03', '2017-04-23 11:56:53', '1970-01-01 00:00:00'),
(1116, '5241c8ea21d03', '2017-04-23 15:05:53', '1970-01-01 00:00:00'),
(1117, '5241c8ea21d03', '2017-04-23 17:06:24', '1970-01-01 00:00:00'),
(1118, '55e478360b2e1', '2017-04-23 18:37:12', '2017-04-23 18:37:34'),
(1119, '5241c8ea21d03', '2017-04-23 18:37:40', '1970-01-01 00:00:00'),
(1120, '5241c8ea21d03', '2017-04-24 09:09:05', '1970-01-01 00:00:00'),
(1121, '55e478360b2e1', '2017-04-24 13:19:28', '1970-01-01 00:00:00'),
(1122, '5241c8ea21d03', '2017-04-24 13:38:02', '1970-01-01 00:00:00'),
(1123, '5241c8ea21d03', '2017-04-24 19:02:28', '1970-01-01 00:00:00'),
(1124, '55e478360b2e1', '2017-04-25 09:32:27', '2017-04-25 09:32:39'),
(1125, '55e478360b2e1', '2017-04-25 09:32:46', '1970-01-01 00:00:00'),
(1126, '55e478360b2e1', '2017-04-25 09:33:25', '1970-01-01 00:00:00'),
(1127, '5241c8ea21d03', '2017-04-25 09:36:35', '1970-01-01 00:00:00'),
(1128, '55e478360b2e1', '2017-04-25 09:38:16', '1970-01-01 00:00:00'),
(1129, '55e478360b2e1', '2017-04-25 14:44:55', '1970-01-01 00:00:00'),
(1130, '5241c8ea21d03', '2017-04-25 22:52:03', '1970-01-01 00:00:00'),
(1131, '55e478360b2e1', '2017-04-26 11:42:21', '1970-01-01 00:00:00'),
(1132, '55e478360b2e1', '2017-04-26 12:11:24', '1970-01-01 00:00:00'),
(1133, '55e478360b2e1', '2017-04-26 12:12:08', '1970-01-01 00:00:00'),
(1134, '55e478360b2e1', '2017-04-26 12:19:51', '1970-01-01 00:00:00'),
(1135, '55e478360b2e1', '2017-04-26 12:21:25', '1970-01-01 00:00:00'),
(1136, '55e478360b2e1', '2017-04-26 12:21:25', '2017-04-26 18:35:20'),
(1137, '55e478360b2e1', '2017-04-26 12:32:28', '1970-01-01 00:00:00'),
(1138, '55e478360b2e1', '2017-04-26 12:50:06', '1970-01-01 00:00:00'),
(1139, '55e478360b2e1', '2017-04-26 12:54:33', '1970-01-01 00:00:00'),
(1140, '55e478360b2e1', '2017-04-26 12:57:55', '1970-01-01 00:00:00'),
(1141, '55e478360b2e1', '2017-04-26 13:17:01', '1970-01-01 00:00:00'),
(1142, '55e478360b2e1', '2017-04-26 13:48:33', '2017-04-26 18:27:46'),
(1143, '5241c8ea21d03', '2017-04-26 14:45:44', '1970-01-01 00:00:00'),
(1144, '55e478360b2e1', '2017-04-27 11:44:41', '2017-04-27 18:30:36'),
(1145, '5241c8ea21d03', '2017-04-27 12:41:45', '1970-01-01 00:00:00'),
(1146, '55e478360b2e1', '2017-04-27 12:45:45', '1970-01-01 00:00:00'),
(1147, '55e478360b2e1', '2017-04-27 12:48:29', '1970-01-01 00:00:00'),
(1148, '55e478360b2e1', '2017-04-27 13:05:01', '1970-01-01 00:00:00'),
(1149, '5241c8ea21d03', '2017-04-27 13:29:10', '1970-01-01 00:00:00'),
(1150, '5241c8ea21d03', '2017-04-27 14:42:51', '1970-01-01 00:00:00'),
(1151, '5241c8ea21d03', '2017-04-27 18:03:10', '1970-01-01 00:00:00'),
(1152, '5241c8ea21d03', '2017-04-27 18:42:18', '1970-01-01 00:00:00'),
(1153, '5241c8ea21d03', '2017-04-28 10:22:05', '1970-01-01 00:00:00'),
(1154, '55e478360b2e1', '2017-04-28 12:00:24', '1970-01-01 00:00:00'),
(1155, '55e478360b2e1', '2017-04-28 12:44:51', '1970-01-01 00:00:00'),
(1156, '55e478360b2e1', '2017-04-28 13:14:07', '1970-01-01 00:00:00'),
(1157, '55e478360b2e1', '2017-04-28 13:18:37', '2017-04-28 18:14:32'),
(1158, '55e478360b2e1', '2017-04-28 13:20:14', '1970-01-01 00:00:00'),
(1159, '5241c8ea21d03', '2017-04-28 17:37:42', '1970-01-01 00:00:00'),
(1160, '5241c8ea21d03', '2017-04-28 18:38:13', '1970-01-01 00:00:00'),
(1161, '55e478360b2e1', '2017-04-28 18:45:26', '1970-01-01 00:00:00'),
(1162, '55e478360b2e1', '2017-04-29 08:02:59', '1970-01-01 00:00:00'),
(1163, '5241c8ea21d03', '2017-04-29 11:45:05', '1970-01-01 00:00:00'),
(1164, '55e478360b2e1', '2017-04-29 11:52:26', '1970-01-01 00:00:00'),
(1165, '55e478360b2e1', '2017-04-29 12:19:14', '1970-01-01 00:00:00'),
(1166, '55e478360b2e1', '2017-04-29 12:42:37', '1970-01-01 00:00:00'),
(1167, '55e478360b2e1', '2017-04-29 13:14:07', '2017-04-29 18:23:08'),
(1168, '55e478360b2e1', '2017-04-29 13:19:53', '1970-01-01 00:00:00'),
(1169, '55e478360b2e1', '2017-04-29 17:44:38', '1970-01-01 00:00:00'),
(1170, '5241c8ea21d03', '2017-04-29 17:56:59', '1970-01-01 00:00:00'),
(1171, '5241c8ea21d03', '2017-04-30 07:21:31', '1970-01-01 00:00:00'),
(1172, '5241c8ea21d03', '2017-05-02 16:27:53', '1970-01-01 00:00:00'),
(1173, '5241c8ea21d03', '2017-05-02 17:59:30', '1970-01-01 00:00:00'),
(1174, '5241c8ea21d03', '2017-05-02 17:59:46', '1970-01-01 00:00:00'),
(1175, '5241c8ea21d03', '2017-05-03 10:12:36', '1970-01-01 00:00:00'),
(1176, '5241c8ea21d03', '2017-05-03 10:34:52', '1970-01-01 00:00:00'),
(1177, '5241c8ea21d03', '2017-05-03 14:22:45', '1970-01-01 00:00:00'),
(1178, '5241c8ea21d03', '2017-05-03 16:26:05', '1970-01-01 00:00:00'),
(1179, '5241c8ea21d03', '2017-05-03 16:32:28', '1970-01-01 00:00:00'),
(1180, '5241c8ea21d03', '2017-05-03 18:15:49', '1970-01-01 00:00:00'),
(1181, '5241c8ea21d03', '2017-05-04 10:15:10', '1970-01-01 00:00:00'),
(1182, '5241c8ea21d03', '2017-05-04 14:17:04', '1970-01-01 00:00:00'),
(1183, '5241c8ea21d03', '2017-05-04 17:11:01', '1970-01-01 00:00:00'),
(1184, '5241c8ea21d03', '2017-05-05 10:58:31', '1970-01-01 00:00:00'),
(1185, '5241c8ea21d03', '2017-05-05 18:41:18', '1970-01-01 00:00:00'),
(1186, '5241c8ea21d03', '2017-05-08 18:06:29', '1970-01-01 00:00:00'),
(1187, '5241c8ea21d03', '2017-05-09 09:44:46', '1970-01-01 00:00:00'),
(1188, '5241c8ea21d03', '2017-05-09 14:01:53', '1970-01-01 00:00:00'),
(1189, '5241c8ea21d03', '2017-05-09 15:38:43', '1970-01-01 00:00:00'),
(1190, '5241c8ea21d03', '2017-05-09 18:00:24', '1970-01-01 00:00:00'),
(1191, '5241c8ea21d03', '2017-05-10 09:32:53', '1970-01-01 00:00:00'),
(1192, '5241c8ea21d03', '2017-05-11 09:17:01', '1970-01-01 00:00:00'),
(1193, '5241c8ea21d03', '2017-05-11 16:02:05', '1970-01-01 00:00:00'),
(1194, '5241c8ea21d03', '2017-05-12 09:48:44', '1970-01-01 00:00:00'),
(1195, '5241c8ea21d03', '2017-05-15 09:31:52', '1970-01-01 00:00:00'),
(1196, '5241c8ea21d03', '2017-05-16 10:13:45', '1970-01-01 00:00:00'),
(1197, '5241c8ea21d03', '2017-05-16 14:21:27', '1970-01-01 00:00:00'),
(1198, '5241c8ea21d03', '2017-05-17 09:30:56', '1970-01-01 00:00:00'),
(1199, '5241c8ea21d03', '2017-05-17 15:05:58', '1970-01-01 00:00:00'),
(1200, '5241c8ea21d03', '2017-05-18 10:00:10', '1970-01-01 00:00:00'),
(1201, '5241c8ea21d03', '2017-05-19 10:13:18', '1970-01-01 00:00:00'),
(1202, '5241c8ea21d03', '2017-05-19 14:49:36', '1970-01-01 00:00:00'),
(1203, '5241c8ea21d03', '2017-05-23 09:38:41', '1970-01-01 00:00:00'),
(1204, '5241c8ea21d03', '2017-05-23 15:15:52', '1970-01-01 00:00:00'),
(1205, '5241c8ea21d03', '2017-05-23 17:50:21', '1970-01-01 00:00:00'),
(1206, '5241c8ea21d03', '2017-05-24 10:14:26', '1970-01-01 00:00:00'),
(1207, '5241c8ea21d03', '2017-05-24 14:17:50', '1970-01-01 00:00:00'),
(1208, '5241c8ea21d03', '2017-05-29 11:04:14', '1970-01-01 00:00:00'),
(1209, '5241c8ea21d03', '2017-05-30 14:28:35', '1970-01-01 00:00:00'),
(1210, '5241c8ea21d03', '2017-05-31 16:40:26', '1970-01-01 00:00:00'),
(1211, '5241c8ea21d03', '2017-06-07 11:21:44', '1970-01-01 00:00:00'),
(1212, '5241c8ea21d03', '2017-06-07 14:18:43', '1970-01-01 00:00:00'),
(1213, '5241c8ea21d03', '2017-06-19 14:13:36', '1970-01-01 00:00:00'),
(1214, '5241c8ea21d03', '2017-06-21 14:11:38', '1970-01-01 00:00:00'),
(1215, '5241c8ea21d03', '2017-06-21 16:07:47', '1970-01-01 00:00:00'),
(1216, '5241c8ea21d03', '2017-06-22 10:38:46', '1970-01-01 00:00:00'),
(1217, '5241c8ea21d03', '2017-06-22 15:54:53', '2017-06-22 15:56:29'),
(1218, '5241c8ea21d03', '2017-06-26 09:58:04', '1970-01-01 00:00:00'),
(1219, '5241c8ea21d03', '2017-06-26 10:21:40', '1970-01-01 00:00:00'),
(1220, '5241c8ea21d03', '2017-06-27 11:53:51', '1970-01-01 00:00:00'),
(1221, '5241c8ea21d03', '2017-07-03 11:06:14', '1970-01-01 00:00:00'),
(1222, '5241c8ea21d03', '2017-07-11 16:45:27', '1970-01-01 00:00:00'),
(1223, '5241c8ea21d03', '2017-07-12 14:56:32', '1970-01-01 00:00:00'),
(1224, '5241c8ea21d03', '2017-07-12 14:56:40', '1970-01-01 00:00:00'),
(1225, '5241c8ea21d03', '2017-07-17 11:50:20', '1970-01-01 00:00:00'),
(1226, '5241c8ea21d03', '2017-07-17 14:56:11', '1970-01-01 00:00:00'),
(1227, '5241c8ea21d03', '2017-07-27 17:17:59', '1970-01-01 00:00:00'),
(1228, '5241c8ea21d03', '2017-07-31 18:30:30', '1970-01-01 00:00:00'),
(1229, '5241c8ea21d03', '2017-08-28 18:15:04', '1970-01-01 00:00:00'),
(1230, '5241c8ea21d03', '2017-09-07 15:05:53', '1970-01-01 00:00:00'),
(1231, '5241c8ea21d03', '2017-09-08 10:23:50', '1970-01-01 00:00:00'),
(1232, '5241c8ea21d03', '2017-09-08 11:48:05', '1970-01-01 00:00:00'),
(1233, '5241c8ea21d03', '2017-09-08 14:09:49', '1970-01-01 00:00:00'),
(1234, '5241c8ea21d03', '2017-09-08 17:44:08', '1970-01-01 00:00:00'),
(1235, '5241c8ea21d03', '2017-09-08 18:37:11', '1970-01-01 00:00:00'),
(1236, '5241c8ea21d03', '2017-09-09 14:09:23', '1970-01-01 00:00:00'),
(1237, '5241c8ea21d03', '2017-09-11 09:29:05', '1970-01-01 00:00:00'),
(1238, '5241c8ea21d03', '2017-09-13 14:28:58', '1970-01-01 00:00:00'),
(1239, '5241c8ea21d03', '2017-09-22 10:57:19', '1970-01-01 00:00:00'),
(1240, '5241c8ea21d03', '2017-09-22 14:33:21', '1970-01-01 00:00:00'),
(1241, '5241c8ea21d03', '2017-09-25 11:56:07', '1970-01-01 00:00:00'),
(1242, '5241c8ea21d03', '2017-09-27 09:38:06', '1970-01-01 00:00:00'),
(1243, '5241c8ea21d03', '2017-09-28 09:23:14', '1970-01-01 00:00:00'),
(1244, '5241c8ea21d03', '2017-10-16 09:12:38', '1970-01-01 00:00:00'),
(1245, '5241c8ea21d03', '2017-10-17 12:29:18', '1970-01-01 00:00:00'),
(1246, '5241c8ea21d03', '2017-10-24 11:12:34', '1970-01-01 00:00:00'),
(1247, '5241c8ea21d03', '2017-10-26 10:12:49', '1970-01-01 00:00:00'),
(1248, '5241c8ea21d03', '2017-10-27 10:46:20', '1970-01-01 00:00:00'),
(1249, '5241c8ea21d03', '2017-11-06 15:59:13', '1970-01-01 00:00:00'),
(1250, '5241c8ea21d03', '2017-11-06 16:12:45', '1970-01-01 00:00:00'),
(1251, '5241c8ea21d03', '2017-11-10 15:46:56', '1970-01-01 00:00:00'),
(1252, '5241c8ea21d03', '2017-11-10 15:49:09', '1970-01-01 00:00:00'),
(1253, '5241c8ea21d03', '2017-11-20 12:43:14', '1970-01-01 00:00:00'),
(1254, '5241c8ea21d03', '2017-11-20 14:20:07', '1970-01-01 00:00:00'),
(1255, '5241c8ea21d03', '2017-11-21 10:19:21', '1970-01-01 00:00:00'),
(1256, '5241c8ea21d03', '2017-11-22 10:25:55', '1970-01-01 00:00:00'),
(1257, '5241c8ea21d03', '2017-11-22 14:36:08', '1970-01-01 00:00:00'),
(1258, '5241c8ea21d03', '2017-11-28 17:45:14', '1970-01-01 00:00:00'),
(1259, '5241c8ea21d03', '2017-12-01 15:03:15', '1970-01-01 00:00:00'),
(1260, '5241c8ea21d03', '2017-12-01 16:20:17', '1970-01-01 00:00:00'),
(1261, '5241c8ea21d03', '2017-12-06 18:14:34', '1970-01-01 00:00:00'),
(1262, '5241c8ea21d03', '2017-12-07 10:07:01', '1970-01-01 00:00:00'),
(1263, '5241c8ea21d03', '2017-12-11 17:33:26', '1970-01-01 00:00:00'),
(1264, '5241c8ea21d03', '2017-12-13 09:52:22', '1970-01-01 00:00:00'),
(1265, '5241c8ea21d03', '2017-12-18 16:21:44', '1970-01-01 00:00:00'),
(1266, '5241c8ea21d03', '2017-12-19 16:38:38', '1970-01-01 00:00:00'),
(1267, '5241c8ea21d03', '2017-12-21 16:25:48', '1970-01-01 00:00:00'),
(1268, '5241c8ea21d03', '2017-12-27 14:45:52', '1970-01-01 00:00:00'),
(1269, '5241c8ea21d03', '2018-01-04 14:35:51', '1970-01-01 00:00:00'),
(1270, '5241c8ea21d03', '2018-01-08 16:16:14', '1970-01-01 00:00:00'),
(1271, '5241c8ea21d03', '2018-01-08 23:57:34', '1970-01-01 00:00:00'),
(1272, '5241c8ea21d03', '2018-01-10 16:55:30', '1970-01-01 00:00:00'),
(1273, '5241c8ea21d03', '2018-01-15 18:00:02', '1970-01-01 00:00:00'),
(1274, '5241c8ea21d03', '2018-01-20 17:59:04', '1970-01-01 00:00:00'),
(1275, '5241c8ea21d03', '2018-01-22 12:01:50', '1970-01-01 00:00:00'),
(1276, '5241c8ea21d03', '2018-01-22 13:48:41', '1970-01-01 00:00:00'),
(1277, '5241c8ea21d03', '2018-01-22 15:33:51', '1970-01-01 00:00:00'),
(1278, '5241c8ea21d03', '2018-01-23 09:31:13', '1970-01-01 00:00:00'),
(1279, '5241c8ea21d03', '2018-01-24 09:49:00', '1970-01-01 00:00:00'),
(1280, '5241c8ea21d03', '2018-01-24 15:08:36', '1970-01-01 00:00:00'),
(1281, '5241c8ea21d03', '2018-01-25 10:04:07', '1970-01-01 00:00:00'),
(1282, '5241c8ea21d03', '2018-01-25 12:26:14', '1970-01-01 00:00:00'),
(1283, '5241c8ea21d03', '2018-01-25 14:33:06', '1970-01-01 00:00:00'),
(1284, '5241c8ea21d03', '2018-01-26 10:06:19', '1970-01-01 00:00:00'),
(1285, '5241c8ea21d03', '2018-01-26 18:07:13', '1970-01-01 00:00:00'),
(1286, '5241c8ea21d03', '2018-01-29 09:33:29', '1970-01-01 00:00:00'),
(1287, '5241c8ea21d03', '2018-01-29 09:35:28', '1970-01-01 00:00:00'),
(1288, '5241c8ea21d03', '2018-01-29 11:44:16', '1970-01-01 00:00:00'),
(1289, '5241c8ea21d03', '2018-01-29 12:03:52', '1970-01-01 00:00:00'),
(1290, '5241c8ea21d03', '2018-01-30 15:17:03', '1970-01-01 00:00:00'),
(1291, '5241c8ea21d03', '2018-01-30 17:46:22', '1970-01-01 00:00:00'),
(1292, '5241c8ea21d03', '2018-01-31 09:43:53', '1970-01-01 00:00:00'),
(1293, '5241c8ea21d03', '2018-02-01 09:35:22', '1970-01-01 00:00:00'),
(1294, '5241c8ea21d03', '2018-02-01 14:42:13', '1970-01-01 00:00:00'),
(1295, '5241c8ea21d03', '2018-02-01 16:54:31', '1970-01-01 00:00:00'),
(1296, '5241c8ea21d03', '2018-02-05 11:01:50', '1970-01-01 00:00:00'),
(1297, '5241c8ea21d03', '2018-02-05 17:06:17', '1970-01-01 00:00:00'),
(1298, '5241c8ea21d03', '2018-02-07 10:20:30', '1970-01-01 00:00:00'),
(1299, '5241c8ea21d03', '2018-02-07 19:11:00', '1970-01-01 00:00:00'),
(1300, '5241c8ea21d03', '2018-02-08 14:40:52', '1970-01-01 00:00:00'),
(1301, '5241c8ea21d03', '2018-02-08 15:41:59', '1970-01-01 00:00:00'),
(1302, '5241c8ea21d03', '2018-02-08 16:36:48', '1970-01-01 00:00:00'),
(1303, '5241c8ea21d03', '2018-02-12 09:54:48', '1970-01-01 00:00:00'),
(1304, '5241c8ea21d03', '2018-02-12 10:45:30', '1970-01-01 00:00:00'),
(1305, '5241c8ea21d03', '2018-02-12 14:37:09', '1970-01-01 00:00:00'),
(1306, '5241c8ea21d03', '2018-02-12 17:07:29', '1970-01-01 00:00:00'),
(1307, '5241c8ea21d03', '2018-02-13 10:20:52', '1970-01-01 00:00:00'),
(1308, '5241c8ea21d03', '2018-02-13 11:15:23', '1970-01-01 00:00:00'),
(1309, '5241c8ea21d03', '2018-02-14 10:15:48', '1970-01-01 00:00:00'),
(1310, '5241c8ea21d03', '2018-02-14 15:33:19', '1970-01-01 00:00:00'),
(1311, '5241c8ea21d03', '2018-02-16 16:58:11', '1970-01-01 00:00:00'),
(1312, '5241c8ea21d03', '2018-02-19 09:58:21', '1970-01-01 00:00:00'),
(1313, '5241c8ea21d03', '2018-02-19 12:01:30', '1970-01-01 00:00:00'),
(1314, '5241c8ea21d03', '2018-02-19 14:25:24', '1970-01-01 00:00:00'),
(1315, '5241c8ea21d03', '2018-02-19 17:42:09', '1970-01-01 00:00:00'),
(1316, '5241c8ea21d03', '2018-02-20 10:56:47', '1970-01-01 00:00:00'),
(1317, '5241c8ea21d03', '2018-02-20 20:02:49', '1970-01-01 00:00:00'),
(1318, '5241c8ea21d03', '2018-02-21 09:26:10', '1970-01-01 00:00:00'),
(1319, '5241c8ea21d03', '2018-02-21 11:50:57', '1970-01-01 00:00:00'),
(1320, '5241c8ea21d03', '2018-02-21 13:55:11', '1970-01-01 00:00:00'),
(1321, '5241c8ea21d03', '2018-02-21 15:46:09', '1970-01-01 00:00:00'),
(1322, '5241c8ea21d03', '2018-02-21 17:46:17', '1970-01-01 00:00:00'),
(1323, '5241c8ea21d03', '2018-02-22 10:27:58', '1970-01-01 00:00:00'),
(1324, '5241c8ea21d03', '2018-02-22 12:23:11', '1970-01-01 00:00:00'),
(1325, '5241c8ea21d03', '2018-02-22 15:59:43', '1970-01-01 00:00:00'),
(1326, '5241c8ea21d03', '2018-02-26 09:46:23', '1970-01-01 00:00:00'),
(1327, '5241c8ea21d03', '2018-02-26 11:17:28', '1970-01-01 00:00:00'),
(1328, '5241c8ea21d03', '2018-02-26 14:37:25', '1970-01-01 00:00:00'),
(1329, '5241c8ea21d03', '2018-02-27 10:06:25', '1970-01-01 00:00:00'),
(1330, '5241c8ea21d03', '2018-02-27 14:04:26', '1970-01-01 00:00:00'),
(1331, '5241c8ea21d03', '2018-02-28 15:08:51', '1970-01-01 00:00:00'),
(1332, '5241c8ea21d03', '2018-02-28 18:18:02', '1970-01-01 00:00:00'),
(1333, '5241c8ea21d03', '2018-03-01 10:04:58', '1970-01-01 00:00:00'),
(1334, '5241c8ea21d03', '2018-03-01 13:59:38', '1970-01-01 00:00:00'),
(1335, '5241c8ea21d03', '2018-03-02 14:39:04', '1970-01-01 00:00:00'),
(1336, '5241c8ea21d03', '2018-03-05 11:39:53', '1970-01-01 00:00:00'),
(1337, '5241c8ea21d03', '2018-03-05 15:03:49', '1970-01-01 00:00:00'),
(1338, '5241c8ea21d03', '2018-03-05 17:59:44', '1970-01-01 00:00:00'),
(1339, '5241c8ea21d03', '2018-03-06 10:08:06', '1970-01-01 00:00:00'),
(1340, '5241c8ea21d03', '2018-03-06 14:27:05', '1970-01-01 00:00:00'),
(1341, '5241c8ea21d03', '2018-03-06 19:41:46', '1970-01-01 00:00:00'),
(1342, '5241c8ea21d03', '2018-03-07 09:41:55', '1970-01-01 00:00:00'),
(1343, '5241c8ea21d03', '2018-03-07 15:24:29', '1970-01-01 00:00:00'),
(1344, '5241c8ea21d03', '2018-03-08 09:42:34', '1970-01-01 00:00:00'),
(1345, '5241c8ea21d03', '2018-03-08 11:43:40', '1970-01-01 00:00:00'),
(1346, '5241c8ea21d03', '2018-03-08 14:33:47', '1970-01-01 00:00:00'),
(1347, '5241c8ea21d03', '2018-03-08 16:11:59', '1970-01-01 00:00:00'),
(1348, '5241c8ea21d03', '2018-03-09 10:47:44', '1970-01-01 00:00:00'),
(1349, '5241c8ea21d03', '2018-03-09 14:31:40', '1970-01-01 00:00:00'),
(1350, '5241c8ea21d03', '2018-03-09 17:38:38', '1970-01-01 00:00:00'),
(1351, '5241c8ea21d03', '2018-03-13 11:32:55', '1970-01-01 00:00:00'),
(1352, '5241c8ea21d03', '2018-03-13 14:10:30', '1970-01-01 00:00:00'),
(1353, '5241c8ea21d03', '2018-03-13 18:00:01', '1970-01-01 00:00:00'),
(1354, '5241c8ea21d03', '2018-03-14 14:55:02', '1970-01-01 00:00:00'),
(1355, '5241c8ea21d03', '2018-03-14 16:00:30', '1970-01-01 00:00:00'),
(1356, '5241c8ea21d03', '2018-03-14 16:36:50', '1970-01-01 00:00:00'),
(1357, '5241c8ea21d03', '2018-03-15 11:12:57', '1970-01-01 00:00:00'),
(1358, '5241c8ea21d03', '2018-03-15 16:21:27', '1970-01-01 00:00:00'),
(1359, '5241c8ea21d03', '2018-03-15 21:13:45', '1970-01-01 00:00:00'),
(1360, '5241c8ea21d03', '2018-03-16 09:35:11', '1970-01-01 00:00:00'),
(1361, '5241c8ea21d03', '2018-03-19 09:55:23', '1970-01-01 00:00:00'),
(1362, '5241c8ea21d03', '2018-03-19 12:16:56', '1970-01-01 00:00:00'),
(1363, '5241c8ea21d03', '2018-03-19 14:02:34', '1970-01-01 00:00:00'),
(1364, '5241c8ea21d03', '2018-03-19 19:04:26', '1970-01-01 00:00:00'),
(1365, '5241c8ea21d03', '2018-03-20 10:07:33', '1970-01-01 00:00:00'),
(1366, '5241c8ea21d03', '2018-03-20 15:08:37', '1970-01-01 00:00:00'),
(1367, '5241c8ea21d03', '2018-03-20 18:23:52', '1970-01-01 00:00:00'),
(1368, '5241c8ea21d03', '2018-03-21 09:35:40', '1970-01-01 00:00:00'),
(1369, '5241c8ea21d03', '2018-03-21 14:58:52', '1970-01-01 00:00:00'),
(1370, '5241c8ea21d03', '2018-03-22 10:28:39', '1970-01-01 00:00:00'),
(1371, '5241c8ea21d03', '2018-03-22 15:29:06', '1970-01-01 00:00:00'),
(1372, '5241c8ea21d03', '2018-03-23 11:06:21', '1970-01-01 00:00:00'),
(1373, '5241c8ea21d03', '2018-03-23 16:13:20', '1970-01-01 00:00:00'),
(1374, '5241c8ea21d03', '2018-03-26 08:03:38', '1970-01-01 00:00:00'),
(1375, '5241c8ea21d03', '2018-03-26 10:16:20', '1970-01-01 00:00:00'),
(1376, '5241c8ea21d03', '2018-03-26 15:57:08', '1970-01-01 00:00:00'),
(1377, '5241c8ea21d03', '2018-03-27 09:51:18', '1970-01-01 00:00:00'),
(1378, '5241c8ea21d03', '2018-03-27 14:46:10', '1970-01-01 00:00:00'),
(1379, '5241c8ea21d03', '2018-03-27 16:07:57', '1970-01-01 00:00:00'),
(1380, '5241c8ea21d03', '2018-03-28 09:45:33', '1970-01-01 00:00:00'),
(1381, '5241c8ea21d03', '2018-03-28 16:00:20', '1970-01-01 00:00:00'),
(1382, '5241c8ea21d03', '2018-03-29 10:24:22', '1970-01-01 00:00:00'),
(1383, '5241c8ea21d03', '2018-03-29 11:25:52', '1970-01-01 00:00:00'),
(1384, '5241c8ea21d03', '2018-03-29 13:52:35', '1970-01-01 00:00:00'),
(1385, '55e478360b2e1', '2018-03-29 14:10:36', '2018-03-29 14:10:43'),
(1386, '5241c8ea21d03', '2018-03-29 15:53:18', '1970-01-01 00:00:00'),
(1387, '5241c8ea21d03', '2018-03-29 17:13:33', '1970-01-01 00:00:00'),
(1388, '5241c8ea21d03', '2018-03-29 17:15:32', '1970-01-01 00:00:00'),
(1389, '5241c8ea21d03', '2018-03-29 17:56:32', '1970-01-01 00:00:00'),
(1390, '5241c8ea21d03', '2018-03-29 17:56:46', '1970-01-01 00:00:00'),
(1391, '5241c8ea21d03', '2018-03-30 11:40:21', '1970-01-01 00:00:00'),
(1392, '5241c8ea21d03', '2018-03-30 14:21:33', '1970-01-01 00:00:00'),
(1393, '5241c8ea21d03', '2018-04-03 09:26:44', '1970-01-01 00:00:00'),
(1394, '5241c8ea21d03', '2018-04-03 10:59:17', '1970-01-01 00:00:00'),
(1395, '5241c8ea21d03', '2018-04-03 11:20:36', '1970-01-01 00:00:00'),
(1396, '5241c8ea21d03', '2018-04-03 11:20:42', '1970-01-01 00:00:00'),
(1397, '5241c8ea21d03', '2018-04-03 11:20:45', '1970-01-01 00:00:00'),
(1398, '5241c8ea21d03', '2018-04-03 11:32:15', '1970-01-01 00:00:00'),
(1399, '5241c8ea21d03', '2018-04-03 11:39:37', '1970-01-01 00:00:00'),
(1400, '5241c8ea21d03', '2018-04-03 13:49:25', '1970-01-01 00:00:00'),
(1401, '5241c8ea21d03', '2018-04-03 16:02:27', '1970-01-01 00:00:00'),
(1402, '5241c8ea21d03', '2018-04-04 09:37:30', '1970-01-01 00:00:00'),
(1403, '5241c8ea21d03', '2018-04-04 14:20:55', '1970-01-01 00:00:00'),
(1404, '5241c8ea21d03', '2018-04-04 14:42:42', '1970-01-01 00:00:00'),
(1405, '5241c8ea21d03', '2018-04-04 17:12:15', '1970-01-01 00:00:00'),
(1406, '5241c8ea21d03', '2018-04-05 10:02:32', '2018-04-05 10:25:44'),
(1407, '5241c8ea21d03', '2018-04-05 14:45:00', '1970-01-01 00:00:00'),
(1408, '5241c8ea21d03', '2018-04-05 15:04:47', '1970-01-01 00:00:00'),
(1409, '5241c8ea21d03', '2018-04-06 09:57:31', '1970-01-01 00:00:00'),
(1410, '5241c8ea21d03', '2018-04-06 10:00:06', '1970-01-01 00:00:00'),
(1411, '5241c8ea21d03', '2018-04-09 09:59:20', '1970-01-01 00:00:00'),
(1412, '5241c8ea21d03', '2018-04-09 14:31:41', '1970-01-01 00:00:00'),
(1413, '5241c8ea21d03', '2018-04-10 09:52:33', '1970-01-01 00:00:00'),
(1414, '5241c8ea21d03', '2018-04-10 12:39:29', '1970-01-01 00:00:00'),
(1415, '5241c8ea21d03', '2018-04-10 14:24:14', '1970-01-01 00:00:00'),
(1416, '5241c8ea21d03', '2018-04-10 15:14:26', '1970-01-01 00:00:00'),
(1417, '5241c8ea21d03', '2018-04-11 09:35:54', '1970-01-01 00:00:00'),
(1418, '5241c8ea21d03', '2018-04-11 09:36:51', '1970-01-01 00:00:00'),
(1419, '5241c8ea21d03', '2018-04-11 11:17:13', '1970-01-01 00:00:00'),
(1420, '5241c8ea21d03', '2018-04-11 18:48:18', '1970-01-01 00:00:00'),
(1421, '5241c8ea21d03', '2018-04-12 16:03:07', '1970-01-01 00:00:00'),
(1422, '5241c8ea21d03', '2018-04-13 10:00:35', '1970-01-01 00:00:00'),
(1423, '5241c8ea21d03', '2018-04-13 13:48:54', '1970-01-01 00:00:00'),
(1424, '5241c8ea21d03', '2018-04-13 18:22:20', '1970-01-01 00:00:00'),
(1425, '5241c8ea21d03', '2018-04-15 14:02:02', '1970-01-01 00:00:00'),
(1426, '5241c8ea21d03', '2018-04-15 16:10:52', '1970-01-01 00:00:00'),
(1427, '5241c8ea21d03', '2018-04-16 09:43:48', '1970-01-01 00:00:00'),
(1428, '5241c8ea21d03', '2018-04-16 10:08:45', '1970-01-01 00:00:00'),
(1429, '5241c8ea21d03', '2018-04-16 14:27:32', '1970-01-01 00:00:00'),
(1430, '5241c8ea21d03', '2018-04-17 09:33:42', '1970-01-01 00:00:00'),
(1431, '5241c8ea21d03', '2018-04-17 14:06:19', '1970-01-01 00:00:00'),
(1432, '5241c8ea21d03', '2018-04-17 15:29:23', '1970-01-01 00:00:00'),
(1433, '55e478360b2e1', '2018-04-17 18:09:23', '1970-01-01 00:00:00'),
(1434, '55e478360b2e1', '2018-04-17 18:09:38', '1970-01-01 00:00:00'),
(1435, '55e478360b2e1', '2018-04-17 18:10:03', '1970-01-01 00:00:00'),
(1436, '5241c8ea21d03', '2018-04-17 23:41:00', '2018-04-17 23:44:54'),
(1437, '5241c8ea21d03', '2018-04-18 08:51:10', '1970-01-01 00:00:00'),
(1438, '5241c8ea21d03', '2018-04-18 10:32:03', '1970-01-01 00:00:00'),
(1439, '5241c8ea21d03', '2018-04-18 10:46:53', '1970-01-01 00:00:00'),
(1440, '5241c8ea21d03', '2018-04-18 12:03:42', '1970-01-01 00:00:00'),
(1441, '5241c8ea21d03', '2018-04-18 15:09:01', '1970-01-01 00:00:00'),
(1442, '5241c8ea21d03', '2018-04-18 15:12:55', '1970-01-01 00:00:00'),
(1443, '5241c8ea21d03', '2018-04-18 17:49:58', '1970-01-01 00:00:00'),
(1444, '5241c8ea21d03', '2018-04-19 15:00:11', '1970-01-01 00:00:00'),
(1445, '5241c8ea21d03', '2018-04-20 14:34:36', '1970-01-01 00:00:00'),
(1446, '5241c8ea21d03', '2018-04-20 22:15:20', '1970-01-01 00:00:00'),
(1447, '5241c8ea21d03', '2018-04-21 20:39:54', '1970-01-01 00:00:00'),
(1448, '5241c8ea21d03', '2018-04-22 14:39:18', '1970-01-01 00:00:00'),
(1449, '5241c8ea21d03', '2018-04-22 17:53:45', '1970-01-01 00:00:00'),
(1450, '5241c8ea21d03', '2018-04-23 09:00:17', '1970-01-01 00:00:00'),
(1451, '5241c8ea21d03', '2018-04-23 17:40:43', '1970-01-01 00:00:00'),
(1452, '5241c8ea21d03', '2018-04-23 18:27:00', '1970-01-01 00:00:00'),
(1453, '5241c8ea21d03', '2018-04-23 19:18:29', '1970-01-01 00:00:00'),
(1454, '5241c8ea21d03', '2018-04-24 09:24:36', '1970-01-01 00:00:00'),
(1455, '5241c8ea21d03', '2018-04-24 13:49:39', '1970-01-01 00:00:00'),
(1456, '55e478360b2e1', '2018-04-24 14:01:21', '2018-04-24 14:09:39'),
(1457, '55e478360b2e1', '2018-04-24 14:08:31', '1970-01-01 00:00:00'),
(1458, '55e478360b2e1', '2018-04-24 14:10:15', '1970-01-01 00:00:00'),
(1459, '55e478360b2e1', '2018-04-24 14:12:58', '1970-01-01 00:00:00'),
(1460, '55e478360b2e1', '2018-04-24 14:14:18', '1970-01-01 00:00:00'),
(1461, '5241c8ea21d03', '2018-04-24 16:56:16', '1970-01-01 00:00:00'),
(1462, '55e478360b2e1', '2018-04-24 21:42:13', '1970-01-01 00:00:00'),
(1463, '5241c8ea21d03', '2018-04-24 23:09:33', '1970-01-01 00:00:00'),
(1464, '55e478360b2e1', '2018-04-25 11:54:48', '2018-04-25 11:55:09'),
(1465, '55e478360b2e1', '2018-04-25 11:55:15', '1970-01-01 00:00:00'),
(1466, '55e478360b2e1', '2018-04-25 12:48:19', '1970-01-01 00:00:00'),
(1467, '55e478360b2e1', '2018-04-25 12:52:11', '1970-01-01 00:00:00'),
(1468, '55e478360b2e1', '2018-04-25 13:13:43', '2018-04-25 13:32:48'),
(1469, '55e478360b2e1', '2018-04-25 13:20:22', '1970-01-01 00:00:00'),
(1470, '55e478360b2e1', '2018-04-25 13:41:21', '1970-01-01 00:00:00'),
(1471, '55e478360b2e1', '2018-04-25 13:51:57', '1970-01-01 00:00:00'),
(1472, '5241c8ea21d03', '2018-04-25 16:22:45', '1970-01-01 00:00:00'),
(1473, '55e478360b2e1', '2018-04-25 16:29:22', '1970-01-01 00:00:00'),
(1474, '55e478360b2e1', '2018-04-25 21:06:03', '1970-01-01 00:00:00'),
(1475, '55e478360b2e1', '2018-04-26 10:50:45', '1970-01-01 00:00:00'),
(1476, '55e478360b2e1', '2018-04-26 12:25:21', '1970-01-01 00:00:00'),
(1477, '55e478360b2e1', '2018-04-26 12:43:36', '1970-01-01 00:00:00'),
(1478, '55e478360b2e1', '2018-04-26 12:52:47', '1970-01-01 00:00:00'),
(1479, '55e478360b2e1', '2018-04-26 13:00:33', '1970-01-01 00:00:00'),
(1480, '5241c8ea21d03', '2018-04-26 13:56:41', '1970-01-01 00:00:00'),
(1481, '55e478360b2e1', '2018-04-26 16:44:37', '1970-01-01 00:00:00'),
(1482, '5241c8ea21d03', '2018-04-26 18:23:23', '1970-01-01 00:00:00'),
(1483, '5241c8ea21d03', '2018-04-26 18:54:09', '1970-01-01 00:00:00'),
(1484, '55e478360b2e1', '2018-04-27 12:12:28', '1970-01-01 00:00:00'),
(1485, '55e478360b2e1', '2018-04-27 12:43:03', '1970-01-01 00:00:00'),
(1486, '55e478360b2e1', '2018-04-27 12:48:09', '1970-01-01 00:00:00'),
(1487, '55e478360b2e1', '2018-04-27 12:50:29', '1970-01-01 00:00:00'),
(1488, '55e478360b2e1', '2018-04-27 13:55:45', '1970-01-01 00:00:00'),
(1489, '5241c8ea21d03', '2018-04-27 14:12:32', '1970-01-01 00:00:00'),
(1490, '55e478360b2e1', '2018-04-27 14:55:05', '1970-01-01 00:00:00'),
(1491, '5241c8ea21d03', '2018-04-27 14:58:08', '1970-01-01 00:00:00'),
(1492, '55e478360b2e1', '2018-04-27 15:03:35', '1970-01-01 00:00:00'),
(1493, '55e478360b2e1', '2018-04-27 15:04:44', '1970-01-01 00:00:00'),
(1494, '5241c8ea21d03', '2018-04-27 15:14:00', '1970-01-01 00:00:00'),
(1495, '55e478360b2e1', '2018-04-27 15:18:18', '1970-01-01 00:00:00'),
(1496, '55e478360b2e1', '2018-04-27 15:20:54', '1970-01-01 00:00:00'),
(1497, '55e478360b2e1', '2018-04-27 16:53:27', '1970-01-01 00:00:00'),
(1498, '5241c8ea21d03', '2018-04-27 17:53:22', '1970-01-01 00:00:00'),
(1499, '55e478360b2e1', '2018-04-28 11:47:48', '1970-01-01 00:00:00'),
(1500, '55e478360b2e1', '2018-04-28 12:12:15', '1970-01-01 00:00:00'),
(1501, '55e478360b2e1', '2018-04-28 12:42:55', '1970-01-01 00:00:00'),
(1502, '55e478360b2e1', '2018-04-28 13:24:56', '1970-01-01 00:00:00'),
(1503, '55e478360b2e1', '2018-04-28 14:24:31', '1970-01-01 00:00:00'),
(1504, '55e478360b2e1', '2018-04-28 15:42:53', '1970-01-01 00:00:00'),
(1505, '55e478360b2e1', '2018-04-28 16:25:36', '1970-01-01 00:00:00'),
(1506, '5241c8ea21d03', '2018-04-28 16:48:55', '1970-01-01 00:00:00'),
(1507, '5241c8ea21d03', '2018-04-30 18:10:44', '1970-01-01 00:00:00'),
(1508, '5241c8ea21d03', '2018-05-01 18:38:18', '1970-01-01 00:00:00'),
(1509, '5241c8ea21d03', '2018-05-01 18:51:59', '1970-01-01 00:00:00'),
(1510, '5241c8ea21d03', '2018-05-02 10:04:40', '1970-01-01 00:00:00'),
(1511, '5241c8ea21d03', '2018-05-03 10:03:11', '1970-01-01 00:00:00'),
(1512, '5241c8ea21d03', '2018-05-03 15:10:37', '1970-01-01 00:00:00'),
(1513, '5241c8ea21d03', '2018-05-04 09:30:28', '1970-01-01 00:00:00'),
(1514, '5241c8ea21d03', '2018-05-07 12:43:26', '1970-01-01 00:00:00'),
(1515, '5241c8ea21d03', '2018-05-07 13:58:01', '1970-01-01 00:00:00'),
(1516, '5241c8ea21d03', '2018-05-07 18:47:41', '1970-01-01 00:00:00'),
(1517, '5241c8ea21d03', '2018-05-09 10:53:45', '1970-01-01 00:00:00'),
(1518, '5241c8ea21d03', '2018-05-09 15:37:57', '1970-01-01 00:00:00'),
(1519, '5241c8ea21d03', '2018-05-09 18:07:39', '1970-01-01 00:00:00'),
(1520, '5241c8ea21d03', '2018-05-11 11:38:56', '1970-01-01 00:00:00'),
(1521, '5241c8ea21d03', '2018-05-11 14:49:52', '1970-01-01 00:00:00'),
(1522, '5241c8ea21d03', '2018-05-14 12:12:55', '1970-01-01 00:00:00'),
(1523, '5241c8ea21d03', '2018-05-14 14:51:41', '1970-01-01 00:00:00'),
(1524, '5241c8ea21d03', '2018-05-16 10:01:30', '1970-01-01 00:00:00'),
(1525, '5241c8ea21d03', '2018-05-16 15:13:59', '1970-01-01 00:00:00'),
(1526, '5241c8ea21d03', '2018-05-17 14:33:05', '1970-01-01 00:00:00'),
(1527, '5241c8ea21d03', '2018-05-17 17:03:00', '1970-01-01 00:00:00'),
(1528, '5241c8ea21d03', '2018-05-18 10:23:10', '1970-01-01 00:00:00'),
(1529, '5241c8ea21d03', '2018-05-18 13:49:33', '1970-01-01 00:00:00'),
(1530, '5241c8ea21d03', '2018-05-21 11:39:09', '1970-01-01 00:00:00'),
(1531, '5241c8ea21d03', '2018-05-22 09:53:27', '1970-01-01 00:00:00'),
(1532, '5241c8ea21d03', '2018-05-22 14:39:39', '1970-01-01 00:00:00'),
(1533, '5241c8ea21d03', '2018-05-23 10:43:38', '1970-01-01 00:00:00'),
(1534, '5241c8ea21d03', '2018-05-23 14:40:05', '1970-01-01 00:00:00'),
(1535, '5241c8ea21d03', '2018-05-25 10:10:37', '1970-01-01 00:00:00'),
(1536, '5241c8ea21d03', '2018-05-25 15:57:22', '1970-01-01 00:00:00'),
(1537, '5241c8ea21d03', '2018-05-30 14:36:51', '1970-01-01 00:00:00'),
(1538, '5241c8ea21d03', '2018-05-31 10:19:47', '1970-01-01 00:00:00'),
(1539, '5241c8ea21d03', '2018-05-31 14:12:15', '1970-01-01 00:00:00'),
(1540, '5241c8ea21d03', '2018-05-31 14:29:02', '1970-01-01 00:00:00'),
(1541, '5241c8ea21d03', '2018-06-01 11:14:51', '1970-01-01 00:00:00'),
(1542, '5241c8ea21d03', '2018-06-04 10:35:38', '1970-01-01 00:00:00'),
(1543, '5241c8ea21d03', '2018-06-04 13:55:25', '1970-01-01 00:00:00'),
(1544, '5241c8ea21d03', '2018-06-04 15:00:06', '1970-01-01 00:00:00'),
(1545, '5241c8ea21d03', '2018-06-06 14:05:48', '1970-01-01 00:00:00'),
(1546, '5241c8ea21d03', '2018-06-06 17:21:17', '1970-01-01 00:00:00'),
(1547, '5241c8ea21d03', '2018-06-07 11:22:09', '1970-01-01 00:00:00'),
(1548, '5241c8ea21d03', '2018-06-07 17:53:18', '1970-01-01 00:00:00'),
(1549, '5241c8ea21d03', '2018-06-12 11:56:30', '1970-01-01 00:00:00'),
(1550, '5241c8ea21d03', '2018-06-12 14:10:41', '1970-01-01 00:00:00'),
(1551, '5241c8ea21d03', '2018-06-13 16:26:06', '1970-01-01 00:00:00'),
(1552, '5241c8ea21d03', '2018-06-18 16:43:02', '1970-01-01 00:00:00'),
(1553, '5241c8ea21d03', '2018-06-18 16:59:31', '1970-01-01 00:00:00'),
(1554, '5241c8ea21d03', '2018-06-19 14:59:47', '1970-01-01 00:00:00'),
(1555, '5241c8ea21d03', '2018-06-19 16:41:45', '1970-01-01 00:00:00'),
(1556, '5241c8ea21d03', '2018-07-03 10:35:01', '1970-01-01 00:00:00'),
(1557, '5241c8ea21d03', '2018-07-04 14:11:31', '1970-01-01 00:00:00'),
(1558, '5241c8ea21d03', '2018-07-04 14:40:38', '1970-01-01 00:00:00'),
(1559, '5241c8ea21d03', '2018-07-04 16:16:49', '1970-01-01 00:00:00'),
(1560, '5241c8ea21d03', '2018-07-09 14:37:59', '1970-01-01 00:00:00'),
(1561, '5241c8ea21d03', '2018-07-09 14:38:58', '1970-01-01 00:00:00'),
(1562, '5241c8ea21d03', '2018-07-18 16:19:40', '1970-01-01 00:00:00'),
(1563, '5241c8ea21d03', '2018-07-18 16:21:13', '1970-01-01 00:00:00'),
(1564, '5241c8ea21d03', '2018-07-19 16:10:41', '1970-01-01 00:00:00'),
(1565, '5241c8ea21d03', '2018-07-19 17:42:02', '1970-01-01 00:00:00'),
(1566, '5241c8ea21d03', '2018-07-30 09:50:54', '1970-01-01 00:00:00'),
(1567, '5241c8ea21d03', '2018-08-22 10:03:36', '1970-01-01 00:00:00'),
(1568, '5241c8ea21d03', '2018-08-24 17:08:04', '2018-08-24 17:08:20'),
(1569, '5241c8ea21d03', '2018-08-24 18:02:08', '1970-01-01 00:00:00'),
(1570, '5241c8ea21d03', '2018-08-31 10:46:25', '1970-01-01 00:00:00'),
(1571, '5241c8ea21d03', '2018-09-07 17:45:11', '2018-09-07 17:48:07'),
(1572, '5241c8ea21d03', '2018-09-11 11:03:47', '1970-01-01 00:00:00'),
(1573, '5241c8ea21d03', '2018-09-21 14:01:35', '1970-01-01 00:00:00'),
(1574, '5241c8ea21d03', '2018-09-21 15:27:53', '2018-09-21 15:28:09'),
(1575, '5241c8ea21d03', '2018-09-25 09:25:40', '1970-01-01 00:00:00'),
(1576, '5241c8ea21d03', '2018-09-25 17:35:51', '1970-01-01 00:00:00'),
(1577, '5241c8ea21d03', '2018-10-03 12:01:58', '1970-01-01 00:00:00'),
(1578, '5241c8ea21d03', '2018-10-03 12:18:05', '1970-01-01 00:00:00'),
(1579, '5241c8ea21d03', '2018-10-15 10:43:03', '1970-01-01 00:00:00'),
(1580, '5241c8ea21d03', '2018-10-16 10:30:17', '1970-01-01 00:00:00'),
(1581, '5241c8ea21d03', '2018-10-18 15:01:54', '1970-01-01 00:00:00'),
(1582, '5241c8ea21d03', '2018-10-19 09:46:11', '1970-01-01 00:00:00');
INSERT INTO `admin_traces` (`trace_id`, `trace_compte`, `trace_datetime_connexion`, `trace_datetime_deconnexion`) VALUES
(1583, '5241c8ea21d03', '2018-10-20 10:18:38', '1970-01-01 00:00:00'),
(1584, '5241c8ea21d03', '2018-10-22 10:42:28', '1970-01-01 00:00:00'),
(1585, '5241c8ea21d03', '2018-10-22 17:37:20', '1970-01-01 00:00:00'),
(1586, '5241c8ea21d03', '2018-10-24 18:07:05', '1970-01-01 00:00:00'),
(1587, '5241c8ea21d03', '2018-10-24 18:47:31', '1970-01-01 00:00:00'),
(1588, '5241c8ea21d03', '2018-10-27 14:42:30', '1970-01-01 00:00:00'),
(1589, '5241c8ea21d03', '2018-10-30 15:52:37', '1970-01-01 00:00:00'),
(1590, '5241c8ea21d03', '2018-11-08 12:03:53', '1970-01-01 00:00:00'),
(1591, '5241c8ea21d03', '2018-11-09 14:29:00', '1970-01-01 00:00:00'),
(1592, '5241c8ea21d03', '2018-11-12 17:28:57', '1970-01-01 00:00:00'),
(1593, '5241c8ea21d03', '2018-11-13 15:13:55', '1970-01-01 00:00:00'),
(1594, '5241c8ea21d03', '2018-11-16 16:33:57', '1970-01-01 00:00:00'),
(1595, '5241c8ea21d03', '2018-11-19 14:52:02', '1970-01-01 00:00:00'),
(1596, '5241c8ea21d03', '2018-11-21 09:51:26', '1970-01-01 00:00:00'),
(1597, '5241c8ea21d03', '2018-11-23 11:50:54', '1970-01-01 00:00:00'),
(1598, '5241c8ea21d03', '2018-11-26 10:22:28', '1970-01-01 00:00:00'),
(1599, '5241c8ea21d03', '2018-11-26 14:16:40', '1970-01-01 00:00:00'),
(1600, '5241c8ea21d03', '2018-11-28 14:24:46', '1970-01-01 00:00:00'),
(1601, '5241c8ea21d03', '2018-12-03 09:45:58', '1970-01-01 00:00:00'),
(1602, '5241c8ea21d03', '2018-12-04 17:23:59', '1970-01-01 00:00:00'),
(1603, '5241c8ea21d03', '2018-12-05 09:41:05', '1970-01-01 00:00:00'),
(1604, '5241c8ea21d03', '2018-12-06 09:43:59', '1970-01-01 00:00:00'),
(1605, '5241c8ea21d03', '2018-12-06 11:05:42', '1970-01-01 00:00:00'),
(1606, '5241c8ea21d03', '2018-12-07 11:41:59', '1970-01-01 00:00:00'),
(1607, '5241c8ea21d03', '2018-12-07 17:02:23', '1970-01-01 00:00:00'),
(1608, '5241c8ea21d03', '2018-12-10 18:34:27', '1970-01-01 00:00:00'),
(1609, '5241c8ea21d03', '2018-12-12 10:14:16', '1970-01-01 00:00:00'),
(1610, '5241c8ea21d03', '2018-12-12 10:16:47', '1970-01-01 00:00:00'),
(1611, '5241c8ea21d03', '2018-12-12 12:29:12', '1970-01-01 00:00:00'),
(1612, '5241c8ea21d03', '2018-12-13 09:38:17', '1970-01-01 00:00:00'),
(1613, '5241c8ea21d03', '2018-12-14 09:21:58', '1970-01-01 00:00:00'),
(1614, '5241c8ea21d03', '2018-12-14 10:05:12', '2018-12-14 10:05:43'),
(1615, '5241c8ea21d03', '2018-12-17 09:21:50', '1970-01-01 00:00:00'),
(1616, '5241c8ea21d03', '2018-12-18 09:08:34', '1970-01-01 00:00:00'),
(1617, '5241c8ea21d03', '2018-12-18 15:31:33', '1970-01-01 00:00:00'),
(1618, '5241c8ea21d03', '2018-12-20 14:29:18', '1970-01-01 00:00:00'),
(1619, '5241c8ea21d03', '2018-12-26 14:47:05', '1970-01-01 00:00:00'),
(1620, '5241c8ea21d03', '2019-01-02 09:58:21', '1970-01-01 00:00:00'),
(1621, '5241c8ea21d03', '2019-01-02 14:41:29', '1970-01-01 00:00:00'),
(1622, '5241c8ea21d03', '2019-01-04 18:13:58', '1970-01-01 00:00:00'),
(1623, '5241c8ea21d03', '2019-01-05 12:18:27', '1970-01-01 00:00:00'),
(1624, '5241c8ea21d03', '2019-01-23 10:20:26', '1970-01-01 00:00:00'),
(1625, '5241c8ea21d03', '2019-01-24 15:44:37', '1970-01-01 00:00:00'),
(1626, '5241c8ea21d03', '2019-01-25 15:12:53', '1970-01-01 00:00:00'),
(1627, '5241c8ea21d03', '2019-01-28 09:34:18', '1970-01-01 00:00:00'),
(1628, '5241c8ea21d03', '2019-01-28 11:02:22', '1970-01-01 00:00:00'),
(1629, '5241c8ea21d03', '2019-01-29 16:13:11', '1970-01-01 00:00:00'),
(1630, '5241c8ea21d03', '2019-01-31 09:37:40', '1970-01-01 00:00:00'),
(1631, '5241c8ea21d03', '2019-01-31 15:57:13', '1970-01-01 00:00:00'),
(1632, '5241c8ea21d03', '2019-02-01 10:14:49', '1970-01-01 00:00:00'),
(1633, '5241c8ea21d03', '2019-02-01 14:31:27', '1970-01-01 00:00:00'),
(1634, '5241c8ea21d03', '2019-02-01 16:20:40', '1970-01-01 00:00:00'),
(1635, '5241c8ea21d03', '2019-02-04 09:57:56', '1970-01-01 00:00:00'),
(1636, '5241c8ea21d03', '2019-02-04 14:33:03', '1970-01-01 00:00:00'),
(1637, '5241c8ea21d03', '2019-02-04 17:07:14', '1970-01-01 00:00:00'),
(1638, '5241c8ea21d03', '2019-02-05 17:39:01', '1970-01-01 00:00:00'),
(1639, '5241c8ea21d03', '2019-02-11 11:05:55', '1970-01-01 00:00:00'),
(1640, '5241c8ea21d03', '2019-02-11 14:20:03', '1970-01-01 00:00:00'),
(1641, '5241c8ea21d03', '2019-02-11 17:35:06', '1970-01-01 00:00:00'),
(1642, '5241c8ea21d03', '2019-02-12 09:37:17', '1970-01-01 00:00:00'),
(1643, '5241c8ea21d03', '2019-02-12 10:41:20', '1970-01-01 00:00:00'),
(1644, '5241c8ea21d03', '2019-02-12 10:41:21', '2019-02-12 10:41:25'),
(1645, '5241c8ea21d03', '2019-02-13 09:59:06', '1970-01-01 00:00:00'),
(1646, '5241c8ea21d03', '2019-02-14 12:21:38', '1970-01-01 00:00:00'),
(1647, '5241c8ea21d03', '2019-02-14 17:29:30', '1970-01-01 00:00:00'),
(1648, '5241c8ea21d03', '2019-02-15 11:02:32', '1970-01-01 00:00:00'),
(1649, '5241c8ea21d03', '2019-02-18 14:32:00', '1970-01-01 00:00:00'),
(1650, '5241c8ea21d03', '2019-02-18 17:30:58', '1970-01-01 00:00:00'),
(1651, '5241c8ea21d03', '2019-02-19 09:23:47', '1970-01-01 00:00:00'),
(1652, '5241c8ea21d03', '2019-02-19 14:13:36', '1970-01-01 00:00:00'),
(1653, '5241c8ea21d03', '2019-02-21 10:17:39', '1970-01-01 00:00:00'),
(1654, '5241c8ea21d03', '2019-02-21 14:38:51', '1970-01-01 00:00:00'),
(1655, '5241c8ea21d03', '2019-02-21 16:50:35', '1970-01-01 00:00:00'),
(1656, '5241c8ea21d03', '2019-02-22 09:46:10', '1970-01-01 00:00:00'),
(1657, '5241c8ea21d03', '2019-02-22 11:24:49', '1970-01-01 00:00:00'),
(1658, '5241c8ea21d03', '2019-02-25 10:31:40', '1970-01-01 00:00:00'),
(1659, '5241c8ea21d03', '2019-02-25 15:00:41', '1970-01-01 00:00:00'),
(1660, '5241c8ea21d03', '2019-02-26 17:42:46', '1970-01-01 00:00:00'),
(1661, '5241c8ea21d03', '2019-02-27 09:48:31', '1970-01-01 00:00:00'),
(1662, '5241c8ea21d03', '2019-02-27 14:21:14', '1970-01-01 00:00:00'),
(1663, '5241c8ea21d03', '2019-02-27 15:21:22', '1970-01-01 00:00:00'),
(1664, '5241c8ea21d03', '2019-02-28 11:01:36', '1970-01-01 00:00:00'),
(1665, '5241c8ea21d03', '2019-02-28 12:20:58', '1970-01-01 00:00:00'),
(1666, '5241c8ea21d03', '2019-03-01 09:40:04', '1970-01-01 00:00:00'),
(1667, '5241c8ea21d03', '2019-03-01 12:03:23', '1970-01-01 00:00:00'),
(1668, '5241c8ea21d03', '2019-03-01 15:21:31', '1970-01-01 00:00:00'),
(1669, '5241c8ea21d03', '2019-03-02 10:53:09', '1970-01-01 00:00:00'),
(1670, '5241c8ea21d03', '2019-03-04 10:03:14', '1970-01-01 00:00:00'),
(1671, '5241c8ea21d03', '2019-03-04 16:32:22', '1970-01-01 00:00:00'),
(1672, '5241c8ea21d03', '2019-03-05 15:22:42', '1970-01-01 00:00:00'),
(1673, '5241c8ea21d03', '2019-03-05 18:08:18', '1970-01-01 00:00:00'),
(1674, '5241c8ea21d03', '2019-03-06 09:02:17', '1970-01-01 00:00:00'),
(1675, '5241c8ea21d03', '2019-03-06 13:58:49', '1970-01-01 00:00:00'),
(1676, '5241c8ea21d03', '2019-03-07 12:19:08', '1970-01-01 00:00:00'),
(1677, '5241c8ea21d03', '2019-03-07 18:07:02', '1970-01-01 00:00:00'),
(1678, '5241c8ea21d03', '2019-03-08 08:59:05', '1970-01-01 00:00:00'),
(1679, '5241c8ea21d03', '2019-03-08 09:43:38', '1970-01-01 00:00:00'),
(1680, '5241c8ea21d03', '2019-03-08 17:34:04', '1970-01-01 00:00:00'),
(1681, '5241c8ea21d03', '2019-03-11 14:02:19', '1970-01-01 00:00:00'),
(1682, '5241c8ea21d03', '2019-03-12 09:45:40', '1970-01-01 00:00:00'),
(1683, '5241c8ea21d03', '2019-03-12 11:02:13', '1970-01-01 00:00:00'),
(1684, '5241c8ea21d03', '2019-03-12 14:19:56', '1970-01-01 00:00:00'),
(1685, '5241c8ea21d03', '2019-03-13 11:00:50', '1970-01-01 00:00:00'),
(1686, '5241c8ea21d03', '2019-03-13 18:35:28', '1970-01-01 00:00:00'),
(1687, '5241c8ea21d03', '2019-03-13 18:36:00', '1970-01-01 00:00:00'),
(1688, '5241c8ea21d03', '2019-03-14 08:50:42', '1970-01-01 00:00:00'),
(1689, '5241c8ea21d03', '2019-03-14 11:10:16', '1970-01-01 00:00:00'),
(1690, '5241c8ea21d03', '2019-03-14 11:11:21', '1970-01-01 00:00:00'),
(1691, '5241c8ea21d03', '2019-03-14 16:03:28', '1970-01-01 00:00:00'),
(1692, '5241c8ea21d03', '2019-03-18 15:15:48', '1970-01-01 00:00:00'),
(1693, '5241c8ea21d03', '2019-03-18 16:25:08', '1970-01-01 00:00:00'),
(1694, '5241c8ea21d03', '2019-03-18 18:27:04', '1970-01-01 00:00:00'),
(1695, '5241c8ea21d03', '2019-03-19 08:39:03', '1970-01-01 00:00:00'),
(1696, '5241c8ea21d03', '2019-03-19 10:30:13', '1970-01-01 00:00:00'),
(1697, '5241c8ea21d03', '2019-03-19 14:05:46', '1970-01-01 00:00:00'),
(1698, '5241c8ea21d03', '2019-03-20 10:08:43', '1970-01-01 00:00:00'),
(1699, '5241c8ea21d03', '2019-04-01 12:02:58', '1970-01-01 00:00:00'),
(1700, '5241c8ea21d03', '2019-04-01 14:23:14', '1970-01-01 00:00:00'),
(1701, '5241c8ea21d03', '2019-04-02 09:26:20', '1970-01-01 00:00:00'),
(1702, '5241c8ea21d03', '2019-04-02 16:41:30', '1970-01-01 00:00:00'),
(1703, '5241c8ea21d03', '2019-04-03 10:09:17', '1970-01-01 00:00:00'),
(1704, '5241c8ea21d03', '2019-04-03 16:23:04', '1970-01-01 00:00:00'),
(1705, '5241c8ea21d03', '2019-04-04 09:27:15', '2019-04-04 09:29:49'),
(1706, '5241c8ea21d03', '2019-04-04 09:41:06', '1970-01-01 00:00:00'),
(1707, '5241c8ea21d03', '2019-04-04 11:05:59', '1970-01-01 00:00:00'),
(1708, '5241c8ea21d03', '2019-04-04 11:47:37', '1970-01-01 00:00:00'),
(1709, '5241c8ea21d03', '2019-04-04 14:10:29', '1970-01-01 00:00:00'),
(1710, '5241c8ea21d03', '2019-04-04 16:41:26', '1970-01-01 00:00:00'),
(1711, '5241c8ea21d03', '2019-04-05 09:20:58', '1970-01-01 00:00:00'),
(1712, '5241c8ea21d03', '2019-04-05 11:20:00', '1970-01-01 00:00:00'),
(1713, '5241c8ea21d03', '2019-04-05 16:54:53', '1970-01-01 00:00:00'),
(1714, '5241c8ea21d03', '2019-04-08 09:17:35', '1970-01-01 00:00:00'),
(1715, '5241c8ea21d03', '2019-04-08 11:15:56', '1970-01-01 00:00:00'),
(1716, '5241c8ea21d03', '2019-04-08 15:44:56', '1970-01-01 00:00:00'),
(1717, '5241c8ea21d03', '2019-04-09 09:57:27', '1970-01-01 00:00:00'),
(1718, '5241c8ea21d03', '2019-04-09 12:25:18', '1970-01-01 00:00:00'),
(1719, '5241c8ea21d03', '2019-04-09 14:42:19', '1970-01-01 00:00:00'),
(1720, '5241c8ea21d03', '2019-04-09 17:41:47', '1970-01-01 00:00:00'),
(1721, '5241c8ea21d03', '2019-04-10 09:35:26', '1970-01-01 00:00:00'),
(1722, '5241c8ea21d03', '2019-04-11 09:09:02', '1970-01-01 00:00:00'),
(1723, '5241c8ea21d03', '2019-04-11 15:22:55', '1970-01-01 00:00:00'),
(1724, '5241c8ea21d03', '2019-04-12 18:11:02', '1970-01-01 00:00:00'),
(1725, '5241c8ea21d03', '2019-04-13 09:55:32', '1970-01-01 00:00:00'),
(1726, '5241c8ea21d03', '2019-04-13 14:53:17', '1970-01-01 00:00:00'),
(1727, '5241c8ea21d03', '2019-04-14 11:24:39', '1970-01-01 00:00:00'),
(1728, '5241c8ea21d03', '2019-04-14 17:49:54', '1970-01-01 00:00:00'),
(1729, '5241c8ea21d03', '2019-04-15 09:38:50', '1970-01-01 00:00:00'),
(1730, '5241c8ea21d03', '2019-04-15 10:55:27', '1970-01-01 00:00:00'),
(1731, '5241c8ea21d03', '2019-04-15 10:56:52', '2019-04-15 11:02:46'),
(1732, '5241c8ea21d03', '2019-04-15 11:03:11', '1970-01-01 00:00:00'),
(1733, '5241c8ea21d03', '2019-04-15 14:51:25', '1970-01-01 00:00:00'),
(1734, '5241c8ea21d03', '2019-04-15 16:37:35', '1970-01-01 00:00:00'),
(1735, '5241c8ea21d03', '2019-04-15 19:22:55', '1970-01-01 00:00:00'),
(1736, '5241c8ea21d03', '2019-04-16 09:20:08', '1970-01-01 00:00:00'),
(1737, '5241c8ea21d03', '2019-04-16 09:25:29', '1970-01-01 00:00:00'),
(1738, '5241c8ea21d03', '2019-04-16 10:45:01', '1970-01-01 00:00:00'),
(1739, '5241c8ea21d03', '2019-04-16 10:46:25', '1970-01-01 00:00:00'),
(1740, '5241c8ea21d03', '2019-04-16 10:55:55', '1970-01-01 00:00:00'),
(1741, '5241c8ea21d03', '2019-04-16 14:27:38', '1970-01-01 00:00:00'),
(1742, '5241c8ea21d03', '2019-04-16 14:34:26', '1970-01-01 00:00:00'),
(1743, '5241c8ea21d03', '2019-04-16 14:34:50', '1970-01-01 00:00:00'),
(1744, '5241c8ea21d03', '2019-04-16 14:35:23', '1970-01-01 00:00:00'),
(1745, '5241c8ea21d03', '2019-04-16 16:11:40', '1970-01-01 00:00:00'),
(1746, '5241c8ea21d03', '2019-04-17 10:00:43', '1970-01-01 00:00:00'),
(1747, '5241c8ea21d03', '2019-04-17 13:04:43', '1970-01-01 00:00:00'),
(1748, '5241c8ea21d03', '2019-04-17 17:11:11', '1970-01-01 00:00:00'),
(1749, '5241c8ea21d03', '2019-04-18 09:02:16', '1970-01-01 00:00:00'),
(1750, '5241c8ea21d03', '2019-04-18 14:31:33', '1970-01-01 00:00:00'),
(1751, '5241c8ea21d03', '2019-04-18 17:59:36', '1970-01-01 00:00:00'),
(1752, '5241c8ea21d03', '2019-04-18 20:05:20', '1970-01-01 00:00:00'),
(1753, '5241c8ea21d03', '2019-04-18 22:26:44', '1970-01-01 00:00:00'),
(1754, '5241c8ea21d03', '2019-04-20 18:42:33', '1970-01-01 00:00:00'),
(1755, '5241c8ea21d03', '2019-04-21 11:24:54', '1970-01-01 00:00:00'),
(1756, '5241c8ea21d03', '2019-04-21 14:08:07', '1970-01-01 00:00:00'),
(1757, '5241c8ea21d03', '2019-04-21 15:42:57', '1970-01-01 00:00:00'),
(1758, '5241c8ea21d03', '2019-04-21 17:07:03', '1970-01-01 00:00:00'),
(1759, '5241c8ea21d03', '2019-04-22 12:03:27', '1970-01-01 00:00:00'),
(1760, '55e478360b2e1', '2019-04-22 14:23:32', '1970-01-01 00:00:00'),
(1761, '55e478360b2e1', '2019-04-22 14:23:34', '1970-01-01 00:00:00'),
(1762, '55e478360b2e1', '2019-04-22 14:23:35', '1970-01-01 00:00:00'),
(1763, '55e478360b2e1', '2019-04-22 14:23:36', '1970-01-01 00:00:00'),
(1764, '55e478360b2e1', '2019-04-22 14:23:50', '1970-01-01 00:00:00'),
(1765, '55e478360b2e1', '2019-04-22 14:25:05', '1970-01-01 00:00:00'),
(1766, '5241c8ea21d03', '2019-04-22 15:46:08', '1970-01-01 00:00:00'),
(1767, '5241c8ea21d03', '2019-04-23 08:26:10', '1970-01-01 00:00:00'),
(1768, '5241c8ea21d03', '2019-04-23 12:30:21', '1970-01-01 00:00:00'),
(1769, '5241c8ea21d03', '2019-04-23 14:46:13', '1970-01-01 00:00:00'),
(1770, '55e478360b2e1', '2019-04-24 11:19:38', '1970-01-01 00:00:00'),
(1771, '55e478360b2e1', '2019-04-24 12:44:47', '1970-01-01 00:00:00'),
(1772, '55e478360b2e1', '2019-04-24 12:46:28', '1970-01-01 00:00:00'),
(1773, '55e478360b2e1', '2019-04-24 12:47:42', '1970-01-01 00:00:00'),
(1774, '55e478360b2e1', '2019-04-24 12:54:32', '1970-01-01 00:00:00'),
(1775, '55e478360b2e1', '2019-04-24 13:33:09', '1970-01-01 00:00:00'),
(1776, '55e478360b2e1', '2019-04-24 13:41:33', '2019-04-24 18:26:22'),
(1777, '5241c8ea21d03', '2019-04-24 15:42:47', '1970-01-01 00:00:00'),
(1778, '5241c8ea21d03', '2019-04-24 18:56:54', '1970-01-01 00:00:00'),
(1779, '55e478360b2e1', '2019-04-25 06:17:20', '1970-01-01 00:00:00'),
(1780, '55e478360b2e1', '2019-04-25 07:59:20', '1970-01-01 00:00:00'),
(1781, '55e478360b2e1', '2019-04-25 11:16:41', '1970-01-01 00:00:00'),
(1782, '5241c8ea21d03', '2019-04-25 11:16:57', '1970-01-01 00:00:00'),
(1783, '55e478360b2e1', '2019-04-25 12:55:12', '1970-01-01 00:00:00'),
(1784, '55e478360b2e1', '2019-04-25 12:55:19', '1970-01-01 00:00:00'),
(1785, '55e478360b2e1', '2019-04-25 13:00:03', '1970-01-01 00:00:00'),
(1786, '55e478360b2e1', '2019-04-25 13:09:24', '1970-01-01 00:00:00'),
(1787, '5241c8ea21d03', '2019-04-25 13:30:21', '1970-01-01 00:00:00'),
(1788, '5241c8ea21d03', '2019-04-25 13:52:57', '1970-01-01 00:00:00'),
(1789, '55e478360b2e1', '2019-04-25 14:57:05', '1970-01-01 00:00:00'),
(1790, '5241c8ea21d03', '2019-04-25 18:10:09', '1970-01-01 00:00:00'),
(1791, '55e478360b2e1', '2019-04-26 07:34:00', '1970-01-01 00:00:00'),
(1792, '55e478360b2e1', '2019-04-26 13:07:09', '1970-01-01 00:00:00'),
(1793, '5241c8ea21d03', '2019-04-26 13:07:32', '1970-01-01 00:00:00'),
(1794, '55e478360b2e1', '2019-04-26 13:13:36', '1970-01-01 00:00:00'),
(1795, '55e478360b2e1', '2019-04-26 13:19:21', '1970-01-01 00:00:00'),
(1796, '55e478360b2e1', '2019-04-26 13:44:28', '1970-01-01 00:00:00'),
(1797, '55e478360b2e1', '2019-04-26 15:31:31', '1970-01-01 00:00:00'),
(1798, '55e478360b2e1', '2019-04-26 17:11:18', '1970-01-01 00:00:00'),
(1799, '55e478360b2e1', '2019-04-26 17:44:31', '1970-01-01 00:00:00'),
(1800, '55e478360b2e1', '2019-04-26 17:48:27', '1970-01-01 00:00:00'),
(1801, '5241c8ea21d03', '2019-04-26 18:03:48', '1970-01-01 00:00:00'),
(1802, '55e478360b2e1', '2019-04-27 00:13:30', '2019-04-27 00:14:23'),
(1803, '55e478360b2e1', '2019-04-27 00:15:57', '1970-01-01 00:00:00'),
(1804, '55e478360b2e1', '2019-04-27 11:56:21', '1970-01-01 00:00:00'),
(1805, '5241c8ea21d03', '2019-04-27 12:15:57', '1970-01-01 00:00:00'),
(1806, '55e478360b2e1', '2019-04-27 12:18:04', '1970-01-01 00:00:00'),
(1807, '55e478360b2e1', '2019-04-27 12:43:57', '1970-01-01 00:00:00'),
(1808, '55e478360b2e1', '2019-04-27 12:51:29', '1970-01-01 00:00:00'),
(1809, '55e478360b2e1', '2019-04-27 13:28:55', '1970-01-01 00:00:00'),
(1810, '55e478360b2e1', '2019-04-27 13:47:02', '1970-01-01 00:00:00'),
(1811, '5241c8ea21d03', '2019-04-27 15:19:39', '1970-01-01 00:00:00'),
(1812, '55e478360b2e1', '2019-04-27 15:54:24', '1970-01-01 00:00:00'),
(1813, '5241c8ea21d03', '2019-04-27 16:42:22', '1970-01-01 00:00:00'),
(1814, '5241c8ea21d03', '2019-04-29 16:21:28', '1970-01-01 00:00:00'),
(1815, '5241c8ea21d03', '2019-04-30 09:21:32', '1970-01-01 00:00:00'),
(1816, '5241c8ea21d03', '2019-04-30 09:32:38', '2019-04-30 09:38:22'),
(1817, '5241c8ea21d03', '2019-04-30 15:06:46', '1970-01-01 00:00:00'),
(1818, '5241c8ea21d03', '2019-04-30 17:07:24', '1970-01-01 00:00:00'),
(1819, '5241c8ea21d03', '2019-04-30 17:46:06', '1970-01-01 00:00:00'),
(1820, '5241c8ea21d03', '2019-05-06 10:29:57', '1970-01-01 00:00:00'),
(1821, '5241c8ea21d03', '2019-05-06 14:18:09', '1970-01-01 00:00:00'),
(1822, '5241c8ea21d03', '2019-05-06 16:46:16', '1970-01-01 00:00:00'),
(1823, '5241c8ea21d03', '2019-05-07 09:47:03', '1970-01-01 00:00:00'),
(1824, '5241c8ea21d03', '2019-05-07 12:15:10', '1970-01-01 00:00:00'),
(1825, '5241c8ea21d03', '2019-05-07 15:26:53', '1970-01-01 00:00:00'),
(1826, '5241c8ea21d03', '2019-05-09 09:45:47', '1970-01-01 00:00:00'),
(1827, '5241c8ea21d03', '2019-05-09 10:18:18', '1970-01-01 00:00:00'),
(1828, '5241c8ea21d03', '2019-05-09 12:11:25', '1970-01-01 00:00:00'),
(1829, '5241c8ea21d03', '2019-05-09 12:11:26', '2019-05-09 12:11:47'),
(1830, '5241c8ea21d03', '2019-05-09 16:31:49', '1970-01-01 00:00:00'),
(1831, '5241c8ea21d03', '2019-05-10 09:27:25', '1970-01-01 00:00:00'),
(1832, '5241c8ea21d03', '2019-05-10 15:31:10', '1970-01-01 00:00:00'),
(1833, '5241c8ea21d03', '2019-05-13 12:27:50', '1970-01-01 00:00:00'),
(1834, '5241c8ea21d03', '2019-05-13 16:33:11', '1970-01-01 00:00:00'),
(1835, '5241c8ea21d03', '2019-05-14 09:51:26', '1970-01-01 00:00:00'),
(1836, '5241c8ea21d03', '2019-05-14 11:09:16', '1970-01-01 00:00:00'),
(1837, '5241c8ea21d03', '2019-05-14 15:51:36', '1970-01-01 00:00:00'),
(1838, '5241c8ea21d03', '2019-05-15 09:25:43', '1970-01-01 00:00:00'),
(1839, '5241c8ea21d03', '2019-05-15 15:14:22', '1970-01-01 00:00:00'),
(1840, '5241c8ea21d03', '2019-05-16 10:58:40', '1970-01-01 00:00:00'),
(1841, '5241c8ea21d03', '2019-05-16 15:58:07', '1970-01-01 00:00:00'),
(1842, '5241c8ea21d03', '2019-05-17 09:13:47', '1970-01-01 00:00:00'),
(1843, '5241c8ea21d03', '2019-05-19 17:32:22', '1970-01-01 00:00:00'),
(1844, '5241c8ea21d03', '2019-05-19 19:07:05', '1970-01-01 00:00:00'),
(1845, '5241c8ea21d03', '2019-05-22 09:21:03', '1970-01-01 00:00:00'),
(1846, '5241c8ea21d03', '2019-05-22 10:36:58', '1970-01-01 00:00:00'),
(1847, '5241c8ea21d03', '2019-05-23 10:17:04', '1970-01-01 00:00:00'),
(1848, '5241c8ea21d03', '2019-05-23 11:39:48', '1970-01-01 00:00:00'),
(1849, '5241c8ea21d03', '2019-05-23 14:43:32', '1970-01-01 00:00:00'),
(1850, '5241c8ea21d03', '2019-05-23 15:49:51', '1970-01-01 00:00:00'),
(1851, '5241c8ea21d03', '2019-05-24 10:01:26', '1970-01-01 00:00:00'),
(1852, '5241c8ea21d03', '2019-05-27 16:02:30', '1970-01-01 00:00:00'),
(1853, '5241c8ea21d03', '2019-05-28 09:33:48', '1970-01-01 00:00:00'),
(1854, '5241c8ea21d03', '2019-05-28 14:52:30', '1970-01-01 00:00:00'),
(1855, '5241c8ea21d03', '2019-05-29 11:22:10', '1970-01-01 00:00:00'),
(1856, '5241c8ea21d03', '2019-05-29 14:17:01', '1970-01-01 00:00:00'),
(1857, '5241c8ea21d03', '2019-05-29 14:17:11', '1970-01-01 00:00:00'),
(1858, '5241c8ea21d03', '2019-05-29 15:49:14', '1970-01-01 00:00:00'),
(1859, '5241c8ea21d03', '2019-06-03 10:49:13', '1970-01-01 00:00:00'),
(1860, '5241c8ea21d03', '2019-06-04 12:28:41', '1970-01-01 00:00:00'),
(1861, '5241c8ea21d03', '2019-06-07 10:46:39', '1970-01-01 00:00:00'),
(1862, '5241c8ea21d03', '2019-06-11 09:48:30', '1970-01-01 00:00:00'),
(1863, '5241c8ea21d03', '2019-06-17 17:20:37', '2019-06-17 17:29:04'),
(1864, '5241c8ea21d03', '2019-06-18 10:04:56', '1970-01-01 00:00:00'),
(1865, '5241c8ea21d03', '2019-06-18 15:44:20', '1970-01-01 00:00:00'),
(1866, '5241c8ea21d03', '2019-06-19 09:51:37', '1970-01-01 00:00:00'),
(1867, '5241c8ea21d03', '2019-06-24 09:43:56', '1970-01-01 00:00:00'),
(1868, '5241c8ea21d03', '2019-06-24 15:57:49', '1970-01-01 00:00:00'),
(1869, '5241c8ea21d03', '2019-06-24 17:04:50', '1970-01-01 00:00:00'),
(1870, '5241c8ea21d03', '2019-06-25 14:54:24', '1970-01-01 00:00:00'),
(1871, '5241c8ea21d03', '2019-06-25 17:45:43', '2019-06-25 17:55:33'),
(1872, '5241c8ea21d03', '2019-06-26 11:25:22', '1970-01-01 00:00:00'),
(1873, '5241c8ea21d03', '2019-06-26 15:56:41', '1970-01-01 00:00:00'),
(1874, '5241c8ea21d03', '2019-06-27 10:03:00', '1970-01-01 00:00:00'),
(1875, '5241c8ea21d03', '2019-06-27 17:03:14', '1970-01-01 00:00:00'),
(1876, '5241c8ea21d03', '2019-07-01 14:53:38', '1970-01-01 00:00:00'),
(1877, '5241c8ea21d03', '2019-07-04 09:23:52', '1970-01-01 00:00:00'),
(1878, '5241c8ea21d03', '2019-07-04 09:23:58', '1970-01-01 00:00:00'),
(1879, '5241c8ea21d03', '2019-08-22 11:23:56', '2019-08-22 11:33:14'),
(1880, '5241c8ea21d03', '2019-08-22 15:32:35', '1970-01-01 00:00:00'),
(1881, '5241c8ea21d03', '2019-09-04 09:48:08', '1970-01-01 00:00:00'),
(1882, '5241c8ea21d03', '2019-09-10 18:10:49', '1970-01-01 00:00:00'),
(1883, '5241c8ea21d03', '2019-09-11 15:32:46', '1970-01-01 00:00:00'),
(1884, '5241c8ea21d03', '2019-11-05 15:36:01', '1970-01-01 00:00:00'),
(1885, '5241c8ea21d03', '2019-11-07 09:41:08', '1970-01-01 00:00:00'),
(1886, '5241c8ea21d03', '2019-11-07 19:13:43', '1970-01-01 00:00:00'),
(1887, '5241c8ea21d03', '2019-11-08 10:41:05', '1970-01-01 00:00:00'),
(1888, '5241c8ea21d03', '2019-11-08 14:42:57', '1970-01-01 00:00:00'),
(1889, '5241c8ea21d03', '2019-11-13 10:10:55', '1970-01-01 00:00:00'),
(1890, '5241c8ea21d03', '2019-11-14 10:53:39', '1970-01-01 00:00:00'),
(1891, '5241c8ea21d03', '2019-11-14 18:09:15', '1970-01-01 00:00:00'),
(1892, '5241c8ea21d03', '2019-11-15 11:59:12', '1970-01-01 00:00:00'),
(1893, '5241c8ea21d03', '2019-11-15 14:28:13', '1970-01-01 00:00:00'),
(1894, '5241c8ea21d03', '2019-11-18 12:08:53', '1970-01-01 00:00:00'),
(1895, '5241c8ea21d03', '2019-12-10 09:14:51', '1970-01-01 00:00:00'),
(1896, '5241c8ea21d03', '2019-12-11 18:13:15', '1970-01-01 00:00:00'),
(1897, '5241c8ea21d03', '2019-12-12 10:13:06', '1970-01-01 00:00:00'),
(1898, '5241c8ea21d03', '2019-12-12 10:22:34', '1970-01-01 00:00:00'),
(1899, '5241c8ea21d03', '2019-12-16 09:50:47', '1970-01-01 00:00:00'),
(1900, '5241c8ea21d03', '2019-12-17 10:11:31', '1970-01-01 00:00:00'),
(1901, '5241c8ea21d03', '2019-12-17 14:41:03', '1970-01-01 00:00:00'),
(1902, '5241c8ea21d03', '2019-12-18 09:31:15', '1970-01-01 00:00:00'),
(1903, '5241c8ea21d03', '2019-12-18 16:55:48', '1970-01-01 00:00:00'),
(1904, '5241c8ea21d03', '2019-12-19 09:15:13', '1970-01-01 00:00:00'),
(1905, '5241c8ea21d03', '2019-12-19 17:15:23', '1970-01-01 00:00:00'),
(1906, '5241c8ea21d03', '2019-12-20 09:40:57', '1970-01-01 00:00:00'),
(1907, '5241c8ea21d03', '2019-12-20 16:20:47', '1970-01-01 00:00:00'),
(1908, '5241c8ea21d03', '2019-12-30 10:11:39', '1970-01-01 00:00:00'),
(1909, '5241c8ea21d03', '2020-01-16 16:03:28', '1970-01-01 00:00:00'),
(1910, '5241c8ea21d03', '2020-01-17 15:53:45', '1970-01-01 00:00:00'),
(1911, '5241c8ea21d03', '2020-01-20 10:11:24', '1970-01-01 00:00:00'),
(1912, '5241c8ea21d03', '2020-01-20 17:42:48', '1970-01-01 00:00:00'),
(1913, '5241c8ea21d03', '2020-01-21 09:28:44', '1970-01-01 00:00:00'),
(1914, '5241c8ea21d03', '2020-01-21 15:09:42', '1970-01-01 00:00:00'),
(1915, '5241c8ea21d03', '2020-01-22 09:49:00', '1970-01-01 00:00:00'),
(1916, '5241c8ea21d03', '2020-01-22 15:08:14', '1970-01-01 00:00:00'),
(1917, '5241c8ea21d03', '2020-01-23 16:58:38', '1970-01-01 00:00:00'),
(1918, '5241c8ea21d03', '2020-01-24 09:30:41', '1970-01-01 00:00:00'),
(1919, '5241c8ea21d03', '2020-01-24 15:50:04', '1970-01-01 00:00:00'),
(1920, '5241c8ea21d03', '2020-01-24 18:11:40', '1970-01-01 00:00:00'),
(1921, '5241c8ea21d03', '2020-01-27 10:05:00', '1970-01-01 00:00:00'),
(1922, '5241c8ea21d03', '2020-01-27 15:37:59', '1970-01-01 00:00:00'),
(1923, '5241c8ea21d03', '2020-01-27 17:08:33', '1970-01-01 00:00:00'),
(1924, '5241c8ea21d03', '2020-01-27 18:05:52', '1970-01-01 00:00:00'),
(1925, '5241c8ea21d03', '2020-01-28 15:28:00', '1970-01-01 00:00:00'),
(1926, '5241c8ea21d03', '2020-01-28 17:55:04', '1970-01-01 00:00:00'),
(1927, '5241c8ea21d03', '2020-01-29 10:21:10', '1970-01-01 00:00:00'),
(1928, '5241c8ea21d03', '2020-01-30 14:11:21', '1970-01-01 00:00:00'),
(1929, '5241c8ea21d03', '2020-01-31 10:13:21', '2020-01-31 10:14:17'),
(1930, '5241c8ea21d03', '2020-01-31 10:27:21', '1970-01-01 00:00:00'),
(1931, '5241c8ea21d03', '2020-01-31 11:13:59', '1970-01-01 00:00:00'),
(1932, '5241c8ea21d03', '2020-01-31 15:10:53', '1970-01-01 00:00:00'),
(1933, '5241c8ea21d03', '2020-02-03 10:31:23', '1970-01-01 00:00:00'),
(1934, '5241c8ea21d03', '2020-02-03 10:31:23', '1970-01-01 00:00:00'),
(1935, '5241c8ea21d03', '2020-02-03 15:23:33', '1970-01-01 00:00:00'),
(1936, '5241c8ea21d03', '2020-02-03 17:20:40', '1970-01-01 00:00:00'),
(1937, '5241c8ea21d03', '2020-02-04 18:17:11', '1970-01-01 00:00:00'),
(1938, '5241c8ea21d03', '2020-02-05 15:32:37', '1970-01-01 00:00:00'),
(1939, '5241c8ea21d03', '2020-02-10 10:36:05', '1970-01-01 00:00:00'),
(1940, '5241c8ea21d03', '2020-02-10 14:23:51', '1970-01-01 00:00:00'),
(1941, '5241c8ea21d03', '2020-02-11 11:30:51', '1970-01-01 00:00:00'),
(1942, '5241c8ea21d03', '2020-02-11 14:55:54', '1970-01-01 00:00:00'),
(1943, '5241c8ea21d03', '2020-02-12 09:25:32', '1970-01-01 00:00:00'),
(1944, '5241c8ea21d03', '2020-02-12 14:49:25', '1970-01-01 00:00:00'),
(1945, '5241c8ea21d03', '2020-02-12 16:30:59', '1970-01-01 00:00:00'),
(1946, '5241c8ea21d03', '2020-02-12 18:47:07', '1970-01-01 00:00:00'),
(1947, '5241c8ea21d03', '2020-02-13 10:46:25', '1970-01-01 00:00:00'),
(1948, '5241c8ea21d03', '2020-02-13 18:10:20', '1970-01-01 00:00:00'),
(1949, '5241c8ea21d03', '2020-02-14 08:49:08', '1970-01-01 00:00:00'),
(1950, '5241c8ea21d03', '2020-02-14 14:35:22', '1970-01-01 00:00:00'),
(1951, '5241c8ea21d03', '2020-02-14 14:47:38', '1970-01-01 00:00:00'),
(1952, '5241c8ea21d03', '2020-02-17 10:43:06', '1970-01-01 00:00:00'),
(1953, '5241c8ea21d03', '2020-02-17 14:32:01', '1970-01-01 00:00:00'),
(1954, '5241c8ea21d03', '2020-02-17 17:33:11', '1970-01-01 00:00:00'),
(1955, '5241c8ea21d03', '2020-02-17 17:49:18', '1970-01-01 00:00:00'),
(1956, '5241c8ea21d03', '2020-02-18 10:14:41', '1970-01-01 00:00:00'),
(1957, '5241c8ea21d03', '2020-02-18 15:53:04', '1970-01-01 00:00:00'),
(1958, '5241c8ea21d03', '2020-02-19 10:09:01', '1970-01-01 00:00:00'),
(1959, '5241c8ea21d03', '2020-02-19 11:58:08', '1970-01-01 00:00:00'),
(1960, '5241c8ea21d03', '2020-02-19 13:54:46', '1970-01-01 00:00:00'),
(1961, '5241c8ea21d03', '2020-02-19 14:38:46', '1970-01-01 00:00:00'),
(1962, '5241c8ea21d03', '2020-02-20 09:33:01', '1970-01-01 00:00:00'),
(1963, '5241c8ea21d03', '2020-02-20 12:03:38', '1970-01-01 00:00:00'),
(1964, '5241c8ea21d03', '2020-02-20 18:07:02', '1970-01-01 00:00:00'),
(1965, '5241c8ea21d03', '2020-02-21 10:03:42', '1970-01-01 00:00:00'),
(1966, '5241c8ea21d03', '2020-02-21 15:02:50', '1970-01-01 00:00:00'),
(1967, '5241c8ea21d03', '2020-02-21 17:38:24', '1970-01-01 00:00:00'),
(1968, '5241c8ea21d03', '2020-02-24 09:34:43', '1970-01-01 00:00:00'),
(1969, '5241c8ea21d03', '2020-02-24 14:18:18', '1970-01-01 00:00:00'),
(1970, '5241c8ea21d03', '2020-02-25 09:42:56', '1970-01-01 00:00:00'),
(1971, '5241c8ea21d03', '2020-02-25 12:07:13', '1970-01-01 00:00:00'),
(1972, '5241c8ea21d03', '2020-02-25 15:03:54', '1970-01-01 00:00:00'),
(1973, '5241c8ea21d03', '2020-02-25 17:27:47', '2020-02-25 17:29:57'),
(1974, '5241c8ea21d03', '2020-02-25 19:02:22', '1970-01-01 00:00:00'),
(1975, '5241c8ea21d03', '2020-02-26 10:04:41', '1970-01-01 00:00:00'),
(1976, '5241c8ea21d03', '2020-02-26 14:42:51', '1970-01-01 00:00:00'),
(1977, '5241c8ea21d03', '2020-02-27 09:28:53', '1970-01-01 00:00:00'),
(1978, '5241c8ea21d03', '2020-02-27 11:05:30', '1970-01-01 00:00:00'),
(1979, '5241c8ea21d03', '2020-02-27 15:07:37', '1970-01-01 00:00:00'),
(1980, '5241c8ea21d03', '2020-02-28 09:37:13', '1970-01-01 00:00:00'),
(1981, '5241c8ea21d03', '2020-02-28 15:01:25', '1970-01-01 00:00:00'),
(1982, '5241c8ea21d03', '2020-03-02 14:36:16', '1970-01-01 00:00:00'),
(1983, '5241c8ea21d03', '2020-03-03 09:23:22', '1970-01-01 00:00:00'),
(1984, '5241c8ea21d03', '2020-03-04 14:50:11', '1970-01-01 00:00:00'),
(1985, '5241c8ea21d03', '2020-03-05 15:28:13', '1970-01-01 00:00:00'),
(1986, '5241c8ea21d03', '2020-03-06 11:07:32', '1970-01-01 00:00:00'),
(1987, '5241c8ea21d03', '2020-03-06 17:13:53', '1970-01-01 00:00:00'),
(1988, '5241c8ea21d03', '2020-03-11 10:09:11', '1970-01-01 00:00:00'),
(1989, '5241c8ea21d03', '2020-03-11 14:32:20', '1970-01-01 00:00:00'),
(1990, '5241c8ea21d03', '2020-03-11 15:32:15', '1970-01-01 00:00:00'),
(1991, '5241c8ea21d03', '2020-03-12 09:13:41', '1970-01-01 00:00:00'),
(1992, '5241c8ea21d03', '2020-03-12 11:24:20', '1970-01-01 00:00:00'),
(1993, '5241c8ea21d03', '2020-03-13 09:18:14', '1970-01-01 00:00:00'),
(1994, '5241c8ea21d03', '2020-03-13 16:01:34', '1970-01-01 00:00:00'),
(1995, '5241c8ea21d03', '2020-03-15 16:36:46', '1970-01-01 00:00:00'),
(1996, '5241c8ea21d03', '2020-03-16 10:40:57', '1970-01-01 00:00:00'),
(1997, '5241c8ea21d03', '2020-03-19 10:21:35', '1970-01-01 00:00:00'),
(1998, '5241c8ea21d03', '2020-03-23 11:06:56', '1970-01-01 00:00:00'),
(1999, '5241c8ea21d03', '2020-03-24 10:10:20', '1970-01-01 00:00:00'),
(2000, '5241c8ea21d03', '2020-03-24 11:20:56', '1970-01-01 00:00:00'),
(2001, '5241c8ea21d03', '2020-03-25 10:41:19', '1970-01-01 00:00:00'),
(2002, '5241c8ea21d03', '2020-03-25 10:54:27', '2020-03-25 10:55:13'),
(2003, '5241c8ea21d03', '2020-03-25 18:20:57', '1970-01-01 00:00:00'),
(2004, '5241c8ea21d03', '2020-03-26 12:06:31', '1970-01-01 00:00:00'),
(2005, '5241c8ea21d03', '2020-03-26 17:54:48', '1970-01-01 00:00:00'),
(2006, '5241c8ea21d03', '2020-03-27 09:28:53', '1970-01-01 00:00:00'),
(2007, '5241c8ea21d03', '2020-03-30 15:28:48', '1970-01-01 00:00:00'),
(2008, '5241c8ea21d03', '2020-03-31 11:18:48', '1970-01-01 00:00:00'),
(2009, '5241c8ea21d03', '2020-03-31 14:58:54', '1970-01-01 00:00:00'),
(2010, '5241c8ea21d03', '2020-05-04 09:45:32', '1970-01-01 00:00:00'),
(2011, '5241c8ea21d03', '2020-05-04 14:35:17', '1970-01-01 00:00:00'),
(2012, '5241c8ea21d03', '2020-05-06 17:57:50', '2020-05-06 17:58:49'),
(2013, '5241c8ea21d03', '2020-05-26 15:57:49', '1970-01-01 00:00:00'),
(2014, '5241c8ea21d03', '2020-06-04 18:13:33', '1970-01-01 00:00:00'),
(2015, '5241c8ea21d03', '2020-06-05 11:20:32', '1970-01-01 00:00:00'),
(2016, '5241c8ea21d03', '2020-06-08 10:21:40', '1970-01-01 00:00:00'),
(2017, '5241c8ea21d03', '2020-06-11 15:01:56', '1970-01-01 00:00:00'),
(2018, '5241c8ea21d03', '2020-06-12 10:16:02', '1970-01-01 00:00:00'),
(2019, '5241c8ea21d03', '2020-06-15 09:39:49', '1970-01-01 00:00:00'),
(2020, '5241c8ea21d03', '2020-06-15 09:39:57', '1970-01-01 00:00:00'),
(2021, '5241c8ea21d03', '2020-06-16 12:23:32', '1970-01-01 00:00:00'),
(2022, '5241c8ea21d03', '2020-06-16 15:15:19', '1970-01-01 00:00:00'),
(2023, '5241c8ea21d03', '2020-06-22 15:56:52', '1970-01-01 00:00:00'),
(2024, '5241c8ea21d03', '2020-06-25 15:01:30', '1970-01-01 00:00:00'),
(2025, '5241c8ea21d03', '2020-07-09 10:12:03', '1970-01-01 00:00:00'),
(2026, '5241c8ea21d03', '2020-07-09 14:39:39', '1970-01-01 00:00:00'),
(2027, '5241c8ea21d03', '2020-07-09 16:15:34', '2020-07-09 16:20:21'),
(2028, '5241c8ea21d03', '2020-07-10 10:39:28', '1970-01-01 00:00:00'),
(2029, '5241c8ea21d03', '2020-07-10 15:06:05', '1970-01-01 00:00:00'),
(2030, '5241c8ea21d03', '2020-07-13 09:45:03', '1970-01-01 00:00:00'),
(2031, '5241c8ea21d03', '2020-07-13 09:46:59', '1970-01-01 00:00:00'),
(2032, '5241c8ea21d03', '2020-07-15 10:33:40', '1970-01-01 00:00:00'),
(2033, '5241c8ea21d03', '2020-07-15 11:41:55', '1970-01-01 00:00:00'),
(2034, '5241c8ea21d03', '2020-07-16 10:23:08', '1970-01-01 00:00:00'),
(2035, '5241c8ea21d03', '2020-07-20 09:59:57', '1970-01-01 00:00:00'),
(2036, '5241c8ea21d03', '2020-07-20 11:55:34', '1970-01-01 00:00:00'),
(2037, '5241c8ea21d03', '2020-07-20 15:08:25', '1970-01-01 00:00:00'),
(2038, '5241c8ea21d03', '2020-07-20 16:39:26', '1970-01-01 00:00:00'),
(2039, '5241c8ea21d03', '2020-07-24 10:00:22', '1970-01-01 00:00:00'),
(2040, '5241c8ea21d03', '2020-07-28 09:45:05', '1970-01-01 00:00:00'),
(2041, '5241c8ea21d03', '2020-07-29 11:58:10', '1970-01-01 00:00:00'),
(2042, '5241c8ea21d03', '2020-08-24 15:26:54', '1970-01-01 00:00:00'),
(2043, '5241c8ea21d03', '2020-08-25 09:37:20', '1970-01-01 00:00:00'),
(2044, '5241c8ea21d03', '2020-08-28 16:59:32', '1970-01-01 00:00:00'),
(2045, '5241c8ea21d03', '2020-09-04 10:08:41', '1970-01-01 00:00:00'),
(2046, '5241c8ea21d03', '2020-09-07 10:06:03', '1970-01-01 00:00:00'),
(2047, '5241c8ea21d03', '2020-09-07 14:59:36', '1970-01-01 00:00:00'),
(2048, '5241c8ea21d03', '2020-09-08 09:24:02', '1970-01-01 00:00:00'),
(2049, '5241c8ea21d03', '2020-09-09 09:43:42', '1970-01-01 00:00:00'),
(2050, '5241c8ea21d03', '2020-09-09 12:30:06', '1970-01-01 00:00:00'),
(2051, '5241c8ea21d03', '2020-09-09 14:27:42', '1970-01-01 00:00:00'),
(2052, '5241c8ea21d03', '2020-09-10 09:34:34', '1970-01-01 00:00:00'),
(2053, '5241c8ea21d03', '2020-09-14 14:32:54', '1970-01-01 00:00:00'),
(2054, '5241c8ea21d03', '2020-09-14 16:14:45', '1970-01-01 00:00:00'),
(2055, '5241c8ea21d03', '2020-09-14 19:57:19', '1970-01-01 00:00:00'),
(2056, '5241c8ea21d03', '2020-09-15 10:36:24', '1970-01-01 00:00:00'),
(2057, '5241c8ea21d03', '2020-09-15 14:37:14', '1970-01-01 00:00:00'),
(2058, '5241c8ea21d03', '2020-09-16 09:28:16', '1970-01-01 00:00:00'),
(2059, '5241c8ea21d03', '2020-09-17 09:14:05', '1970-01-01 00:00:00'),
(2060, '5241c8ea21d03', '2020-09-17 14:11:03', '1970-01-01 00:00:00'),
(2061, '5241c8ea21d03', '2020-09-17 15:16:13', '1970-01-01 00:00:00'),
(2062, '5241c8ea21d03', '2020-09-17 17:46:42', '1970-01-01 00:00:00'),
(2063, '5241c8ea21d03', '2020-09-18 09:05:20', '1970-01-01 00:00:00'),
(2064, '5241c8ea21d03', '2020-09-20 10:22:21', '1970-01-01 00:00:00'),
(2065, '5241c8ea21d03', '2020-09-20 19:41:21', '1970-01-01 00:00:00'),
(2066, '5241c8ea21d03', '2020-09-24 10:22:00', '1970-01-01 00:00:00'),
(2067, '5241c8ea21d03', '2020-09-24 17:07:59', '1970-01-01 00:00:00'),
(2068, '5241c8ea21d03', '2020-09-25 09:20:48', '1970-01-01 00:00:00'),
(2069, '5241c8ea21d03', '2020-09-25 16:04:59', '1970-01-01 00:00:00'),
(2070, '5241c8ea21d03', '2020-09-28 16:45:57', '1970-01-01 00:00:00'),
(2071, '5241c8ea21d03', '2020-09-29 09:58:31', '1970-01-01 00:00:00'),
(2072, '5241c8ea21d03', '2020-09-29 16:30:19', '1970-01-01 00:00:00'),
(2073, '5241c8ea21d03', '2020-09-29 17:56:58', '1970-01-01 00:00:00'),
(2074, '5241c8ea21d03', '2020-09-30 09:24:31', '1970-01-01 00:00:00'),
(2075, '5241c8ea21d03', '2020-10-02 10:52:55', '1970-01-01 00:00:00'),
(2076, '5241c8ea21d03', '2020-10-02 15:28:30', '1970-01-01 00:00:00'),
(2077, '5241c8ea21d03', '2020-10-03 16:10:27', '1970-01-01 00:00:00'),
(2078, '5241c8ea21d03', '2020-10-03 18:06:00', '1970-01-01 00:00:00'),
(2079, '5241c8ea21d03', '2020-10-12 17:23:32', '1970-01-01 00:00:00'),
(2080, '5241c8ea21d03', '2020-10-13 15:42:22', '1970-01-01 00:00:00'),
(2081, '5241c8ea21d03', '2020-10-14 09:55:58', '1970-01-01 00:00:00'),
(2082, '5241c8ea21d03', '2020-10-14 15:49:22', '1970-01-01 00:00:00'),
(2083, '5241c8ea21d03', '2020-10-15 10:12:51', '2020-10-15 10:14:08'),
(2084, '5241c8ea21d03', '2020-10-15 13:44:29', '1970-01-01 00:00:00'),
(2085, '5241c8ea21d03', '2020-10-15 17:43:00', '1970-01-01 00:00:00'),
(2086, '5241c8ea21d03', '2020-10-16 09:33:14', '1970-01-01 00:00:00'),
(2087, '5241c8ea21d03', '2020-10-16 13:37:52', '1970-01-01 00:00:00'),
(2088, '5241c8ea21d03', '2020-10-16 16:30:18', '1970-01-01 00:00:00'),
(2089, '5241c8ea21d03', '2020-10-19 09:49:12', '1970-01-01 00:00:00'),
(2090, '5241c8ea21d03', '2020-10-19 14:17:07', '1970-01-01 00:00:00'),
(2091, '5241c8ea21d03', '2020-10-20 09:16:39', '1970-01-01 00:00:00'),
(2092, '5241c8ea21d03', '2020-10-20 15:13:57', '1970-01-01 00:00:00'),
(2093, '5241c8ea21d03', '2020-10-21 09:11:24', '1970-01-01 00:00:00'),
(2094, '5241c8ea21d03', '2020-10-21 14:45:09', '1970-01-01 00:00:00'),
(2095, '5241c8ea21d03', '2020-10-21 16:37:30', '1970-01-01 00:00:00'),
(2096, '5241c8ea21d03', '2020-10-21 18:37:34', '1970-01-01 00:00:00'),
(2097, '5241c8ea21d03', '2020-10-21 18:50:01', '2020-10-21 19:21:20'),
(2098, '5241c8ea21d03', '2020-10-21 23:09:50', '1970-01-01 00:00:00'),
(2099, '5241c8ea21d03', '2020-10-22 08:57:21', '1970-01-01 00:00:00'),
(2100, '5241c8ea21d03', '2020-10-22 14:16:21', '1970-01-01 00:00:00'),
(2101, '5241c8ea21d03', '2020-10-22 18:10:19', '2020-10-22 18:13:47'),
(2102, '5241c8ea21d03', '2020-10-22 18:29:43', '1970-01-01 00:00:00'),
(2103, '5241c8ea21d03', '2020-10-22 19:46:37', '1970-01-01 00:00:00'),
(2104, '55e478360b2e1', '2020-10-23 00:06:31', '1970-01-01 00:00:00'),
(2105, '55e478360b2e1', '2020-10-23 00:12:42', '2020-10-23 00:14:33'),
(2106, '5241c8ea21d03', '2020-10-23 09:23:29', '1970-01-01 00:00:00'),
(2107, '5241c8ea21d03', '2020-10-23 12:50:26', '1970-01-01 00:00:00'),
(2108, '5241c8ea21d03', '2020-10-23 19:12:54', '1970-01-01 00:00:00'),
(2109, '55e478360b2e1', '2020-10-24 14:10:55', '2020-10-24 14:11:24'),
(2110, '55e478360b2e1', '2020-10-24 14:12:34', '1970-01-01 00:00:00'),
(2111, '55e478360b2e1', '2020-10-24 17:19:04', '1970-01-01 00:00:00'),
(2112, '5241c8ea21d03', '2020-10-24 18:56:49', '1970-01-01 00:00:00'),
(2113, '5241c8ea21d03', '2020-10-25 10:50:06', '1970-01-01 00:00:00'),
(2114, '5241c8ea21d03', '2020-10-25 12:05:20', '1970-01-01 00:00:00'),
(2115, '5241c8ea21d03', '2020-10-25 14:15:45', '1970-01-01 00:00:00'),
(2116, '55e478360b2e1', '2020-10-25 19:56:00', '1970-01-01 00:00:00'),
(2117, '5241c8ea21d03', '2020-10-25 20:40:06', '1970-01-01 00:00:00'),
(2118, '5241c8ea21d03', '2020-10-25 21:58:22', '2020-10-25 22:00:00'),
(2119, '5241c8ea21d03', '2020-10-25 22:04:17', '1970-01-01 00:00:00'),
(2120, '5241c8ea21d03', '2020-10-25 22:05:18', '1970-01-01 00:00:00'),
(2121, '5241c8ea21d03', '2020-10-26 08:47:04', '1970-01-01 00:00:00'),
(2122, '5241c8ea21d03', '2020-10-26 12:54:14', '1970-01-01 00:00:00'),
(2123, '55e478360b2e1', '2020-10-26 13:26:49', '1970-01-01 00:00:00'),
(2124, '5241c8ea21d03', '2020-10-27 08:49:53', '1970-01-01 00:00:00'),
(2125, '5241c8ea21d03', '2020-10-27 12:17:01', '1970-01-01 00:00:00'),
(2126, '5241c8ea21d03', '2020-10-27 20:59:33', '1970-01-01 00:00:00'),
(2127, '5241c8ea21d03', '2020-10-27 21:26:25', '1970-01-01 00:00:00'),
(2128, '5241c8ea21d03', '2020-10-28 00:47:13', '1970-01-01 00:00:00'),
(2129, '5241c8ea21d03', '2020-10-28 11:36:15', '1970-01-01 00:00:00'),
(2130, '55e478360b2e1', '2020-10-28 11:38:01', '1970-01-01 00:00:00'),
(2131, '55e478360b2e1', '2020-10-28 13:42:09', '1970-01-01 00:00:00'),
(2132, '55e478360b2e1', '2020-10-28 13:47:22', '1970-01-01 00:00:00'),
(2133, '5241c8ea21d03', '2020-10-28 14:46:28', '1970-01-01 00:00:00'),
(2134, '55e478360b2e1', '2020-10-28 15:09:33', '1970-01-01 00:00:00'),
(2135, '55e478360b2e1', '2020-10-28 15:48:38', '1970-01-01 00:00:00'),
(2136, '55e478360b2e1', '2020-10-28 16:21:17', '1970-01-01 00:00:00'),
(2137, '5241c8ea21d03', '2020-10-28 17:01:36', '1970-01-01 00:00:00'),
(2138, '5241c8ea21d03', '2020-10-28 18:24:43', '1970-01-01 00:00:00'),
(2139, '55e478360b2e1', '2020-10-28 19:25:09', '1970-01-01 00:00:00'),
(2140, '5241c8ea21d03', '2020-10-29 12:20:13', '1970-01-01 00:00:00'),
(2141, '55e478360b2e1', '2020-10-29 13:21:41', '1970-01-01 00:00:00'),
(2142, '55e478360b2e1', '2020-10-29 13:49:48', '1970-01-01 00:00:00'),
(2143, '55e478360b2e1', '2020-10-29 14:05:00', '1970-01-01 00:00:00'),
(2144, '5241c8ea21d03', '2020-10-29 14:18:41', '1970-01-01 00:00:00'),
(2145, '55e478360b2e1', '2020-10-29 14:35:18', '1970-01-01 00:00:00'),
(2146, '55e478360b2e1', '2020-10-29 14:45:02', '1970-01-01 00:00:00'),
(2147, '55e478360b2e1', '2020-10-29 16:29:14', '1970-01-01 00:00:00'),
(2148, '5241c8ea21d03', '2020-10-29 19:04:30', '1970-01-01 00:00:00'),
(2149, '5241c8ea21d03', '2020-11-02 09:48:17', '1970-01-01 00:00:00'),
(2150, '5241c8ea21d03', '2020-11-02 14:48:06', '1970-01-01 00:00:00'),
(2151, '5241c8ea21d03', '2020-11-02 16:59:05', '1970-01-01 00:00:00'),
(2152, '5241c8ea21d03', '2020-11-02 17:03:06', '1970-01-01 00:00:00'),
(2153, '5241c8ea21d03', '2020-11-03 11:33:36', '1970-01-01 00:00:00'),
(2154, '5241c8ea21d03', '2020-11-03 11:36:17', '2020-11-03 11:50:12'),
(2155, '5241c8ea21d03', '2020-11-03 14:46:10', '1970-01-01 00:00:00'),
(2156, '5241c8ea21d03', '2020-11-03 14:54:10', '1970-01-01 00:00:00'),
(2157, '5241c8ea21d03', '2020-11-04 10:02:11', '1970-01-01 00:00:00'),
(2158, '5241c8ea21d03', '2020-11-04 11:20:06', '1970-01-01 00:00:00'),
(2159, '5241c8ea21d03', '2020-11-04 14:31:15', '1970-01-01 00:00:00'),
(2160, '5241c8ea21d03', '2020-11-05 11:44:22', '1970-01-01 00:00:00'),
(2161, '5241c8ea21d03', '2020-11-05 14:23:21', '1970-01-01 00:00:00'),
(2162, '5241c8ea21d03', '2020-11-06 10:12:20', '1970-01-01 00:00:00'),
(2163, '5241c8ea21d03', '2020-11-09 10:30:08', '1970-01-01 00:00:00'),
(2164, '5241c8ea21d03', '2020-11-10 10:16:32', '1970-01-01 00:00:00'),
(2165, '5241c8ea21d03', '2020-11-10 16:15:30', '1970-01-01 00:00:00'),
(2166, '5241c8ea21d03', '2020-11-10 18:28:11', '1970-01-01 00:00:00'),
(2167, '5241c8ea21d03', '2020-11-12 10:20:32', '1970-01-01 00:00:00'),
(2168, '5241c8ea21d03', '2020-11-12 14:04:33', '1970-01-01 00:00:00'),
(2169, '5241c8ea21d03', '2020-11-16 10:31:12', '1970-01-01 00:00:00'),
(2170, '5241c8ea21d03', '2020-11-17 10:54:56', '1970-01-01 00:00:00'),
(2171, '5241c8ea21d03', '2020-11-17 16:00:27', '1970-01-01 00:00:00'),
(2172, '5241c8ea21d03', '2020-11-18 11:58:21', '1970-01-01 00:00:00'),
(2173, '5241c8ea21d03', '2020-11-20 15:09:13', '1970-01-01 00:00:00'),
(2174, '5241c8ea21d03', '2020-11-23 10:00:56', '1970-01-01 00:00:00'),
(2175, '5241c8ea21d03', '2020-11-23 11:31:46', '1970-01-01 00:00:00'),
(2176, '5241c8ea21d03', '2020-11-24 10:56:57', '1970-01-01 00:00:00'),
(2177, '5241c8ea21d03', '2020-11-24 11:53:08', '1970-01-01 00:00:00'),
(2178, '5241c8ea21d03', '2020-11-24 16:52:39', '1970-01-01 00:00:00'),
(2179, '5241c8ea21d03', '2020-11-26 10:19:41', '1970-01-01 00:00:00'),
(2180, '5241c8ea21d03', '2020-11-26 10:42:54', '1970-01-01 00:00:00'),
(2181, '5241c8ea21d03', '2020-11-27 15:14:49', '1970-01-01 00:00:00'),
(2182, '5241c8ea21d03', '2020-11-27 15:16:27', '1970-01-01 00:00:00'),
(2183, '5241c8ea21d03', '2020-11-30 12:15:08', '1970-01-01 00:00:00'),
(2184, '5241c8ea21d03', '2021-01-28 15:11:50', '1970-01-01 00:00:00'),
(2185, '5241c8ea21d03', '2021-02-01 09:08:29', '1970-01-01 00:00:00'),
(2186, '5241c8ea21d03', '2021-02-03 17:05:10', '1970-01-01 00:00:00'),
(2187, '5241c8ea21d03', '2021-02-04 15:18:18', '1970-01-01 00:00:00'),
(2188, '5241c8ea21d03', '2021-02-05 10:12:48', '1970-01-01 00:00:00'),
(2189, '5241c8ea21d03', '2021-02-08 09:47:35', '1970-01-01 00:00:00'),
(2190, '5241c8ea21d03', '2021-02-08 17:14:01', '1970-01-01 00:00:00'),
(2191, '5241c8ea21d03', '2021-02-15 10:12:49', '1970-01-01 00:00:00'),
(2192, '5241c8ea21d03', '2021-02-16 15:11:10', '1970-01-01 00:00:00'),
(2193, '5241c8ea21d03', '2021-02-17 10:17:41', '1970-01-01 00:00:00'),
(2194, '5241c8ea21d03', '2021-02-18 11:03:19', '1970-01-01 00:00:00'),
(2195, '5241c8ea21d03', '2021-02-18 15:09:37', '1970-01-01 00:00:00'),
(2196, '5241c8ea21d03', '2021-02-18 16:40:41', '1970-01-01 00:00:00'),
(2197, '5241c8ea21d03', '2021-02-19 10:20:41', '1970-01-01 00:00:00'),
(2198, '5241c8ea21d03', '2021-02-22 10:50:54', '1970-01-01 00:00:00'),
(2199, '5241c8ea21d03', '2021-02-23 10:04:27', '1970-01-01 00:00:00'),
(2200, '5241c8ea21d03', '2021-02-23 16:18:21', '1970-01-01 00:00:00'),
(2201, '5241c8ea21d03', '2021-02-24 11:14:56', '1970-01-01 00:00:00'),
(2202, '5241c8ea21d03', '2021-03-03 17:30:15', '1970-01-01 00:00:00'),
(2203, '5241c8ea21d03', '2021-03-04 17:37:41', '1970-01-01 00:00:00'),
(2204, '5241c8ea21d03', '2021-03-08 10:56:01', '1970-01-01 00:00:00'),
(2205, '5241c8ea21d03', '2021-03-16 10:46:01', '2021-03-16 10:48:21'),
(2206, '5241c8ea21d03', '2021-03-18 09:54:13', '1970-01-01 00:00:00'),
(2207, '5241c8ea21d03', '2021-03-18 10:04:56', '1970-01-01 00:00:00'),
(2208, '5241c8ea21d03', '2021-03-18 14:28:51', '1970-01-01 00:00:00'),
(2209, '5241c8ea21d03', '2021-03-19 16:21:52', '1970-01-01 00:00:00'),
(2210, '5241c8ea21d03', '2021-03-20 16:17:37', '2021-03-20 16:19:29'),
(2211, '5241c8ea21d03', '2021-03-25 14:09:18', '1970-01-01 00:00:00'),
(2212, '5241c8ea21d03', '2021-03-25 14:15:25', '1970-01-01 00:00:00'),
(2213, '5241c8ea21d03', '2021-03-25 15:31:53', '1970-01-01 00:00:00'),
(2214, '5241c8ea21d03', '2021-03-25 16:14:09', '1970-01-01 00:00:00'),
(2215, '5241c8ea21d03', '2021-03-26 16:14:56', '1970-01-01 00:00:00'),
(2216, '5241c8ea21d03', '2021-03-30 17:01:23', '1970-01-01 00:00:00'),
(2217, '5241c8ea21d03', '2021-03-31 09:49:30', '1970-01-01 00:00:00'),
(2218, '5241c8ea21d03', '2021-03-31 15:39:21', '1970-01-01 00:00:00'),
(2219, '5241c8ea21d03', '2021-04-02 11:05:40', '1970-01-01 00:00:00'),
(2220, '5241c8ea21d03', '2021-04-06 15:03:23', '1970-01-01 00:00:00'),
(2221, '5241c8ea21d03', '2021-04-07 09:46:41', '1970-01-01 00:00:00'),
(2222, '5241c8ea21d03', '2021-04-07 11:18:21', '1970-01-01 00:00:00'),
(2223, '5241c8ea21d03', '2021-04-07 17:31:06', '1970-01-01 00:00:00'),
(2224, '5241c8ea21d03', '2021-04-08 10:44:44', '1970-01-01 00:00:00'),
(2225, '5241c8ea21d03', '2021-04-08 15:02:17', '1970-01-01 00:00:00'),
(2226, '5241c8ea21d03', '2021-04-09 15:04:28', '1970-01-01 00:00:00'),
(2227, '5241c8ea21d03', '2021-04-12 10:20:08', '1970-01-01 00:00:00'),
(2228, '5241c8ea21d03', '2021-04-12 16:39:56', '1970-01-01 00:00:00'),
(2229, '5241c8ea21d03', '2021-04-13 10:38:21', '1970-01-01 00:00:00'),
(2230, '5241c8ea21d03', '2021-04-13 16:52:08', '1970-01-01 00:00:00'),
(2231, '5241c8ea21d03', '2021-04-14 10:00:18', '1970-01-01 00:00:00'),
(2232, '5241c8ea21d03', '2021-04-14 16:30:49', '1970-01-01 00:00:00'),
(2233, '5241c8ea21d03', '2021-04-14 18:34:31', '1970-01-01 00:00:00'),
(2234, '5241c8ea21d03', '2021-04-15 08:07:02', '1970-01-01 00:00:00'),
(2235, '5241c8ea21d03', '2021-04-15 11:39:00', '1970-01-01 00:00:00'),
(2236, '5241c8ea21d03', '2021-04-16 09:57:22', '1970-01-01 00:00:00'),
(2237, '5241c8ea21d03', '2021-04-16 15:12:26', '1970-01-01 00:00:00'),
(2238, '5241c8ea21d03', '2021-04-19 09:52:46', '1970-01-01 00:00:00'),
(2239, '5241c8ea21d03', '2021-04-19 15:23:27', '1970-01-01 00:00:00'),
(2240, '5241c8ea21d03', '2021-04-19 16:59:25', '1970-01-01 00:00:00'),
(2241, '5241c8ea21d03', '2021-04-20 09:47:47', '1970-01-01 00:00:00'),
(2242, '5241c8ea21d03', '2021-04-20 15:08:47', '1970-01-01 00:00:00'),
(2243, '5241c8ea21d03', '2021-04-21 10:09:43', '1970-01-01 00:00:00'),
(2244, '5241c8ea21d03', '2021-04-22 10:38:41', '1970-01-01 00:00:00'),
(2245, '5241c8ea21d03', '2021-04-22 15:11:41', '1970-01-01 00:00:00'),
(2246, '5241c8ea21d03', '2021-04-23 10:27:35', '1970-01-01 00:00:00'),
(2247, '5241c8ea21d03', '2021-04-23 15:02:18', '1970-01-01 00:00:00'),
(2248, '5241c8ea21d03', '2021-04-26 10:10:04', '1970-01-01 00:00:00'),
(2249, '5241c8ea21d03', '2021-04-26 14:37:54', '1970-01-01 00:00:00'),
(2250, '5241c8ea21d03', '2021-04-27 09:45:57', '1970-01-01 00:00:00'),
(2251, '5241c8ea21d03', '2021-04-27 15:20:53', '1970-01-01 00:00:00'),
(2252, '5241c8ea21d03', '2021-04-27 16:52:41', '1970-01-01 00:00:00'),
(2253, '5241c8ea21d03', '2021-04-27 17:45:34', '1970-01-01 00:00:00'),
(2254, '5241c8ea21d03', '2021-04-28 09:27:00', '1970-01-01 00:00:00'),
(2255, '5241c8ea21d03', '2021-04-28 15:45:52', '1970-01-01 00:00:00'),
(2256, '5241c8ea21d03', '2021-04-29 10:22:33', '1970-01-01 00:00:00'),
(2257, '5241c8ea21d03', '2021-04-29 15:11:22', '1970-01-01 00:00:00'),
(2258, '5241c8ea21d03', '2021-04-29 16:20:52', '1970-01-01 00:00:00'),
(2259, '5241c8ea21d03', '2021-04-30 09:50:52', '1970-01-01 00:00:00'),
(2260, '5241c8ea21d03', '2021-04-30 14:10:24', '1970-01-01 00:00:00'),
(2261, '5241c8ea21d03', '2021-04-30 15:25:09', '1970-01-01 00:00:00'),
(2262, '5241c8ea21d03', '2021-05-03 10:05:31', '1970-01-01 00:00:00'),
(2263, '5241c8ea21d03', '2021-05-03 12:21:11', '1970-01-01 00:00:00'),
(2264, '5241c8ea21d03', '2021-05-03 14:31:30', '1970-01-01 00:00:00'),
(2265, '5241c8ea21d03', '2021-05-03 18:44:19', '1970-01-01 00:00:00'),
(2266, '5241c8ea21d03', '2021-05-04 09:33:09', '1970-01-01 00:00:00'),
(2267, '5241c8ea21d03', '2021-05-04 14:22:18', '1970-01-01 00:00:00'),
(2268, '5241c8ea21d03', '2021-05-05 09:01:52', '1970-01-01 00:00:00'),
(2269, '5241c8ea21d03', '2021-05-05 09:24:56', '1970-01-01 00:00:00'),
(2270, '5241c8ea21d03', '2021-05-05 09:59:19', '1970-01-01 00:00:00'),
(2271, '5241c8ea21d03', '2021-05-05 14:19:51', '1970-01-01 00:00:00'),
(2272, '5241c8ea21d03', '2021-05-05 17:52:10', '1970-01-01 00:00:00'),
(2273, '5241c8ea21d03', '2021-05-10 18:47:26', '2021-05-10 19:27:29'),
(2274, '5241c8ea21d03', '2021-05-12 11:29:02', '1970-01-01 00:00:00'),
(2275, '5241c8ea21d03', '2021-05-13 10:39:21', '1970-01-01 00:00:00'),
(2276, '5241c8ea21d03', '2021-05-13 11:21:03', '1970-01-01 00:00:00'),
(2277, '5241c8ea21d03', '2021-05-13 14:46:12', '1970-01-01 00:00:00'),
(2278, '5241c8ea21d03', '2021-05-13 17:52:51', '1970-01-01 00:00:00'),
(2279, '5241c8ea21d03', '2021-05-14 09:27:04', '1970-01-01 00:00:00'),
(2280, '5241c8ea21d03', '2021-05-14 16:46:19', '1970-01-01 00:00:00'),
(2281, '5241c8ea21d03', '2021-05-15 11:02:18', '1970-01-01 00:00:00'),
(2282, '5241c8ea21d03', '2021-05-17 08:59:06', '1970-01-01 00:00:00'),
(2283, '5241c8ea21d03', '2021-05-17 14:08:44', '1970-01-01 00:00:00'),
(2284, '5241c8ea21d03', '2021-05-17 17:45:43', '1970-01-01 00:00:00'),
(2285, '5241c8ea21d03', '2021-05-18 09:17:27', '1970-01-01 00:00:00'),
(2286, '5241c8ea21d03', '2021-05-18 09:31:04', '1970-01-01 00:00:00'),
(2287, '5241c8ea21d03', '2021-05-18 11:17:47', '2021-05-18 11:39:57'),
(2288, '5241c8ea21d03', '2021-05-18 14:22:48', '1970-01-01 00:00:00'),
(2289, '5241c8ea21d03', '2021-05-18 17:05:53', '1970-01-01 00:00:00'),
(2290, '5241c8ea21d03', '2021-05-18 18:15:40', '1970-01-01 00:00:00'),
(2291, '5241c8ea21d03', '2021-05-19 09:06:10', '1970-01-01 00:00:00'),
(2292, '5241c8ea21d03', '2021-05-19 10:40:14', '1970-01-01 00:00:00'),
(2293, '5241c8ea21d03', '2021-05-19 13:06:44', '1970-01-01 00:00:00'),
(2294, '5241c8ea21d03', '2021-05-19 16:45:36', '1970-01-01 00:00:00'),
(2295, '5241c8ea21d03', '2021-05-20 14:09:34', '1970-01-01 00:00:00'),
(2296, '5241c8ea21d03', '2021-05-20 16:25:11', '1970-01-01 00:00:00'),
(2297, '5241c8ea21d03', '2021-05-21 09:17:51', '1970-01-01 00:00:00'),
(2298, '5241c8ea21d03', '2021-05-21 15:20:53', '1970-01-01 00:00:00'),
(2299, '5241c8ea21d03', '2021-05-21 17:37:18', '2021-05-21 17:55:05'),
(2300, '5241c8ea21d03', '2021-05-22 17:53:35', '1970-01-01 00:00:00'),
(2301, '5241c8ea21d03', '2021-05-23 11:24:10', '1970-01-01 00:00:00'),
(2302, '5241c8ea21d03', '2021-05-23 13:50:35', '1970-01-01 00:00:00'),
(2303, '5241c8ea21d03', '2021-05-23 18:17:38', '1970-01-01 00:00:00'),
(2304, '5241c8ea21d03', '2021-05-23 19:34:27', '1970-01-01 00:00:00');
INSERT INTO `admin_traces` (`trace_id`, `trace_compte`, `trace_datetime_connexion`, `trace_datetime_deconnexion`) VALUES
(2305, '5241c8ea21d03', '2021-05-24 09:20:39', '1970-01-01 00:00:00'),
(2306, '5241c8ea21d03', '2021-05-24 11:26:32', '1970-01-01 00:00:00'),
(2307, '5241c8ea21d03', '2021-05-24 14:13:02', '1970-01-01 00:00:00'),
(2308, '5241c8ea21d03', '2021-05-24 16:56:16', '2021-05-24 16:58:36'),
(2309, '5241c8ea21d03', '2021-05-24 18:02:48', '2021-05-24 18:05:44'),
(2310, '5241c8ea21d03', '2021-05-25 08:40:11', '1970-01-01 00:00:00'),
(2311, '5241c8ea21d03', '2021-05-25 14:31:13', '1970-01-01 00:00:00'),
(2312, '5241c8ea21d03', '2021-05-25 19:05:19', '1970-01-01 00:00:00'),
(2313, '5241c8ea21d03', '2021-05-26 08:38:05', '1970-01-01 00:00:00'),
(2314, '5241c8ea21d03', '2021-05-26 09:07:59', '2021-05-26 09:21:15'),
(2315, '55e478360b2e1', '2021-05-26 09:51:59', '2021-05-26 09:52:28'),
(2316, '5241c8ea21d03', '2021-05-26 09:52:31', '2021-05-26 11:00:49'),
(2317, '5241c8ea21d03', '2021-05-26 11:08:21', '1970-01-01 00:00:00'),
(2318, '5241c8ea21d03', '2021-05-26 14:09:22', '1970-01-01 00:00:00'),
(2319, '5241c8ea21d03', '2021-05-26 14:28:41', '2021-05-26 15:36:06'),
(2320, '5241c8ea21d03', '2021-05-26 16:37:37', '1970-01-01 00:00:00'),
(2321, '5241c8ea21d03', '2021-05-26 18:43:52', '1970-01-01 00:00:00'),
(2322, '5241c8ea21d03', '2021-05-26 18:50:39', '2021-05-26 19:13:37'),
(2323, '5241c8ea21d03', '2021-05-26 19:13:39', '1970-01-01 00:00:00'),
(2324, '5241c8ea21d03', '2021-05-26 22:31:23', '1970-01-01 00:00:00'),
(2325, '5241c8ea21d03', '2021-05-27 20:42:15', '1970-01-01 00:00:00'),
(2326, '5241c8ea21d03', '2021-05-29 23:19:16', '1970-01-01 00:00:00'),
(2327, '5241c8ea21d03', '2021-05-30 08:23:42', '1970-01-01 00:00:00'),
(2328, '5241c8ea21d03', '2021-05-30 09:28:25', '1970-01-01 00:00:00'),
(2329, '5241c8ea21d03', '2021-05-30 12:06:59', '1970-01-01 00:00:00'),
(2330, '5241c8ea21d03', '2021-05-30 13:56:10', '1970-01-01 00:00:00'),
(2331, '5241c8ea21d03', '2021-05-30 16:41:25', '1970-01-01 00:00:00'),
(2332, '5241c8ea21d03', '2021-05-30 18:14:33', '1970-01-01 00:00:00'),
(2333, '55e478360b2e1', '2021-05-30 20:13:37', '2021-05-30 20:13:55'),
(2334, '55e478360b2e1', '2021-05-30 20:14:08', '2021-05-30 20:15:02'),
(2335, '55e478360b2e1', '2021-05-30 20:15:07', '2021-05-30 20:21:35'),
(2336, '55e478360b2e1', '2021-05-30 20:20:41', '1970-01-01 00:00:00'),
(2337, '5241c8ea21d03', '2021-05-31 07:53:04', '1970-01-01 00:00:00'),
(2338, '5241c8ea21d03', '2021-05-31 08:24:06', '2021-05-31 08:28:21'),
(2339, '5241c8ea21d03', '2021-05-31 10:24:59', '1970-01-01 00:00:00'),
(2340, '5241c8ea21d03', '2021-05-31 12:34:46', '1970-01-01 00:00:00'),
(2341, '55e478360b2e1', '2021-05-31 15:05:13', '1970-01-01 00:00:00'),
(2342, '55e478360b2e1', '2021-05-31 15:30:37', '1970-01-01 00:00:00'),
(2343, '5241c8ea21d03', '2021-05-31 17:46:30', '1970-01-01 00:00:00'),
(2344, '55e478360b2e1', '2021-05-31 21:25:05', '1970-01-01 00:00:00'),
(2345, '5241c8ea21d03', '2021-05-31 22:14:16', '1970-01-01 00:00:00'),
(2346, '55e478360b2e1', '2021-05-31 23:08:16', '1970-01-01 00:00:00'),
(2347, '55e478360b2e1', '2021-06-01 12:19:30', '2021-06-01 12:26:59'),
(2348, '5241c8ea21d03', '2021-06-01 12:55:13', '1970-01-01 00:00:00'),
(2349, '55e478360b2e1', '2021-06-01 12:58:16', '1970-01-01 00:00:00'),
(2350, '55e478360b2e1', '2021-06-01 13:26:27', '1970-01-01 00:00:00'),
(2351, '55e478360b2e1', '2021-06-01 13:34:14', '1970-01-01 00:00:00'),
(2352, '55e478360b2e1', '2021-06-01 13:38:40', '1970-01-01 00:00:00'),
(2353, '55e478360b2e1', '2021-06-01 13:54:33', '1970-01-01 00:00:00'),
(2354, '55e478360b2e1', '2021-06-01 14:40:26', '1970-01-01 00:00:00'),
(2355, '55e478360b2e1', '2021-06-01 14:47:14', '1970-01-01 00:00:00'),
(2356, '5241c8ea21d03', '2021-06-01 14:55:13', '1970-01-01 00:00:00'),
(2357, '5241c8ea21d03', '2021-06-01 14:55:14', '2021-06-01 16:38:12'),
(2358, '55e478360b2e1', '2021-06-01 15:19:58', '1970-01-01 00:00:00'),
(2359, '5241c8ea21d03', '2021-06-01 16:46:46', '2021-06-01 16:58:12'),
(2360, '5241c8ea21d03', '2021-06-01 17:54:30', '1970-01-01 00:00:00'),
(2361, '5241c8ea21d03', '2021-06-01 22:31:35', '1970-01-01 00:00:00'),
(2362, '5241c8ea21d03', '2021-06-02 09:27:12', '1970-01-01 00:00:00'),
(2363, '55e478360b2e1', '2021-06-02 12:35:56', '1970-01-01 00:00:00'),
(2364, '55e478360b2e1', '2021-06-02 12:43:28', '1970-01-01 00:00:00'),
(2365, '55e478360b2e1', '2021-06-02 13:24:12', '1970-01-01 00:00:00'),
(2366, '55e478360b2e1', '2021-06-02 13:32:22', '1970-01-01 00:00:00'),
(2367, '5241c8ea21d03', '2021-06-02 13:58:11', '1970-01-01 00:00:00'),
(2368, '55e478360b2e1', '2021-06-02 14:08:49', '1970-01-01 00:00:00'),
(2369, '5241c8ea21d03', '2021-06-02 16:46:31', '1970-01-01 00:00:00'),
(2370, '5241c8ea21d03', '2021-06-02 22:44:48', '1970-01-01 00:00:00'),
(2371, '5241c8ea21d03', '2021-06-03 11:19:57', '1970-01-01 00:00:00'),
(2372, '55e478360b2e1', '2021-06-03 11:22:44', '1970-01-01 00:00:00'),
(2373, '5241c8ea21d03', '2021-06-03 13:05:40', '2021-06-03 17:33:23'),
(2374, '55e478360b2e1', '2021-06-03 13:12:49', '1970-01-01 00:00:00'),
(2375, '55e478360b2e1', '2021-06-03 13:26:04', '1970-01-01 00:00:00'),
(2376, '55e478360b2e1', '2021-06-03 13:47:12', '1970-01-01 00:00:00'),
(2377, '55e478360b2e1', '2021-06-03 14:09:21', '1970-01-01 00:00:00'),
(2378, '55e478360b2e1', '2021-06-03 14:18:13', '1970-01-01 00:00:00'),
(2379, '55e478360b2e1', '2021-06-03 14:35:50', '1970-01-01 00:00:00'),
(2380, '5241c8ea21d03', '2021-06-03 16:17:52', '1970-01-01 00:00:00'),
(2381, '5241c8ea21d03', '2021-06-03 16:57:02', '1970-01-01 00:00:00'),
(2382, '5241c8ea21d03', '2021-06-03 16:57:33', '1970-01-01 00:00:00'),
(2383, '5241c8ea21d03', '2021-06-03 22:39:23', '1970-01-01 00:00:00'),
(2384, '5241c8ea21d03', '2021-06-04 11:34:31', '1970-01-01 00:00:00'),
(2385, '55e478360b2e1', '2021-06-04 12:16:25', '1970-01-01 00:00:00'),
(2386, '55e478360b2e1', '2021-06-04 13:21:43', '1970-01-01 00:00:00'),
(2387, '55e478360b2e1', '2021-06-04 13:26:16', '1970-01-01 00:00:00'),
(2388, '5241c8ea21d03', '2021-06-04 13:54:22', '1970-01-01 00:00:00'),
(2389, '5241c8ea21d03', '2021-06-04 16:15:45', '1970-01-01 00:00:00'),
(2390, '5241c8ea21d03', '2021-06-04 19:45:32', '1970-01-01 00:00:00'),
(2391, '5241c8ea21d03', '2021-06-07 08:54:31', '1970-01-01 00:00:00'),
(2392, '5241c8ea21d03', '2021-06-07 09:37:50', '1970-01-01 00:00:00'),
(2393, '5241c8ea21d03', '2021-06-07 11:03:36', '1970-01-01 00:00:00'),
(2394, '5241c8ea21d03', '2021-06-07 14:04:22', '1970-01-01 00:00:00'),
(2395, '5241c8ea21d03', '2021-06-07 14:19:32', '1970-01-01 00:00:00'),
(2396, '5241c8ea21d03', '2021-06-07 16:40:31', '1970-01-01 00:00:00'),
(2397, '5241c8ea21d03', '2021-06-07 17:53:59', '1970-01-01 00:00:00'),
(2398, '5241c8ea21d03', '2021-06-08 13:07:15', '1970-01-01 00:00:00'),
(2399, '5241c8ea21d03', '2021-06-21 10:48:15', '2021-06-21 11:08:24'),
(2400, '5241c8ea21d03', '2021-06-21 11:31:27', '2021-06-21 11:32:00'),
(2401, '5241c8ea21d03', '2021-06-21 15:58:39', '1970-01-01 00:00:00'),
(2402, '5241c8ea21d03', '2021-06-21 17:15:32', '1970-01-01 00:00:00'),
(2403, '5241c8ea21d03', '2021-06-22 17:25:11', '1970-01-01 00:00:00'),
(2404, '5241c8ea21d03', '2021-06-23 10:12:29', '1970-01-01 00:00:00'),
(2405, '5241c8ea21d03', '2021-06-23 12:06:52', '1970-01-01 00:00:00'),
(2406, '5241c8ea21d03', '2021-06-28 11:04:46', '1970-01-01 00:00:00'),
(2407, '5241c8ea21d03', '2021-06-28 14:38:04', '1970-01-01 00:00:00'),
(2408, '5241c8ea21d03', '2021-06-28 15:19:46', '1970-01-01 00:00:00'),
(2409, '5241c8ea21d03', '2021-06-28 15:19:46', '2021-06-28 16:23:38'),
(2410, '5241c8ea21d03', '2021-06-28 16:20:48', '1970-01-01 00:00:00'),
(2411, '5241c8ea21d03', '2021-06-29 17:15:53', '1970-01-01 00:00:00'),
(2412, '5241c8ea21d03', '2021-07-01 09:40:20', '1970-01-01 00:00:00'),
(2413, '5241c8ea21d03', '2021-07-02 16:19:48', '1970-01-01 00:00:00'),
(2414, '5241c8ea21d03', '2021-07-06 15:38:53', '1970-01-01 00:00:00'),
(2415, '5241c8ea21d03', '2021-07-08 18:04:55', '1970-01-01 00:00:00'),
(2416, '5241c8ea21d03', '2021-07-13 15:15:24', '1970-01-01 00:00:00'),
(2417, '5241c8ea21d03', '2021-07-13 17:23:05', '1970-01-01 00:00:00'),
(2418, '5241c8ea21d03', '2021-07-19 15:18:54', '1970-01-01 00:00:00'),
(2419, '5241c8ea21d03', '2021-07-27 11:40:05', '1970-01-01 00:00:00'),
(2420, '5241c8ea21d03', '2021-08-31 15:43:19', '1970-01-01 00:00:00'),
(2421, '5241c8ea21d03', '2021-09-01 10:14:52', '1970-01-01 00:00:00'),
(2422, '5241c8ea21d03', '2021-09-06 15:06:47', '1970-01-01 00:00:00'),
(2423, '5241c8ea21d03', '2021-09-07 11:47:12', '2021-09-07 11:47:39'),
(2424, '5241c8ea21d03', '2021-09-07 15:06:10', '1970-01-01 00:00:00'),
(2425, '5241c8ea21d03', '2021-09-07 15:17:23', '1970-01-01 00:00:00'),
(2426, '5241c8ea21d03', '2021-09-09 14:11:05', '1970-01-01 00:00:00'),
(2427, '5241c8ea21d03', '2021-09-09 14:44:40', '1970-01-01 00:00:00'),
(2428, '5241c8ea21d03', '2021-09-13 10:30:34', '1970-01-01 00:00:00'),
(2429, '5241c8ea21d03', '2021-09-13 10:30:51', '1970-01-01 00:00:00'),
(2430, '5241c8ea21d03', '2021-09-13 13:34:00', '1970-01-01 00:00:00'),
(2431, '5241c8ea21d03', '2021-09-14 09:33:00', '1970-01-01 00:00:00'),
(2432, '5241c8ea21d03', '2021-09-14 14:14:56', '1970-01-01 00:00:00'),
(2433, '5241c8ea21d03', '2021-09-14 14:47:59', '1970-01-01 00:00:00'),
(2434, '5241c8ea21d03', '2021-09-14 15:35:50', '1970-01-01 00:00:00'),
(2435, '5241c8ea21d03', '2021-09-14 15:46:38', '1970-01-01 00:00:00'),
(2436, '5241c8ea21d03', '2021-09-14 16:10:16', '1970-01-01 00:00:00'),
(2437, '5241c8ea21d03', '2021-09-15 13:21:04', '1970-01-01 00:00:00'),
(2438, '5241c8ea21d03', '2021-09-15 14:10:01', '1970-01-01 00:00:00'),
(2439, '5241c8ea21d03', '2021-09-15 14:22:03', '1970-01-01 00:00:00'),
(2440, '5241c8ea21d03', '2021-09-16 07:11:34', '1970-01-01 00:00:00'),
(2441, '5241c8ea21d03', '2021-09-16 13:26:27', '1970-01-01 00:00:00'),
(2442, '5241c8ea21d03', '2021-09-20 09:27:00', '1970-01-01 00:00:00'),
(2443, '5241c8ea21d03', '2021-09-20 15:33:56', '2021-09-20 17:12:31'),
(2444, '5241c8ea21d03', '2021-09-20 16:10:00', '1970-01-01 00:00:00'),
(2445, '5241c8ea21d03', '2021-09-21 05:49:48', '1970-01-01 00:00:00'),
(2446, '5241c8ea21d03', '2021-09-21 09:42:43', '2021-09-21 09:43:54'),
(2447, '5241c8ea21d03', '2021-09-21 10:15:47', '1970-01-01 00:00:00'),
(2448, '5241c8ea21d03', '2021-09-21 10:30:23', '1970-01-01 00:00:00'),
(2449, '5241c8ea21d03', '2021-09-21 11:08:43', '1970-01-01 00:00:00'),
(2450, '5241c8ea21d03', '2021-09-21 11:09:31', '1970-01-01 00:00:00'),
(2451, '5241c8ea21d03', '2021-09-21 16:17:25', '1970-01-01 00:00:00'),
(2452, '5241c8ea21d03', '2021-09-23 10:37:13', '1970-01-01 00:00:00'),
(2453, '5241c8ea21d03', '2021-09-28 16:59:13', '1970-01-01 00:00:00'),
(2454, '5241c8ea21d03', '2021-09-30 09:05:36', '1970-01-01 00:00:00'),
(2455, '5241c8ea21d03', '2021-10-01 06:28:47', '1970-01-01 00:00:00'),
(2456, '5241c8ea21d03', '2021-10-01 08:32:15', '1970-01-01 00:00:00'),
(2457, '5241c8ea21d03', '2021-10-01 09:24:52', '1970-01-01 00:00:00'),
(2458, '5241c8ea21d03', '2021-10-01 09:50:39', '1970-01-01 00:00:00'),
(2459, '5241c8ea21d03', '2021-10-01 09:56:43', '1970-01-01 00:00:00'),
(2460, '5241c8ea21d03', '2021-10-02 15:51:27', '1970-01-01 00:00:00'),
(2461, '5241c8ea21d03', '2021-10-03 18:02:46', '1970-01-01 00:00:00'),
(2462, '5241c8ea21d03', '2021-10-03 20:20:10', '1970-01-01 00:00:00'),
(2463, '5241c8ea21d03', '2021-10-04 09:09:31', '1970-01-01 00:00:00'),
(2464, '5241c8ea21d03', '2021-10-06 13:08:09', '1970-01-01 00:00:00'),
(2465, '5241c8ea21d03', '2021-10-07 13:18:40', '1970-01-01 00:00:00'),
(2466, '5241c8ea21d03', '2021-10-07 17:13:27', '1970-01-01 00:00:00'),
(2467, '5241c8ea21d03', '2021-10-08 08:46:50', '1970-01-01 00:00:00'),
(2468, '5241c8ea21d03', '2021-10-08 11:21:23', '1970-01-01 00:00:00'),
(2469, '5241c8ea21d03', '2021-10-16 16:33:50', '1970-01-01 00:00:00'),
(0, '5241c8ea21d03', '2021-10-28 13:17:25', '2025-05-10 11:39:42'),
(0, '5241c8ea21d03', '2021-10-28 17:20:00', '2025-05-10 11:39:42'),
(0, '5241c8ea21d03', '2021-10-29 06:25:45', '2025-05-10 11:39:42'),
(0, '5241c8ea21d03', '2021-10-29 13:23:56', '2025-05-10 11:39:42'),
(0, '5241c8ea21d03', '2021-10-31 12:25:18', '2025-05-10 11:39:42'),
(0, '5241c8ea21d03', '2021-10-31 15:22:11', '2025-05-10 11:39:42'),
(0, '5241c8ea21d03', '2021-11-01 15:30:56', '2025-05-10 11:39:42'),
(0, '5241c8ea21d03', '2021-11-02 09:08:53', '2025-05-10 11:39:42'),
(0, '5241c8ea21d03', '2021-11-02 12:20:36', '2025-05-10 11:39:42'),
(0, '5241c8ea21d03', '2021-11-04 14:08:10', '2025-05-10 11:39:42'),
(0, '5241c8ea21d03', '2021-11-04 16:29:45', '2025-05-10 11:39:42'),
(0, '5241c8ea21d03', '2021-11-05 08:16:46', '2025-05-10 11:39:42'),
(0, '5241c8ea21d03', '2021-11-06 13:04:26', '2025-05-10 11:39:42'),
(0, '5241c8ea21d03', '2021-11-08 11:40:40', '2025-05-10 11:39:42'),
(0, '5241c8ea21d03', '2021-11-09 17:23:07', '2025-05-10 11:39:42'),
(0, '5241c8ea21d03', '2021-11-10 09:33:13', '2025-05-10 11:39:42'),
(0, '5241c8ea21d03', '2021-11-10 13:19:55', '2025-05-10 11:39:42'),
(0, '5241c8ea21d03', '2021-11-10 14:24:12', '2025-05-10 11:39:42'),
(0, '5241c8ea21d03', '2021-11-11 12:21:08', '2025-05-10 11:39:42'),
(0, '5241c8ea21d03', '2021-11-11 14:20:59', '2025-05-10 11:39:42'),
(0, '5241c8ea21d03', '2021-11-11 14:24:07', '2025-05-10 11:39:42'),
(0, '5241c8ea21d03', '2021-11-11 16:40:26', '2025-05-10 11:39:42'),
(0, '5241c8ea21d03', '2021-11-12 14:12:42', '2025-05-10 11:39:42'),
(0, '5241c8ea21d03', '2021-11-12 15:38:02', '2025-05-10 11:39:42'),
(0, '5241c8ea21d03', '2021-11-12 16:42:07', '2025-05-10 11:39:42'),
(0, '5241c8ea21d03', '2021-11-13 08:35:18', '2025-05-10 11:39:42'),
(0, '5241c8ea21d03', '2021-11-13 09:38:56', '2025-05-10 11:39:42'),
(0, '5241c8ea21d03', '2021-11-13 10:23:35', '2025-05-10 11:39:42'),
(0, '5241c8ea21d03', '2021-11-13 13:14:52', '2025-05-10 11:39:42'),
(0, '5241c8ea21d03', '2021-11-14 08:44:07', '2025-05-10 11:39:42'),
(0, '5241c8ea21d03', '2021-11-14 11:54:39', '2025-05-10 11:39:42'),
(0, '5241c8ea21d03', '2021-11-14 19:03:00', '2025-05-10 11:39:42'),
(0, '5241c8ea21d03', '2021-11-15 10:07:45', '2025-05-10 11:39:42'),
(0, '5241c8ea21d03', '2021-11-15 10:31:25', '2025-05-10 11:39:42'),
(0, '5241c8ea21d03', '2021-11-15 12:54:48', '2025-05-10 11:39:42'),
(0, '5241c8ea21d03', '2021-11-15 14:16:36', '2025-05-10 11:39:42'),
(0, '5241c8ea21d03', '2021-11-16 10:02:29', '2025-05-10 11:39:42'),
(0, '5241c8ea21d03', '2021-11-16 13:54:33', '2025-05-10 11:39:42'),
(0, '5241c8ea21d03', '2021-11-16 15:33:58', '2025-05-10 11:39:42'),
(0, '5241c8ea21d03', '2021-11-16 20:53:11', '2025-05-10 11:39:42'),
(0, '5241c8ea21d03', '2021-11-17 03:49:50', '2025-05-10 11:39:42'),
(0, '5241c8ea21d03', '2021-11-17 11:02:10', '2025-05-10 11:39:42'),
(0, '5241c8ea21d03', '2021-11-17 12:59:07', '2025-05-10 11:39:42'),
(0, '5241c8ea21d03', '2021-11-17 13:03:34', '2025-05-10 11:39:42'),
(0, '5241c8ea21d03', '2021-11-17 14:47:54', '2025-05-10 11:39:42'),
(0, '5241c8ea21d03', '2021-11-17 14:54:30', '2025-05-10 11:39:42'),
(0, '5241c8ea21d03', '2021-11-17 17:22:46', '2025-05-10 11:39:42'),
(0, '5241c8ea21d03', '2021-11-18 10:12:37', '2025-05-10 11:39:42'),
(0, '5241c8ea21d03', '2021-11-18 10:15:55', '2025-05-10 11:39:42'),
(0, '5241c8ea21d03', '2021-11-18 10:46:25', '2025-05-10 11:39:42'),
(0, '5241c8ea21d03', '2021-11-18 15:10:11', '2025-05-10 11:39:42'),
(0, '5241c8ea21d03', '2021-11-20 13:49:13', '2025-05-10 11:39:42'),
(0, '5241c8ea21d03', '2021-11-22 09:37:09', '2025-05-10 11:39:42'),
(0, '5241c8ea21d03', '2021-11-23 18:42:07', '2025-05-10 11:39:42'),
(0, '5241c8ea21d03', '2021-11-24 13:15:31', '2025-05-10 11:39:42'),
(0, '5241c8ea21d03', '2021-11-24 13:58:53', '2025-05-10 11:39:42'),
(0, '5241c8ea21d03', '2021-11-25 08:57:21', '2025-05-10 11:39:42'),
(0, '5241c8ea21d03', '2021-11-25 10:25:43', '2025-05-10 11:39:42'),
(0, '5241c8ea21d03', '2021-11-25 10:40:57', '2025-05-10 11:39:42'),
(0, '5241c8ea21d03', '2021-11-25 17:07:53', '2025-05-10 11:39:42'),
(0, '5241c8ea21d03', '2021-11-29 12:18:04', '2025-05-10 11:39:42'),
(0, '5241c8ea21d03', '2021-12-01 09:58:33', '2025-05-10 11:39:42'),
(0, '5241c8ea21d03', '2021-12-01 12:48:48', '2025-05-10 11:39:42'),
(0, '5241c8ea21d03', '2021-12-01 17:04:27', '2025-05-10 11:39:42'),
(0, '5241c8ea21d03', '2021-12-02 10:23:10', '2025-05-10 11:39:42'),
(0, '5241c8ea21d03', '2021-12-02 10:23:14', '2025-05-10 11:39:42'),
(0, '5241c8ea21d03', '2021-12-04 20:40:38', '2025-05-10 11:39:42'),
(0, '5241c8ea21d03', '2021-12-05 11:27:27', '2025-05-10 11:39:42'),
(0, '5241c8ea21d03', '2021-12-06 06:03:42', '2025-05-10 11:39:42'),
(0, '5241c8ea21d03', '2021-12-06 16:03:01', '2025-05-10 11:39:42'),
(0, '5241c8ea21d03', '2021-12-06 16:09:40', '2025-05-10 11:39:42'),
(0, '5241c8ea21d03', '2021-12-07 09:37:24', '2025-05-10 11:39:42'),
(0, '5241c8ea21d03', '2021-12-07 10:02:50', '2025-05-10 11:39:42'),
(0, '5241c8ea21d03', '2021-12-07 10:26:51', '2025-05-10 11:39:42'),
(0, '5241c8ea21d03', '2021-12-07 12:09:30', '2025-05-10 11:39:42'),
(0, '5241c8ea21d03', '2021-12-08 10:42:59', '2025-05-10 11:39:42'),
(0, '5241c8ea21d03', '2021-12-08 10:52:38', '2025-05-10 11:39:42'),
(0, '5241c8ea21d03', '2021-12-08 13:02:17', '2025-05-10 11:39:42'),
(0, '5241c8ea21d03', '2021-12-08 14:46:00', '2025-05-10 11:39:42'),
(0, '5241c8ea21d03', '2021-12-08 15:31:27', '2025-05-10 11:39:42'),
(0, '5241c8ea21d03', '2021-12-08 17:56:36', '2025-05-10 11:39:42'),
(0, '5241c8ea21d03', '2021-12-08 18:01:20', '2025-05-10 11:39:42'),
(0, '5241c8ea21d03', '2021-12-09 14:00:39', '2025-05-10 11:39:42'),
(0, '5241c8ea21d03', '2021-12-09 14:12:16', '2025-05-10 11:39:42'),
(0, '5241c8ea21d03', '2021-12-09 17:30:47', '2025-05-10 11:39:42'),
(0, '5241c8ea21d03', '2021-12-09 19:40:53', '2025-05-10 11:39:42'),
(0, '5241c8ea21d03', '2021-12-10 14:59:35', '2025-05-10 11:39:42'),
(0, '5241c8ea21d03', '2021-12-11 18:47:37', '2025-05-10 11:39:42'),
(0, '5241c8ea21d03', '2021-12-12 11:28:44', '2025-05-10 11:39:42'),
(0, '5241c8ea21d03', '2021-12-12 11:44:24', '2025-05-10 11:39:42'),
(0, '5241c8ea21d03', '2021-12-12 12:56:02', '2025-05-10 11:39:42'),
(0, '5241c8ea21d03', '2021-12-13 10:20:15', '2025-05-10 11:39:42'),
(0, '5241c8ea21d03', '2021-12-15 09:09:20', '2025-05-10 11:39:42'),
(0, '5241c8ea21d03', '2021-12-15 09:38:24', '2025-05-10 11:39:42'),
(0, '5241c8ea21d03', '2021-12-15 11:21:26', '2025-05-10 11:39:42'),
(0, '5241c8ea21d03', '2021-12-15 11:21:26', '2025-05-10 11:39:42'),
(0, '5241c8ea21d03', '2021-12-15 11:34:47', '2025-05-10 11:39:42'),
(0, '5241c8ea21d03', '2021-12-15 11:50:39', '2025-05-10 11:39:42'),
(0, '5241c8ea21d03', '2021-12-15 15:14:22', '2025-05-10 11:39:42'),
(0, '5241c8ea21d03', '2021-12-15 15:44:23', '2025-05-10 11:39:42'),
(0, '5241c8ea21d03', '2021-12-15 16:31:49', '2025-05-10 11:39:42'),
(0, '5241c8ea21d03', '2021-12-15 18:09:28', '2025-05-10 11:39:42'),
(0, '5241c8ea21d03', '2021-12-16 06:59:57', '2025-05-10 11:39:42'),
(0, '5241c8ea21d03', '2021-12-20 10:29:45', '2025-05-10 11:39:42'),
(0, '5241c8ea21d03', '2021-12-22 15:50:59', '2025-05-10 11:39:42'),
(0, '5241c8ea21d03', '2021-12-31 16:48:57', '2025-05-10 11:39:42'),
(0, '5241c8ea21d03', '2022-01-04 10:37:19', '2025-05-10 11:39:42'),
(0, '5241c8ea21d03', '2022-01-04 10:51:54', '2025-05-10 11:39:42'),
(0, '5241c8ea21d03', '2022-01-05 11:25:15', '2025-05-10 11:39:42'),
(0, '5241c8ea21d03', '2022-01-05 11:42:28', '2025-05-10 11:39:42'),
(0, '5241c8ea21d03', '2022-01-05 15:02:39', '2025-05-10 11:39:42'),
(0, '5241c8ea21d03', '2022-01-06 13:32:55', '2025-05-10 11:39:42'),
(0, '5241c8ea21d03', '2022-01-06 16:24:46', '2025-05-10 11:39:42'),
(0, '5241c8ea21d03', '2022-01-06 17:17:47', '2025-05-10 11:39:42'),
(0, '5241c8ea21d03', '2022-01-07 09:28:21', '2025-05-10 11:39:42'),
(0, '5241c8ea21d03', '2022-01-07 09:52:52', '2025-05-10 11:39:42'),
(0, '5241c8ea21d03', '2022-01-07 10:22:44', '2025-05-10 11:39:42'),
(0, '5241c8ea21d03', '2022-01-10 10:24:55', '2025-05-10 11:39:42'),
(0, '5241c8ea21d03', '2022-01-10 12:01:35', '2025-05-10 11:39:42'),
(0, '5241c8ea21d03', '2022-01-10 15:12:59', '2025-05-10 11:39:42'),
(0, '5241c8ea21d03', '2022-01-11 10:39:55', '2025-05-10 11:39:42'),
(0, '5241c8ea21d03', '2022-01-11 10:42:30', '2025-05-10 11:39:42'),
(0, '5241c8ea21d03', '2022-01-11 12:14:35', '2025-05-10 11:39:42'),
(0, '5241c8ea21d03', '2022-01-11 14:28:25', '2025-05-10 11:39:42'),
(0, '5241c8ea21d03', '2022-01-11 15:05:44', '2025-05-10 11:39:42'),
(0, '5241c8ea21d03', '2022-01-11 17:12:37', '2025-05-10 11:39:42'),
(0, '5241c8ea21d03', '2022-01-12 16:56:27', '2025-05-10 11:39:42'),
(0, '5241c8ea21d03', '2022-01-12 19:09:39', '2025-05-10 11:39:42'),
(0, '5241c8ea21d03', '2022-01-13 10:01:49', '2025-05-10 11:39:42'),
(0, '5241c8ea21d03', '2022-01-13 10:05:12', '2025-05-10 11:39:42'),
(0, '5241c8ea21d03', '2022-01-13 10:15:25', '2025-05-10 11:39:42'),
(0, '5241c8ea21d03', '2022-01-13 17:48:56', '2025-05-10 11:39:42'),
(0, '5241c8ea21d03', '2022-01-14 17:10:05', '2025-05-10 11:39:42'),
(0, '5241c8ea21d03', '2022-01-14 19:09:59', '2025-05-10 11:39:42'),
(0, '5241c8ea21d03', '2022-01-17 17:49:28', '2025-05-10 11:39:42'),
(0, '5241c8ea21d03', '2022-01-17 18:05:59', '2025-05-10 11:39:42'),
(0, '5241c8ea21d03', '2022-01-17 18:10:08', '2025-05-10 11:39:42'),
(0, '5241c8ea21d03', '2022-01-18 10:15:16', '2025-05-10 11:39:42'),
(0, '5241c8ea21d03', '2022-01-18 11:42:26', '2025-05-10 11:39:42'),
(0, '5241c8ea21d03', '2022-01-18 12:19:51', '2025-05-10 11:39:42'),
(0, '5241c8ea21d03', '2022-01-18 14:24:09', '2025-05-10 11:39:42'),
(0, '5241c8ea21d03', '2022-01-18 15:10:51', '2025-05-10 11:39:42'),
(0, '5241c8ea21d03', '2022-01-18 16:56:25', '2025-05-10 11:39:42'),
(0, '5241c8ea21d03', '2022-01-19 10:32:31', '2025-05-10 11:39:42'),
(0, '5241c8ea21d03', '2022-01-20 12:30:32', '2025-05-10 11:39:42'),
(0, '5241c8ea21d03', '2022-01-24 10:39:15', '2025-05-10 11:39:42'),
(0, '5241c8ea21d03', '2022-01-24 11:00:17', '2025-05-10 11:39:42'),
(0, '5241c8ea21d03', '2022-01-24 11:30:44', '2025-05-10 11:39:42'),
(0, '5241c8ea21d03', '2022-01-24 15:20:45', '2025-05-10 11:39:42'),
(0, '5241c8ea21d03', '2022-01-24 18:22:01', '2025-05-10 11:39:42'),
(0, '5241c8ea21d03', '2022-01-24 19:19:31', '2025-05-10 11:39:42'),
(0, '5241c8ea21d03', '2022-01-25 09:49:50', '2025-05-10 11:39:42'),
(0, '5241c8ea21d03', '2022-01-25 09:54:42', '2025-05-10 11:39:42'),
(0, '5241c8ea21d03', '2022-01-25 10:42:44', '2025-05-10 11:39:42'),
(0, '5241c8ea21d03', '2022-01-25 11:16:13', '2025-05-10 11:39:42'),
(0, '5241c8ea21d03', '2022-01-25 19:34:30', '2025-05-10 11:39:42'),
(0, '5241c8ea21d03', '2022-01-26 09:07:32', '2025-05-10 11:39:42'),
(0, '5241c8ea21d03', '2022-01-26 10:55:00', '2025-05-10 11:39:42'),
(0, '5241c8ea21d03', '2022-01-26 14:46:51', '2025-05-10 11:39:42'),
(0, '5241c8ea21d03', '2022-01-26 18:38:01', '2025-05-10 11:39:42'),
(0, '5241c8ea21d03', '2022-01-26 18:44:15', '2025-05-10 11:39:42'),
(0, '5241c8ea21d03', '2022-01-26 19:20:59', '2025-05-10 11:39:42'),
(0, '5241c8ea21d03', '2022-01-27 09:44:08', '2025-05-10 11:39:42'),
(0, '5241c8ea21d03', '2022-01-27 10:07:09', '2025-05-10 11:39:42'),
(0, '5241c8ea21d03', '2022-01-27 10:51:31', '2025-05-10 11:39:42'),
(0, '5241c8ea21d03', '2022-01-31 15:28:40', '2025-05-10 11:39:42'),
(0, '5241c8ea21d03', '2022-02-01 15:19:30', '2025-05-10 11:39:42'),
(0, '5241c8ea21d03', '2022-02-01 15:20:01', '2025-05-10 11:39:42'),
(0, '5241c8ea21d03', '2022-02-01 16:58:56', '2025-05-10 11:39:42'),
(0, '5241c8ea21d03', '2022-02-01 17:48:27', '2025-05-10 11:39:42'),
(0, '5241c8ea21d03', '2022-02-02 09:48:36', '2025-05-10 11:39:42'),
(0, '5241c8ea21d03', '2022-02-02 14:27:45', '2025-05-10 11:39:42'),
(0, '5241c8ea21d03', '2022-02-02 14:38:33', '2025-05-10 11:39:42'),
(0, '5241c8ea21d03', '2022-02-02 14:38:35', '2025-05-10 11:39:42'),
(0, '5241c8ea21d03', '2022-02-02 14:39:18', '2025-05-10 11:39:42'),
(0, '5241c8ea21d03', '2022-02-02 17:51:11', '2025-05-10 11:39:42'),
(0, '5241c8ea21d03', '2022-02-02 19:49:11', '2025-05-10 11:39:42'),
(0, '5241c8ea21d03', '2022-02-03 09:22:56', '2025-05-10 11:39:42'),
(0, '5241c8ea21d03', '2022-02-03 15:10:20', '2025-05-10 11:39:42'),
(0, '5241c8ea21d03', '2022-02-04 10:40:35', '2025-05-10 11:39:42'),
(0, '5241c8ea21d03', '2022-02-04 12:15:41', '2025-05-10 11:39:42'),
(0, '5241c8ea21d03', '2022-02-04 12:21:03', '2025-05-10 11:39:42'),
(0, '5241c8ea21d03', '2022-02-04 14:35:38', '2025-05-10 11:39:42'),
(0, '5241c8ea21d03', '2022-02-04 14:38:25', '2025-05-10 11:39:42'),
(0, '5241c8ea21d03', '2022-02-04 15:55:31', '2025-05-10 11:39:42'),
(0, '5241c8ea21d03', '2022-02-04 16:26:40', '2025-05-10 11:39:42'),
(0, '5241c8ea21d03', '2022-02-06 17:31:09', '2025-05-10 11:39:42'),
(0, '5241c8ea21d03', '2022-02-07 09:49:32', '2025-05-10 11:39:42'),
(0, '5241c8ea21d03', '2022-02-07 10:08:51', '2025-05-10 11:39:42'),
(0, '5241c8ea21d03', '2022-02-07 10:13:39', '2025-05-10 11:39:42'),
(0, '5241c8ea21d03', '2022-02-07 12:35:08', '2025-05-10 11:39:42'),
(0, '5241c8ea21d03', '2022-02-07 14:42:58', '2025-05-10 11:39:42'),
(0, '5241c8ea21d03', '2022-02-07 15:26:59', '2025-05-10 11:39:42'),
(0, '5241c8ea21d03', '2022-02-08 09:52:46', '2025-05-10 11:39:42'),
(0, '5241c8ea21d03', '2022-02-08 10:10:44', '2025-05-10 11:39:42'),
(0, '5241c8ea21d03', '2022-02-08 15:08:12', '2025-05-10 11:39:42'),
(0, '5241c8ea21d03', '2022-02-08 15:14:34', '2025-05-10 11:39:42'),
(0, '5241c8ea21d03', '2022-02-09 11:35:46', '2025-05-10 11:39:42'),
(0, '5241c8ea21d03', '2022-02-09 14:08:59', '2025-05-10 11:39:42'),
(0, '5241c8ea21d03', '2022-02-10 09:25:03', '2025-05-10 11:39:42'),
(0, '5241c8ea21d03', '2022-02-10 15:04:10', '2025-05-10 11:39:42'),
(0, '5241c8ea21d03', '2022-02-10 16:37:55', '2025-05-10 11:39:42'),
(0, '5241c8ea21d03', '2022-02-10 16:40:34', '2025-05-10 11:39:42'),
(0, '5241c8ea21d03', '2022-02-10 16:47:03', '2025-05-10 11:39:42'),
(0, '5241c8ea21d03', '2022-02-10 16:50:00', '2025-05-10 11:39:42'),
(0, '5241c8ea21d03', '2022-02-11 10:16:12', '2025-05-10 11:39:42'),
(0, '5241c8ea21d03', '2022-02-11 13:24:15', '2025-05-10 11:39:42'),
(0, '5241c8ea21d03', '2022-02-11 18:57:21', '2025-05-10 11:39:42'),
(0, '5241c8ea21d03', '2022-02-14 09:43:20', '2025-05-10 11:39:42'),
(0, '5241c8ea21d03', '2022-02-14 10:11:19', '2025-05-10 11:39:42'),
(0, '5241c8ea21d03', '2022-02-14 10:19:13', '2025-05-10 11:39:42'),
(0, '5241c8ea21d03', '2022-02-14 12:10:05', '2025-05-10 11:39:42'),
(0, '5241c8ea21d03', '2022-02-14 16:27:01', '2025-05-10 11:39:42'),
(0, '5241c8ea21d03', '2022-02-15 10:45:15', '2025-05-10 11:39:42'),
(0, '5241c8ea21d03', '2022-02-15 10:48:55', '2025-05-10 11:39:42'),
(0, '5241c8ea21d03', '2022-02-15 14:09:23', '2025-05-10 11:39:42'),
(0, '5241c8ea21d03', '2022-02-15 17:39:32', '2025-05-10 11:39:42'),
(0, '5241c8ea21d03', '2022-02-16 09:49:03', '2025-05-10 11:39:42'),
(0, '5241c8ea21d03', '2022-02-16 11:28:31', '2025-05-10 11:39:42'),
(0, '5241c8ea21d03', '2022-02-16 14:56:37', '2025-05-10 11:39:42'),
(0, '5241c8ea21d03', '2022-02-16 18:42:21', '2025-05-10 11:39:42'),
(0, '5241c8ea21d03', '2022-02-17 10:43:37', '2025-05-10 11:39:42'),
(0, '5241c8ea21d03', '2022-02-17 14:29:44', '2025-05-10 11:39:42'),
(0, '5241c8ea21d03', '2022-02-21 09:36:42', '2025-05-10 11:39:42'),
(0, '5241c8ea21d03', '2022-02-21 10:58:22', '2025-05-10 11:39:42'),
(0, '5241c8ea21d03', '2022-02-21 11:12:12', '2025-05-10 11:39:42'),
(0, '5241c8ea21d03', '2022-02-21 11:13:22', '2025-05-10 11:39:42'),
(0, '5241c8ea21d03', '2022-02-21 11:23:12', '2025-05-10 11:39:42'),
(0, '5241c8ea21d03', '2022-02-21 11:39:03', '2025-05-10 11:39:42'),
(0, '5241c8ea21d03', '2022-02-21 12:06:44', '2025-05-10 11:39:42'),
(0, '5241c8ea21d03', '2022-02-21 14:44:19', '2025-05-10 11:39:42'),
(0, '5241c8ea21d03', '2022-02-21 14:51:45', '2025-05-10 11:39:42'),
(0, '5241c8ea21d03', '2022-02-21 15:55:19', '2025-05-10 11:39:42'),
(0, '5241c8ea21d03', '2022-02-22 10:06:54', '2025-05-10 11:39:42'),
(0, '5241c8ea21d03', '2022-02-22 11:40:32', '2025-05-10 11:39:42'),
(0, '5241c8ea21d03', '2022-02-22 14:33:35', '2025-05-10 11:39:42'),
(0, '5241c8ea21d03', '2022-02-22 14:35:17', '2025-05-10 11:39:42'),
(0, '5241c8ea21d03', '2022-02-22 16:27:01', '2025-05-10 11:39:42'),
(0, '5241c8ea21d03', '2022-02-23 10:03:54', '2025-05-10 11:39:42'),
(0, '5241c8ea21d03', '2022-02-23 10:11:04', '2025-05-10 11:39:42'),
(0, '5241c8ea21d03', '2022-02-23 10:13:25', '2025-05-10 11:39:42'),
(0, '5241c8ea21d03', '2022-02-23 10:32:06', '2025-05-10 11:39:42'),
(0, '5241c8ea21d03', '2022-02-23 11:51:13', '2025-05-10 11:39:42'),
(0, '5241c8ea21d03', '2022-02-23 15:12:30', '2025-05-10 11:39:42'),
(0, '5241c8ea21d03', '2022-02-24 11:05:40', '2025-05-10 11:39:42'),
(0, '5241c8ea21d03', '2022-02-24 11:05:40', '2025-05-10 11:39:42'),
(0, '5241c8ea21d03', '2022-02-25 10:07:11', '2025-05-10 11:39:42'),
(0, '5241c8ea21d03', '2022-02-25 18:34:37', '2025-05-10 11:39:42'),
(0, '5241c8ea21d03', '2022-02-25 19:15:04', '2025-05-10 11:39:42'),
(0, '5241c8ea21d03', '2022-02-28 10:26:36', '2025-05-10 11:39:42'),
(0, '5241c8ea21d03', '2022-02-28 10:29:56', '2025-05-10 11:39:42'),
(0, '5241c8ea21d03', '2022-02-28 11:11:20', '2025-05-10 11:39:42'),
(0, '5241c8ea21d03', '2022-02-28 15:43:12', '2025-05-10 11:39:42'),
(0, '5241c8ea21d03', '2022-02-28 15:57:44', '2025-05-10 11:39:42'),
(0, '5241c8ea21d03', '2022-02-28 16:57:28', '2025-05-10 11:39:42'),
(0, '5241c8ea21d03', '2022-03-01 09:41:49', '2025-05-10 11:39:42'),
(0, '5241c8ea21d03', '2022-03-01 10:11:51', '2025-05-10 11:39:42'),
(0, '5241c8ea21d03', '2022-03-01 10:17:06', '2025-05-10 11:39:42'),
(0, '5241c8ea21d03', '2022-03-01 11:01:16', '2025-05-10 11:39:42'),
(0, '5241c8ea21d03', '2022-03-01 11:48:56', '2025-05-10 11:39:42'),
(0, '5241c8ea21d03', '2022-03-01 14:45:42', '2025-05-10 11:39:42'),
(0, '5241c8ea21d03', '2022-03-01 15:00:22', '2025-05-10 11:39:42'),
(0, '5241c8ea21d03', '2022-03-01 16:15:14', '2025-05-10 11:39:42'),
(0, '5241c8ea21d03', '2022-03-02 09:54:56', '2025-05-10 11:39:42'),
(0, '5241c8ea21d03', '2022-03-02 14:36:47', '2025-05-10 11:39:42'),
(0, '5241c8ea21d03', '2022-03-03 09:43:58', '2025-05-10 11:39:42'),
(0, '5241c8ea21d03', '2022-03-03 09:47:15', '2025-05-10 11:39:42'),
(0, '5241c8ea21d03', '2022-03-03 09:52:44', '2025-05-10 11:39:42'),
(0, '5241c8ea21d03', '2022-03-03 11:17:55', '2025-05-10 11:39:42'),
(0, '5241c8ea21d03', '2022-03-03 15:58:29', '2025-05-10 11:39:42'),
(0, '5241c8ea21d03', '2022-03-04 13:56:53', '2025-05-10 11:39:42'),
(0, '5241c8ea21d03', '2022-03-05 17:02:48', '2025-05-10 11:39:42'),
(0, '5241c8ea21d03', '2022-03-07 10:01:33', '2025-05-10 11:39:42'),
(0, '5241c8ea21d03', '2022-03-07 15:18:35', '2025-05-10 11:39:42'),
(0, '5241c8ea21d03', '2022-03-07 16:43:44', '2025-05-10 11:39:42'),
(0, '5241c8ea21d03', '2022-03-08 14:46:13', '2025-05-10 11:39:42'),
(0, '5241c8ea21d03', '2022-03-08 16:13:18', '2025-05-10 11:39:42'),
(0, '5241c8ea21d03', '2022-03-09 14:29:43', '2025-05-10 11:39:42'),
(0, '5241c8ea21d03', '2022-03-10 09:23:29', '2025-05-10 11:39:42'),
(0, '5241c8ea21d03', '2022-03-10 15:13:40', '2025-05-10 11:39:42'),
(0, '5241c8ea21d03', '2022-03-10 16:46:08', '2025-05-10 11:39:42'),
(0, '5241c8ea21d03', '2022-03-11 10:51:38', '2025-05-10 11:39:42'),
(0, '5241c8ea21d03', '2022-03-11 14:33:54', '2025-05-10 11:39:42'),
(0, '5241c8ea21d03', '2022-03-11 14:38:41', '2025-05-10 11:39:42'),
(0, '5241c8ea21d03', '2022-03-14 09:29:46', '2025-05-10 11:39:42'),
(0, '5241c8ea21d03', '2022-03-29 10:21:49', '2025-05-10 11:39:42'),
(0, '5241c8ea21d03', '2022-04-01 09:29:30', '2025-05-10 11:39:42'),
(0, '5241c8ea21d03', '2022-04-04 13:39:04', '2025-05-10 11:39:42'),
(0, '5241c8ea21d03', '2022-04-05 20:23:11', '2025-05-10 11:39:42'),
(0, '5241c8ea21d03', '2022-04-07 18:54:38', '2025-05-10 11:39:42'),
(0, '5241c8ea21d03', '2022-04-18 10:47:46', '2025-05-10 11:39:42'),
(0, '5241c8ea21d03', '2022-04-18 19:03:41', '2025-05-10 11:39:42'),
(0, '5241c8ea21d03', '2022-04-18 19:28:20', '2025-05-10 11:39:42'),
(0, '5241c8ea21d03', '2022-04-18 22:08:40', '2025-05-10 11:39:42'),
(0, '5241c8ea21d03', '2022-04-18 22:35:39', '2025-05-10 11:39:42'),
(0, '5241c8ea21d03', '2022-04-18 22:48:10', '2025-05-10 11:39:42'),
(0, '5241c8ea21d03', '2022-04-19 12:54:55', '2025-05-10 11:39:42'),
(0, '5241c8ea21d03', '2022-04-27 16:29:58', '2025-05-10 11:39:42'),
(0, '5241c8ea21d03', '2022-04-27 17:51:29', '2025-05-10 11:39:42'),
(0, '5241c8ea21d03', '2022-04-29 08:15:09', '2025-05-10 11:39:42'),
(0, '5241c8ea21d03', '2022-04-30 21:58:20', '2025-05-10 11:39:42'),
(0, '5241c8ea21d03', '2022-05-02 13:01:06', '2025-05-10 11:39:42'),
(0, '5241c8ea21d03', '2022-05-02 14:14:36', '2025-05-10 11:39:42'),
(0, '5241c8ea21d03', '2022-05-02 18:37:19', '2025-05-10 11:39:42'),
(0, '5241c8ea21d03', '2022-05-03 08:51:22', '2025-05-10 11:39:42'),
(0, '5241c8ea21d03', '2022-05-23 17:18:27', '2025-05-10 11:39:42'),
(0, '5241c8ea21d03', '2022-05-24 08:59:08', '2025-05-10 11:39:42'),
(0, '5241c8ea21d03', '2022-06-24 14:14:10', '2025-05-10 11:39:42'),
(0, '5241c8ea21d03', '2022-06-27 14:50:14', '2025-05-10 11:39:42'),
(0, '5241c8ea21d03', '2022-06-27 18:54:20', '2025-05-10 11:39:42'),
(0, '5241c8ea21d03', '2022-07-15 20:45:01', '2025-05-10 11:39:42'),
(0, '5241c8ea21d03', '2022-07-16 13:58:43', '2025-05-10 11:39:42'),
(0, '5241c8ea21d03', '2022-07-17 13:19:46', '2025-05-10 11:39:42'),
(0, '5241c8ea21d03', '2022-07-17 16:49:43', '2025-05-10 11:39:42'),
(0, '5241c8ea21d03', '2022-07-20 11:41:30', '2025-05-10 11:39:42'),
(0, '5241c8ea21d03', '2022-07-22 13:26:48', '2025-05-10 11:39:42'),
(0, '5241c8ea21d03', '2022-07-27 17:59:42', '2025-05-10 11:39:42'),
(0, '5241c8ea21d03', '2022-08-03 20:10:15', '2025-05-10 11:39:42'),
(0, '5241c8ea21d03', '2022-08-03 22:11:30', '2025-05-10 11:39:42'),
(0, '5241c8ea21d03', '2022-08-04 22:57:16', '2025-05-10 11:39:42'),
(0, '5241c8ea21d03', '2022-08-05 08:52:43', '2025-05-10 11:39:42'),
(0, '5241c8ea21d03', '2022-08-05 10:25:51', '2025-05-10 11:39:42'),
(0, '5241c8ea21d03', '2022-08-06 15:06:59', '2025-05-10 11:39:42'),
(0, '5241c8ea21d03', '2022-08-06 19:20:37', '2025-05-10 11:39:42'),
(0, '5241c8ea21d03', '2022-08-06 21:43:15', '2025-05-10 11:39:42'),
(0, '5241c8ea21d03', '2022-08-07 07:43:19', '2025-05-10 11:39:42'),
(0, '5241c8ea21d03', '2022-08-07 10:18:46', '2025-05-10 11:39:42'),
(0, '5241c8ea21d03', '2022-08-07 12:11:10', '2025-05-10 11:39:42'),
(0, '5241c8ea21d03', '2022-08-07 18:52:41', '2025-05-10 11:39:42'),
(0, '5241c8ea21d03', '2022-08-07 22:52:35', '2025-05-10 11:39:42'),
(0, '5241c8ea21d03', '2022-08-17 09:52:50', '2025-05-10 11:39:42'),
(0, '5241c8ea21d03', '2022-08-30 18:42:45', '2025-05-10 11:39:42'),
(0, '5241c8ea21d03', '2022-08-31 16:28:30', '2025-05-10 11:39:42'),
(0, '5241c8ea21d03', '2022-09-01 17:38:02', '2025-05-10 11:39:42'),
(0, '5241c8ea21d03', '2022-09-02 10:33:38', '2025-05-10 11:39:42'),
(0, '5241c8ea21d03', '2022-09-02 22:51:44', '2025-05-10 11:39:42'),
(0, '5241c8ea21d03', '2022-09-03 11:52:58', '2025-05-10 11:39:42'),
(0, '5241c8ea21d03', '2022-09-03 17:15:27', '2025-05-10 11:39:42'),
(0, '5241c8ea21d03', '2022-09-05 11:10:08', '2025-05-10 11:39:42'),
(0, '5241c8ea21d03', '2022-09-05 15:10:02', '2025-05-10 11:39:42'),
(0, '5241c8ea21d03', '2022-09-06 06:44:47', '2025-05-10 11:39:42'),
(0, '5241c8ea21d03', '2022-09-06 11:48:19', '2025-05-10 11:39:42'),
(0, '5241c8ea21d03', '2022-09-06 16:12:33', '2025-05-10 11:39:42'),
(0, '5241c8ea21d03', '2022-09-06 17:34:38', '2025-05-10 11:39:42'),
(0, '5241c8ea21d03', '2022-09-06 18:47:54', '2025-05-10 11:39:42'),
(0, '5241c8ea21d03', '2022-09-07 09:52:24', '2025-05-10 11:39:42'),
(0, '5241c8ea21d03', '2022-09-07 16:28:42', '2025-05-10 11:39:42'),
(0, '5241c8ea21d03', '2022-09-08 09:25:42', '2025-05-10 11:39:42'),
(0, '5241c8ea21d03', '2022-09-08 09:26:03', '2025-05-10 11:39:42'),
(0, '5241c8ea21d03', '2022-09-08 09:43:31', '2025-05-10 11:39:42'),
(0, '5241c8ea21d03', '2022-09-08 11:57:00', '2025-05-10 11:39:42'),
(0, '5241c8ea21d03', '2022-09-08 15:53:02', '2025-05-10 11:39:42'),
(0, '5241c8ea21d03', '2022-09-09 11:51:56', '2025-05-10 11:39:42'),
(0, '5241c8ea21d03', '2022-09-12 10:49:14', '2025-05-10 11:39:42'),
(0, '5241c8ea21d03', '2022-09-12 10:49:52', '2025-05-10 11:39:42'),
(0, '5241c8ea21d03', '2022-09-12 11:33:09', '2025-05-10 11:39:42'),
(0, '5241c8ea21d03', '2022-09-12 15:40:21', '2025-05-10 11:39:42'),
(0, '5241c8ea21d03', '2022-09-13 11:27:04', '2025-05-10 11:39:42'),
(0, '5241c8ea21d03', '2022-09-14 15:40:55', '2025-05-10 11:39:42'),
(0, '5241c8ea21d03', '2022-09-14 15:42:48', '2025-05-10 11:39:42'),
(0, '5241c8ea21d03', '2022-09-17 11:14:58', '2025-05-10 11:39:42'),
(0, '5241c8ea21d03', '2022-09-19 11:42:32', '2025-05-10 11:39:42'),
(0, '5241c8ea21d03', '2022-09-22 15:00:14', '2025-05-10 11:39:42'),
(0, '5241c8ea21d03', '2022-09-22 16:16:43', '2025-05-10 11:39:42'),
(0, '5241c8ea21d03', '2022-09-22 18:43:03', '2025-05-10 11:39:42'),
(0, '5241c8ea21d03', '2022-09-23 09:59:33', '2025-05-10 11:39:42'),
(0, '5241c8ea21d03', '2022-09-23 10:46:23', '2025-05-10 11:39:42'),
(0, '5241c8ea21d03', '2022-09-27 12:04:39', '2025-05-10 11:39:42'),
(0, '5241c8ea21d03', '2022-09-27 15:00:45', '2025-05-10 11:39:42'),
(0, '5241c8ea21d03', '2022-09-28 10:30:53', '2025-05-10 11:39:42'),
(0, '5241c8ea21d03', '2022-09-28 11:19:54', '2025-05-10 11:39:42'),
(0, '5241c8ea21d03', '2022-09-29 17:49:55', '2025-05-10 11:39:42'),
(0, '5241c8ea21d03', '2022-09-30 14:43:42', '2025-05-10 11:39:42'),
(0, '5241c8ea21d03', '2022-09-30 16:13:27', '2025-05-10 11:39:42'),
(0, '5241c8ea21d03', '2022-10-01 10:38:50', '2025-05-10 11:39:42'),
(0, '5241c8ea21d03', '2022-10-01 14:22:24', '2025-05-10 11:39:42'),
(0, '5241c8ea21d03', '2022-10-01 15:56:08', '2025-05-10 11:39:42'),
(0, '5241c8ea21d03', '2022-10-01 16:45:28', '2025-05-10 11:39:42'),
(0, '5241c8ea21d03', '2022-10-01 17:41:05', '2025-05-10 11:39:42'),
(0, '5241c8ea21d03', '2022-10-11 17:29:39', '2025-05-10 11:39:42'),
(0, '5241c8ea21d03', '2022-10-12 10:48:20', '2025-05-10 11:39:42'),
(0, '5241c8ea21d03', '2022-10-12 14:50:12', '2025-05-10 11:39:42'),
(0, '5241c8ea21d03', '2022-10-12 16:06:31', '2025-05-10 11:39:42'),
(0, '5241c8ea21d03', '2022-10-12 18:01:51', '2025-05-10 11:39:42'),
(0, '5241c8ea21d03', '2022-10-13 10:59:51', '2025-05-10 11:39:42'),
(0, '5241c8ea21d03', '2022-10-13 11:06:59', '2025-05-10 11:39:42'),
(0, '5241c8ea21d03', '2022-10-13 15:27:26', '2025-05-10 11:39:42'),
(0, '5241c8ea21d03', '2022-10-13 15:36:37', '2025-05-10 11:39:42'),
(0, '5241c8ea21d03', '2022-10-13 15:51:59', '2025-05-10 11:39:42'),
(0, '5241c8ea21d03', '2022-10-13 17:42:36', '2025-05-10 11:39:42'),
(0, '5241c8ea21d03', '2022-10-14 11:33:06', '2025-05-10 11:39:42'),
(0, '5241c8ea21d03', '2022-10-14 14:55:18', '2025-05-10 11:39:42'),
(0, '5241c8ea21d03', '2022-10-14 15:12:10', '2025-05-10 11:39:42'),
(0, '5241c8ea21d03', '2022-10-14 16:05:19', '2025-05-10 11:39:42'),
(0, '5241c8ea21d03', '2022-10-17 10:09:29', '2025-05-10 11:39:42'),
(0, '5241c8ea21d03', '2022-10-17 10:12:23', '2025-05-10 11:39:42'),
(0, '5241c8ea21d03', '2022-10-17 13:07:34', '2025-05-10 11:39:42'),
(0, '5241c8ea21d03', '2022-10-17 13:23:16', '2025-05-10 11:39:42'),
(0, '5241c8ea21d03', '2022-10-17 13:24:00', '2025-05-10 11:39:42'),
(0, '5241c8ea21d03', '2022-10-17 16:58:29', '2025-05-10 11:39:42'),
(0, '5241c8ea21d03', '2022-10-17 17:23:28', '2025-05-10 11:39:42'),
(0, '5241c8ea21d03', '2022-10-17 17:39:05', '2025-05-10 11:39:42'),
(0, '5241c8ea21d03', '2022-10-18 10:32:38', '2025-05-10 11:39:42'),
(0, '5241c8ea21d03', '2022-10-18 11:34:02', '2025-05-10 11:39:42'),
(0, '5241c8ea21d03', '2022-10-18 16:45:16', '2025-05-10 11:39:42'),
(0, '5241c8ea21d03', '2022-10-18 16:59:45', '2025-05-10 11:39:42'),
(0, '5241c8ea21d03', '2022-10-19 08:27:13', '2025-05-10 11:39:42'),
(0, '5241c8ea21d03', '2022-10-19 09:41:59', '2025-05-10 11:39:42'),
(0, '5241c8ea21d03', '2022-10-19 18:24:05', '2025-05-10 11:39:42'),
(0, '5241c8ea21d03', '2022-10-20 18:33:25', '2025-05-10 11:39:42'),
(0, '5241c8ea21d03', '2022-10-22 17:24:36', '2025-05-10 11:39:42'),
(0, '5241c8ea21d03', '2022-10-24 12:18:46', '2025-05-10 11:39:42'),
(0, '5241c8ea21d03', '2022-10-24 15:33:35', '2025-05-10 11:39:42'),
(0, '5241c8ea21d03', '2022-10-24 17:56:37', '2025-05-10 11:39:42'),
(0, '5241c8ea21d03', '2022-10-24 20:10:53', '2025-05-10 11:39:42'),
(0, '5241c8ea21d03', '2022-10-26 10:59:11', '2025-05-10 11:39:42'),
(0, '5241c8ea21d03', '2022-10-26 11:02:57', '2025-05-10 11:39:42'),
(0, '5241c8ea21d03', '2022-10-26 11:03:02', '2025-05-10 11:39:42'),
(0, '5241c8ea21d03', '2022-10-29 19:34:35', '2025-05-10 11:39:42'),
(0, '5241c8ea21d03', '2022-11-03 18:41:02', '2025-05-10 11:39:42'),
(0, '5241c8ea21d03', '2022-11-03 18:41:28', '2025-05-10 11:39:42'),
(0, '5241c8ea21d03', '2022-11-03 18:41:34', '2025-05-10 11:39:42'),
(0, '5241c8ea21d03', '2022-11-09 10:02:43', '2025-05-10 11:39:42'),
(0, '5241c8ea21d03', '2022-11-09 15:04:30', '2025-05-10 11:39:42'),
(0, '5241c8ea21d03', '2022-11-16 09:22:02', '2025-05-10 11:39:42'),
(0, '5241c8ea21d03', '2022-11-25 14:49:35', '2025-05-10 11:39:42'),
(0, '5241c8ea21d03', '2022-11-28 17:50:59', '2025-05-10 11:39:42'),
(0, '5241c8ea21d03', '2022-12-05 14:21:47', '2025-05-10 11:39:42'),
(0, '5241c8ea21d03', '2022-12-27 17:22:46', '2025-05-10 11:39:42'),
(0, '5241c8ea21d03', '2022-12-27 17:55:52', '2025-05-10 11:39:42'),
(0, '5241c8ea21d03', '2022-12-28 10:24:09', '2025-05-10 11:39:42'),
(0, '5241c8ea21d03', '2022-12-28 15:53:33', '2025-05-10 11:39:42'),
(0, '5241c8ea21d03', '2022-12-30 15:44:21', '2025-05-10 11:39:42'),
(0, '5241c8ea21d03', '2023-01-02 09:24:52', '2025-05-10 11:39:42'),
(0, '5241c8ea21d03', '2023-01-02 15:01:38', '2025-05-10 11:39:42'),
(0, '5241c8ea21d03', '2023-01-14 13:22:13', '2025-05-10 11:39:42'),
(0, '5241c8ea21d03', '2023-01-15 12:24:35', '2025-05-10 11:39:42'),
(0, '5241c8ea21d03', '2023-01-15 16:56:11', '2025-05-10 11:39:42'),
(0, '5241c8ea21d03', '2023-01-17 09:27:28', '2025-05-10 11:39:42'),
(0, '5241c8ea21d03', '2023-01-17 16:09:31', '2025-05-10 11:39:42'),
(0, '5241c8ea21d03', '2023-01-18 15:08:48', '2025-05-10 11:39:42'),
(0, '5241c8ea21d03', '2023-01-18 15:18:05', '2025-05-10 11:39:42'),
(0, '5241c8ea21d03', '2023-01-18 15:23:02', '2025-05-10 11:39:42'),
(0, '5241c8ea21d03', '2023-01-19 15:33:26', '2025-05-10 11:39:42'),
(0, '5241c8ea21d03', '2023-01-23 16:53:09', '2025-05-10 11:39:42'),
(0, '5241c8ea21d03', '2023-01-24 19:40:22', '2025-05-10 11:39:42'),
(0, '5241c8ea21d03', '2023-01-25 08:02:15', '2025-05-10 11:39:42'),
(0, '5241c8ea21d03', '2023-01-26 09:51:37', '2025-05-10 11:39:42'),
(0, '5241c8ea21d03', '2023-01-26 14:45:43', '2025-05-10 11:39:42'),
(0, '5241c8ea21d03', '2023-01-27 09:42:21', '2025-05-10 11:39:42'),
(0, '5241c8ea21d03', '2023-02-01 18:36:29', '2025-05-10 11:39:42'),
(0, '5241c8ea21d03', '2023-02-01 20:37:14', '2025-05-10 11:39:42'),
(0, '5241c8ea21d03', '2023-02-02 15:19:29', '2025-05-10 11:39:42'),
(0, '5241c8ea21d03', '2023-02-02 17:45:54', '2025-05-10 11:39:42'),
(0, '5241c8ea21d03', '2023-02-03 17:33:30', '2025-05-10 11:39:42'),
(0, '5241c8ea21d03', '2023-02-06 09:39:06', '2025-05-10 11:39:42'),
(0, '5241c8ea21d03', '2023-02-06 14:30:50', '2025-05-10 11:39:42'),
(0, '5241c8ea21d03', '2023-02-06 21:03:12', '2025-05-10 11:39:42'),
(0, '5241c8ea21d03', '2023-02-07 09:39:14', '2025-05-10 11:39:42'),
(0, '5241c8ea21d03', '2023-02-07 19:35:26', '2025-05-10 11:39:42'),
(0, '5241c8ea21d03', '2023-02-08 10:53:47', '2025-05-10 11:39:42'),
(0, '5241c8ea21d03', '2023-02-08 10:58:40', '2025-05-10 11:39:42'),
(0, '5241c8ea21d03', '2023-02-08 12:06:59', '2025-05-10 11:39:42'),
(0, '5241c8ea21d03', '2023-02-08 13:30:01', '2025-05-10 11:39:42'),
(0, '5241c8ea21d03', '2023-02-08 13:58:57', '2025-05-10 11:39:42'),
(0, '5241c8ea21d03', '2023-02-08 15:19:25', '2025-05-10 11:39:42'),
(0, '5241c8ea21d03', '2023-02-08 20:16:04', '2025-05-10 11:39:42'),
(0, '5241c8ea21d03', '2023-02-13 20:02:29', '2025-05-10 11:39:42'),
(0, '5241c8ea21d03', '2023-02-13 20:50:59', '2025-05-10 11:39:42'),
(0, '5241c8ea21d03', '2023-02-14 15:53:15', '2025-05-10 11:39:42'),
(0, '5241c8ea21d03', '2023-02-14 16:17:41', '2025-05-10 11:39:42'),
(0, '5241c8ea21d03', '2023-02-14 20:59:19', '2025-05-10 11:39:42'),
(0, '5241c8ea21d03', '2023-02-15 12:32:40', '2025-05-10 11:39:42'),
(0, '5241c8ea21d03', '2023-02-15 12:40:58', '2025-05-10 11:39:42'),
(0, '5241c8ea21d03', '2023-02-15 13:54:24', '2025-05-10 11:39:42'),
(0, '5241c8ea21d03', '2023-02-15 16:39:12', '2025-05-10 11:39:42'),
(0, '5241c8ea21d03', '2023-02-15 18:23:03', '2025-05-10 11:39:42'),
(0, '5241c8ea21d03', '2023-02-15 18:37:01', '2025-05-10 11:39:42'),
(0, '5241c8ea21d03', '2023-02-15 19:05:49', '2025-05-10 11:39:42'),
(0, '5241c8ea21d03', '2023-02-16 12:17:55', '2025-05-10 11:39:42'),
(0, '5241c8ea21d03', '2023-02-16 15:42:11', '2025-05-10 11:39:42'),
(0, '5241c8ea21d03', '2023-02-16 16:06:42', '2025-05-10 11:39:42'),
(0, '5241c8ea21d03', '2023-02-17 13:05:07', '2025-05-10 11:39:42'),
(0, '5241c8ea21d03', '2023-02-17 14:34:28', '2025-05-10 11:39:42'),
(0, '5241c8ea21d03', '2023-02-17 14:34:52', '2025-05-10 11:39:42'),
(0, '5241c8ea21d03', '2023-02-17 14:41:33', '2025-05-10 11:39:42'),
(0, '5241c8ea21d03', '2023-02-17 19:03:15', '2025-05-10 11:39:42'),
(0, '5241c8ea21d03', '2023-02-17 20:50:23', '2025-05-10 11:39:42'),
(0, '5241c8ea21d03', '2023-02-18 11:12:59', '2025-05-10 11:39:42'),
(0, '5241c8ea21d03', '2023-02-18 14:56:06', '2025-05-10 11:39:42'),
(0, '5241c8ea21d03', '2023-02-18 16:27:20', '2025-05-10 11:39:42'),
(0, '5241c8ea21d03', '2023-02-18 17:00:12', '2025-05-10 11:39:42'),
(0, '5241c8ea21d03', '2023-02-18 21:25:33', '2025-05-10 11:39:42'),
(0, '5241c8ea21d03', '2023-02-20 09:11:28', '2025-05-10 11:39:42'),
(0, '5241c8ea21d03', '2023-02-20 09:47:12', '2025-05-10 11:39:42'),
(0, '5241c8ea21d03', '2023-02-20 14:25:58', '2025-05-10 11:39:42'),
(0, '5241c8ea21d03', '2023-02-20 15:26:40', '2025-05-10 11:39:42'),
(0, '5241c8ea21d03', '2023-02-20 16:59:09', '2025-05-10 11:39:42'),
(0, '5241c8ea21d03', '2023-02-21 10:12:43', '2025-05-10 11:39:42'),
(0, '5241c8ea21d03', '2023-02-21 13:57:20', '2025-05-10 11:39:42'),
(0, '5241c8ea21d03', '2023-02-21 17:42:43', '2025-05-10 11:39:42'),
(0, '5241c8ea21d03', '2023-03-02 09:49:10', '2025-05-10 11:39:42'),
(0, '6400639ee2df6', '2023-03-02 14:42:44', '2025-05-10 11:39:42'),
(0, '6400639ee2df6', '2023-03-02 14:43:14', '2025-05-10 11:39:42'),
(0, '6400639ee2df6', '2023-03-02 14:43:58', '2025-05-10 11:39:42'),
(0, '6400639ee2df6', '2023-03-02 14:45:46', '2025-05-10 11:39:42'),
(0, '5241c8ea21d03', '2023-03-03 20:11:25', '2025-05-10 11:39:42'),
(0, '5241c8ea21d03', '2023-03-06 10:43:01', '2025-05-10 11:39:42'),
(0, '6400639ee2df6', '2023-03-06 17:04:47', '2025-05-10 11:39:42'),
(0, '5241c8ea21d03', '2023-03-10 09:38:54', '2025-05-10 11:39:42'),
(0, '6400639ee2df6', '2023-03-10 10:22:15', '2025-05-10 11:39:42'),
(0, '5241c8ea21d03', '2023-03-10 11:01:45', '2025-05-10 11:39:42'),
(0, '6400639ee2df6', '2023-03-10 11:35:14', '2025-05-10 11:39:42'),
(0, '5241c8ea21d03', '2023-03-21 19:28:16', '2025-05-10 11:39:42'),
(0, '6400639ee2df6', '2023-03-27 16:57:56', '2025-05-10 11:39:42'),
(0, '5241c8ea21d03', '2023-03-27 17:12:51', '2025-05-10 11:39:42'),
(0, '5241c8ea21d03', '2023-03-27 18:48:37', '2025-05-10 11:39:42'),
(0, '6400639ee2df6', '2023-03-28 15:24:39', '2025-05-10 11:39:42'),
(0, '6400639ee2df6', '2023-03-28 16:50:26', '2025-05-10 11:39:42'),
(0, '6400639ee2df6', '2023-03-29 10:18:44', '2025-05-10 11:39:42'),
(0, '6400639ee2df6', '2023-03-31 11:22:02', '2025-05-10 11:39:42'),
(0, '6400639ee2df6', '2023-04-03 12:21:01', '2025-05-10 11:39:42'),
(0, '6400639ee2df6', '2023-04-03 14:02:20', '2025-05-10 11:39:42'),
(0, '6400639ee2df6', '2023-04-03 17:07:09', '2025-05-10 11:39:42'),
(0, '5241c8ea21d03', '2023-04-03 18:16:32', '2025-05-10 11:39:42'),
(0, '6400639ee2df6', '2023-04-04 16:31:38', '2025-05-10 11:39:42'),
(0, '5241c8ea21d03', '2023-04-04 17:45:51', '2025-05-10 11:39:42'),
(0, '5241c8ea21d03', '2023-04-05 17:39:46', '2025-05-10 11:39:42'),
(0, '6400639ee2df6', '2023-04-26 10:50:53', '2025-05-10 11:39:42'),
(0, '5241c8ea21d03', '2023-04-28 10:19:21', '2025-05-10 11:39:42'),
(0, '5241c8ea21d03', '2023-05-03 09:19:44', '2025-05-10 11:39:42'),
(0, '5241c8ea21d03', '2023-05-03 11:05:48', '2025-05-10 11:39:42'),
(0, '6400639ee2df6', '2023-05-03 18:04:36', '2025-05-10 11:39:42'),
(0, '5241c8ea21d03', '2023-05-09 17:32:39', '2025-05-10 11:39:42'),
(0, '6400639ee2df6', '2023-05-16 11:05:40', '2025-05-10 11:39:42'),
(0, '5241c8ea21d03', '2023-05-20 14:39:49', '2025-05-10 11:39:42'),
(0, '5241c8ea21d03', '2023-05-22 17:23:04', '2025-05-10 11:39:42'),
(0, '5241c8ea21d03', '2023-05-24 09:47:52', '2025-05-10 11:39:42'),
(0, '6400639ee2df6', '2023-05-24 10:23:33', '2025-05-10 11:39:42'),
(0, '6400639ee2df6', '2023-05-24 14:29:23', '2025-05-10 11:39:42'),
(0, '6400639ee2df6', '2023-05-26 10:55:16', '2025-05-10 11:39:42'),
(0, '6400639ee2df6', '2023-05-29 10:06:34', '2025-05-10 11:39:42'),
(0, '6400639ee2df6', '2023-05-31 09:38:13', '2025-05-10 11:39:42'),
(0, '5241c8ea21d03', '2023-05-31 14:59:20', '2025-05-10 11:39:42'),
(0, '6400639ee2df6', '2023-05-31 15:01:00', '2025-05-10 11:39:42'),
(0, '6400639ee2df6', '2023-05-31 15:55:21', '2025-05-10 11:39:42'),
(0, '6400639ee2df6', '2023-06-01 08:59:17', '2025-05-10 11:39:42'),
(0, '6400639ee2df6', '2023-06-01 13:56:25', '2025-05-10 11:39:42'),
(0, '5241c8ea21d03', '2023-06-01 15:03:44', '2025-05-10 11:39:42'),
(0, '6400639ee2df6', '2023-06-01 15:04:29', '2025-05-10 11:39:42'),
(0, '6400639ee2df6', '2023-06-05 10:12:28', '2025-05-10 11:39:42'),
(0, '5241c8ea21d03', '2023-06-05 10:20:15', '2025-05-10 11:39:42'),
(0, '5241c8ea21d03', '2023-06-12 08:56:51', '2025-05-10 11:39:42'),
(0, '6400639ee2df6', '2023-06-19 09:16:22', '2025-05-10 11:39:42'),
(0, '5241c8ea21d03', '2023-06-19 10:06:58', '2025-05-10 11:39:42'),
(0, '6400639ee2df6', '2023-06-19 11:27:15', '2025-05-10 11:39:42'),
(0, '5241c8ea21d03', '2023-06-26 12:03:42', '2025-05-10 11:39:42'),
(0, '5241c8ea21d03', '2023-06-27 16:52:18', '2025-05-10 11:39:42'),
(0, '5241c8ea21d03', '2023-06-28 10:14:28', '2025-05-10 11:39:42'),
(0, '5241c8ea21d03', '2023-07-04 11:49:37', '2025-05-10 11:39:42'),
(0, '6400639ee2df6', '2023-07-07 09:38:25', '2025-05-10 11:39:42'),
(0, '5241c8ea21d03', '2023-07-08 09:38:21', '2025-05-10 11:39:42'),
(0, '5241c8ea21d03', '2023-09-07 09:56:48', '2025-05-10 11:39:42'),
(0, '6400639ee2df6', '2023-09-25 14:18:23', '2025-05-10 11:39:42'),
(0, '6400639ee2df6', '2023-10-12 09:51:07', '2025-05-10 11:39:42'),
(0, '5241c8ea21d03', '2023-12-15 16:04:49', '2025-05-10 11:39:42'),
(0, '5241c8ea21d03', '2023-12-16 16:16:22', '2025-05-10 11:39:42'),
(0, '5241c8ea21d03', '2023-12-18 09:59:02', '2025-05-10 11:39:42'),
(0, '5241c8ea21d03', '2023-12-20 14:31:54', '2025-05-10 11:39:42'),
(0, '5241c8ea21d03', '2023-12-20 16:03:09', '2025-05-10 11:39:42'),
(0, '5241c8ea21d03', '2023-12-29 10:29:20', '2025-05-10 11:39:42'),
(0, '5241c8ea21d03', '2024-01-16 17:07:25', '2025-05-10 11:39:42'),
(0, '5241c8ea21d03', '2024-01-18 10:10:40', '2025-05-10 11:39:42'),
(0, '6400639ee2df6', '2024-01-18 11:33:14', '2025-05-10 11:39:42'),
(0, '5241c8ea21d03', '2024-01-18 11:37:33', '2025-05-10 11:39:42'),
(0, '5241c8ea21d03', '2024-01-18 17:48:50', '2025-05-10 11:39:42'),
(0, '5241c8ea21d03', '2024-01-19 17:36:57', '2025-05-10 11:39:42'),
(0, '5241c8ea21d03', '2024-01-19 17:38:38', '2025-05-10 11:39:42'),
(0, '5241c8ea21d03', '2024-01-19 17:42:03', '2025-05-10 11:39:42'),
(0, '5241c8ea21d03', '2024-01-19 17:43:43', '2025-05-10 11:39:42'),
(0, '5241c8ea21d03', '2024-01-19 18:21:37', '2025-05-10 11:39:42'),
(0, '5241c8ea21d03', '2024-01-21 16:48:21', '2025-05-10 11:39:42'),
(0, '5241c8ea21d03', '2024-01-22 09:40:57', '2025-05-10 11:39:42');
INSERT INTO `admin_traces` (`trace_id`, `trace_compte`, `trace_datetime_connexion`, `trace_datetime_deconnexion`) VALUES
(0, '5241c8ea21d03', '2024-01-22 09:48:17', '2025-05-10 11:39:42'),
(0, '5241c8ea21d03', '2024-01-22 11:00:45', '2025-05-10 11:39:42'),
(0, '5241c8ea21d03', '2024-01-22 11:03:07', '2025-05-10 11:39:42'),
(0, '5241c8ea21d03', '2024-01-22 11:09:41', '2025-05-10 11:39:42'),
(0, '5241c8ea21d03', '2024-01-22 11:12:37', '2025-05-10 11:39:42'),
(0, '6400639ee2df6', '2024-01-24 12:20:06', '2025-05-10 11:39:42'),
(0, '6400639ee2df6', '2024-01-25 15:56:57', '2025-05-10 11:39:42'),
(0, '5241c8ea21d03', '2024-01-31 09:30:24', '2025-05-10 11:39:42'),
(0, '5241c8ea21d03', '2024-02-01 15:50:12', '2025-05-10 11:39:42'),
(0, '6400639ee2df6', '2024-02-14 11:48:53', '2025-05-10 11:39:42'),
(0, '6400639ee2df6', '2024-02-21 11:25:33', '2025-05-10 11:39:42'),
(0, '5241c8ea21d03', '2024-02-21 15:18:45', '2025-05-10 11:39:42'),
(0, '6400639ee2df6', '2024-02-22 14:43:19', '2025-05-10 11:39:42'),
(0, '6400639ee2df6', '2024-02-26 13:48:25', '2025-05-10 11:39:42'),
(0, '5241c8ea21d03', '2024-02-29 09:19:03', '2025-05-10 11:39:42'),
(0, '6400639ee2df6', '2024-03-26 09:55:30', '2025-05-10 11:39:42'),
(0, '5241c8ea21d03', '2024-04-09 11:44:44', '2025-05-10 11:39:42'),
(0, '6400639ee2df6', '2024-04-09 14:02:57', '2025-05-10 11:39:42'),
(0, '6400639ee2df6', '2024-04-10 10:58:43', '2025-05-10 11:39:42'),
(0, '6400639ee2df6', '2024-04-11 09:20:53', '2025-05-10 11:39:42'),
(0, '6400639ee2df6', '2024-04-11 09:37:56', '2025-05-10 11:39:42'),
(0, '6400639ee2df6', '2024-04-11 11:31:26', '2025-05-10 11:39:42'),
(0, '6400639ee2df6', '2024-04-12 10:38:37', '2025-05-10 11:39:42'),
(0, '6400639ee2df6', '2024-04-12 11:25:31', '2025-05-10 11:39:42'),
(0, '6400639ee2df6', '2024-04-12 15:19:31', '2025-05-10 11:39:42'),
(0, '6400639ee2df6', '2024-04-15 10:25:34', '2025-05-10 11:39:42'),
(0, '6400639ee2df6', '2024-04-16 14:31:43', '2025-05-10 11:39:42'),
(0, '6400639ee2df6', '2024-04-17 09:50:10', '2025-05-10 11:39:42'),
(0, '6400639ee2df6', '2024-04-17 09:52:57', '2025-05-10 11:39:42'),
(0, '6400639ee2df6', '2024-04-17 11:36:56', '2025-05-10 11:39:42'),
(0, '6400639ee2df6', '2024-04-17 14:35:24', '2025-05-10 11:39:42'),
(0, '6400639ee2df6', '2024-04-17 15:52:37', '2025-05-10 11:39:42'),
(0, '6400639ee2df6', '2024-04-18 09:42:05', '2025-05-10 11:39:42'),
(0, '6400639ee2df6', '2024-04-18 10:52:43', '2025-05-10 11:39:42'),
(0, '6400639ee2df6', '2024-04-19 09:55:15', '2025-05-10 11:39:42'),
(0, '6400639ee2df6', '2024-04-19 10:01:20', '2025-05-10 11:39:42'),
(0, '6400639ee2df6', '2024-04-19 10:01:25', '2025-05-10 11:39:42'),
(0, '6400639ee2df6', '2024-04-19 10:02:04', '2025-05-10 11:39:42'),
(0, '6400639ee2df6', '2024-04-25 15:23:56', '2025-05-10 11:39:42'),
(0, '5241c8ea21d03', '2024-04-27 16:03:31', '2025-05-10 11:39:42'),
(0, '6400639ee2df6', '2024-05-03 15:59:18', '2025-05-10 11:39:42'),
(0, '6400639ee2df6', '2024-05-03 16:06:51', '2025-05-10 11:39:42'),
(0, '6400639ee2df6', '2024-05-05 11:01:13', '2025-05-10 11:39:42'),
(0, '5241c8ea21d03', '2024-05-06 16:39:57', '2025-05-10 11:39:42'),
(0, '5241c8ea21d03', '2024-05-13 15:51:25', '2025-05-10 11:39:42'),
(0, '6400639ee2df6', '2024-05-27 10:37:29', '2025-05-10 11:39:42'),
(0, '5241c8ea21d03', '2024-05-27 11:34:16', '2025-05-10 11:39:42'),
(0, '5241c8ea21d03', '2024-05-30 10:15:18', '2025-05-10 11:39:42'),
(0, '5241c8ea21d03', '2024-05-30 16:19:24', '2025-05-10 11:39:42'),
(0, '5241c8ea21d03', '2024-05-30 16:40:32', '2025-05-10 11:39:42'),
(0, '6400639ee2df6', '2024-05-31 10:20:32', '2025-05-10 11:39:42'),
(0, '6400639ee2df6', '2024-05-31 11:14:28', '2025-05-10 11:39:42'),
(0, '5241c8ea21d03', '2024-05-31 15:36:59', '2025-05-10 11:39:42'),
(0, '6400639ee2df6', '2024-05-31 15:53:25', '2025-05-10 11:39:42'),
(0, '6400639ee2df6', '2024-05-31 15:55:44', '2025-05-10 11:39:42'),
(0, '5241c8ea21d03', '2024-06-02 16:51:45', '2025-05-10 11:39:42'),
(0, '5241c8ea21d03', '2024-06-03 09:43:47', '2025-05-10 11:39:42'),
(0, '6400639ee2df6', '2024-06-03 10:00:48', '2025-05-10 11:39:42'),
(0, '6400639ee2df6', '2024-06-03 10:35:07', '2025-05-10 11:39:42'),
(0, '6400639ee2df6', '2024-06-03 15:50:10', '2025-05-10 11:39:42'),
(0, '6400639ee2df6', '2024-06-05 10:26:40', '2025-05-10 11:39:42'),
(0, '6400639ee2df6', '2024-06-05 10:27:27', '2025-05-10 11:39:42'),
(0, '6400639ee2df6', '2024-06-05 10:27:34', '2025-05-10 11:39:42'),
(0, '6400639ee2df6', '2024-06-05 15:20:06', '2025-05-10 11:39:42'),
(0, '5241c8ea21d03', '2024-06-07 08:41:09', '2025-05-10 11:39:42'),
(0, '5241c8ea21d03', '2024-06-07 09:11:28', '2025-05-10 11:39:42'),
(0, '6400639ee2df6', '2024-06-07 10:51:44', '2025-05-10 11:39:42'),
(0, '6400639ee2df6', '2024-06-09 16:55:29', '2025-05-10 11:39:42'),
(0, '6400639ee2df6', '2024-06-10 17:01:34', '2025-05-10 11:39:42'),
(0, '5241c8ea21d03', '2024-06-10 21:12:40', '2025-05-10 11:39:42'),
(0, '6400639ee2df6', '2024-06-18 08:51:49', '2025-05-10 11:39:42'),
(0, '6400639ee2df6', '2024-06-18 08:54:17', '2025-05-10 11:39:42'),
(0, '6400639ee2df6', '2024-06-18 08:54:20', '2025-05-10 11:39:42'),
(0, '6400639ee2df6', '2024-06-18 08:54:28', '2025-05-10 11:39:42'),
(0, '6400639ee2df6', '2024-06-18 08:54:37', '2025-05-10 11:39:42'),
(0, '6400639ee2df6', '2024-06-18 08:54:41', '2025-05-10 11:39:42'),
(0, '6400639ee2df6', '2024-06-18 09:00:29', '2025-05-10 11:39:42'),
(0, '6400639ee2df6', '2024-06-18 09:00:37', '2025-05-10 11:39:42'),
(0, '6400639ee2df6', '2024-06-18 09:00:47', '2025-05-10 11:39:42'),
(0, '6400639ee2df6', '2024-06-18 09:01:06', '2025-05-10 11:39:42'),
(0, '6400639ee2df6', '2024-06-18 09:01:08', '2025-05-10 11:39:42'),
(0, '6400639ee2df6', '2024-06-18 09:01:19', '2025-05-10 11:39:42'),
(0, '6400639ee2df6', '2024-06-18 09:01:31', '2025-05-10 11:39:42'),
(0, '6400639ee2df6', '2024-06-18 09:01:37', '2025-05-10 11:39:42'),
(0, '6400639ee2df6', '2024-06-18 09:01:39', '2025-05-10 11:39:42'),
(0, '6400639ee2df6', '2024-06-18 09:01:46', '2025-05-10 11:39:42'),
(0, '6400639ee2df6', '2024-06-18 09:02:17', '2025-05-10 11:39:42'),
(0, '5241c8ea21d03', '2024-07-03 16:32:31', '2025-05-10 11:39:42'),
(0, '6400639ee2df6', '2024-07-03 17:12:38', '2025-05-10 11:39:42'),
(0, '6400639ee2df6', '2024-07-09 09:23:50', '2025-05-10 11:39:42'),
(0, '5241c8ea21d03', '2024-09-11 10:41:03', '2025-05-10 11:39:42'),
(0, '5241c8ea21d03', '2024-11-03 16:38:43', '2025-05-10 11:39:42'),
(0, '5241c8ea21d03', '2024-12-12 17:31:30', '2025-05-10 11:39:42'),
(0, '5241c8ea21d03', '2024-12-14 11:59:15', '2025-05-10 11:39:42'),
(0, '5241c8ea21d03', '2024-12-16 10:35:50', '2025-05-10 11:39:42'),
(0, '5241c8ea21d03', '2024-12-30 10:27:08', '2025-05-10 11:39:42'),
(0, '6400639ee2df6', '2025-02-03 12:48:25', '2025-05-10 11:39:42'),
(0, '6400639ee2df6', '2025-02-04 10:05:54', '2025-05-10 11:39:42'),
(0, '6400639ee2df6', '2025-02-04 15:13:27', '2025-05-10 11:39:42'),
(0, '5241c8ea21d03', '2025-02-17 17:54:11', '2025-05-10 11:39:42'),
(0, '6400639ee2df6', '2025-02-19 10:57:22', '2025-05-10 11:39:42'),
(0, '6400639ee2df6', '2025-02-24 11:28:03', '2025-05-10 11:39:42'),
(0, '6400639ee2df6', '2025-02-26 15:23:51', '2025-05-10 11:39:42'),
(0, '5241c8ea21d03', '2025-03-02 17:40:15', '2025-05-10 11:39:42'),
(0, '6400639ee2df6', '2025-03-04 15:50:41', '2025-05-10 11:39:42'),
(0, '6400639ee2df6', '2025-03-20 11:20:33', '2025-05-10 11:39:42'),
(0, '6400639ee2df6', '2025-03-20 11:27:57', '2025-05-10 11:39:42'),
(0, '6400639ee2df6', '2025-03-26 11:28:59', '2025-05-10 11:39:42'),
(0, '6400639ee2df6', '2025-03-26 11:30:40', '2025-05-10 11:39:42'),
(0, '6400639ee2df6', '2025-03-26 12:49:24', '2025-05-10 11:39:42'),
(0, '6400639ee2df6', '2025-04-14 09:26:29', '2025-05-10 11:39:42'),
(0, '6400639ee2df6', '2025-04-15 10:36:42', '2025-05-10 11:39:42'),
(0, '6400639ee2df6', '2025-04-16 10:38:26', '2025-05-10 11:39:42'),
(0, '6400639ee2df6', '2025-04-22 10:37:40', '2025-05-10 11:39:42'),
(0, '6400639ee2df6', '2025-04-22 10:47:38', '2025-05-10 11:39:42'),
(0, '6400639ee2df6', '2025-04-22 12:11:20', '2025-05-10 11:39:42'),
(0, '6400639ee2df6', '2025-04-25 12:08:43', '2025-05-10 11:39:42'),
(0, '5241c8ea21d03', '2025-05-05 12:45:10', '2025-05-10 11:39:42'),
(0, '6400639ee2df6', '2025-05-09 16:03:38', '2025-05-10 11:39:42'),
(0, '5241c8ea21d03', '2025-05-10 11:39:03', '2025-05-10 11:39:42'),
(0, '5241c8ea21d03', '2025-05-13 09:18:08', '1970-01-01 00:00:00'),
(0, '6400639ee2df6', '2025-05-13 09:20:03', '1970-01-01 00:00:00'),
(0, '6400639ee2df6', '2025-05-13 11:30:01', '1970-01-01 00:00:00'),
(0, '6400639ee2df6', '2025-05-14 09:32:47', '1970-01-01 00:00:00'),
(0, '5241c8ea21d03', '2025-05-14 09:36:04', '1970-01-01 00:00:00'),
(0, '6400639ee2df6', '2025-05-25 09:24:28', '1970-01-01 00:00:00'),
(0, '6400639ee2df6', '2025-05-25 10:28:48', '1970-01-01 00:00:00'),
(0, '6400639ee2df6', '2025-05-26 10:11:18', '1970-01-01 00:00:00'),
(0, '5241c8ea21d03', '2025-05-26 15:28:56', '1970-01-01 00:00:00'),
(0, '6400639ee2df6', '2025-05-27 12:52:10', '1970-01-01 00:00:00'),
(0, '5241c8ea21d03', '2025-05-27 15:51:58', '1970-01-01 00:00:00'),
(0, '6400639ee2df6', '2025-06-02 12:34:06', '1970-01-01 00:00:00'),
(0, '6400639ee2df6', '2025-06-03 14:25:36', '1970-01-01 00:00:00'),
(0, '5241c8ea21d03', '2025-06-04 10:53:57', '1970-01-01 00:00:00'),
(0, '5241c8ea21d03', '2025-06-27 16:30:26', '1970-01-01 00:00:00'),
(0, '5241c8ea21d03', '2025-07-08 15:10:41', '1970-01-01 00:00:00'),
(0, '5241c8ea21d03', '2025-09-01 16:16:57', '1970-01-01 00:00:00'),
(0, '5241c8ea21d03', '2025-09-01 16:24:49', '1970-01-01 00:00:00');

-- --------------------------------------------------------

--
-- Structure de la table `competitions`
--

CREATE TABLE `competitions` (
  `competition_id` varchar(100) CHARACTER SET utf8mb3 COLLATE utf8mb3_unicode_ci NOT NULL DEFAULT '0',
  `competition_annee` year NOT NULL DEFAULT '0000',
  `competition_date_debut` date NOT NULL DEFAULT '1970-01-01',
  `competition_date_fin` date NOT NULL DEFAULT '1970-01-01',
  `competition_heure_debut` time NOT NULL DEFAULT '00:00:00',
  `competition_nb_golfs` int NOT NULL DEFAULT '4',
  `competition_golfs` varchar(100) CHARACTER SET utf8mb3 COLLATE utf8mb3_unicode_ci NOT NULL DEFAULT '1,2,3,4',
  `competition_nb_groupes` int NOT NULL DEFAULT '4',
  `competition_intervalle_departs` int NOT NULL DEFAULT '10',
  `competition_sponsor_1` varchar(255) CHARACTER SET utf8mb3 COLLATE utf8mb3_unicode_ci NOT NULL,
  `competition_sponsor_2` varchar(255) CHARACTER SET utf8mb3 COLLATE utf8mb3_unicode_ci NOT NULL,
  `competition_sponsor_3` varchar(255) CHARACTER SET utf8mb3 COLLATE utf8mb3_unicode_ci NOT NULL,
  `competition_sponsor_4` varchar(255) CHARACTER SET utf8mb3 COLLATE utf8mb3_unicode_ci NOT NULL,
  `competition_sponsors_classement` varchar(255) CHARACTER SET utf8mb3 COLLATE utf8mb3_unicode_ci NOT NULL,
  `competition_archive` int NOT NULL DEFAULT '0',
  `competition_active` smallint NOT NULL DEFAULT '0',
  `prix_forfait` varchar(255) CHARACTER SET utf8mb3 COLLATE utf8mb3_unicode_ci NOT NULL DEFAULT '0',
  `single_no_pisc` varchar(255) CHARACTER SET utf8mb3 COLLATE utf8mb3_unicode_ci NOT NULL,
  `single_pisc` varchar(255) CHARACTER SET utf8mb3 COLLATE utf8mb3_unicode_ci NOT NULL DEFAULT '0',
  `no_heb_pro_no_hotel` double NOT NULL DEFAULT '0',
  `no_heb_pro_hotel` double NOT NULL DEFAULT '0',
  `text_heb` varchar(555) CHARACTER SET utf8mb3 COLLATE utf8mb3_unicode_ci NOT NULL,
  `text_heb_pro` varchar(555) CHARACTER SET utf8mb3 COLLATE utf8mb3_unicode_ci NOT NULL,
  `date_debut_hotel` date NOT NULL DEFAULT '1970-01-01',
  `date_fin_hotel` date NOT NULL DEFAULT '1970-01-01',
  `double_no_pisc` varchar(255) CHARACTER SET utf8mb3 COLLATE utf8mb3_unicode_ci NOT NULL DEFAULT '0',
  `double_pisc` varchar(255) CHARACTER SET utf8mb3 COLLATE utf8mb3_unicode_ci DEFAULT '0',
  `acc_double_pisc` double NOT NULL DEFAULT '0',
  `acc_single_pisc` double NOT NULL DEFAULT '0',
  `acc_double_no_pisc` double NOT NULL DEFAULT '0',
  `acc_single_no_pisc` double NOT NULL DEFAULT '0',
  `text_heb_acc` varchar(555) CHARACTER SET utf8mb3 COLLATE utf8mb3_unicode_ci NOT NULL,
  `text_heb_2` varchar(555) CHARACTER SET utf8mb3 COLLATE utf8mb3_unicode_ci NOT NULL,
  `text_heb_3` varchar(555) CHARACTER SET utf8mb3 COLLATE utf8mb3_unicode_ci NOT NULL,
  `text_heb_4` varchar(555) CHARACTER SET utf8mb3 COLLATE utf8mb3_unicode_ci NOT NULL,
  `text_heb_pro_2` varchar(555) CHARACTER SET utf8mb3 COLLATE utf8mb3_unicode_ci NOT NULL,
  `text_heb_pro_3` varchar(555) CHARACTER SET utf8mb3 COLLATE utf8mb3_unicode_ci NOT NULL,
  `text_heb_2_en` varchar(555) CHARACTER SET utf8mb3 COLLATE utf8mb3_unicode_ci NOT NULL,
  `text_heb_3_en` varchar(555) CHARACTER SET utf8mb3 COLLATE utf8mb3_unicode_ci NOT NULL,
  `text_heb_4_en` varchar(555) CHARACTER SET utf8mb3 COLLATE utf8mb3_unicode_ci NOT NULL,
  `text_heb_pro_2_en` varchar(555) CHARACTER SET utf8mb3 COLLATE utf8mb3_unicode_ci NOT NULL,
  `text_heb_pro_3_en` varchar(555) CHARACTER SET utf8mb3 COLLATE utf8mb3_unicode_ci NOT NULL,
  `text_acc_final_FR` varchar(555) CHARACTER SET utf8mb3 COLLATE utf8mb3_unicode_ci NOT NULL,
  `text_acc_final_EN` varchar(555) CHARACTER SET utf8mb3 COLLATE utf8mb3_unicode_ci NOT NULL,
  `text_heb_en` varchar(255) CHARACTER SET utf8mb3 COLLATE utf8mb3_unicode_ci NOT NULL,
  `text_heb_pro_en` varchar(255) CHARACTER SET utf8mb3 COLLATE utf8mb3_unicode_ci NOT NULL,
  `text_heb_acc_en` varchar(255) CHARACTER SET utf8mb3 COLLATE utf8mb3_unicode_ci NOT NULL,
  `date_debut_hotel_gratuit` date NOT NULL DEFAULT '1970-01-01',
  `date_fin_hotel_gratuit` date NOT NULL DEFAULT '1970-01-01',
  `acc_forfait` double NOT NULL DEFAULT '0'
) ENGINE=MyISAM DEFAULT CHARSET=utf8mb3 COLLATE=utf8mb3_unicode_ci COMMENT='Liste des compétitions';

--
-- Déchargement des données de la table `competitions`
--

INSERT INTO `competitions` (`competition_id`, `competition_annee`, `competition_date_debut`, `competition_date_fin`, `competition_heure_debut`, `competition_nb_golfs`, `competition_golfs`, `competition_nb_groupes`, `competition_intervalle_departs`, `competition_sponsor_1`, `competition_sponsor_2`, `competition_sponsor_3`, `competition_sponsor_4`, `competition_sponsors_classement`, `competition_archive`, `competition_active`, `prix_forfait`, `single_no_pisc`, `single_pisc`, `no_heb_pro_no_hotel`, `no_heb_pro_hotel`, `text_heb`, `text_heb_pro`, `date_debut_hotel`, `date_fin_hotel`, `double_no_pisc`, `double_pisc`, `acc_double_pisc`, `acc_single_pisc`, `acc_double_no_pisc`, `acc_single_no_pisc`, `text_heb_acc`, `text_heb_2`, `text_heb_3`, `text_heb_4`, `text_heb_pro_2`, `text_heb_pro_3`, `text_heb_2_en`, `text_heb_3_en`, `text_heb_4_en`, `text_heb_pro_2_en`, `text_heb_pro_3_en`, `text_acc_final_FR`, `text_acc_final_EN`, `text_heb_en`, `text_heb_pro_en`, `text_heb_acc_en`, `date_debut_hotel_gratuit`, `date_fin_hotel_gratuit`, `acc_forfait`) VALUES
('63d243637bb80', '2023', '2023-06-12', '2023-06-16', '08:00:00', 4, '1,2,3,4', 4, 10, 'SRIXON', 'GOLF FIRST', 'MAKILAS', 'UNDERAMOUR', '', 1, 1, '__6-1400__7-1250__8-1730', '__6-240__7-200__8-310', '__6-240__7-200__8-310', 730, 0, ' <strong>Le tarif est de 1730 € à l\'Atlantal , 1400 € au Biarritz, 1250 € au Bayonne en chambre double standard, comprenant :  6 nuits en chambre double standard en petit déjeuner  4 greens fees -  2 cocktails , le dîner du vendredi soir, l\'organisation Golf First/Makilas -  Chaque joueur  doit remplir une fiche individuellement</strong>', 'Chaque joueur doit remplir une fiche individuellement', '2023-06-10', '2023-06-18', '__6-0__7-0__8-0', '__6-0__7-0__8-0', 930, 0, 930, 930, 'Vous ne pouvez choisir qu\'une chambre double identique au  joueur que vous accompagnez.', 'Si vous choisissez une chambre single, le supplément est de 310 €  Atlanthal, 240€ Biarritz, 200 € Bayonne pour les 6 nuits.', 'Les dates d\'arrivée et départs sont  prévues du 11 au 17 Juin 2023. Si vous souhaitez prolonger votre séjour (avant ou après) modifiez les directement ci-dessous.  le supplément est de 170 €  Atlanthal en double, 100€ Biarritz,70 € Bayonne par personne.', 'Il n\'existe pas de choix vue piscine Mer. Chaque joueur ou accompagnant doit remplir une fiche individuellement', '', '', 'If you choose a single room, the supplement is 310 €  Atlanthal, 240€ Biarritz, 200 € Bayonne for the 6 nights.', 'Arrival and departure dates are from 11 to 17 June 2023. If you wish to extend your stay (before or after) please change the dates directly below.  Supplement in double room per night and per person: 100 € single: 140 € ', 'There is no choice of sea view pool.  ', '', '', 'Vous ne pouvez choisir qu\'une chambre double identique au  joueur que vous accompagnez.', 'You can only choose a double room when completing the same standard option as the player you are accompanying.', 'The rate is € 1730 € at Atlantal , 1400 € at Biarritz, 1250 € at Bayonne in a standard double room, including: 6 nights in a standard double room with breakfast, 4 greens fees, 2 cocktails, Friday night dinner, Golf First/Makilas organisation', '', 'You can only choose a double room when completing the same standard option as the player you are accompanying.', '2023-06-11', '2023-06-17', 930),
('6582f13435719', '2024', '2024-06-10', '2024-06-14', '08:00:00', 4, '1,2,3,4', 4, 10, 'GOLF ', 'GOLF PLUS', 'SRIXON', 'THALASSO', '', 1, 1, '__1-790__2-790__5-790', '__1-1460__2-1460__5-960', '__1-1460__2-1460__5-960', 790, 790, '<strong>Le tarif est de 790€ comprenant :   cocktail de bienvue - cocktail intermédiaire - dîner de clôture -  4 greens fees -  cadeaux de départ et remise des prix- Chaque joueur ou accompagnant doit remplir une fiche individuellement. </strong>', '', '2024-06-07', '2024-06-17', '__1-990__2-990__5-610', '__1-990__2-990__5-610', 1140, 0, 1140, 0, '', '', '', '', '', '', '', '', '', '', '', '', '', '', '', '', '2024-06-09', '2024-06-15', 1140),
('675ff6af658fe', '2025', '2025-06-09', '2025-06-13', '08:00:00', 4, '1,2,3,4', 4, 10, 'GOLF', 'GOLF PLUS', 'SRIXON', 'MAKILA', '', 0, 1, '__1-860__2-860__5-860', '__1-__2-__5-', '__1-__2-__5-', 860, 860, '<strong>Le tarif est de 860€ comprenant :   cocktail de bienvue - cocktail intermédiaire - dîner de clôture -  4 greens fees -  cadeaux de départ et remise des prix- Chaque joueur ou accompagnant doit remplir une fiche individuellement. </strong>', '', '2025-06-07', '2025-06-15', '__1-__2-__5-', '__1-__2-__5-', 0, 0, 0, 0, '', '', '', '', '', '', '', '', '', '', '', '', '', '', '', '', '2025-06-08', '2025-06-14', 0);

-- --------------------------------------------------------

--
-- Structure de la table `equipes`
--

CREATE TABLE `equipes` (
  `equipe_id` varchar(100) CHARACTER SET utf8mb3 COLLATE utf8mb3_unicode_ci NOT NULL DEFAULT '0',
  `competition_id` varchar(100) CHARACTER SET utf8mb3 COLLATE utf8mb3_unicode_ci NOT NULL DEFAULT '0',
  `equipe_nom` varchar(255) CHARACTER SET utf8mb3 COLLATE utf8mb3_unicode_ci NOT NULL,
  `equipe_motdepasse` varchar(50) CHARACTER SET utf8mb3 COLLATE utf8mb3_unicode_ci NOT NULL,
  `equipe_active` binary(1) NOT NULL DEFAULT '1'
) ENGINE=MyISAM DEFAULT CHARSET=utf8mb3 COLLATE=utf8mb3_unicode_ci COMMENT='Equipes';

--
-- Déchargement des données de la table `equipes`
--

INSERT INTO `equipes` (`equipe_id`, `competition_id`, `equipe_nom`, `equipe_motdepasse`, `equipe_active`) VALUES
('676e587ae6c05', '675ff6af658fe', 'EQUIPE_TEMP_122718', '5f85d2253d44fd99ad9e5cb18217f45e', 0x31),
('676e58f57de2c', '675ff6af658fe', 'EQUIPE_TEMP_122721', '5f85d2253d44fd99ad9e5cb18217f45e', 0x31),
('67a1d7d85ac3a', '675ff6af658fe', 'EQUIPE_TEMP_020420', '5f85d2253d44fd99ad9e5cb18217f45e', 0x31),
('67a1d85437cd6', '675ff6af658fe', 'EQUIPE_TEMP_020424', '5f85d2253d44fd99ad9e5cb18217f45e', 0x31),
('67c71256f3c83', '675ff6af658fe', 'EQUIPE_TEMP_030446', '5f85d2253d44fd99ad9e5cb18217f45e', 0x31),
('67c712f2275fc', '675ff6af658fe', 'EQUIPE_TEMP_030422', '5f85d2253d44fd99ad9e5cb18217f45e', 0x31),
('67e3d6144e19c', '675ff6af658fe', 'EQUIPE_TEMP_032624', '5f85d2253d44fd99ad9e5cb18217f45e', 0x31),
('67e3d69c151a8', '675ff6af658fe', 'EQUIPE_TEMP_032640', '5f85d2253d44fd99ad9e5cb18217f45e', 0x31),
('67fa441ef31b6', '675ff6af658fe', 'EQUIPE_TEMP_041246', '5f85d2253d44fd99ad9e5cb18217f45e', 0x31),
('6803f36e9809d', '675ff6af658fe', 'EQUIPE_TEMP_041910', '5f85d2253d44fd99ad9e5cb18217f45e', 0x31),
('6803f3e7335f5', '675ff6af658fe', 'EQUIPE_TEMP_041911', '5f85d2253d44fd99ad9e5cb18217f45e', 0x31),
('6807550195fc7', '675ff6af658fe', 'EQUIPE_TEMP_042217', '5f85d2253d44fd99ad9e5cb18217f45e', 0x31),
('6807554d5214c', '675ff6af658fe', 'EQUIPE_TEMP_042233', '5f85d2253d44fd99ad9e5cb18217f45e', 0x31),
('681b8a51d1022', '675ff6af658fe', 'EQUIPE_TEMP_050705', '5f85d2253d44fd99ad9e5cb18217f45e', 0x31),
('681b8b4892e8e', '675ff6af658fe', 'EQUIPE_TEMP_050712', '5f85d2253d44fd99ad9e5cb18217f45e', 0x31),
('6821acb37de06', '675ff6af658fe', 'EQUIPE_TEMP_051223', '5f85d2253d44fd99ad9e5cb18217f45e', 0x31),
('6821b1ff99f15', '675ff6af658fe', 'EQUIPE_TEMP_051259', '5f85d2253d44fd99ad9e5cb18217f45e', 0x31),
('682300d4c82d6', '675ff6af658fe', 'EQUIPE_TEMP_051336', '5f85d2253d44fd99ad9e5cb18217f45e', 0x31),
('682301329f78b', '675ff6af658fe', 'EQUIPE_TEMP_051310', '5f85d2253d44fd99ad9e5cb18217f45e', 0x31),
('6835994e05c54', '675ff6af658fe', 'EQUIPE_TEMP_052758', '5f85d2253d44fd99ad9e5cb18217f45e', 0x31),
('683599bc01540', '675ff6af658fe', 'EQUIPE_TEMP_052748', '5f85d2253d44fd99ad9e5cb18217f45e', 0x31);

-- --------------------------------------------------------

--
-- Structure de la table `equipes_joueurs`
--

CREATE TABLE `equipes_joueurs` (
  `ej_id` varchar(100) CHARACTER SET utf8mb3 COLLATE utf8mb3_unicode_ci NOT NULL DEFAULT '0',
  `ej_equipe` varchar(100) CHARACTER SET utf8mb3 COLLATE utf8mb3_unicode_ci NOT NULL DEFAULT '0',
  `ej_joueur` varchar(100) CHARACTER SET utf8mb3 COLLATE utf8mb3_unicode_ci NOT NULL DEFAULT '0',
  `ej_joueur_accompagnant` varchar(100) CHARACTER SET utf8mb3 COLLATE utf8mb3_unicode_ci NOT NULL DEFAULT '0'
) ENGINE=MyISAM DEFAULT CHARSET=utf8mb3 COLLATE=utf8mb3_unicode_ci COMMENT='Liaison entre les joueurs et les équipes';

--
-- Déchargement des données de la table `equipes_joueurs`
--

INSERT INTO `equipes_joueurs` (`ej_id`, `ej_equipe`, `ej_joueur`, `ej_joueur_accompagnant`) VALUES
('676e587ae7663', '676e587ae6c05', '676e587ae761c', '0'),
('676e58f57e699', '676e58f57de2c', '676e58f57e652', '0'),
('67a1d7d85b385', '67a1d7d85ac3a', '67a1d7d85b349', '0'),
('67a1d85438449', '67a1d85437cd6', '67a1d8543840e', '0'),
('67c712570070d', '67c71256f3c83', '67c71257006cb', '0'),
('67c712f227c3c', '67c712f2275fc', '67c712f227bfe', '0'),
('67e3d6144e9ef', '67e3d6144e19c', '67e3d6144e9b4', '0'),
('67e3d69c15a46', '67e3d69c151a8', '67e3d69c15a0c', '0'),
('67fa441ef3a90', '67fa441ef31b6', '67fa441ef3a56', '0'),
('6803f36e98a76', '6803f36e9809d', '6803f36e98a39', '0'),
('6803f3e733ee4', '6803f3e7335f5', '6803f3e733ea7', '0'),
('6807550196700', '6807550195fc7', '68075501966c7', '0'),
('6807554d52915', '6807554d5214c', '6807554d528dc', '0'),
('681b8a51d167a', '681b8a51d1022', '681b8a51d163d', '0'),
('681b8b4893389', '681b8b4892e8e', '681b8b489334e', '0'),
('6821acb37e839', '6821acb37de06', '6821acb37e7ff', '0'),
('6821b1ff9a72a', '6821b1ff99f15', '6821b1ff9a6ee', '0'),
('682300d4c8e9f', '682300d4c82d6', '682300d4c8e62', '0'),
('68230132a0151', '682301329f78b', '68230132a0116', '0'),
('6835994e0667a', '6835994e05c54', '6835994e0663e', '0'),
('683599bc01870', '683599bc01540', '683599bc01838', '0');

-- --------------------------------------------------------

--
-- Structure de la table `factures`
--

CREATE TABLE `factures` (
  `facture_numero` int NOT NULL,
  `facture_id` varchar(100) CHARACTER SET utf8mb3 COLLATE utf8mb3_unicode_ci NOT NULL DEFAULT '0',
  `joueur_id` varchar(100) CHARACTER SET utf8mb3 COLLATE utf8mb3_unicode_ci NOT NULL DEFAULT '0',
  `facture_package` enum('golfeur','entreprise','accompagnateur') CHARACTER SET utf8mb3 COLLATE utf8mb3_unicode_ci NOT NULL DEFAULT 'golfeur',
  `facture_entreprise_nom` varchar(255) CHARACTER SET utf8mb3 COLLATE utf8mb3_unicode_ci NOT NULL,
  `facture_entreprise_adresse_1` varchar(255) CHARACTER SET utf8mb3 COLLATE utf8mb3_unicode_ci NOT NULL,
  `facture_entreprise_adresse_2` varchar(255) CHARACTER SET utf8mb3 COLLATE utf8mb3_unicode_ci NOT NULL,
  `facture_entreprise_code_postal` varchar(10) CHARACTER SET utf8mb3 COLLATE utf8mb3_unicode_ci NOT NULL,
  `facture_entreprise_ville` varchar(255) CHARACTER SET utf8mb3 COLLATE utf8mb3_unicode_ci NOT NULL,
  `facture_entreprise_pays` varchar(2) CHARACTER SET utf8mb3 COLLATE utf8mb3_unicode_ci NOT NULL,
  `facture_tva_appliquee` int NOT NULL DEFAULT '1',
  `facture_prix_ht` decimal(12,2) NOT NULL DEFAULT '0.00',
  `facture_prix_tva` decimal(12,2) NOT NULL DEFAULT '0.00',
  `facture_prix_ttc` decimal(12,2) NOT NULL DEFAULT '0.00',
  `facture_message_joueur` text CHARACTER SET utf8mb3 COLLATE utf8mb3_unicode_ci NOT NULL,
  `facture_notes` text CHARACTER SET utf8mb3 COLLATE utf8mb3_unicode_ci NOT NULL,
  `facture_date` date NOT NULL,
  `facture_envoyee` int NOT NULL DEFAULT '0',
  `facture_payee` int NOT NULL DEFAULT '0',
  `facture_mode_paiement` enum('CHQ','CB','ESP','VIR') CHARACTER SET utf8mb3 COLLATE utf8mb3_unicode_ci DEFAULT NULL,
  `facture_envoi_datetime` datetime NOT NULL DEFAULT '1970-01-01 00:00:00',
  `prix_forfait` double NOT NULL DEFAULT '0',
  `prix_option` double NOT NULL DEFAULT '0',
  `prix_heb` double NOT NULL DEFAULT '0',
  `date_arrivee` date NOT NULL DEFAULT '1970-01-01',
  `date_depart` date NOT NULL DEFAULT '1970-01-01',
  `facture_message_heures` varchar(555) CHARACTER SET utf8mb3 COLLATE utf8mb3_unicode_ci NOT NULL
) ENGINE=MyISAM DEFAULT CHARSET=utf8mb3 COLLATE=utf8mb3_unicode_ci COMMENT='Factures des joueurs';

--
-- Déchargement des données de la table `factures`
--

INSERT INTO `factures` (`facture_numero`, `facture_id`, `joueur_id`, `facture_package`, `facture_entreprise_nom`, `facture_entreprise_adresse_1`, `facture_entreprise_adresse_2`, `facture_entreprise_code_postal`, `facture_entreprise_ville`, `facture_entreprise_pays`, `facture_tva_appliquee`, `facture_prix_ht`, `facture_prix_tva`, `facture_prix_ttc`, `facture_message_joueur`, `facture_notes`, `facture_date`, `facture_envoyee`, `facture_payee`, `facture_mode_paiement`, `facture_envoi_datetime`, `prix_forfait`, `prix_option`, `prix_heb`, `date_arrivee`, `date_depart`, `facture_message_heures`) VALUES
(1, '676e587b098dc', '676e587ae761c', 'golfeur', '', '', '', '', '', '-', 1, 716.67, 143.33, 860.00, 'Bonjour Laetitia, Patricia, Christophe et Jean-Pierre !\r\nHeureux de vous retrouver en juin\r\n\r\nBonne f&ecirc;tes de fin d&#039;ann&eacute;e\r\n\r\nNathalie et Fran&ccedil;ois', '', '2024-12-27', 1, 0, '', '1970-01-01 00:00:00', 0, 0, 0, '1970-01-01', '1970-01-01', ''),
(2, '676e58f58724c', '676e58f57e652', 'golfeur', '', '', '', '', '', '-', 1, 716.67, 143.33, 860.00, '', '', '2024-12-27', 1, 0, '', '1970-01-01 00:00:00', 0, 0, 0, '1970-01-01', '1970-01-01', ''),
(3, '67a1d7d8743e8', '67a1d7d85b349', 'golfeur', '', '', '', '', '', '-', 1, 716.67, 143.33, 860.00, '', '', '2025-02-04', 1, 0, '', '1970-01-01 00:00:00', 0, 0, 0, '1970-01-01', '1970-01-01', ''),
(4, '67a1d8543d326', '67a1d8543840e', 'golfeur', '', '', '', '', '', '-', 1, 716.67, 143.33, 860.00, '', '', '2025-02-04', 1, 0, '', '1970-01-01 00:00:00', 0, 0, 0, '1970-01-01', '1970-01-01', ''),
(7, '67c71257223b1', '67c71257006cb', 'golfeur', '', '', '', '', '', '', 1, 860.00, 0.00, 860.00, '', '', '2025-03-04', 1, 0, NULL, '1970-01-01 00:00:00', 860, 0, 0, '1970-01-01', '1970-01-01', ''),
(8, '67c712f23424e', '67c712f227bfe', 'golfeur', '', '', '', '', '', '', 1, 860.00, 0.00, 860.00, '', '', '2025-03-04', 1, 0, NULL, '1970-01-01 00:00:00', 860, 0, 0, '1970-01-01', '1970-01-01', ''),
(9, '67e3d61476e5d', '67e3d6144e9b4', 'golfeur', '', '', '', '', '', '', 1, 860.00, 0.00, 860.00, '', '', '2025-03-26', 1, 0, NULL, '1970-01-01 00:00:00', 860, 0, 0, '1970-01-01', '1970-01-01', ''),
(10, '67e3d69c1a727', '67e3d69c15a0c', 'golfeur', '', '', '', '', '', '', 1, 860.00, 0.00, 860.00, '', '', '2025-03-26', 1, 0, NULL, '1970-01-01 00:00:00', 860, 0, 0, '1970-01-01', '1970-01-01', ''),
(11, '67fa441f16063', '67fa441ef3a56', 'golfeur', '', '', '', '', '', '-', 1, 860.00, 0.00, 860.00, 'Arriv&eacute;e en voiture \r\nNous serons log&eacute;s sur place \r\nPr&eacute;voir paiement par CB', '', '2025-04-12', 1, 1, 'CB', '1970-01-01 00:00:00', 0, 0, 0, '1970-01-01', '1970-01-01', ''),
(12, '6803f36ea8f3b', '6803f36e98a39', 'golfeur', '', '', '', '', '', '-', 1, 760.00, 0.00, 760.00, '', '', '2025-04-19', 1, 1, 'VIR', '1970-01-01 00:00:00', 0, 0, 0, '1970-01-01', '1970-01-01', ''),
(13, '6803f3e738401', '6803f3e733ea7', 'golfeur', '', '', '', '', '', '-', 1, 860.00, 0.00, 860.00, '', '', '2025-04-19', 1, 1, 'VIR', '1970-01-01 00:00:00', 0, 0, 0, '1970-01-01', '1970-01-01', ''),
(16, '681b8a51e4444', '681b8a51d163d', 'golfeur', '', '', '', '', '', '', 1, 860.00, 0.00, 860.00, 'Bonjour, nous aurons besoin de r&eacute;server une voiturette pour le golf d&#039;Arcangues, Merci', '', '2025-05-07', 1, 0, NULL, '1970-01-01 00:00:00', 860, 0, 0, '1970-01-01', '1970-01-01', ''),
(17, '681b8b48a21db', '681b8b489334e', 'golfeur', '', '', '', '', '', '', 1, 860.00, 0.00, 860.00, '', '', '2025-05-07', 1, 0, NULL, '1970-01-01 00:00:00', 860, 0, 0, '1970-01-01', '1970-01-01', ''),
(18, '6821acb392958', '6821acb37e7ff', 'golfeur', '', '', '', '', '', '-', 1, 860.00, 0.00, 860.00, '', '', '2025-05-12', 1, 1, 'VIR', '1970-01-01 00:00:00', 0, 0, 0, '2025-06-08', '2025-06-14', ''),
(19, '6821b1ffac221', '6821b1ff9a6ee', 'golfeur', '', '', '', '', '', '-', 1, 860.00, 0.00, 860.00, '', '', '2025-05-12', 1, 1, 'VIR', '1970-01-01 00:00:00', 0, 0, 0, '2025-06-08', '2025-06-14', 'Arrivé le 8 juin et départ le 14 juin au matin\r\n'),
(20, '682300d4daa9e', '682300d4c8e62', 'golfeur', '', '', '', '', '', '-', 1, 0.00, 0.00, 0.00, '', '', '2025-05-13', 1, 0, '', '1970-01-01 00:00:00', 0, 0, 0, '1970-01-01', '1970-01-01', ''),
(21, '68230132a7f79', '68230132a0116', 'golfeur', 'HEG SOLUTION', '4 av du canal', '', '78680', 'EPONE', 'FR', 1, 1433.33, 286.67, 1720.00, '', '', '2025-05-13', 1, 0, '', '1970-01-01 00:00:00', 0, 0, 0, '1970-01-01', '1970-01-01', ''),
(22, '6835994e2272b', '6835994e0663e', 'golfeur', '', '', '', '', '', '', 1, 860.00, 0.00, 860.00, '', '', '2025-05-27', 1, 0, NULL, '1970-01-01 00:00:00', 860, 0, 0, '1970-01-01', '1970-01-01', ''),
(23, '683599bc078ef', '683599bc01838', 'golfeur', '', '', '', '', '', '', 1, 860.00, 0.00, 860.00, '', '', '2025-05-27', 1, 0, NULL, '1970-01-01 00:00:00', 860, 0, 0, '1970-01-01', '1970-01-01', '');

-- --------------------------------------------------------

--
-- Structure de la table `factures_libelles`
--

CREATE TABLE `factures_libelles` (
  `facture_libelle_id` int UNSIGNED NOT NULL,
  `facture_id` varchar(100) CHARACTER SET utf8mb3 COLLATE utf8mb3_unicode_ci NOT NULL DEFAULT '0',
  `facture_libelle_description` text CHARACTER SET utf8mb3 COLLATE utf8mb3_unicode_ci NOT NULL,
  `facture_libelle_prix_unitaire_ht` decimal(12,2) NOT NULL DEFAULT '0.00',
  `facture_libelle_quantite` int NOT NULL DEFAULT '1',
  `facture_libelle_prix_total_ht` decimal(12,2) NOT NULL DEFAULT '0.00',
  `type_libelle` varchar(255) CHARACTER SET utf8mb3 COLLATE utf8mb3_unicode_ci NOT NULL
) ENGINE=MyISAM DEFAULT CHARSET=utf8mb3 COLLATE=utf8mb3_unicode_ci COMMENT='Liste des libellés pour les factures';

--
-- Déchargement des données de la table `factures_libelles`
--

INSERT INTO `factures_libelles` (`facture_libelle_id`, `facture_id`, `facture_libelle_description`, `facture_libelle_prix_unitaire_ht`, `facture_libelle_quantite`, `facture_libelle_prix_total_ht`, `type_libelle`) VALUES
(1997, '676e587b098dc', 'forfait amateur', 716.00, 1, 716.00, 'forfait'),
(2048, '676e58f58724c', 'forfait amateur', 716.67, 1, 716.67, 'forfait'),
(2311, '67a1d7d8743e8', 'forfait amateur', 716.67, 1, 716.67, 'forfait'),
(1900, '67a1d8543d326', 'forfait amateur', 716.67, 1, 716.67, 'forfait'),
(2212, '67c71257223b1', 'forfait amateur', 860.00, 1, 860.00, 'forfait'),
(2127, '67c712f23424e', 'forfait amateur', 860.00, 1, 860.00, 'forfait'),
(1809, '67e3d61476e5d', 'forfait amateur', 860.00, 1, 860.00, 'forfait'),
(2110, '67e3d69c1a727', 'forfait amateur', 860.00, 1, 860.00, 'forfait'),
(2223, '67fa441f16063', 'forfait amateur', 860.00, 1, 860.00, 'forfait'),
(1546, '6803f36ea8f3b', 'forfait amateur TARIF MEMBRE', 760.00, 1, 760.00, 'forfait'),
(2256, '6803f3e738401', 'forfait amateur', 860.00, 1, 860.00, 'forfait'),
(1899, '681b8a51e4444', 'forfait amateur', 860.00, 1, 860.00, 'forfait'),
(1941, '681b8b48a21db', 'forfait amateur', 860.00, 1, 860.00, 'forfait'),
(2194, '6821acb392958', 'forfait amateur', 860.00, 1, 860.00, 'forfait'),
(1653, '6821acb392958', '', 0.00, 1, 0.00, ''),
(2497, '6821acb392958', '', 0.00, 1, 0.00, 'option'),
(2300, '6821b1ffac221', 'forfait amateur', 860.00, 1, 860.00, 'forfait'),
(1711, '6821b1ffac221', '', 0.00, 1, 0.00, ''),
(2150, '6821b1ffac221', '', 0.00, 1, 0.00, 'option'),
(1971, '682300d4daa9e', 'forfait amateur', 0.00, 1, 0.00, 'forfait'),
(1644, '68230132a7f79', 'Participation Duos une equipe', 1433.33, 1, 1433.33, 'forfait'),
(1689, '6835994e2272b', 'forfait amateur', 860.00, 1, 860.00, 'forfait'),
(2202, '683599bc078ef', 'forfait amateur', 860.00, 1, 860.00, 'forfait');

-- --------------------------------------------------------

--
-- Structure de la table `golfs`
--

CREATE TABLE `golfs` (
  `golf_id` int NOT NULL,
  `golf_nom` varchar(255) CHARACTER SET utf8mb3 COLLATE utf8mb3_unicode_ci NOT NULL,
  `golf_adresse_1` varchar(255) CHARACTER SET utf8mb3 COLLATE utf8mb3_unicode_ci NOT NULL,
  `golf_adresse_2` varchar(255) CHARACTER SET utf8mb3 COLLATE utf8mb3_unicode_ci NOT NULL,
  `golf_code_postal` varchar(5) CHARACTER SET utf8mb3 COLLATE utf8mb3_unicode_ci NOT NULL,
  `golf_ville` varchar(255) CHARACTER SET utf8mb3 COLLATE utf8mb3_unicode_ci NOT NULL,
  `golf_telephone` varchar(15) CHARACTER SET utf8mb3 COLLATE utf8mb3_unicode_ci NOT NULL,
  `golf_fax` varchar(15) CHARACTER SET utf8mb3 COLLATE utf8mb3_unicode_ci NOT NULL,
  `golf_email` varchar(255) CHARACTER SET utf8mb3 COLLATE utf8mb3_unicode_ci NOT NULL,
  `golf_siteweb` varchar(255) CHARACTER SET utf8mb3 COLLATE utf8mb3_unicode_ci NOT NULL,
  `golf_logo` varchar(255) CHARACTER SET utf8mb3 COLLATE utf8mb3_unicode_ci NOT NULL,
  `golf_par` int NOT NULL DEFAULT '0'
) ENGINE=MyISAM DEFAULT CHARSET=utf8mb3 COLLATE=utf8mb3_unicode_ci COMMENT='Liste des golfs';

--
-- Déchargement des données de la table `golfs`
--

INSERT INTO `golfs` (`golf_id`, `golf_nom`, `golf_adresse_1`, `golf_adresse_2`, `golf_code_postal`, `golf_ville`, `golf_telephone`, `golf_fax`, `golf_email`, `golf_siteweb`, `golf_logo`, `golf_par`) VALUES
(1, 'SAMANAH', 'Promenade du Marquenterre', '', '80120', 'MARRAKECH', '03 22 23 45 50', '03 22 23 93 41', 'contact@golfdebelledune.com', 'http://www.golfdebelledune.com', '', 73),
(2, 'AL MAADEN', 'Avenue Fran&ccedil;ois Mitterand', '', '62930', 'MARRAKECH', '03 21 32 43 20', '03 21 33 62 21', '', 'http://www.golf-wimereux.com', '', 72),
(3, 'ASSOUFID', 'Avenue Edouard VII', '', '62152', 'MARRAKECH', '03 21 91 90 90', '03 21 83 24 33', 'hardelot@opengolfclub.com', 'http://www.opengolfclub.com/hardelot/fr/golf-hardelot.html', '', 70),
(4, 'AMELKIS', 'Avenue du Golf', '', '65520', 'MARRAKECH', '03 21 06 28 00', '03 21 06 28 01', 'letouquet@opengolfclub.com', 'http://www.opengolfclub.com/touquet/fr/golf-touquet.html', '', 72);

-- --------------------------------------------------------

--
-- Structure de la table `golfs_roadbook`
--

CREATE TABLE `golfs_roadbook` (
  `roadbook_id` int NOT NULL,
  `roadbook_golf` int NOT NULL DEFAULT '0',
  `roadbook_trou` int NOT NULL DEFAULT '0',
  `roadbook_par` int NOT NULL DEFAULT '0',
  `roadbook_hcp` int NOT NULL DEFAULT '0',
  `roadbook_blanche` int NOT NULL DEFAULT '0',
  `roadbook_jaune` int NOT NULL DEFAULT '0',
  `roadbook_rouge` int NOT NULL DEFAULT '0'
) ENGINE=MyISAM DEFAULT CHARSET=utf8mb3 COLLATE=utf8mb3_unicode_ci COMMENT='Roadbook des golfs';

--
-- Déchargement des données de la table `golfs_roadbook`
--

INSERT INTO `golfs_roadbook` (`roadbook_id`, `roadbook_golf`, `roadbook_trou`, `roadbook_par`, `roadbook_hcp`, `roadbook_blanche`, `roadbook_jaune`, `roadbook_rouge`) VALUES
(1, 1, 1, 4, 12, 349, 326, 276),
(2, 1, 2, 4, 7, 343, 327, 272),
(3, 1, 3, 3, 18, 141, 137, 101),
(4, 1, 4, 5, 16, 441, 412, 357),
(5, 1, 5, 4, 9, 387, 347, 288),
(6, 1, 6, 3, 14, 161, 144, 117),
(7, 1, 7, 4, 5, 363, 344, 274),
(8, 1, 8, 4, 3, 393, 355, 326),
(9, 1, 9, 4, 11, 297, 272, 226),
(10, 1, 10, 5, 4, 511, 486, 411),
(11, 1, 11, 4, 6, 365, 342, 282),
(12, 1, 12, 3, 13, 141, 132, 107),
(13, 1, 13, 5, 2, 454, 414, 361),
(14, 1, 14, 3, 17, 137, 123, 98),
(15, 1, 15, 6, 1, 600, 550, 450),
(16, 1, 16, 4, 15, 268, 249, 206),
(17, 1, 17, 4, 8, 343, 317, 268),
(18, 1, 18, 4, 10, 400, 378, 313),
(19, 2, 1, 5, 7, 506, 450, 413),
(20, 2, 2, 3, 9, 201, 176, 147),
(21, 2, 3, 4, 3, 326, 309, 274),
(22, 2, 4, 4, 1, 343, 292, 289),
(23, 2, 5, 4, 11, 345, 334, 280),
(24, 2, 6, 3, 17, 156, 150, 124),
(25, 2, 7, 5, 5, 467, 463, 393),
(26, 2, 8, 4, 15, 310, 297, 247),
(27, 2, 9, 4, 13, 340, 328, 295),
(28, 2, 10, 3, 10, 174, 143, 113),
(29, 2, 11, 4, 12, 292, 292, 256),
(30, 2, 12, 3, 14, 151, 146, 118),
(31, 2, 13, 4, 8, 346, 338, 269),
(32, 2, 14, 4, 4, 331, 331, 270),
(33, 2, 15, 4, 2, 358, 350, 316),
(34, 2, 16, 4, 18, 293, 254, 215),
(35, 2, 17, 5, 16, 444, 422, 375),
(36, 2, 18, 5, 6, 466, 435, 410),
(37, 3, 1, 4, 11, 310, 284, 211),
(38, 3, 2, 3, 17, 167, 145, 106),
(39, 3, 3, 5, 9, 468, 407, 357),
(40, 3, 4, 4, 3, 404, 372, 320),
(41, 3, 5, 3, 13, 128, 119, 100),
(42, 3, 6, 4, 5, 322, 292, 248),
(43, 3, 7, 3, 15, 120, 112, 91),
(44, 3, 8, 5, 7, 465, 442, 408),
(45, 3, 9, 5, 1, 431, 405, 327),
(46, 3, 10, 4, 6, 324, 287, 232),
(47, 3, 11, 3, 12, 146, 134, 99),
(48, 3, 12, 4, 2, 371, 351, 308),
(49, 3, 13, 5, 10, 428, 400, 367),
(50, 3, 14, 3, 14, 183, 161, 123),
(51, 3, 15, 4, 16, 281, 266, 196),
(52, 3, 16, 4, 4, 306, 268, 236),
(53, 3, 17, 3, 18, 126, 113, 90),
(54, 3, 18, 4, 8, 354, 334, 291),
(55, 4, 1, 5, 8, 469, 445, 409),
(56, 4, 2, 3, 4, 198, 175, 134),
(57, 4, 3, 4, 18, 336, 321, 277),
(58, 4, 4, 5, 14, 455, 428, 369),
(59, 4, 5, 4, 10, 409, 371, 310),
(60, 4, 6, 4, 16, 319, 296, 269),
(61, 4, 7, 3, 12, 146, 134, 101),
(62, 4, 8, 4, 6, 349, 329, 272),
(63, 4, 9, 4, 2, 406, 370, 278),
(64, 4, 10, 3, 17, 139, 128, 104),
(65, 4, 11, 4, 1, 422, 405, 330),
(66, 4, 12, 4, 7, 367, 351, 280),
(67, 4, 13, 4, 3, 382, 334, 261),
(68, 4, 14, 4, 5, 377, 322, 279),
(69, 4, 15, 5, 11, 465, 433, 374),
(70, 4, 16, 3, 9, 180, 150, 123),
(71, 4, 17, 5, 15, 456, 441, 350),
(72, 4, 18, 4, 13, 384, 373, 334);

-- --------------------------------------------------------

--
-- Structure de la table `hebergements`
--

CREATE TABLE `hebergements` (
  `ID` int NOT NULL,
  `id_hotel` int NOT NULL DEFAULT '0',
  `hotel` varchar(255) NOT NULL,
  `prix` decimal(12,2) NOT NULL DEFAULT '0.00',
  `chambre_double` tinyint(1) NOT NULL DEFAULT '0',
  `vue_piscine` tinyint(1) NOT NULL DEFAULT '0',
  `qtte` int NOT NULL DEFAULT '20'
) ENGINE=InnoDB DEFAULT CHARSET=latin1;

-- --------------------------------------------------------

--
-- Structure de la table `joueurs`
--

CREATE TABLE `joueurs` (
  `ID` int NOT NULL,
  `joueur_id` varchar(100) CHARACTER SET utf8mb3 COLLATE utf8mb3_unicode_ci NOT NULL DEFAULT '0',
  `competition_id` varchar(100) CHARACTER SET utf8mb3 COLLATE utf8mb3_unicode_ci NOT NULL,
  `joueur_profil` enum('acc','am','pro') CHARACTER SET utf8mb3 COLLATE utf8mb3_unicode_ci NOT NULL DEFAULT 'am',
  `joueur_licence` varchar(100) CHARACTER SET utf8mb3 COLLATE utf8mb3_unicode_ci NOT NULL,
  `joueur_club` varchar(255) CHARACTER SET utf8mb3 COLLATE utf8mb3_unicode_ci NOT NULL,
  `joueur_handicap` decimal(12,1) DEFAULT NULL,
  `joueur_handicap_validation` varchar(1) CHARACTER SET utf8mb3 COLLATE utf8mb3_unicode_ci NOT NULL DEFAULT '0',
  `joueur_membre_club_competition` varchar(1) CHARACTER SET utf8mb3 COLLATE utf8mb3_unicode_ci NOT NULL DEFAULT '0',
  `joueur_taille_polo` enum('NC','S','M','L','XL','XXL') CHARACTER SET utf8mb3 COLLATE utf8mb3_unicode_ci DEFAULT NULL,
  `joueur_sexe` enum('H','F') CHARACTER SET utf8mb3 COLLATE utf8mb3_unicode_ci NOT NULL DEFAULT 'H',
  `joueur_nom` varchar(255) CHARACTER SET utf8mb3 COLLATE utf8mb3_unicode_ci NOT NULL,
  `joueur_prenom` varchar(255) CHARACTER SET utf8mb3 COLLATE utf8mb3_unicode_ci NOT NULL,
  `joueur_date_naissance` date NOT NULL DEFAULT '1970-01-01',
  `joueur_adresse_1` varchar(255) CHARACTER SET utf8mb3 COLLATE utf8mb3_unicode_ci NOT NULL,
  `joueur_adresse_2` varchar(255) CHARACTER SET utf8mb3 COLLATE utf8mb3_unicode_ci NOT NULL,
  `joueur_code_postal` varchar(10) CHARACTER SET utf8mb3 COLLATE utf8mb3_unicode_ci NOT NULL,
  `joueur_ville` varchar(255) CHARACTER SET utf8mb3 COLLATE utf8mb3_unicode_ci NOT NULL,
  `joueur_pays` varchar(2) CHARACTER SET utf8mb3 COLLATE utf8mb3_unicode_ci NOT NULL DEFAULT 'FR',
  `joueur_email` varchar(255) CHARACTER SET utf8mb3 COLLATE utf8mb3_unicode_ci NOT NULL,
  `joueur_mobile` varchar(50) CHARACTER SET utf8mb3 COLLATE utf8mb3_unicode_ci NOT NULL,
  `joueur_telephone` varchar(50) CHARACTER SET utf8mb3 COLLATE utf8mb3_unicode_ci NOT NULL,
  `joueur_langue` enum('FR','EN') CHARACTER SET utf8mb3 COLLATE utf8mb3_unicode_ci NOT NULL DEFAULT 'FR',
  `joueur_datetime_creation` datetime NOT NULL DEFAULT '1970-01-01 00:00:00',
  `joueur_confirmation_envoyee` datetime NOT NULL DEFAULT '1970-01-01 00:00:00',
  `joueur_admin` varchar(1) CHARACTER SET utf8mb3 COLLATE utf8mb3_unicode_ci NOT NULL DEFAULT '0',
  `joueur_actif` varchar(1) CHARACTER SET utf8mb3 COLLATE utf8mb3_unicode_ci NOT NULL DEFAULT '1',
  `joueur_accompagnant_prenom` varchar(255) CHARACTER SET utf8mb3 COLLATE utf8mb3_unicode_ci DEFAULT NULL,
  `joueur_accompagnant_nom` varchar(255) CHARACTER SET utf8mb3 COLLATE utf8mb3_unicode_ci DEFAULT NULL
) ENGINE=MyISAM DEFAULT CHARSET=utf8mb3 COLLATE=utf8mb3_unicode_ci COMMENT='Joueurs';

--
-- Déchargement des données de la table `joueurs`
--

INSERT INTO `joueurs` (`ID`, `joueur_id`, `competition_id`, `joueur_profil`, `joueur_licence`, `joueur_club`, `joueur_handicap`, `joueur_handicap_validation`, `joueur_membre_club_competition`, `joueur_taille_polo`, `joueur_sexe`, `joueur_nom`, `joueur_prenom`, `joueur_date_naissance`, `joueur_adresse_1`, `joueur_adresse_2`, `joueur_code_postal`, `joueur_ville`, `joueur_pays`, `joueur_email`, `joueur_mobile`, `joueur_telephone`, `joueur_langue`, `joueur_datetime_creation`, `joueur_confirmation_envoyee`, `joueur_admin`, `joueur_actif`, `joueur_accompagnant_prenom`, `joueur_accompagnant_nom`) VALUES
(1, '676e587ae761c', '675ff6af658fe', 'am', '521622228', 'Isabella', 18.2, '0', '0', 'L', 'F', 'CARPENTIER', 'Nathalie', '1963-06-28', '1 Place Jean Baptiste Lully', '', '78210', 'SAINT-CYR-L&#039;&Eacute;COLE', 'FR', 'n_carpentier@yahoo.fr', '0674072976', '', 'FR', '2024-12-27 08:34:18', '1970-01-01 00:00:00', '0', '1', 'francois', 'baillais'),
(2, '676e58f57e652', '675ff6af658fe', 'am', '540697194', 'Isabella', 26.3, '0', '0', 'L', 'H', 'BAILLAIS', 'Francois', '1959-08-18', '1 PLACE JEAN BAPTISTE LULLY', '', '78210', 'SAINT CYR L&#039;ECOLE', 'FR', 'francois.baillais@orange.fr', '0662052019', '', 'FR', '2024-12-27 08:36:21', '1970-01-01 00:00:00', '0', '1', 'nathalie', 'carpentier'),
(3, '67a1d7d85b349', '675ff6af658fe', 'am', '512907018', '', 19.5, '0', '0', 'L', 'F', 'COCHET', 'Jacqueline', '1948-10-11', 'Xx', '', 'xx', 'XX', 'FR', 'cochet@bluewin.ch', '', '', 'FR', '2025-02-04 10:03:20', '1970-01-01 00:00:00', '0', '1', '', ''),
(4, '67a1d8543840e', '675ff6af658fe', 'am', '522 85 80 26', '', 14.8, '0', '0', 'M', 'F', 'FRYER', 'Marielle', '1952-07-06', '16 rue des vieux moulins', '', '74160', 'ST JULIEN EN GENEVOIS', 'FR', 'marielle.fryer@gmail.com', '', '', 'FR', '2025-02-04 10:05:24', '1970-01-01 00:00:00', '0', '1', '', ''),
(7, '67c71257006cb', '675ff6af658fe', 'am', '512 236 056', '', 19.7, '0', '0', 'M', 'H', 'BURGER', 'Michel', '1961-09-03', '24 rue de la moyenne corniche', '', '67210', 'OBERNAI ', 'FR', 'psydocmba@hotmail.fr', '', '', 'FR', '2025-03-04 15:46:46', '1970-01-01 00:00:00', '0', '1', '', ''),
(8, '67c712f227bfe', '675ff6af658fe', 'am', '533 750 120', '', 12.0, '0', '0', 'NC', 'H', 'SCHEUER', 'Nicolas', '1962-03-09', '203 Boulevard Davout', '', '75020', 'PARIS', 'FR', 'nscheuer@laposte.net', '', '', 'FR', '2025-03-04 15:49:22', '1970-01-01 00:00:00', '0', '1', '', ''),
(9, '67e3d6144e9b4', '675ff6af658fe', 'am', '518078323', '', 24.0, '0', '0', 'S', 'F', 'AZOUAOU', 'Sophie', '1972-06-02', 'Xx', '', 'xx', 'XX', 'FR', 'sophiejean13@yahoo.fr', '', '', 'FR', '2025-03-26 11:25:24', '1970-01-01 00:00:00', '0', '1', '', ''),
(10, '67e3d69c15a0c', '675ff6af658fe', 'am', '522 826 168 ', '', 7.4, '0', '0', 'M', 'H', 'PEREZ', 'Raphael ', '1981-07-03', 'Xx', '', 'xx', 'XX', 'FR', 'perouze112@gmail.com', '', '', 'FR', '2025-03-26 11:27:40', '1970-01-01 00:00:00', '0', '1', '', ''),
(11, '67fa441ef3a56', '675ff6af658fe', 'am', '512236056', 'GC Strasbourg-Illkirch', 20.2, '0', '0', 'L', 'H', 'BURGER', 'Michel', '1961-09-03', '24 rue de la moyenne corniche', '', '67210', 'OBERNAI', 'FR', 'psydocmba@hotmail.fr', '0630451005', '0630451005', 'FR', '2025-04-12 12:44:46', '1970-01-01 00:00:00', '0', '1', 'nicolas ', 'scheuer'),
(12, '6803f36e98a39', '675ff6af658fe', 'am', '515785074', 'Makila', 5.1, '0', '1', 'XL', 'H', 'MENDIBOURE', 'Thierry', '1961-06-12', '4 RUE MARIE BLANQUE', '', '64600', 'ANGLET', 'FR', 'thierry.mendiboure@orange.fr', '0609741188', '', 'FR', '2025-04-19 21:03:10', '1970-01-01 00:00:00', '0', '1', 'céline', 'levy'),
(13, '6803f3e733ea7', '675ff6af658fe', 'am', '510202210', 'Isabella', 7.0, '0', '0', 'M', 'F', 'LEVY', 'C&eacute;line', '1968-12-11', '4 RUE MARIE BLANQUE', '', '64600', 'ANGLET', 'FR', 'thierry.mendiboure@orange.fr', '0609741188', '', 'FR', '2025-04-19 21:05:11', '1970-01-01 00:00:00', '0', '1', 'thierry', 'mendiboure'),
(14, '68075501966c7', '675ff6af658fe', 'am', '518975121', '', 9.9, '0', '0', 'XXL', 'H', 'BINETRUY', 'Eric', '1965-08-28', '110 avenue du Swing ', '', '64200', 'BASSUSSARRY ', 'FR', 'eric@vt-design.com', '', '', 'FR', '2025-04-22 10:36:17', '1970-01-01 00:00:00', '0', '1', '', ''),
(15, '6807554d528dc', '675ff6af658fe', 'am', ' 003650026', '', 4.6, '0', '0', 'XL', 'H', 'KALENITCHENKO', 'Jean Marc', '1960-12-01', 'XX', '', 'xx', 'XX', 'FR', 'eric@vt-design.com', '', '', 'FR', '2025-04-22 10:37:33', '1970-01-01 00:00:00', '0', '1', '', ''),
(16, '681b8a51d163d', '675ff6af658fe', 'am', '533292189', 'Cherisey', 21.4, '0', '0', 'L', 'H', 'OLSZAKOWSKI', 'Harry', '1957-07-24', '4A route de Metz', '', '57640', 'CHARLY ORADOUR', 'FR', 'harry.olszakowski@gmail.com', '0629565851', '', 'FR', '2025-05-07 18:29:05', '1970-01-01 00:00:00', '0', '1', 'danielle', 'olszakowski'),
(17, '681b8b489334e', '675ff6af658fe', 'am', '533293188', 'Cherisey', 27.4, '0', '0', 'XL', 'F', 'OLSZAKOWSKI', 'Danielle', '1957-10-23', '4A route de Metz', '', '57640', 'CHARLY ORADOUR', 'FR', 'd.olszakowski@gmail.com', '0385195403', '0385195403', 'FR', '2025-05-07 18:33:12', '1970-01-01 00:00:00', '0', '1', 'harry', 'olszakowski'),
(18, '6821acb37e7ff', '675ff6af658fe', 'am', '512545016', 'Lac d&#039;annecy', 18.0, '0', '0', 'L', 'H', 'FOSSE', 'Eric', '1960-09-15', '27 Chemin de Montpellaz', '', '74290', 'VEYRIER DU LAC', 'FR', 'fosse.eric@orange.fr', '0607020574', '', 'FR', '2025-05-12 10:09:23', '1970-01-01 00:00:00', '0', '1', 'claire', 'fosse'),
(19, '6821b1ff9a6ee', '675ff6af658fe', 'am', '512640010', 'Lac d&#039;annecy', 27.0, '0', '0', 'L', 'F', 'FOSSE', 'Claire', '1963-10-05', '27 Chemin de Montpellaz', '', '74290', 'VEYRIER DU LAC', 'FR', 'fosse.eric@orange.fr', '0661897915', '', 'FR', '2025-05-12 10:31:59', '1970-01-01 00:00:00', '0', '1', 'eric', 'fosse'),
(20, '682300d4c8e62', '675ff6af658fe', 'am', '003568241', '', NULL, '0', '0', 'XL', 'H', 'DUSEYAU', 'Eric', '1970-04-25', '16  rue du loup pendu', '', '91570', 'BIEVRES', 'FR', 'defi.duseyau@orange.fr', '', '', 'FR', '2025-05-13 10:20:36', '1970-01-01 00:00:00', '0', '1', 'olivier', 'graca'),
(21, '68230132a0116', '675ff6af658fe', 'am', '049624241', '', 7.9, '0', '0', 'XXL', 'H', 'GRACA', 'Olivier', '1969-10-14', 'Xx', '', 'xx', 'XX', 'FR', 'contact@hegsolution.fr', '', '', 'FR', '2025-05-13 10:22:10', '1970-01-01 00:00:00', '0', '1', 'eric', 'duseyau'),
(22, '6835994e0663e', '675ff6af658fe', 'am', '003579248', '', 18.8, '0', '0', 'M', 'H', 'SCHNEIDER ', 'Erick ', '1960-12-13', 'R&eacute;sidence des 7 collines', '33 rue Hilaire Curtill ', '13011', 'MARSEILLE', 'FR', 'schnerick@wanadoo.fr', '', '', 'FR', '2025-05-27 12:51:58', '1970-01-01 00:00:00', '0', '1', '', ''),
(23, '683599bc01838', '675ff6af658fe', 'am', ' 533282261', '', 28.0, '0', '0', 'L', 'F', 'SCHNEIDER', 'Christine ', '1963-01-14', 'Xx', '', 'xx', 'XX', 'FR', 'schneiderchris@sfr.fr', '', '', 'FR', '2025-05-27 12:53:48', '1970-01-01 00:00:00', '0', '1', '', '');

-- --------------------------------------------------------

--
-- Structure de la table `parametres`
--

CREATE TABLE `parametres` (
  `parametre_id` int NOT NULL,
  `prix_tva` decimal(12,2) NOT NULL DEFAULT '0.00',
  `prix_golfeur_nonmembre_ht` decimal(12,2) NOT NULL DEFAULT '0.00',
  `prix_golfeur_nonmembre_tva` decimal(12,2) NOT NULL DEFAULT '0.00',
  `prix_golfeur_nonmembre_ttc` decimal(12,2) NOT NULL DEFAULT '0.00',
  `prix_golfeur_membre_ht` decimal(12,2) NOT NULL DEFAULT '0.00',
  `prix_golfeur_membre_tva` decimal(12,2) NOT NULL DEFAULT '0.00',
  `prix_golfeur_membre_ttc` decimal(12,2) NOT NULL DEFAULT '0.00',
  `prix_entreprise_ht` decimal(12,2) NOT NULL DEFAULT '0.00',
  `prix_entreprise_tva` decimal(12,2) NOT NULL DEFAULT '0.00',
  `prix_entreprise_ttc` decimal(12,2) NOT NULL DEFAULT '0.00',
  `prix_entreprise_accompagnateur_ht` decimal(12,2) NOT NULL DEFAULT '0.00',
  `prix_entreprise_accompagnateur_tva` decimal(12,2) NOT NULL DEFAULT '0.00',
  `prix_entreprise_accompagnateur_ttc` decimal(12,2) NOT NULL DEFAULT '0.00',
  `prix_accompagnateur_ht` decimal(12,2) NOT NULL DEFAULT '0.00',
  `prix_accompagnateur_tva` decimal(12,2) NOT NULL DEFAULT '0.00',
  `prix_accompagnateur_ttc` decimal(12,2) NOT NULL DEFAULT '0.00',
  `texte_facture_objet_FR` varchar(255) NOT NULL,
  `texte_facture_objet_EN` varchar(255) NOT NULL,
  `texte_facture_message_FR` text NOT NULL,
  `texte_facture_message_EN` text NOT NULL,
  `texte_inscription_objet_FR` varchar(255) NOT NULL,
  `texte_inscription_objet_EN` varchar(255) NOT NULL,
  `texte_inscription_titre_FR` varchar(255) NOT NULL,
  `texte_inscription_titre_EN` varchar(255) NOT NULL,
  `texte_inscription_message_FR` text NOT NULL,
  `texte_inscription_message_EN` text NOT NULL,
  `param_site_affichage_planning` varchar(1) NOT NULL DEFAULT '1',
  `param_site_affichage_cartes_score` varchar(1) NOT NULL DEFAULT '1'
) ENGINE=MyISAM DEFAULT CHARSET=utf8mb3 COMMENT='Paramètres de l''application';

--
-- Déchargement des données de la table `parametres`
--

INSERT INTO `parametres` (`parametre_id`, `prix_tva`, `prix_golfeur_nonmembre_ht`, `prix_golfeur_nonmembre_tva`, `prix_golfeur_nonmembre_ttc`, `prix_golfeur_membre_ht`, `prix_golfeur_membre_tva`, `prix_golfeur_membre_ttc`, `prix_entreprise_ht`, `prix_entreprise_tva`, `prix_entreprise_ttc`, `prix_entreprise_accompagnateur_ht`, `prix_entreprise_accompagnateur_tva`, `prix_entreprise_accompagnateur_ttc`, `prix_accompagnateur_ht`, `prix_accompagnateur_tva`, `prix_accompagnateur_ttc`, `texte_facture_objet_FR`, `texte_facture_objet_EN`, `texte_facture_message_FR`, `texte_facture_message_EN`, `texte_inscription_objet_FR`, `texte_inscription_objet_EN`, `texte_inscription_titre_FR`, `texte_inscription_titre_EN`, `texte_inscription_message_FR`, `texte_inscription_message_EN`, `param_site_affichage_planning`, `param_site_affichage_cartes_score`) VALUES
(0, 0.00, 1890.00, 1890.00, 1890.00, 1890.00, 0.00, 1890.00, 0.00, 0.00, 0.00, 0.00, 0.00, 0.00, 0.00, 0.00, 0.00, 'Duos de Biarritz avec votre facture en pi&egrave;ce jointe', 'Your subscription is confirmed - Your invoice attached', '&lt;p&gt;&lt;span style=&quot;font-size: medium;&quot;&gt;Cher [CIVILITE][NOM]\r\n\r\n\r\nNous vous confirmons votre inscription &agrave; la comp&eacute;tition &quot;les Duos de Biarritz&quot;  qui se d&eacute;roulera du lundi 9  juin au vendredi 13  juin.\r\n\r\nNous nous retrouverons le dilmanche 8  juin &agrave; partir de 19h  pour la remise du polo officiel et  votre dossier.\r\n\r\n\r\n. Les voiturettes :\r\nNous jouons cette ann&eacute;e sur 5 golfs avec des voiturettes  :\r\n. Chantaco \r\n. Arcangues\r\n. Makila Golf club\r\n. Biarritz le Phare nombre tr&egrave;s limit&eacute;es.\r\n. Seignosse\r\n\r\nElles  sont tol&eacute;r&eacute;s au golf de Biarritz (3 ou 4  voiturettes !)\r\nLeur nombre &eacute;tant limit&eacute;, nous privil&eacute;gions les joueurs munis d&rsquo;un certificat m&eacute;dical.\r\nLa r&eacute;servation se fait uniquement par notre interm&eacute;diaire.\r\n\r\nVotre participation deviendra effective &agrave; r&eacute;ception de votre r&egrave;glement complet au 15 mai  2025.\r\n\r\n\r\n\r\nChristophe CANTEGREL:                   Laetitia MARIN :\r\nT&eacute;l : 04.81.88.45.64                            T&eacute;l 05 59 42 27 97\r\n\r\n\r\n\r\nUne Organisation conjointe GOLF FIRST et MAKILAS GOLF TOUR\r\nLicence n&deg;IM 064110031\r\n', 'tyle=&quot;font-size: medium;&quot;&gt;Dear [CIVILITY][NAME]\r\n\r\n\r\nWe confirm your registration for the &quot;Biarritz Duos &quot; which will take place from Monday 10 June to Friday 14 June.\r\n\r\nWe will meet on  sunday 9 june from 7pm for the presentation of the official polo shirt and your file.\r\n\r\n\r\n. Carts :\r\nThey are tolerated at the Biarritz golf course (4 carts!)\r\nTheir number being limited, we prefer players with a medical certificate.\r\nReservations can only be made through us.\r\n\r\nYour participation will become effective upon receipt of your full payment on 15 may 2024.\r\n\r\n\r\n\r\nChristophe CANTEGREL:                 Laetitia MARIN :\r\nT&eacute;l : 04.81.88.45.64                          T&eacute;l 05 59 42 27 97\r\n\r\n\r\n\r\nA joint organisation of GOLF FIRST and MAKILAS GOLF TOUR\r\nLicence n&deg;IM 064110031\r\n\r\n\r\n', 'Duos de Biarritz', 'Duos de Biarritz', 'Confirmation d&#039;inscription aux Duos de Biarritz', 'Confirmation d&#039;inscription aux Duos de Biarritz', 'Cher [CIVILITE] [NOM]\r\n\r\n\r\n\r\nNous vous confirmons votre inscription &agrave; la comp&eacute;tition &quot;les Duos de Biarritz&quot;  qui se d&eacute;roulera du lundi 9  juin au vendredi 13 Juin.\r\n\r\nNous nous retrouverons le dilmanche &agrave; partir de 19h  pour la remise du polo officiel et  votre dossier.\r\n\r\n\r\n. Les voiturettes :\r\nElles  sont  tol&eacute;r&eacute;s au golf de Biarritz (4 voiturettes !)\r\nLeur nombre &eacute;tant limit&eacute;, nous privil&eacute;gions les joueurs munis d&rsquo;un certificat m&eacute;dical.\r\nLa r&eacute;servation se fait uniquement par notre interm&eacute;diaire.\r\n\r\nVotre participation deviendra effective &agrave; r&eacute;ception de votre r&egrave;glement complet au15 mai 2025.\r\n\r\n\r\n\r\nChristophe CANTEGREL:                   Laetitia MARIN :\r\nT&eacute;l : 04.81.88.45.64                            T&eacute;l 05 59 42 27 97\r\n\r\n\r\n\r\nUne Organisation conjointe GOLF FIRST et MAKILAS GOLF TOUR\r\nLicence n&deg;IM 064110031\r\n\r\n\r\n', '&lt;p&gt;&lt;span style=&quot;font-size: medium;&quot;&gt;Dear [CIVILITY] [NAME]\r\n\r\nWe confirm your registration for the Biarritz Duets which will take place from Monday 9 June to Friday 13 June.\r\n\r\nWe will meet on the day of the event from 7pm for the presentation of the official polo shirt and your file.\r\n\r\n\r\n. Carts :\r\nThey are  tolerated at the Biarritz golf course (4 carts!)\r\nTheir number being limited, we prefer players with a medical certificate.\r\nReservations can only be made through us.\r\n\r\nYour participation will become effective upon receipt of your full payment on May 15th  2025.\r\n\r\n\r\nKind regards\r\n\r\n\r\nChristophe CANTEGREL: Laetitia MARIN :\r\nTel : 04.81.88.45.64 Tel 05 59 42 27 97\r\n\r\n\r\n\r\nA joint organisation of GOLF FIRST and MAKILAS GOLF TOUR\r\nLicence n&deg;IM 064110031\r\n\r\n\r\n', '[', '[');

-- --------------------------------------------------------

--
-- Structure de la table `pays`
--

CREATE TABLE `pays` (
  `pays_id` int NOT NULL,
  `pays_code` varchar(2) CHARACTER SET utf8mb3 COLLATE utf8mb3_unicode_ci NOT NULL,
  `pays_libelle_FR` varchar(255) CHARACTER SET utf8mb3 COLLATE utf8mb3_unicode_ci NOT NULL,
  `pays_libelle_EN` varchar(255) CHARACTER SET utf8mb3 COLLATE utf8mb3_unicode_ci NOT NULL
) ENGINE=MyISAM DEFAULT CHARSET=utf8mb3 COLLATE=utf8mb3_unicode_ci COMMENT='Pays';

--
-- Déchargement des données de la table `pays`
--

INSERT INTO `pays` (`pays_id`, `pays_code`, `pays_libelle_FR`, `pays_libelle_EN`) VALUES
(1, 'ZA', 'Afrique du Sud', 'South Africa'),
(2, 'AL', 'Albanie', 'Albania'),
(3, 'DZ', 'Algerie', 'Algeria'),
(4, 'DE', 'Allemagne', 'Germany'),
(5, 'AD', 'Andorre', 'Andorra'),
(6, 'AO', 'Angola', 'Angola'),
(7, 'AI', 'Anguilla', 'Anguilla'),
(8, 'AQ', 'Antarctique', 'Antarctica'),
(9, 'AG', 'Antigua-et-Barbuda', 'Antigua and Barbuda'),
(10, 'AN', 'Antilles neerlandaises', 'Netherlands Antilles'),
(11, 'SA', 'Arabie Saoudite', 'Saudi Arabia'),
(12, 'AR', 'Argentine', 'Argentina'),
(13, 'AM', 'Armenie', 'Armenia'),
(14, 'AW', 'Aruba', 'Aruba'),
(15, 'AU', 'Australie', 'Australia'),
(16, 'AT', 'Autriche', 'Austria'),
(17, 'AZ', 'Azerbaidjan', 'Azerbaijan'),
(18, 'BS', 'Bahamas', 'Bahamas'),
(19, 'BH', 'Bahrein', 'Bahrain'),
(20, 'BD', 'Bangladesh', 'Bangladesh'),
(21, 'BB', 'Barbade', 'Barbados'),
(22, 'BE', 'Belgique', 'Belgium'),
(23, 'BZ', 'Belize', 'Belize'),
(24, 'BM', 'Bermudes', 'Bermuda'),
(25, 'BT', 'Bhoutan', 'Bhutan'),
(26, 'BO', 'Bolivie', 'Bolivia'),
(27, 'BA', 'Bosnie-Herzegovine', 'Bosnia and Herzegovina'),
(28, 'BW', 'Botswana', 'Botswana'),
(29, 'BV', 'BouvetIle', 'Bouvet Island'),
(30, 'BN', 'Brunei Darussalam', 'Brunei Darussalam'),
(31, 'BR', 'Bresil', 'Brazil'),
(32, 'BG', 'Bulgarie', 'Bulgaria'),
(33, 'BF', 'Burkina faso', 'Burkina Faso'),
(34, 'BI', 'Burundi', 'Burundi'),
(35, 'BY', 'Belarus', 'Belarus'),
(36, 'BJ', 'Benin', 'Benin'),
(37, 'KH', 'Cambodge', 'Cambodia'),
(38, 'CM', 'Cameroun', 'Cameroon'),
(39, 'CA', 'Canada', 'Canada'),
(40, 'CV', 'Cap-vert', 'Cape Verde'),
(41, 'KY', 'CaimanesIles', 'Cayman Islands'),
(42, 'CF', 'Centrafricaine, Republique', 'Central African Republic'),
(43, 'CL', 'Chili', 'Chile'),
(44, 'CN', 'Chine', 'China'),
(45, 'CX', 'ChristmasIle', 'Christmas Island'),
(46, 'CY', 'Chypre', 'Cyprus'),
(47, 'CC', 'Cocos (Keeling), Iles', 'Cocos (Keeling) Islands'),
(48, 'CO', 'Colombie', 'Colombia'),
(49, 'KM', 'Comores', 'Comoros'),
(50, 'CG', 'Congo', 'Congo, Republic of'),
(51, 'CD', 'Congola, Republique Democratique du', 'Congo, The Democratic Republic of the'),
(52, 'CK', 'Cook, Iles', 'Cook Islands'),
(53, 'KP', 'Coree, Republique Populaire Democratique de', 'Korea, Democratic People s Republic'),
(54, 'KR', 'Coree, Republique de', 'Korea, Republic of'),
(55, 'CR', 'Costa rica', 'Costa Rica'),
(56, 'HR', 'Croatie', 'Croatia - Hrvatska'),
(57, 'CU', 'Cuba', 'Cuba'),
(58, 'CI', 'Cote d Ivoire', 'Ivory Coast'),
(59, 'DK', 'Danemark', 'Denmark'),
(60, 'DJ', 'Djibouti', 'Djibouti'),
(61, 'DO', 'Dominicaine, Republique', 'Dominican Republic'),
(62, 'DM', 'Dominique', 'Dominica'),
(63, 'EG', 'Egypte', 'Egypt'),
(64, 'AE', 'Emirats Arabes Unis', 'United Arab Emirates'),
(65, 'EC', 'Equateur', 'Ecuador'),
(66, 'ER', 'Erythree', 'Eritrea'),
(67, 'ES', 'Espagne', 'Spain'),
(68, 'EE', 'Estonie', 'Estonia'),
(69, 'US', 'Etats-Unis', 'United States'),
(70, 'ET', 'Ethiopie', 'Ethiopia'),
(71, 'FK', 'Falkland, Iles (Malvinas)', 'Falkland Islands (Malvinas)'),
(72, 'FJ', 'Fidji', 'Fiji'),
(73, 'FI', 'Finlande', 'Finland'),
(74, 'FR', 'France', 'France'),
(75, 'FO', 'Feroe, Iles', 'Faroe Islands'),
(76, 'GA', 'Gabon', 'Gabon'),
(77, 'GM', 'Gambie', 'Gambia'),
(78, 'GH', 'Ghana', 'Ghana'),
(79, 'GI', 'Gibraltar', 'Gibraltar'),
(80, 'GD', 'Grenade', 'Grenada'),
(81, 'GL', 'Groenland', 'Greenland'),
(82, 'GR', 'Grece', 'Greece'),
(83, 'GP', 'Guadeloupe', 'Guadeloupe'),
(84, 'GU', 'Guam', 'Guam'),
(85, 'GT', 'Guatemala', 'Guatemala'),
(86, 'GN', 'Guinee', 'Guinea'),
(87, 'GQ', 'Guinee Equatoriale', 'Equatorial Guinea'),
(88, 'GW', 'Guinee-Bissau', 'Guinea-Bissau'),
(89, 'GY', 'Guyana', 'Guyana'),
(90, 'GF', 'Guyane Francaise', 'French Guiana'),
(91, 'GE', 'Georgie', 'Georgia'),
(92, 'GS', 'Georgie du Sud et les Iles Sandwich du Sud', 'South Georgia and the South Sandwich Islands'),
(93, 'HT', 'Haiti', 'Haiti'),
(94, 'HM', 'HeardIle et McdonaldIles', 'Heard and McDonald Islands'),
(95, 'HN', 'Honduras', 'Honduras'),
(96, 'HK', 'Hong-kong', 'Hong Kong'),
(97, 'HU', 'Hongrie', 'Hungary'),
(98, 'VG', 'Iles Vierges Britanniques', 'Virgin IslandsBritish'),
(99, 'VI', 'Iles Vierges des Etats-Unis', 'Virgin IslandsUS'),
(100, 'UM', 'Iles mineures Eloignees des Etats-Unis', 'United States Minor Outlying Islands'),
(101, 'IN', 'Inde', 'India'),
(102, 'ID', 'Indonesie', 'Indonesia'),
(103, 'IR', 'Iran, Republique islamique d', 'Iran, Islamic Republic of'),
(104, 'IQ', 'Iraq', 'Iraq'),
(105, 'IE', 'Irlande', 'Ireland'),
(106, 'IS', 'Islande', 'Iceland'),
(107, 'IL', 'Israel', 'Israel'),
(108, 'IT', 'Italie', 'Italy'),
(109, 'JM', 'Jamaique', 'Jamaica'),
(110, 'JP', 'Japon', 'Japan'),
(111, 'JO', 'Jordanie', 'Jordan'),
(112, 'KZ', 'Kazakhstan', 'Kazakhstan'),
(113, 'KE', 'Kenya', 'Kenya'),
(114, 'KG', 'Kirghizistan', 'Kyrgyzstan'),
(115, 'KI', 'Kiribati', 'Kiribati'),
(116, 'KW', 'Koweit', 'Kuwait'),
(117, 'LA', 'Lao, Republique Democratique Populaire', 'Lao People s Democratic Republic'),
(118, 'LS', 'Lesotho', 'Lesotho'),
(119, 'LV', 'Lettonie', 'Latvia'),
(120, 'LB', 'Liban', 'Lebanon'),
(121, 'LY', 'Libyenne, Jamahiriya Arabe', 'Libyan Arab Jamahiriya'),
(122, 'LR', 'Liberia', 'Liberia'),
(123, 'LI', 'Liechtenstein', 'Liechtenstein'),
(124, 'LT', 'Lituanie', 'Lithuania'),
(125, 'LU', 'Luxembourg', 'Luxembourg'),
(126, 'MO', 'Macao', 'Macau'),
(127, 'MK', 'Macedoine, Ex-republique Yougoslave de', 'Macedonia, The Former Yugoslav Republic of'),
(128, 'MG', 'Madagascar', 'Madagascar'),
(129, 'MY', 'Malaisie', 'Malaysia'),
(130, 'MW', 'Malawi', 'Malawi'),
(131, 'MV', 'Maldives', 'Maldives'),
(132, 'ML', 'Mali', 'Mali'),
(133, 'MT', 'Malte', 'Malta'),
(134, 'MP', 'Mariannes du nordIles', 'Northern Mariana Islands'),
(135, 'MA', 'Maroc', 'Morocco'),
(136, 'MH', 'MarshallIles', 'Marshall Islands'),
(137, 'MQ', 'Martinique', 'Martinique'),
(138, 'MU', 'Maurice', 'Mauritius'),
(139, 'MR', 'Mauritanie', 'Mauritania'),
(140, 'YT', 'Mayotte', 'Mayotte'),
(141, 'MX', 'Mexique', 'Mexico'),
(142, 'FM', 'Micronesie, Etats federes de', 'Micronesia, Federal State of'),
(143, 'MD', 'Moldova, Republique de', 'Moldova, Republic of'),
(144, 'MC', 'Monaco', 'Monaco'),
(145, 'MN', 'Mongolie', 'Mongolia'),
(146, 'MS', 'Montserrat', 'Montserrat'),
(147, 'ME', 'Montenegro', 'Montenegro'),
(148, 'MZ', 'Mozambique', 'Mozambique'),
(149, 'MM', 'Myanmar', 'Myanmar'),
(150, 'NA', 'Namibie', 'Namibia'),
(151, 'NR', 'Nauru', 'Nauru'),
(152, 'NI', 'Nicaragua', 'Nicaragua'),
(153, 'NE', 'Niger', 'Niger'),
(154, 'NG', 'Nigeria', 'Nigeria'),
(155, 'NU', 'Niue', 'Niue'),
(156, 'NF', 'Norfolk, Ile', 'Norfolk Island'),
(157, 'NO', 'Norvege', 'Norway'),
(158, 'NC', 'Nouvelle-Caledonie', 'New Caledonia'),
(159, 'NZ', 'Nouvelle-Zelande', 'New Zealand'),
(160, 'NP', 'Nepal', 'Nepal'),
(161, 'IO', 'Ocean Indien, Territoire Britannique de l', 'British Indian Ocean Territory'),
(162, 'OM', 'Oman', 'Oman'),
(163, 'UG', 'Ouganda', 'Uganda'),
(164, 'UZ', 'Ouzbekistan', 'Uzbekistan'),
(165, 'PK', 'Pakistan', 'Pakistan'),
(166, 'PW', 'Palaos', 'Palau'),
(167, 'PS', 'Palestinien, Territoire occupe', 'Palestinian Territory Occupied'),
(168, 'PA', 'Panama', 'Panama'),
(169, 'PG', 'Papouasie-Nouvelle-Guinee', 'Papua New Guinea'),
(170, 'PY', 'Paraguay', 'Paraguay'),
(171, 'NL', 'Pays-bas', 'Netherlands'),
(172, 'PH', 'Philippines', 'Philippines'),
(173, 'PN', 'Pitcairn', 'Pitcairn Island'),
(174, 'PL', 'Pologne', 'Poland'),
(175, 'PF', 'Polynesie Francaise', 'French Polynesia'),
(176, 'PR', 'Porto Rico', 'Puerto Rico'),
(177, 'PT', 'Portugal', 'Portugal'),
(178, 'PE', 'Perou', 'Peru'),
(179, 'QA', 'Qatar', 'Qatar'),
(180, 'RO', 'Roumanie', 'Romania'),
(181, 'GB', 'Royaume-uni', 'United Kingdom'),
(182, 'RU', 'Russie, Federation de', 'Russian Federation'),
(183, 'RW', 'Rwanda', 'Rwanda'),
(184, 'RS', 'Republique de Serbie', 'Republic of Serbia'),
(185, 'RE', 'Reunion', 'Reunion Island'),
(186, 'EH', 'Sahara Occidental', 'Western Sahara'),
(187, 'KN', 'Saint-Kitts-et-Nevis', 'Saint Kitts and Nevis'),
(188, 'SM', 'Saint-Marin', 'San Marino'),
(189, 'PM', 'Saint-Pierre-et-Miquelon', 'Saint Pierre and Miquelon'),
(190, 'VA', 'Saint-Siege (Etat de la Cite du Vatican)', 'Holy See (Vatican City State)'),
(191, 'VC', 'Saint-Vincent-et-les Grenadines', 'Saint Vincent and the Grenadines'),
(192, 'SH', 'Sainte-Helene', 'Saint Helena'),
(193, 'LC', 'Sainte-Lucie', 'Saint Lucia'),
(194, 'SB', 'SalomonIles', 'Solomon Islands'),
(195, 'SV', 'Salvador', 'Salvador'),
(196, 'WS', 'Samoa', 'Western Samoa'),
(197, 'AS', 'Samoa americaines', 'American Samoa'),
(198, 'ST', 'Sao Tome-et-Principe', 'Sao Tome and Principe'),
(199, 'SC', 'Seychelles', 'Seychelles'),
(200, 'SL', 'Sierra Leone', 'Sierra Leone'),
(201, 'SG', 'Singapour', 'Singapore'),
(202, 'SK', 'Slovaquie', 'Slovak Republic'),
(203, 'SI', 'Slovenie', 'Slovenia'),
(204, 'SO', 'Somalie', 'Somalia'),
(205, 'SD', 'Soudan', 'Sudan'),
(206, 'LK', 'Sri Lanka', 'Sri Lanka'),
(207, 'CH', 'Suisse', 'Switzerland'),
(208, 'SR', 'Suriname', 'Suriname'),
(209, 'SE', 'Suede', 'Sweden'),
(210, 'SJ', 'Svalbard et Ile Jan Mayen', 'Svalbard and Jan Mayen Islands'),
(211, 'SZ', 'Swaziland', 'Swaziland'),
(212, 'SY', 'Syrienne, Republique Arabe', 'Syrian Arab Republic'),
(213, 'SN', 'Senegal', 'Senegal'),
(214, 'TJ', 'Tadjikistan', 'Tajikistan'),
(215, 'TZ', 'Tanzanie, Republique-Unie de', 'Tanzania'),
(216, 'TW', 'Taiwan, Province de Chine', 'Taiwan'),
(217, 'TD', 'Tchad', 'Chad'),
(218, 'CZ', 'Tcheque, Republique', 'Czech Republic'),
(219, 'TF', 'Terres Australes Francaises', 'French Southern Territories'),
(220, 'TH', 'Thailande', 'Thailand'),
(221, 'TL', 'Timor-Leste', 'Timor-Leste'),
(222, 'TG', 'Togo', 'Togo'),
(223, 'TK', 'Tokelau', 'Tokelau'),
(224, 'TO', 'Tonga', 'Tonga'),
(225, 'TT', 'Trinite-et-Tobago', 'Trinidad and Tobago'),
(226, 'TN', 'Tunisie', 'Tunisia'),
(227, 'TM', 'Turkmenistan', 'Turkmenistan'),
(228, 'TC', 'Turks et CaiquesIles', 'Turks and Caicos Islands'),
(229, 'TR', 'Turquie', 'Turkey'),
(230, 'TV', 'Tuvalu', 'Tuvalu'),
(231, 'UA', 'Ukraine', 'Ukraine'),
(232, 'UY', 'Uruguay', 'Uruguay'),
(233, 'VU', 'Vanuatu', 'Vanuatu'),
(234, 'VE', 'Venezuela', 'Venezuela'),
(235, 'VN', 'Vietnam', 'Vietnam'),
(236, 'WF', 'Wallis et Futuna', 'Wallis and Futuna Islands'),
(237, 'YE', 'Yemen', 'Yemen'),
(238, 'ZM', 'Zambie', 'Zambia'),
(239, 'ZW', 'Zimbabwe', 'Zimbabwe');

-- --------------------------------------------------------

--
-- Structure de la table `planning`
--

CREATE TABLE `planning` (
  `planning_id` int UNSIGNED NOT NULL,
  `competition_id` varchar(100) CHARACTER SET utf8mb3 COLLATE utf8mb3_unicode_ci NOT NULL DEFAULT '0',
  `planning_groupe` varchar(1) CHARACTER SET utf8mb3 COLLATE utf8mb3_unicode_ci NOT NULL DEFAULT 'Z',
  `golf_id` int NOT NULL DEFAULT '0',
  `equipe_id` varchar(100) CHARACTER SET utf8mb3 COLLATE utf8mb3_unicode_ci NOT NULL DEFAULT '0',
  `planning_depart_date` date NOT NULL DEFAULT '1970-01-01',
  `planning_depart_heure` time NOT NULL DEFAULT '00:00:00'
) ENGINE=InnoDB DEFAULT CHARSET=utf8mb3 COLLATE=utf8mb3_unicode_ci COMMENT='Planning de la compétition';

-- --------------------------------------------------------

--
-- Structure de la table `scores`
--

CREATE TABLE `scores` (
  `score_id` int NOT NULL,
  `competition_id` varchar(100) CHARACTER SET utf8mb3 COLLATE utf8mb3_unicode_ci NOT NULL DEFAULT '0',
  `planning_id` int NOT NULL,
  `equipe_id` varchar(100) CHARACTER SET utf8mb3 COLLATE utf8mb3_unicode_ci NOT NULL DEFAULT '0',
  `score_joueur_pro_id` varchar(100) CHARACTER SET utf8mb3 COLLATE utf8mb3_unicode_ci NOT NULL DEFAULT '0',
  `score_joueur_pro_resultats` varchar(255) CHARACTER SET utf8mb3 COLLATE utf8mb3_unicode_ci NOT NULL,
  `score_joueur_pro_resultats_aller` int NOT NULL DEFAULT '0',
  `score_joueur_pro_resultats_retour` int NOT NULL DEFAULT '0',
  `score_joueur_pro_resultats_total` int NOT NULL DEFAULT '0',
  `score_joueur_pro_reference` int NOT NULL DEFAULT '0',
  `score_joueur_pro_abandon` int NOT NULL DEFAULT '0',
  `score_joueur_am1_id` varchar(100) CHARACTER SET utf8mb3 COLLATE utf8mb3_unicode_ci NOT NULL DEFAULT '0',
  `score_joueur_am1_resultats` varchar(255) CHARACTER SET utf8mb3 COLLATE utf8mb3_unicode_ci NOT NULL,
  `score_joueur_am1_coupsrecus` varchar(255) CHARACTER SET utf8mb3 COLLATE utf8mb3_unicode_ci NOT NULL,
  `score_joueur_am2_id` varchar(100) CHARACTER SET utf8mb3 COLLATE utf8mb3_unicode_ci NOT NULL DEFAULT '0',
  `score_joueur_am2_resultats` varchar(255) CHARACTER SET utf8mb3 COLLATE utf8mb3_unicode_ci NOT NULL,
  `score_joueur_am2_coupsrecus` varchar(255) CHARACTER SET utf8mb3 COLLATE utf8mb3_unicode_ci NOT NULL,
  `score_joueur_am3_id` varchar(100) CHARACTER SET utf8mb3 COLLATE utf8mb3_unicode_ci NOT NULL DEFAULT '0',
  `score_joueur_am3_resultats` varchar(255) CHARACTER SET utf8mb3 COLLATE utf8mb3_unicode_ci NOT NULL,
  `score_joueur_am3_coupsrecus` varchar(255) CHARACTER SET utf8mb3 COLLATE utf8mb3_unicode_ci NOT NULL,
  `score_joueur_brut` varchar(255) CHARACTER SET utf8mb3 COLLATE utf8mb3_unicode_ci NOT NULL,
  `score_joueur_net` varchar(255) CHARACTER SET utf8mb3 COLLATE utf8mb3_unicode_ci NOT NULL,
  `score_joueur_brut_retour` int NOT NULL DEFAULT '0',
  `score_joueur_brut_aller` int NOT NULL DEFAULT '0',
  `score_joueur_brut_total` int NOT NULL DEFAULT '0',
  `score_joueur_brut_6derniers` int NOT NULL DEFAULT '0',
  `score_joueur_brut_3derniers` int NOT NULL DEFAULT '0',
  `score_joueur_brut_reference` int NOT NULL DEFAULT '0',
  `score_joueur_net_retour` int NOT NULL DEFAULT '0',
  `score_joueur_net_aller` int NOT NULL DEFAULT '0',
  `score_joueur_net_total` int NOT NULL DEFAULT '0',
  `score_joueur_net_6derniers` int NOT NULL DEFAULT '0',
  `score_joueur_net_3derniers` int NOT NULL DEFAULT '0',
  `score_joueur_net_reference` int NOT NULL DEFAULT '0'
) ENGINE=MyISAM DEFAULT CHARSET=utf8mb3 COLLATE=utf8mb3_unicode_ci COMMENT='Liste des scores de la compétition';

-- --------------------------------------------------------

--
-- Structure de la table `sponsors`
--

CREATE TABLE `sponsors` (
  `sponsor_id` int NOT NULL,
  `sponsor_nom` varchar(255) CHARACTER SET utf8mb3 COLLATE utf8mb3_unicode_ci NOT NULL,
  `sponsor_logo` varchar(255) CHARACTER SET utf8mb3 COLLATE utf8mb3_unicode_ci NOT NULL,
  `sponsor_classement` int NOT NULL DEFAULT '0',
  `sponsor_actif` varchar(1) CHARACTER SET utf8mb3 COLLATE utf8mb3_unicode_ci NOT NULL DEFAULT '1'
) ENGINE=MyISAM DEFAULT CHARSET=utf8mb3 COLLATE=utf8mb3_unicode_ci COMMENT='Sponsors';

--
-- Déchargement des données de la table `sponsors`
--

INSERT INTO `sponsors` (`sponsor_id`, `sponsor_nom`, `sponsor_logo`, `sponsor_classement`, `sponsor_actif`) VALUES
(2, 'DecayeuxX', '541a94041f243.gif', 1, '1'),
(7, 'XXIO', '54a3c66beddd6.gif', 2, '1'),
(4, 'Golf shop', '53e7c97eb382f.png', 3, '1'),
(9, 'Balata', '54e73950cba20.jpg', 4, '1');

-- --------------------------------------------------------

--
-- Structure de la table `test`
--

CREATE TABLE `test` (
  `text` varchar(255) NOT NULL
) ENGINE=InnoDB DEFAULT CHARSET=latin1;

--
-- Index pour les tables déchargées
--

--
-- Index pour la table `factures`
--
ALTER TABLE `factures`
  ADD PRIMARY KEY (`facture_numero`);

--
-- Index pour la table `factures_libelles`
--
ALTER TABLE `factures_libelles`
  ADD PRIMARY KEY (`facture_libelle_id`);

--
-- Index pour la table `hebergements`
--
ALTER TABLE `hebergements`
  ADD PRIMARY KEY (`ID`);

--
-- Index pour la table `joueurs`
--
ALTER TABLE `joueurs`
  ADD PRIMARY KEY (`ID`);

--
-- Index pour la table `planning`
--
ALTER TABLE `planning`
  ADD PRIMARY KEY (`planning_id`);

--
-- Index pour la table `scores`
--
ALTER TABLE `scores`
  ADD PRIMARY KEY (`score_id`);

--
-- Index pour la table `sponsors`
--
ALTER TABLE `sponsors`
  ADD PRIMARY KEY (`sponsor_id`);

--
-- AUTO_INCREMENT pour les tables déchargées
--

--
-- AUTO_INCREMENT pour la table `factures`
--
ALTER TABLE `factures`
  MODIFY `facture_numero` int NOT NULL AUTO_INCREMENT, AUTO_INCREMENT=24;

--
-- AUTO_INCREMENT pour la table `factures_libelles`
--
ALTER TABLE `factures_libelles`
  MODIFY `facture_libelle_id` int UNSIGNED NOT NULL AUTO_INCREMENT, AUTO_INCREMENT=2498;

--
-- AUTO_INCREMENT pour la table `hebergements`
--
ALTER TABLE `hebergements`
  MODIFY `ID` int NOT NULL AUTO_INCREMENT, AUTO_INCREMENT=26;

--
-- AUTO_INCREMENT pour la table `joueurs`
--
ALTER TABLE `joueurs`
  MODIFY `ID` int NOT NULL AUTO_INCREMENT, AUTO_INCREMENT=24;

--
-- AUTO_INCREMENT pour la table `planning`
--
ALTER TABLE `planning`
  MODIFY `planning_id` int UNSIGNED NOT NULL AUTO_INCREMENT;

--
-- AUTO_INCREMENT pour la table `scores`
--
ALTER TABLE `scores`
  MODIFY `score_id` int NOT NULL AUTO_INCREMENT;

--
-- AUTO_INCREMENT pour la table `sponsors`
--
ALTER TABLE `sponsors`
  MODIFY `sponsor_id` int NOT NULL AUTO_INCREMENT, AUTO_INCREMENT=10;
COMMIT;

