-- https://www.phpmyadmin.net/
--
-- Hôte : proamcotty2.mysql.db
-- Généré le : ven. 23 jan. 2026 à 13:42
-- Version du serveur : 8.0.44-35
-- Version de PHP : 8.1.33

START TRANSACTION;



--
-- Base de données : `proamcotty2`
--

-- --------------------------------------------------------

--
-- Structure de la table `admin_comptes`
--

CREATE TABLE `admin_comptes` (
  `compte_id` varchar(100) COLLATE utf8mb3_unicode_ci NOT NULL DEFAULT '0',
  `compte_type` enum('superviseur','administrateur','utilisateur') COLLATE utf8mb3_unicode_ci NOT NULL DEFAULT 'utilisateur',
  `compte_nom_utilisateur` varchar(255) COLLATE utf8mb3_unicode_ci NOT NULL,
  `compte_mot_passe` varchar(255) COLLATE utf8mb3_unicode_ci NOT NULL,
  `compte_nom` varchar(255) COLLATE utf8mb3_unicode_ci NOT NULL,
  `compte_prenom` varchar(255) COLLATE utf8mb3_unicode_ci NOT NULL,
  `compte_email` varchar(255) COLLATE utf8mb3_unicode_ci NOT NULL,
  `compte_commentaire` text COLLATE utf8mb3_unicode_ci NOT NULL,
  `compte_acces_modules` text COLLATE utf8mb3_unicode_ci NOT NULL,
  `compte_acces_rubriques` text COLLATE utf8mb3_unicode_ci NOT NULL
) ENGINE=MyISAM DEFAULT CHARSET=utf8mb3 COLLATE=utf8mb3_unicode_ci COMMENT='ADMIN : Comptes d''accès';

--
-- Déchargement des données de la table `admin_comptes`
--

INSERT INTO `admin_comptes` (`compte_id`, `compte_type`, `compte_nom_utilisateur`, `compte_mot_passe`, `compte_nom`, `compte_prenom`, `compte_email`, `compte_commentaire`, `compte_acces_modules`, `compte_acces_rubriques`) VALUES
('3cf611a58a3d2', 'superviseur', 'oguenon', 'f23eeca781d4489dfc63c000a293daa1', 'GU&Eacute;NON', 'Olivier', 'oguenon@gmail.com', '', '', ''),
('5241c8ea21d03', 'administrateur', 'cantegrel', '0c5c388b2d409a49998be6bcdd938f9b', 'CANTEGREL', 'Christophe', 'ccantgolf@golf-first.fr', '', '', ''),
('55e478360b2e1', 'utilisateur', 'paco', '15abc9ffd5ea9708eb98e7034574f814', 'PACO', 'Paco', 'ccantgolf@golf-first.fr', '', '6,5', '3,4,6,7,9');

-- --------------------------------------------------------

--
-- Structure de la table `admin_modif_facture_EN`
--

CREATE TABLE `admin_modif_facture_EN` (
  `ID` int NOT NULL,
  `input1` varchar(255) NOT NULL,
  `input2` varchar(255) NOT NULL,
  `input3` varchar(255) NOT NULL,
  `input4` varchar(255) NOT NULL,
  `input5` varchar(255) NOT NULL,
  `input6` varchar(255) NOT NULL,
  `input7` varchar(255) NOT NULL,
  `input8` varchar(255) NOT NULL,
  `input9` varchar(255) NOT NULL,
  `input10` varchar(255) NOT NULL,
  `input11` varchar(255) NOT NULL,
  `input12` varchar(255) NOT NULL,
  `input13` varchar(255) NOT NULL
) ENGINE=InnoDB DEFAULT CHARSET=latin1;

--
-- Déchargement des données de la table `admin_modif_facture_EN`
--

INSERT INTO `admin_modif_facture_EN` (`ID`, `input1`, `input2`, `input3`, `input4`, `input5`, `input6`, `input7`, `input8`, `input9`, `input10`, `input11`, `input12`, `input13`) VALUES
(1, 'FACTURE PRO FORMAT', 'N° TVA INTRA-COMMUNAUTAIRE', 'FRN 91343871687', 'VIREMENT RIB AU NOM DE CHALLENGE ORGANISATION', 'BANQUE CREDIT AGRICOLE  BAYONNE - ', 'Code IBAN: FR76 1690 6200 2451 0054 4111 818 ', 'Code BIC: AGRIFRPP869', '- Réglement : Acompte de 1000 euros à la commande, le solde au 1er décembre -RIB AU NOM DE CHALLENGE ORGANISATION SARL', '- Escompte pour réglement anticipé: 0%', '- En cas de retard de paiement, une pénalité sera appliquée à un taux de 1.5 fois le taux  d\'intérêt  légal ainsi  qu\'une amende forfaitaire de recouvrement de 40  €.', 'RIB AU NOM DE CHALLENGE ORGANISATION SARL - CHALLENGE ORGANISATION - 95 Rue des 4 cantons 64600 ANGLET', 'Tél : 05 59 42 27 97   -  www.proamagadir.com  -  proam@golf-first.fr', 'SARL au capital de 7 622 €  -   Siret 343 871 687 00038 ');

-- --------------------------------------------------------

--
-- Structure de la table `admin_modif_facture_FR`
--

CREATE TABLE `admin_modif_facture_FR` (
  `ID` int NOT NULL,
  `input1` varchar(255) NOT NULL,
  `input2` varchar(255) NOT NULL,
  `input3` varchar(255) NOT NULL,
  `input4` varchar(255) NOT NULL,
  `input5` varchar(255) NOT NULL,
  `input6` varchar(255) NOT NULL,
  `input7` varchar(255) NOT NULL,
  `input8` varchar(255) NOT NULL,
  `input9` varchar(255) NOT NULL,
  `input10` varchar(255) NOT NULL,
  `input11` varchar(255) NOT NULL,
  `input12` varchar(255) NOT NULL,
  `input13` varchar(255) NOT NULL
) ENGINE=InnoDB DEFAULT CHARSET=utf8mb3;

--
-- Déchargement des données de la table `admin_modif_facture_FR`
--

INSERT INTO `admin_modif_facture_FR` (`ID`, `input1`, `input2`, `input3`, `input4`, `input5`, `input6`, `input7`, `input8`, `input9`, `input10`, `input11`, `input12`, `input13`) VALUES
(1, 'FACTURE PRO FORMAT', 'N° TVA INTRA-COMMUNAUTAIRE', 'FRN 91343871687', 'VIREMENT', 'BANQUE CREDIT AGRICOLE  BAYONNE', 'Code IBAN: FR76 1690 6200 2451 0054 4111 818 ', 'Code BIC: AGRIFRPP869', '- Réglement : Acompte de 1000 euros à la commande, le solde au 1er décembre', '- Escompte pour réglement anticipé: 0%', '- En cas de retard de paiement, une pénalité sera appliquée à un taux de 1.5 fois le taux  d\'intérêt  légal ainsi  qu\'une amende forfaitaire de recouvrement de 40  €.', 'CHALLENGE ORGANISATION - 95 Rue des 4 cantons 64600 ANGLET', 'Tél : 05 59 42 27 97   -  www.proamagadir.com  -  proam@golf-first.fr', 'SARL au capital de 7 622 €  -   Siret 343 871 687 00038 ');

-- --------------------------------------------------------

--
-- Structure de la table `admin_modules`
--

CREATE TABLE `admin_modules` (
  `module_id` int NOT NULL,
  `module_niveau` enum('primaire','secondaire','tertiaire') COLLATE utf8mb3_unicode_ci NOT NULL DEFAULT 'primaire',
  `module_libelle` varchar(255) COLLATE utf8mb3_unicode_ci NOT NULL,
  `module_repertoire` varchar(100) COLLATE utf8mb3_unicode_ci NOT NULL,
  `module_classement` int NOT NULL DEFAULT '0',
  `module_activation` varchar(1) COLLATE utf8mb3_unicode_ci NOT NULL DEFAULT '1'
) ENGINE=MyISAM DEFAULT CHARSET=utf8mb3 COLLATE=utf8mb3_unicode_ci COMMENT='ADMIN : Liste des modules';

--
-- Déchargement des données de la table `admin_modules`
--

INSERT INTO `admin_modules` (`module_id`, `module_niveau`, `module_libelle`, `module_repertoire`, `module_classement`, `module_activation`) VALUES
(1, 'tertiaire', 'Configuration', 'configuration', 5, '1'),
(5, 'primaire', 'R&eacute;sultats', 'resultats', 6, '1'),
(6, 'primaire', 'Joueurs &amp; &Eacute;quipes', 'joueurs_equipes', 2, '1'),
(7, 'primaire', 'Planning', 'planning', 3, '1'),
(8, 'primaire', 'Comp&eacute;titions', 'competitions', 1, '1'),
(9, 'primaire', 'H&eacute;bergements', 'hebergements', 4, '1');

-- --------------------------------------------------------

--
-- Structure de la table `admin_rubriques`
--

CREATE TABLE `admin_rubriques` (
  `rubrique_id` int NOT NULL,
  `rubrique_module` int NOT NULL DEFAULT '0',
  `rubrique_libelle` varchar(255) COLLATE utf8mb3_unicode_ci NOT NULL,
  `rubrique_repertoire` varchar(100) COLLATE utf8mb3_unicode_ci NOT NULL,
  `rubrique_classement` int NOT NULL DEFAULT '0',
  `rubrique_activation` varchar(1) COLLATE utf8mb3_unicode_ci NOT NULL DEFAULT '1'
) ENGINE=MyISAM DEFAULT CHARSET=utf8mb3 COLLATE=utf8mb3_unicode_ci COMMENT='ADMIN : Liste des rubriques';

--
-- Déchargement des données de la table `admin_rubriques`
--

INSERT INTO `admin_rubriques` (`rubrique_id`, `rubrique_module`, `rubrique_libelle`, `rubrique_repertoire`, `rubrique_classement`, `rubrique_activation`) VALUES
(1, 1, 'Comptes', 'comptes', 1, '1'),
(2, 1, 'Arborescence', 'arborescence', 2, '1'),
(3, 6, 'Joueurs', 'joueurs', 1, '1'),
(4, 6, '&Eacute;quipes', 'equipes', 2, '1'),
(5, 6, 'Facturation', 'facturation', 3, '1'),
(6, 5, 'Cartes de score', 'cartes_score', 1, '1'),
(7, 5, 'Classement cumul&eacute;', 'classement_cumule', 2, '1'),
(9, 5, 'Classement cumul&eacute; Pro', 'classement_cumule_pro', 3, '1'),
(10, 8, 'Comp&eacute;titions', 'competitions', 1, '1'),
(11, 8, 'Roadbooks', 'roadbooks', 3, '1'),
(12, 8, 'Golf', 'golfs', 2, '1'),
(13, 8, 'Sponsors', 'sponsors', 4, '1');

-- --------------------------------------------------------

--
-- Structure de la table `admin_traces`
--

CREATE TABLE `admin_traces` (
  `trace_id` int NOT NULL,
  `trace_compte` varchar(100) COLLATE utf8mb3_unicode_ci NOT NULL DEFAULT '0',
  `trace_datetime_connexion` datetime NOT NULL DEFAULT '0000-00-00 00:00:00',
  `trace_datetime_deconnexion` datetime NOT NULL DEFAULT '0000-00-00 00:00:00'
) ENGINE=MyISAM DEFAULT CHARSET=utf8mb3 COLLATE=utf8mb3_unicode_ci COMMENT='ADMIN : Traces de connexion et de déconnexion';

--
-- Déchargement des données de la table `admin_traces`
--

INSERT INTO `admin_traces` (`trace_id`, `trace_compte`, `trace_datetime_connexion`, `trace_datetime_deconnexion`) VALUES
(126, '5241c8ea21d03', '2014-09-18 09:50:01', '0000-00-00 00:00:00'),
(127, '5241c8ea21d03', '2014-09-18 18:12:09', '2014-09-18 18:16:02'),
(128, '5241c8ea21d03', '2014-09-18 18:16:10', '0000-00-00 00:00:00'),
(129, '5241c8ea21d03', '2014-09-18 18:17:21', '0000-00-00 00:00:00'),
(130, '5241c8ea21d03', '2014-09-22 10:57:40', '0000-00-00 00:00:00'),
(131, '5241c8ea21d03', '2014-09-22 17:06:23', '0000-00-00 00:00:00'),
(132, '5241c8ea21d03', '2014-09-23 09:40:54', '0000-00-00 00:00:00'),
(133, '5241c8ea21d03', '2014-09-23 09:41:07', '0000-00-00 00:00:00'),
(134, '5241c8ea21d03', '2014-09-23 09:42:21', '0000-00-00 00:00:00'),
(135, '5241c8ea21d03', '2014-09-23 10:17:04', '0000-00-00 00:00:00'),
(136, '5241c8ea21d03', '2014-09-23 16:37:27', '2014-09-23 17:16:03'),
(137, '5241c8ea21d03', '2014-09-23 16:38:50', '0000-00-00 00:00:00'),
(138, '5241c8ea21d03', '2014-09-23 17:24:06', '0000-00-00 00:00:00'),
(139, '5241c8ea21d03', '2014-09-24 10:13:11', '0000-00-00 00:00:00'),
(140, '5241c8ea21d03', '2014-09-25 16:23:08', '0000-00-00 00:00:00'),
(141, '5241c8ea21d03', '2014-09-29 09:53:43', '0000-00-00 00:00:00'),
(142, '5241c8ea21d03', '2014-10-07 16:07:31', '0000-00-00 00:00:00'),
(143, '5241c8ea21d03', '2014-10-09 11:59:49', '0000-00-00 00:00:00'),
(144, '5241c8ea21d03', '2014-10-09 11:59:51', '0000-00-00 00:00:00'),
(145, '5241c8ea21d03', '2014-10-09 14:50:47', '0000-00-00 00:00:00'),
(146, '5241c8ea21d03', '2014-10-13 10:24:39', '2014-10-13 12:28:11'),
(147, '5241c8ea21d03', '2014-10-15 14:51:03', '0000-00-00 00:00:00'),
(148, '5241c8ea21d03', '2014-10-21 09:52:53', '0000-00-00 00:00:00'),
(149, '5241c8ea21d03', '2014-10-28 10:52:15', '0000-00-00 00:00:00'),
(150, '5241c8ea21d03', '2014-11-13 16:47:19', '0000-00-00 00:00:00'),
(151, '5241c8ea21d03', '2014-11-13 16:58:12', '0000-00-00 00:00:00'),
(152, '5241c8ea21d03', '2014-11-13 23:45:44', '0000-00-00 00:00:00'),
(153, '5241c8ea21d03', '2014-11-19 14:31:27', '0000-00-00 00:00:00'),
(154, '5241c8ea21d03', '2014-11-19 14:42:38', '2014-11-19 16:17:08'),
(155, '5241c8ea21d03', '2014-11-21 10:21:54', '2014-11-21 10:31:17'),
(156, '5241c8ea21d03', '2014-11-21 10:58:20', '2014-11-21 10:59:06'),
(157, '5241c8ea21d03', '2014-11-26 16:40:00', '0000-00-00 00:00:00'),
(158, '5241c8ea21d03', '2014-11-27 16:58:28', '2014-11-27 17:26:58'),
(159, '5241c8ea21d03', '2014-11-28 10:04:39', '0000-00-00 00:00:00'),
(160, '5241c8ea21d03', '2014-12-01 16:19:38', '0000-00-00 00:00:00'),
(161, '5241c8ea21d03', '2014-12-02 11:55:55', '0000-00-00 00:00:00'),
(162, '5241c8ea21d03', '2014-12-02 15:40:35', '2014-12-02 16:05:08'),
(163, '5241c8ea21d03', '2014-12-02 16:05:16', '0000-00-00 00:00:00'),
(164, '5241c8ea21d03', '2014-12-03 14:12:38', '0000-00-00 00:00:00'),
(165, '5241c8ea21d03', '2014-12-04 09:56:35', '2014-12-04 09:57:54'),
(166, '5241c8ea21d03', '2014-12-08 11:52:33', '0000-00-00 00:00:00'),
(167, '5241c8ea21d03', '2014-12-09 10:07:32', '0000-00-00 00:00:00'),
(168, '5241c8ea21d03', '2014-12-11 14:05:56', '2014-12-11 14:21:47'),
(169, '5241c8ea21d03', '2014-12-11 15:20:21', '2014-12-11 15:25:55'),
(170, '5241c8ea21d03', '2014-12-17 14:42:09', '0000-00-00 00:00:00'),
(171, '5241c8ea21d03', '2014-12-23 11:47:15', '2014-12-23 12:03:31'),
(172, '5241c8ea21d03', '2014-12-31 10:46:31', '0000-00-00 00:00:00'),
(173, '5241c8ea21d03', '2014-12-31 10:55:25', '0000-00-00 00:00:00'),
(174, '5241c8ea21d03', '2014-12-31 12:07:32', '0000-00-00 00:00:00'),
(175, '5241c8ea21d03', '2014-12-31 18:54:11', '0000-00-00 00:00:00'),
(176, '5241c8ea21d03', '2015-01-05 14:40:32', '2015-01-05 15:13:33'),
(177, '5241c8ea21d03', '2015-01-06 09:22:15', '2015-01-06 09:50:04'),
(178, '5241c8ea21d03', '2015-01-07 10:03:12', '0000-00-00 00:00:00'),
(179, '5241c8ea21d03', '2015-01-09 11:52:10', '0000-00-00 00:00:00'),
(180, '5241c8ea21d03', '2015-01-13 09:48:22', '0000-00-00 00:00:00'),
(181, '5241c8ea21d03', '2015-01-14 15:50:01', '0000-00-00 00:00:00'),
(182, '5241c8ea21d03', '2015-01-16 11:16:17', '2015-01-16 11:34:29'),
(183, '5241c8ea21d03', '2015-01-16 11:56:11', '2015-01-16 12:18:30'),
(184, '5241c8ea21d03', '2015-01-19 10:15:53', '2015-01-19 11:05:00'),
(185, '5241c8ea21d03', '2015-01-19 11:44:31', '0000-00-00 00:00:00'),
(186, '5241c8ea21d03', '2015-01-19 15:57:32', '0000-00-00 00:00:00'),
(187, '5241c8ea21d03', '2015-01-19 16:08:58', '2015-01-19 17:47:13'),
(188, '5241c8ea21d03', '2015-01-20 14:49:22', '2015-01-20 15:39:53'),
(189, '5241c8ea21d03', '2015-01-20 15:43:07', '2015-01-20 15:51:12'),
(190, '5241c8ea21d03', '2015-01-20 16:21:42', '2015-01-20 16:26:29'),
(191, '5241c8ea21d03', '2015-01-21 11:43:15', '2015-01-21 11:57:12'),
(192, '5241c8ea21d03', '2015-01-21 12:12:39', '0000-00-00 00:00:00'),
(193, '5241c8ea21d03', '2015-01-21 15:19:40', '2015-01-21 15:50:06'),
(194, '5241c8ea21d03', '2015-01-21 16:13:49', '0000-00-00 00:00:00'),
(195, '5241c8ea21d03', '2015-01-21 17:45:00', '2015-01-21 17:46:29'),
(196, '5241c8ea21d03', '2015-01-23 17:18:54', '2015-01-23 17:43:38'),
(197, '5241c8ea21d03', '2015-01-23 17:45:13', '0000-00-00 00:00:00'),
(198, '5241c8ea21d03', '2015-01-27 10:31:03', '0000-00-00 00:00:00'),
(199, '5241c8ea21d03', '2015-01-28 10:14:48', '2015-01-28 10:29:20'),
(200, '5241c8ea21d03', '2015-02-02 12:07:32', '0000-00-00 00:00:00'),
(201, '5241c8ea21d03', '2015-02-02 14:07:05', '0000-00-00 00:00:00'),
(202, '5241c8ea21d03', '2015-02-02 14:18:40', '0000-00-00 00:00:00'),
(203, '5241c8ea21d03', '2015-02-02 15:14:48', '2015-02-02 15:15:49'),
(204, '5241c8ea21d03', '2015-02-02 15:33:06', '2015-02-02 16:30:16'),
(205, '5241c8ea21d03', '2015-02-02 16:32:20', '2015-02-02 16:42:34'),
(206, '5241c8ea21d03', '2015-02-02 16:43:10', '2015-02-02 16:46:34'),
(207, '5241c8ea21d03', '2015-02-02 17:05:41', '0000-00-00 00:00:00'),
(208, '5241c8ea21d03', '2015-02-03 09:40:19', '2015-02-03 10:25:35'),
(209, '5241c8ea21d03', '2015-02-03 10:28:28', '2015-02-03 10:56:14'),
(210, '5241c8ea21d03', '2015-02-03 12:24:51', '2015-02-03 12:27:46'),
(211, '5241c8ea21d03', '2015-02-04 09:52:41', '2015-02-04 10:13:45'),
(212, '5241c8ea21d03', '2015-02-04 10:15:44', '2015-02-04 10:16:11'),
(213, '5241c8ea21d03', '2015-02-05 17:32:36', '0000-00-00 00:00:00'),
(214, '5241c8ea21d03', '2015-02-05 17:36:18', '2015-02-05 18:02:15'),
(215, '5241c8ea21d03', '2015-02-06 12:08:31', '0000-00-00 00:00:00'),
(216, '5241c8ea21d03', '2015-02-06 14:51:44', '2015-02-06 15:49:37'),
(217, '5241c8ea21d03', '2015-02-08 21:12:02', '0000-00-00 00:00:00'),
(218, '5241c8ea21d03', '2015-02-12 15:44:21', '2015-02-12 16:18:36'),
(219, '5241c8ea21d03', '2015-02-12 16:18:52', '2015-02-12 17:01:01'),
(220, '5241c8ea21d03', '2015-02-12 17:12:32', '0000-00-00 00:00:00'),
(221, '5241c8ea21d03', '2015-02-13 14:18:38', '2015-02-13 16:01:44'),
(222, '5241c8ea21d03', '2015-02-16 14:18:39', '0000-00-00 00:00:00'),
(223, '5241c8ea21d03', '2015-02-16 14:18:39', '2015-02-16 16:45:23'),
(224, '5241c8ea21d03', '2015-02-16 17:51:33', '2015-02-16 18:11:07'),
(225, '5241c8ea21d03', '2015-02-16 18:11:56', '0000-00-00 00:00:00'),
(226, '5241c8ea21d03', '2015-02-17 09:19:24', '2015-02-17 10:33:17'),
(227, '5241c8ea21d03', '2015-02-18 10:18:42', '2015-02-18 11:43:54'),
(228, '5241c8ea21d03', '2015-02-18 11:44:11', '0000-00-00 00:00:00'),
(229, '5241c8ea21d03', '2015-02-18 12:05:38', '0000-00-00 00:00:00'),
(230, '5241c8ea21d03', '2015-02-18 14:38:21', '2015-02-18 15:49:55'),
(231, '5241c8ea21d03', '2015-02-19 11:14:58', '2015-02-19 11:46:07'),
(232, '5241c8ea21d03', '2015-02-20 09:38:51', '2015-02-20 10:12:44'),
(233, '5241c8ea21d03', '2015-02-20 10:28:32', '2015-02-20 11:23:40'),
(234, '5241c8ea21d03', '2015-02-20 14:21:50', '0000-00-00 00:00:00'),
(235, '5241c8ea21d03', '2015-02-20 14:36:42', '0000-00-00 00:00:00'),
(236, '5241c8ea21d03', '2015-02-20 15:01:15', '0000-00-00 00:00:00'),
(237, '5241c8ea21d03', '2015-02-20 16:55:45', '2015-02-20 17:08:31'),
(238, '5241c8ea21d03', '2015-02-20 17:10:42', '2015-02-20 17:46:49'),
(239, '5241c8ea21d03', '2015-02-23 09:54:03', '0000-00-00 00:00:00'),
(240, '5241c8ea21d03', '2015-02-23 14:01:00', '2015-02-23 14:03:04'),
(241, '5241c8ea21d03', '2015-02-23 14:18:34', '0000-00-00 00:00:00'),
(242, '5241c8ea21d03', '2015-02-23 17:30:43', '0000-00-00 00:00:00'),
(243, '5241c8ea21d03', '2015-02-24 10:28:12', '2015-02-24 10:33:46'),
(244, '5241c8ea21d03', '2015-02-24 10:43:24', '0000-00-00 00:00:00'),
(245, '5241c8ea21d03', '2015-02-25 09:47:31', '0000-00-00 00:00:00'),
(246, '5241c8ea21d03', '2015-02-25 16:48:47', '2015-02-25 16:49:23'),
(247, '5241c8ea21d03', '2015-02-25 16:53:43', '2015-02-25 17:02:55'),
(248, '5241c8ea21d03', '2015-02-26 09:22:58', '2015-02-26 10:28:26'),
(249, '5241c8ea21d03', '2015-02-26 11:23:30', '0000-00-00 00:00:00'),
(250, '5241c8ea21d03', '2015-02-26 15:57:04', '0000-00-00 00:00:00'),
(251, '5241c8ea21d03', '2015-02-27 10:06:14', '2015-02-27 12:14:27'),
(252, '5241c8ea21d03', '2015-02-27 15:28:30', '2015-02-27 15:34:28'),
(253, '5241c8ea21d03', '2015-03-02 10:46:39', '2015-03-02 12:02:44'),
(254, '5241c8ea21d03', '2015-03-03 09:50:50', '2015-03-03 11:26:52'),
(255, '5241c8ea21d03', '2015-03-03 15:43:47', '0000-00-00 00:00:00'),
(256, '5241c8ea21d03', '2015-03-04 09:29:00', '0000-00-00 00:00:00'),
(257, '5241c8ea21d03', '2015-03-04 11:46:04', '2015-03-04 11:48:35'),
(258, '5241c8ea21d03', '2015-03-04 12:12:07', '2015-03-04 12:41:07'),
(259, '5241c8ea21d03', '2015-03-05 10:47:07', '2015-03-05 12:02:17'),
(260, '5241c8ea21d03', '2015-03-05 14:43:17', '2015-03-05 15:00:23'),
(261, '5241c8ea21d03', '2015-03-05 15:40:41', '2015-03-05 15:41:06'),
(262, '5241c8ea21d03', '2015-03-06 11:10:42', '2015-03-06 11:49:27'),
(263, '5241c8ea21d03', '2015-03-06 12:27:29', '0000-00-00 00:00:00'),
(264, '5241c8ea21d03', '2015-03-06 14:43:01', '2015-03-06 15:57:44'),
(265, '5241c8ea21d03', '2015-03-06 16:37:46', '2015-03-06 17:06:28'),
(266, '5241c8ea21d03', '2015-03-06 17:13:25', '2015-03-06 17:20:15'),
(267, '5241c8ea21d03', '2015-03-06 17:22:11', '2015-03-06 17:23:08'),
(268, '5241c8ea21d03', '2015-03-09 09:36:12', '2015-03-09 12:15:52'),
(269, '5241c8ea21d03', '2015-03-09 15:49:25', '2015-03-09 17:06:28'),
(270, '5241c8ea21d03', '2015-03-10 09:11:02', '2015-03-10 10:16:16'),
(271, '5241c8ea21d03', '2015-03-10 12:13:53', '2015-03-10 12:16:34'),
(272, '5241c8ea21d03', '2015-03-10 12:27:12', '2015-03-10 12:44:06'),
(273, '5241c8ea21d03', '2015-03-10 16:58:04', '0000-00-00 00:00:00'),
(274, '5241c8ea21d03', '2015-03-11 10:59:16', '0000-00-00 00:00:00'),
(275, '5241c8ea21d03', '2015-03-11 10:59:55', '0000-00-00 00:00:00'),
(276, '5241c8ea21d03', '2015-03-11 14:11:45', '2015-03-11 14:15:16'),
(277, '5241c8ea21d03', '2015-03-12 09:24:51', '2015-03-12 09:31:12'),
(278, '5241c8ea21d03', '2015-03-12 09:54:33', '2015-03-12 10:46:03'),
(279, '5241c8ea21d03', '2015-03-12 12:00:50', '0000-00-00 00:00:00'),
(280, '5241c8ea21d03', '2015-03-12 14:18:22', '2015-03-12 17:50:01'),
(281, '5241c8ea21d03', '2015-03-13 09:40:56', '2015-03-13 12:05:47'),
(282, '5241c8ea21d03', '2015-03-13 15:01:00', '0000-00-00 00:00:00'),
(283, '5241c8ea21d03', '2015-03-13 15:02:59', '0000-00-00 00:00:00'),
(284, '5241c8ea21d03', '2015-03-16 10:15:25', '0000-00-00 00:00:00'),
(285, '5241c8ea21d03', '2015-03-16 11:04:59', '0000-00-00 00:00:00'),
(286, '5241c8ea21d03', '2015-03-16 14:41:29', '0000-00-00 00:00:00'),
(287, '5241c8ea21d03', '2015-03-16 14:41:29', '0000-00-00 00:00:00'),
(288, '5241c8ea21d03', '2015-03-16 14:41:42', '0000-00-00 00:00:00'),
(289, '5241c8ea21d03', '2015-03-16 18:21:26', '0000-00-00 00:00:00'),
(290, '5241c8ea21d03', '2015-03-17 10:18:20', '0000-00-00 00:00:00'),
(291, '5241c8ea21d03', '2015-03-17 11:53:00', '0000-00-00 00:00:00'),
(292, '5241c8ea21d03', '2015-03-18 10:34:00', '0000-00-00 00:00:00'),
(293, '5241c8ea21d03', '2015-03-18 14:39:35', '0000-00-00 00:00:00'),
(294, '5241c8ea21d03', '2015-03-23 15:14:11', '0000-00-00 00:00:00'),
(295, '5241c8ea21d03', '2015-03-23 17:17:06', '2015-03-23 18:19:48'),
(296, '5241c8ea21d03', '2015-03-24 10:02:52', '0000-00-00 00:00:00'),
(297, '5241c8ea21d03', '2015-03-24 14:34:21', '0000-00-00 00:00:00'),
(298, '5241c8ea21d03', '2015-03-24 17:24:58', '0000-00-00 00:00:00'),
(299, '5241c8ea21d03', '2015-03-25 09:34:14', '0000-00-00 00:00:00'),
(300, '5241c8ea21d03', '2015-03-25 10:01:41', '0000-00-00 00:00:00'),
(301, '5241c8ea21d03', '2015-03-25 14:46:08', '0000-00-00 00:00:00'),
(302, '5241c8ea21d03', '2015-03-25 17:21:07', '0000-00-00 00:00:00'),
(303, '5241c8ea21d03', '2015-03-26 10:22:19', '0000-00-00 00:00:00'),
(304, '5241c8ea21d03', '2015-03-26 15:01:36', '0000-00-00 00:00:00'),
(305, '5241c8ea21d03', '2015-03-26 16:25:48', '0000-00-00 00:00:00'),
(306, '5241c8ea21d03', '2015-03-27 09:42:34', '0000-00-00 00:00:00'),
(307, '5241c8ea21d03', '2015-03-27 14:14:09', '2015-03-27 14:44:42'),
(308, '5241c8ea21d03', '2015-03-27 16:21:48', '2015-03-27 16:23:51'),
(309, '5241c8ea21d03', '2015-03-27 16:33:07', '0000-00-00 00:00:00'),
(310, '5241c8ea21d03', '2015-03-30 10:43:13', '2015-03-30 12:02:51'),
(311, '5241c8ea21d03', '2015-03-30 12:18:44', '0000-00-00 00:00:00'),
(312, '5241c8ea21d03', '2015-03-30 13:49:50', '0000-00-00 00:00:00'),
(313, '5241c8ea21d03', '2015-03-31 10:02:27', '0000-00-00 00:00:00'),
(314, '5241c8ea21d03', '2015-03-31 12:02:34', '0000-00-00 00:00:00'),
(315, '5241c8ea21d03', '2015-03-31 15:18:40', '2015-03-31 16:23:33'),
(316, '5241c8ea21d03', '2015-04-01 09:58:01', '0000-00-00 00:00:00'),
(317, '5241c8ea21d03', '2015-04-01 10:05:15', '2015-04-01 11:36:24'),
(318, '5241c8ea21d03', '2015-04-01 15:57:41', '0000-00-00 00:00:00'),
(319, '5241c8ea21d03', '2015-04-02 11:34:52', '0000-00-00 00:00:00'),
(320, '5241c8ea21d03', '2015-04-02 14:46:56', '0000-00-00 00:00:00'),
(321, '5241c8ea21d03', '2015-04-02 17:32:47', '0000-00-00 00:00:00'),
(322, '5241c8ea21d03', '2015-04-03 09:48:24', '0000-00-00 00:00:00'),
(323, '5241c8ea21d03', '2015-04-03 09:48:24', '0000-00-00 00:00:00'),
(324, '5241c8ea21d03', '2015-04-03 10:34:53', '0000-00-00 00:00:00'),
(325, '5241c8ea21d03', '2015-04-07 10:40:50', '0000-00-00 00:00:00'),
(326, '5241c8ea21d03', '2015-04-07 15:30:39', '0000-00-00 00:00:00'),
(327, '5241c8ea21d03', '2015-04-07 17:10:58', '0000-00-00 00:00:00'),
(328, '5241c8ea21d03', '2015-04-07 19:37:35', '0000-00-00 00:00:00'),
(329, '5241c8ea21d03', '2015-04-08 10:55:07', '0000-00-00 00:00:00'),
(330, '5241c8ea21d03', '2015-04-08 14:42:53', '0000-00-00 00:00:00'),
(331, '5241c8ea21d03', '2015-04-09 09:39:21', '0000-00-00 00:00:00'),
(332, '5241c8ea21d03', '2015-04-09 19:31:07', '0000-00-00 00:00:00'),
(333, '5241c8ea21d03', '2015-04-10 09:50:32', '0000-00-00 00:00:00'),
(334, '5241c8ea21d03', '2015-04-12 15:45:02', '0000-00-00 00:00:00'),
(335, '5241c8ea21d03', '2015-04-12 15:45:09', '0000-00-00 00:00:00'),
(336, '5241c8ea21d03', '2015-04-12 17:37:03', '0000-00-00 00:00:00'),
(337, '5241c8ea21d03', '2015-04-12 18:58:02', '0000-00-00 00:00:00'),
(338, '5241c8ea21d03', '2015-04-13 09:27:30', '0000-00-00 00:00:00'),
(339, '5241c8ea21d03', '2015-04-13 10:40:04', '0000-00-00 00:00:00'),
(340, '5241c8ea21d03', '2015-04-13 13:52:03', '0000-00-00 00:00:00'),
(341, '5241c8ea21d03', '2015-04-13 15:50:14', '0000-00-00 00:00:00'),
(342, '5241c8ea21d03', '2015-04-13 18:06:24', '0000-00-00 00:00:00'),
(343, '5241c8ea21d03', '2015-04-13 18:15:55', '0000-00-00 00:00:00'),
(344, '5241c8ea21d03', '2015-04-14 09:45:40', '0000-00-00 00:00:00'),
(345, '5241c8ea21d03', '2015-04-14 10:19:33', '0000-00-00 00:00:00'),
(346, '5241c8ea21d03', '2015-04-14 11:35:25', '0000-00-00 00:00:00'),
(347, '5241c8ea21d03', '2015-04-14 13:51:43', '0000-00-00 00:00:00'),
(348, '5241c8ea21d03', '2015-04-14 14:12:18', '0000-00-00 00:00:00'),
(349, '5241c8ea21d03', '2015-04-14 14:37:10', '2015-04-14 18:39:41'),
(350, '5241c8ea21d03', '2015-04-15 09:15:07', '0000-00-00 00:00:00'),
(351, '5241c8ea21d03', '2015-04-15 09:18:22', '0000-00-00 00:00:00'),
(352, '5241c8ea21d03', '2015-04-15 11:40:16', '0000-00-00 00:00:00'),
(353, '5241c8ea21d03', '2015-04-15 12:27:00', '0000-00-00 00:00:00'),
(354, '5241c8ea21d03', '2015-04-15 17:50:01', '0000-00-00 00:00:00'),
(355, '5241c8ea21d03', '2015-04-16 09:35:22', '0000-00-00 00:00:00'),
(356, '5241c8ea21d03', '2015-04-16 09:48:28', '0000-00-00 00:00:00'),
(357, '5241c8ea21d03', '2015-04-16 09:55:41', '0000-00-00 00:00:00'),
(358, '5241c8ea21d03', '2015-04-16 10:56:40', '0000-00-00 00:00:00'),
(359, '5241c8ea21d03', '2015-04-16 16:15:42', '0000-00-00 00:00:00'),
(360, '5241c8ea21d03', '2015-04-16 17:16:17', '0000-00-00 00:00:00'),
(361, '5241c8ea21d03', '2015-04-16 17:39:25', '0000-00-00 00:00:00'),
(362, '5241c8ea21d03', '2015-04-18 19:39:22', '0000-00-00 00:00:00'),
(363, '5241c8ea21d03', '2015-04-19 10:09:41', '0000-00-00 00:00:00'),
(364, '5241c8ea21d03', '2015-04-19 15:09:39', '0000-00-00 00:00:00'),
(365, '5241c8ea21d03', '2015-04-19 17:00:25', '0000-00-00 00:00:00'),
(366, '5241c8ea21d03', '2015-04-19 19:45:14', '0000-00-00 00:00:00'),
(367, '5241c8ea21d03', '2015-04-19 19:47:01', '0000-00-00 00:00:00'),
(368, '5241c8ea21d03', '2015-04-19 21:42:43', '0000-00-00 00:00:00'),
(369, '5241c8ea21d03', '2015-04-19 21:47:39', '0000-00-00 00:00:00'),
(370, '5241c8ea21d03', '2015-04-20 19:37:05', '0000-00-00 00:00:00'),
(371, '5241c8ea21d03', '2015-04-21 08:12:06', '0000-00-00 00:00:00'),
(372, '5241c8ea21d03', '2015-04-21 14:11:12', '0000-00-00 00:00:00'),
(373, '5241c8ea21d03', '2015-04-21 14:12:08', '2015-04-21 14:27:40'),
(374, '5241c8ea21d03', '2015-04-21 14:17:50', '0000-00-00 00:00:00'),
(375, '5241c8ea21d03', '2015-04-21 14:32:06', '0000-00-00 00:00:00'),
(376, '5241c8ea21d03', '2015-04-21 16:09:10', '0000-00-00 00:00:00'),
(377, '5241c8ea21d03', '2015-04-21 21:32:00', '0000-00-00 00:00:00'),
(378, '5241c8ea21d03', '2015-04-22 00:24:50', '0000-00-00 00:00:00'),
(379, '5241c8ea21d03', '2015-04-22 11:37:12', '0000-00-00 00:00:00'),
(380, '5241c8ea21d03', '2015-04-22 12:10:13', '0000-00-00 00:00:00'),
(381, '5241c8ea21d03', '2015-04-22 12:37:03', '0000-00-00 00:00:00'),
(382, '5241c8ea21d03', '2015-04-22 13:16:47', '0000-00-00 00:00:00'),
(383, '5241c8ea21d03', '2015-04-22 13:35:41', '0000-00-00 00:00:00'),
(384, '5241c8ea21d03', '2015-04-22 13:42:59', '0000-00-00 00:00:00'),
(385, '5241c8ea21d03', '2015-04-22 13:45:05', '0000-00-00 00:00:00'),
(386, '5241c8ea21d03', '2015-04-22 14:31:32', '0000-00-00 00:00:00'),
(387, '5241c8ea21d03', '2015-04-22 14:50:36', '0000-00-00 00:00:00'),
(388, '5241c8ea21d03', '2015-04-22 15:51:37', '2015-04-22 18:18:18'),
(389, '5241c8ea21d03', '2015-04-22 16:10:05', '0000-00-00 00:00:00'),
(390, '5241c8ea21d03', '2015-04-22 16:11:11', '0000-00-00 00:00:00'),
(391, '5241c8ea21d03', '2015-04-22 16:16:00', '0000-00-00 00:00:00'),
(392, '5241c8ea21d03', '2015-04-22 18:12:23', '0000-00-00 00:00:00'),
(393, '5241c8ea21d03', '2015-04-22 18:24:01', '0000-00-00 00:00:00'),
(394, '5241c8ea21d03', '2015-04-22 19:31:34', '0000-00-00 00:00:00'),
(395, '5241c8ea21d03', '2015-04-22 19:31:46', '0000-00-00 00:00:00'),
(396, '5241c8ea21d03', '2015-04-23 12:10:02', '0000-00-00 00:00:00'),
(397, '5241c8ea21d03', '2015-04-23 12:20:14', '0000-00-00 00:00:00'),
(398, '5241c8ea21d03', '2015-04-23 12:44:57', '0000-00-00 00:00:00'),
(399, '5241c8ea21d03', '2015-04-23 12:49:16', '0000-00-00 00:00:00'),
(400, '5241c8ea21d03', '2015-04-23 12:52:49', '0000-00-00 00:00:00'),
(401, '5241c8ea21d03', '2015-04-23 15:45:13', '0000-00-00 00:00:00'),
(402, '5241c8ea21d03', '2015-04-23 17:55:41', '0000-00-00 00:00:00'),
(403, '5241c8ea21d03', '2015-04-23 18:31:26', '0000-00-00 00:00:00'),
(404, '5241c8ea21d03', '2015-04-23 18:33:36', '0000-00-00 00:00:00'),
(405, '5241c8ea21d03', '2015-04-23 20:37:10', '0000-00-00 00:00:00'),
(406, '5241c8ea21d03', '2015-04-24 08:14:50', '0000-00-00 00:00:00'),
(407, '5241c8ea21d03', '2015-04-24 12:15:41', '0000-00-00 00:00:00'),
(408, '5241c8ea21d03', '2015-04-24 12:22:01', '0000-00-00 00:00:00'),
(409, '5241c8ea21d03', '2015-04-24 12:22:01', '0000-00-00 00:00:00'),
(410, '5241c8ea21d03', '2015-04-24 12:41:21', '0000-00-00 00:00:00'),
(411, '5241c8ea21d03', '2015-04-24 12:54:19', '0000-00-00 00:00:00'),
(412, '5241c8ea21d03', '2015-04-24 13:52:04', '0000-00-00 00:00:00'),
(413, '5241c8ea21d03', '2015-04-24 13:52:28', '0000-00-00 00:00:00'),
(414, '5241c8ea21d03', '2015-04-24 13:52:48', '0000-00-00 00:00:00'),
(415, '5241c8ea21d03', '2015-04-24 14:58:25', '0000-00-00 00:00:00'),
(416, '5241c8ea21d03', '2015-04-24 17:20:06', '0000-00-00 00:00:00'),
(417, '5241c8ea21d03', '2015-04-24 17:38:21', '0000-00-00 00:00:00'),
(418, '5241c8ea21d03', '2015-04-24 18:40:47', '0000-00-00 00:00:00'),
(419, '5241c8ea21d03', '2015-04-25 12:05:35', '0000-00-00 00:00:00'),
(420, '5241c8ea21d03', '2015-04-25 12:43:13', '0000-00-00 00:00:00'),
(421, '5241c8ea21d03', '2015-04-25 12:54:24', '0000-00-00 00:00:00'),
(422, '5241c8ea21d03', '2015-04-25 13:37:02', '0000-00-00 00:00:00'),
(423, '5241c8ea21d03', '2015-04-25 13:41:34', '0000-00-00 00:00:00'),
(424, '5241c8ea21d03', '2015-04-25 14:27:05', '0000-00-00 00:00:00'),
(425, '5241c8ea21d03', '2015-04-25 14:30:54', '0000-00-00 00:00:00'),
(426, '5241c8ea21d03', '2015-04-25 14:45:54', '0000-00-00 00:00:00'),
(427, '5241c8ea21d03', '2015-04-25 14:50:57', '0000-00-00 00:00:00'),
(428, '5241c8ea21d03', '2015-04-25 15:02:36', '0000-00-00 00:00:00'),
(429, '5241c8ea21d03', '2015-04-25 15:47:52', '0000-00-00 00:00:00'),
(430, '5241c8ea21d03', '2015-04-25 16:44:09', '0000-00-00 00:00:00'),
(431, '5241c8ea21d03', '2015-04-25 17:18:59', '0000-00-00 00:00:00'),
(432, '5241c8ea21d03', '2015-04-25 18:31:07', '0000-00-00 00:00:00'),
(433, '5241c8ea21d03', '2015-05-06 13:21:30', '0000-00-00 00:00:00'),
(434, '5241c8ea21d03', '2015-05-06 14:19:46', '2015-05-06 14:45:01'),
(435, '5241c8ea21d03', '2015-05-06 14:45:03', '0000-00-00 00:00:00'),
(436, '5241c8ea21d03', '2015-05-06 14:57:10', '0000-00-00 00:00:00'),
(437, '5241c8ea21d03', '2015-05-06 15:24:38', '0000-00-00 00:00:00'),
(438, '5241c8ea21d03', '2015-05-06 15:30:26', '0000-00-00 00:00:00'),
(439, '5241c8ea21d03', '2015-05-07 14:38:19', '0000-00-00 00:00:00'),
(440, '5241c8ea21d03', '2015-05-07 14:39:03', '0000-00-00 00:00:00'),
(441, '5241c8ea21d03', '2015-05-07 17:48:55', '0000-00-00 00:00:00'),
(442, '5241c8ea21d03', '2015-05-07 18:18:44', '0000-00-00 00:00:00'),
(443, '5241c8ea21d03', '2015-05-07 18:24:52', '0000-00-00 00:00:00'),
(444, '5241c8ea21d03', '2015-05-11 10:35:33', '0000-00-00 00:00:00'),
(445, '5241c8ea21d03', '2015-05-11 11:18:05', '0000-00-00 00:00:00'),
(446, '5241c8ea21d03', '2015-05-11 11:30:53', '0000-00-00 00:00:00'),
(447, '5241c8ea21d03', '2015-05-11 14:15:44', '0000-00-00 00:00:00'),
(448, '5241c8ea21d03', '2015-05-11 15:30:24', '0000-00-00 00:00:00'),
(449, '5241c8ea21d03', '2015-05-11 16:12:20', '0000-00-00 00:00:00'),
(450, '5241c8ea21d03', '2015-05-11 17:53:44', '2015-05-11 18:03:48'),
(451, '5241c8ea21d03', '2015-05-11 18:04:58', '0000-00-00 00:00:00'),
(452, '5241c8ea21d03', '2015-05-11 18:25:48', '0000-00-00 00:00:00'),
(453, '5241c8ea21d03', '2015-05-12 11:18:47', '0000-00-00 00:00:00'),
(454, '5241c8ea21d03', '2015-05-12 14:52:02', '0000-00-00 00:00:00'),
(455, '5241c8ea21d03', '2015-05-12 16:44:15', '0000-00-00 00:00:00'),
(456, '5241c8ea21d03', '2015-05-12 18:17:23', '0000-00-00 00:00:00'),
(457, '5241c8ea21d03', '2015-05-12 18:29:10', '0000-00-00 00:00:00'),
(458, '5241c8ea21d03', '2015-05-12 18:51:55', '2015-05-12 18:53:55'),
(459, '5241c8ea21d03', '2015-05-13 14:44:46', '0000-00-00 00:00:00'),
(460, '5241c8ea21d03', '2015-05-15 11:11:02', '0000-00-00 00:00:00'),
(461, '5241c8ea21d03', '2015-05-15 16:16:35', '2015-05-15 16:19:14'),
(462, '5241c8ea21d03', '2015-05-18 10:57:04', '0000-00-00 00:00:00'),
(463, '5241c8ea21d03', '2015-05-20 12:18:37', '0000-00-00 00:00:00'),
(464, '5241c8ea21d03', '2015-05-20 16:43:10', '2015-05-20 16:55:31'),
(465, '5241c8ea21d03', '2015-05-20 20:35:55', '0000-00-00 00:00:00'),
(466, '5241c8ea21d03', '2015-05-21 10:32:13', '0000-00-00 00:00:00'),
(467, '5241c8ea21d03', '2015-05-21 11:53:43', '0000-00-00 00:00:00'),
(468, '5241c8ea21d03', '2015-05-21 15:04:15', '0000-00-00 00:00:00'),
(469, '5241c8ea21d03', '2015-05-21 17:08:47', '0000-00-00 00:00:00'),
(470, '5241c8ea21d03', '2015-05-21 17:16:26', '0000-00-00 00:00:00'),
(471, '5241c8ea21d03', '2015-05-22 15:14:34', '0000-00-00 00:00:00'),
(472, '5241c8ea21d03', '2015-05-22 16:57:36', '0000-00-00 00:00:00'),
(473, '5241c8ea21d03', '2015-05-22 18:00:38', '0000-00-00 00:00:00'),
(474, '5241c8ea21d03', '2015-05-28 11:15:58', '2015-05-28 11:34:06'),
(475, '5241c8ea21d03', '2015-05-28 14:10:35', '0000-00-00 00:00:00'),
(476, '5241c8ea21d03', '2015-05-28 14:33:36', '0000-00-00 00:00:00'),
(477, '5241c8ea21d03', '2015-05-29 14:58:33', '0000-00-00 00:00:00'),
(478, '5241c8ea21d03', '2015-05-29 16:47:47', '0000-00-00 00:00:00'),
(479, '5241c8ea21d03', '2015-05-29 17:48:19', '0000-00-00 00:00:00'),
(480, '5241c8ea21d03', '2015-06-01 09:49:23', '2015-06-01 09:59:56'),
(481, '5241c8ea21d03', '2015-06-01 10:16:46', '0000-00-00 00:00:00'),
(482, '5241c8ea21d03', '2015-06-01 14:54:13', '0000-00-00 00:00:00'),
(483, '5241c8ea21d03', '2015-06-01 17:50:29', '0000-00-00 00:00:00'),
(484, '5241c8ea21d03', '2015-06-02 10:11:52', '0000-00-00 00:00:00'),
(485, '5241c8ea21d03', '2015-06-02 11:16:53', '0000-00-00 00:00:00'),
(486, '5241c8ea21d03', '2015-06-02 11:27:44', '0000-00-00 00:00:00'),
(487, '5241c8ea21d03', '2015-06-02 18:33:25', '0000-00-00 00:00:00'),
(488, '5241c8ea21d03', '2015-06-02 18:54:53', '0000-00-00 00:00:00'),
(489, '5241c8ea21d03', '2015-06-06 09:48:28', '0000-00-00 00:00:00'),
(490, '5241c8ea21d03', '2015-06-08 11:15:11', '0000-00-00 00:00:00'),
(491, '5241c8ea21d03', '2015-06-08 14:17:08', '2015-06-08 17:28:32'),
(492, '5241c8ea21d03', '2015-06-10 09:58:28', '2015-06-10 10:34:32'),
(493, '5241c8ea21d03', '2015-06-10 15:03:43', '0000-00-00 00:00:00'),
(494, '5241c8ea21d03', '2015-06-10 15:52:28', '2015-06-10 17:40:42'),
(495, '5241c8ea21d03', '2015-06-10 17:18:38', '0000-00-00 00:00:00'),
(496, '5241c8ea21d03', '2015-06-10 17:35:21', '0000-00-00 00:00:00'),
(497, '5241c8ea21d03', '2015-06-11 13:54:22', '0000-00-00 00:00:00'),
(498, '5241c8ea21d03', '2015-06-11 14:03:55', '0000-00-00 00:00:00'),
(499, '5241c8ea21d03', '2015-06-12 11:19:51', '0000-00-00 00:00:00'),
(500, '5241c8ea21d03', '2015-06-12 17:38:33', '0000-00-00 00:00:00'),
(501, '5241c8ea21d03', '2015-06-15 11:15:05', '0000-00-00 00:00:00'),
(502, '5241c8ea21d03', '2015-06-16 09:43:26', '0000-00-00 00:00:00'),
(503, '5241c8ea21d03', '2015-06-16 16:13:15', '0000-00-00 00:00:00'),
(504, '5241c8ea21d03', '2015-06-16 16:57:20', '0000-00-00 00:00:00'),
(505, '5241c8ea21d03', '2015-06-17 09:56:19', '0000-00-00 00:00:00'),
(506, '5241c8ea21d03', '2015-06-17 17:27:11', '0000-00-00 00:00:00'),
(507, '5241c8ea21d03', '2015-06-18 16:37:48', '0000-00-00 00:00:00'),
(508, '5241c8ea21d03', '2015-06-19 17:34:22', '0000-00-00 00:00:00'),
(509, '5241c8ea21d03', '2015-06-19 17:34:56', '0000-00-00 00:00:00'),
(510, '5241c8ea21d03', '2015-06-22 10:30:22', '0000-00-00 00:00:00'),
(511, '5241c8ea21d03', '2015-06-23 14:47:38', '0000-00-00 00:00:00'),
(512, '5241c8ea21d03', '2015-06-26 10:12:30', '0000-00-00 00:00:00'),
(513, '5241c8ea21d03', '2015-07-07 15:00:48', '0000-00-00 00:00:00'),
(514, '5241c8ea21d03', '2015-07-13 11:28:24', '0000-00-00 00:00:00'),
(515, '5241c8ea21d03', '2015-07-16 15:07:02', '2015-07-16 15:08:19'),
(516, '5241c8ea21d03', '2015-07-16 15:30:46', '0000-00-00 00:00:00'),
(517, '5241c8ea21d03', '2015-07-27 16:25:06', '0000-00-00 00:00:00'),
(518, '5241c8ea21d03', '2015-07-28 17:25:08', '0000-00-00 00:00:00'),
(519, '5241c8ea21d03', '2015-07-28 17:27:09', '0000-00-00 00:00:00'),
(520, '5241c8ea21d03', '2015-07-29 10:03:59', '0000-00-00 00:00:00'),
(521, '5241c8ea21d03', '2015-07-29 11:41:12', '0000-00-00 00:00:00'),
(522, '5241c8ea21d03', '2015-07-29 12:14:47', '0000-00-00 00:00:00'),
(523, '5241c8ea21d03', '2015-07-30 10:30:55', '0000-00-00 00:00:00'),
(524, '5241c8ea21d03', '2015-07-30 11:03:44', '0000-00-00 00:00:00'),
(525, '5241c8ea21d03', '2015-08-31 15:50:13', '0000-00-00 00:00:00'),
(526, '5241c8ea21d03', '2015-08-31 17:26:08', '0000-00-00 00:00:00'),
(527, '55e478360b2e1', '2015-08-31 17:56:13', '0000-00-00 00:00:00'),
(528, '5241c8ea21d03', '2015-08-31 17:56:38', '0000-00-00 00:00:00'),
(529, '55e478360b2e1', '2015-08-31 17:57:55', '0000-00-00 00:00:00'),
(530, '55e478360b2e1', '2015-08-31 18:00:39', '0000-00-00 00:00:00'),
(531, '5241c8ea21d03', '2015-08-31 18:00:51', '0000-00-00 00:00:00'),
(532, '55e478360b2e1', '2015-08-31 18:04:09', '0000-00-00 00:00:00'),
(533, '5241c8ea21d03', '2015-08-31 18:06:10', '0000-00-00 00:00:00'),
(534, '5241c8ea21d03', '2015-08-31 18:08:20', '0000-00-00 00:00:00'),
(535, '5241c8ea21d03', '2015-09-01 15:21:03', '0000-00-00 00:00:00'),
(536, '5241c8ea21d03', '2015-09-01 16:00:44', '0000-00-00 00:00:00'),
(537, '5241c8ea21d03', '2015-09-02 09:34:16', '0000-00-00 00:00:00'),
(538, '5241c8ea21d03', '2015-09-03 15:23:11', '0000-00-00 00:00:00'),
(539, '5241c8ea21d03', '2015-09-03 15:34:40', '0000-00-00 00:00:00'),
(540, '5241c8ea21d03', '2015-09-29 15:41:53', '0000-00-00 00:00:00'),
(541, '5241c8ea21d03', '2015-09-30 11:29:01', '0000-00-00 00:00:00'),
(542, '5241c8ea21d03', '2015-09-30 15:22:37', '0000-00-00 00:00:00'),
(543, '5241c8ea21d03', '2015-09-30 15:24:03', '0000-00-00 00:00:00'),
(544, '5241c8ea21d03', '2015-10-01 15:55:05', '0000-00-00 00:00:00'),
(545, '5241c8ea21d03', '2015-10-07 10:35:23', '0000-00-00 00:00:00'),
(546, '5241c8ea21d03', '2015-10-07 14:26:10', '0000-00-00 00:00:00'),
(547, '5241c8ea21d03', '2015-10-08 10:27:42', '0000-00-00 00:00:00'),
(548, '5241c8ea21d03', '2015-10-08 10:27:58', '0000-00-00 00:00:00'),
(549, '5241c8ea21d03', '2015-10-08 14:38:43', '0000-00-00 00:00:00'),
(550, '5241c8ea21d03', '2015-10-08 15:57:23', '0000-00-00 00:00:00'),
(551, '5241c8ea21d03', '2015-10-09 11:34:11', '0000-00-00 00:00:00'),
(552, '5241c8ea21d03', '2015-10-09 15:53:25', '0000-00-00 00:00:00'),
(553, '5241c8ea21d03', '2015-10-14 12:10:39', '0000-00-00 00:00:00'),
(554, '5241c8ea21d03', '2015-10-14 16:58:09', '0000-00-00 00:00:00'),
(555, '5241c8ea21d03', '2015-10-19 11:38:23', '0000-00-00 00:00:00'),
(556, '5241c8ea21d03', '2015-10-20 16:18:05', '0000-00-00 00:00:00'),
(557, '5241c8ea21d03', '2015-11-03 10:01:11', '0000-00-00 00:00:00'),
(558, '5241c8ea21d03', '2015-11-03 12:07:49', '0000-00-00 00:00:00'),
(559, '5241c8ea21d03', '2015-11-03 12:21:44', '0000-00-00 00:00:00'),
(560, '5241c8ea21d03', '2015-11-03 12:23:14', '0000-00-00 00:00:00'),
(561, '5241c8ea21d03', '2015-11-03 12:25:03', '0000-00-00 00:00:00'),
(562, '5241c8ea21d03', '2015-11-03 14:38:12', '0000-00-00 00:00:00'),
(563, '5241c8ea21d03', '2015-11-09 14:42:20', '0000-00-00 00:00:00'),
(564, '5241c8ea21d03', '2015-11-09 14:43:38', '0000-00-00 00:00:00'),
(565, '5241c8ea21d03', '2015-11-09 17:33:15', '0000-00-00 00:00:00'),
(566, '5241c8ea21d03', '2015-11-10 09:58:59', '0000-00-00 00:00:00'),
(567, '5241c8ea21d03', '2015-11-10 10:35:47', '0000-00-00 00:00:00'),
(568, '5241c8ea21d03', '2015-11-10 16:31:00', '0000-00-00 00:00:00'),
(569, '5241c8ea21d03', '2015-11-12 10:10:13', '0000-00-00 00:00:00'),
(570, '5241c8ea21d03', '2015-11-12 15:00:48', '0000-00-00 00:00:00'),
(571, '5241c8ea21d03', '2015-11-13 15:49:10', '0000-00-00 00:00:00'),
(572, '5241c8ea21d03', '2015-11-17 11:38:53', '0000-00-00 00:00:00'),
(573, '5241c8ea21d03', '2015-11-17 15:10:42', '0000-00-00 00:00:00'),
(574, '5241c8ea21d03', '2015-11-18 10:55:16', '0000-00-00 00:00:00'),
(575, '5241c8ea21d03', '2015-11-19 11:13:29', '0000-00-00 00:00:00'),
(576, '5241c8ea21d03', '2015-11-19 15:16:53', '0000-00-00 00:00:00'),
(577, '5241c8ea21d03', '2015-11-20 15:10:43', '0000-00-00 00:00:00'),
(578, '5241c8ea21d03', '2015-11-23 09:42:15', '0000-00-00 00:00:00'),
(579, '5241c8ea21d03', '2015-11-23 09:53:54', '0000-00-00 00:00:00'),
(580, '5241c8ea21d03', '2015-11-23 10:00:55', '0000-00-00 00:00:00'),
(581, '5241c8ea21d03', '2015-11-23 17:03:31', '0000-00-00 00:00:00'),
(582, '5241c8ea21d03', '2015-11-27 10:26:43', '0000-00-00 00:00:00'),
(583, '5241c8ea21d03', '2015-11-27 11:11:53', '0000-00-00 00:00:00'),
(584, '5241c8ea21d03', '2015-11-30 17:21:43', '0000-00-00 00:00:00'),
(585, '5241c8ea21d03', '2015-12-01 09:53:52', '0000-00-00 00:00:00'),
(586, '5241c8ea21d03', '2015-12-02 12:25:16', '0000-00-00 00:00:00'),
(587, '5241c8ea21d03', '2015-12-02 15:55:20', '0000-00-00 00:00:00'),
(588, '5241c8ea21d03', '2015-12-03 11:19:22', '0000-00-00 00:00:00'),
(589, '5241c8ea21d03', '2015-12-03 14:47:20', '0000-00-00 00:00:00'),
(590, '5241c8ea21d03', '2015-12-04 15:26:50', '0000-00-00 00:00:00'),
(591, '5241c8ea21d03', '2015-12-07 11:25:44', '0000-00-00 00:00:00'),
(592, '5241c8ea21d03', '2015-12-07 16:53:13', '0000-00-00 00:00:00'),
(593, '5241c8ea21d03', '2015-12-08 11:02:07', '0000-00-00 00:00:00'),
(594, '5241c8ea21d03', '2015-12-08 11:55:25', '0000-00-00 00:00:00'),
(595, '5241c8ea21d03', '2015-12-08 16:39:14', '0000-00-00 00:00:00'),
(596, '5241c8ea21d03', '2015-12-08 16:49:16', '0000-00-00 00:00:00'),
(597, '5241c8ea21d03', '2015-12-09 16:21:11', '0000-00-00 00:00:00'),
(598, '5241c8ea21d03', '2015-12-10 11:31:11', '0000-00-00 00:00:00'),
(599, '5241c8ea21d03', '2015-12-10 11:39:02', '0000-00-00 00:00:00'),
(600, '5241c8ea21d03', '2015-12-14 09:53:58', '0000-00-00 00:00:00'),
(601, '5241c8ea21d03', '2015-12-14 10:22:56', '0000-00-00 00:00:00'),
(602, '5241c8ea21d03', '2015-12-15 10:08:15', '0000-00-00 00:00:00'),
(603, '5241c8ea21d03', '2015-12-15 10:18:11', '0000-00-00 00:00:00'),
(604, '5241c8ea21d03', '2015-12-16 10:38:26', '0000-00-00 00:00:00'),
(605, '5241c8ea21d03', '2015-12-16 14:30:22', '0000-00-00 00:00:00'),
(606, '5241c8ea21d03', '2015-12-17 10:11:19', '0000-00-00 00:00:00'),
(607, '5241c8ea21d03', '2015-12-17 15:31:09', '0000-00-00 00:00:00'),
(608, '5241c8ea21d03', '2015-12-18 10:00:14', '0000-00-00 00:00:00'),
(609, '5241c8ea21d03', '2015-12-28 14:28:27', '0000-00-00 00:00:00'),
(610, '5241c8ea21d03', '2015-12-29 12:19:30', '0000-00-00 00:00:00'),
(611, '5241c8ea21d03', '2016-01-04 09:56:20', '0000-00-00 00:00:00'),
(612, '5241c8ea21d03', '2016-01-04 17:32:22', '2016-01-04 17:40:14'),
(613, '5241c8ea21d03', '2016-01-04 17:52:43', '0000-00-00 00:00:00'),
(614, '5241c8ea21d03', '2016-01-05 09:52:48', '2016-01-05 09:57:12'),
(615, '5241c8ea21d03', '2016-01-05 10:36:52', '2016-01-05 10:38:34'),
(616, '5241c8ea21d03', '2016-01-05 17:05:52', '0000-00-00 00:00:00'),
(617, '5241c8ea21d03', '2016-01-06 09:41:04', '0000-00-00 00:00:00'),
(618, '5241c8ea21d03', '2016-01-08 11:09:18', '0000-00-00 00:00:00'),
(619, '5241c8ea21d03', '2016-01-11 10:04:12', '2016-01-11 10:20:55'),
(620, '5241c8ea21d03', '2016-01-11 12:10:41', '0000-00-00 00:00:00'),
(621, '5241c8ea21d03', '2016-01-11 14:45:57', '2016-01-11 14:50:53'),
(622, '5241c8ea21d03', '2016-01-11 14:50:56', '0000-00-00 00:00:00'),
(623, '5241c8ea21d03', '2016-01-13 10:10:53', '2016-01-13 11:21:20'),
(624, '5241c8ea21d03', '2016-01-13 16:22:15', '2016-01-13 16:29:07'),
(625, '5241c8ea21d03', '2016-01-14 10:35:47', '0000-00-00 00:00:00'),
(626, '5241c8ea21d03', '2016-01-14 14:23:30', '2016-01-14 14:42:46'),
(627, '5241c8ea21d03', '2016-01-14 14:53:01', '2016-01-14 14:58:03'),
(628, '5241c8ea21d03', '2016-01-15 16:37:52', '2016-01-15 16:41:50'),
(629, '5241c8ea21d03', '2016-01-15 17:20:04', '0000-00-00 00:00:00'),
(630, '5241c8ea21d03', '2016-01-18 15:25:11', '0000-00-00 00:00:00'),
(631, '5241c8ea21d03', '2016-01-19 10:19:56', '2016-01-19 10:52:53'),
(632, '5241c8ea21d03', '2016-01-19 16:08:39', '0000-00-00 00:00:00'),
(633, '5241c8ea21d03', '2016-01-19 17:36:50', '0000-00-00 00:00:00'),
(634, '5241c8ea21d03', '2016-01-20 09:52:02', '0000-00-00 00:00:00'),
(635, '5241c8ea21d03', '2016-01-20 16:27:41', '2016-01-20 17:06:59'),
(636, '5241c8ea21d03', '2016-01-21 10:17:16', '0000-00-00 00:00:00'),
(637, '5241c8ea21d03', '2016-01-21 16:35:26', '2016-01-21 17:45:58'),
(638, '5241c8ea21d03', '2016-01-21 18:02:47', '2016-01-21 18:03:38'),
(639, '5241c8ea21d03', '2016-01-21 18:12:17', '0000-00-00 00:00:00'),
(640, '5241c8ea21d03', '2016-01-22 10:14:37', '0000-00-00 00:00:00'),
(641, '5241c8ea21d03', '2016-01-22 12:39:46', '0000-00-00 00:00:00'),
(642, '5241c8ea21d03', '2016-01-22 15:03:03', '0000-00-00 00:00:00'),
(643, '5241c8ea21d03', '2016-01-25 09:29:52', '0000-00-00 00:00:00'),
(644, '5241c8ea21d03', '2016-01-25 10:37:18', '2016-01-25 10:40:17'),
(645, '5241c8ea21d03', '2016-01-25 10:41:10', '0000-00-00 00:00:00'),
(646, '5241c8ea21d03', '2016-01-25 16:06:51', '0000-00-00 00:00:00'),
(647, '5241c8ea21d03', '2016-01-26 16:41:06', '2016-01-26 16:41:39'),
(648, '5241c8ea21d03', '2016-01-26 17:29:26', '2016-01-26 17:52:59'),
(649, '5241c8ea21d03', '2016-01-26 17:53:11', '0000-00-00 00:00:00'),
(650, '5241c8ea21d03', '2016-01-27 09:30:49', '0000-00-00 00:00:00'),
(651, '5241c8ea21d03', '2016-01-27 11:14:37', '0000-00-00 00:00:00'),
(652, '5241c8ea21d03', '2016-01-27 11:25:20', '2016-01-27 12:00:07'),
(653, '5241c8ea21d03', '2016-01-28 17:25:25', '0000-00-00 00:00:00'),
(654, '5241c8ea21d03', '2016-01-29 09:48:30', '0000-00-00 00:00:00'),
(655, '5241c8ea21d03', '2016-01-29 13:42:07', '0000-00-00 00:00:00'),
(656, '5241c8ea21d03', '2016-01-29 16:43:18', '2016-01-29 16:56:50'),
(657, '5241c8ea21d03', '2016-01-29 16:58:23', '0000-00-00 00:00:00'),
(658, '5241c8ea21d03', '2016-02-01 11:13:41', '2016-02-01 11:16:15'),
(659, '5241c8ea21d03', '2016-02-01 16:19:07', '2016-02-01 16:42:17'),
(660, '5241c8ea21d03', '2016-02-01 16:46:55', '0000-00-00 00:00:00'),
(661, '5241c8ea21d03', '2016-02-02 10:20:15', '0000-00-00 00:00:00'),
(662, '5241c8ea21d03', '2016-02-03 23:51:05', '0000-00-00 00:00:00'),
(663, '5241c8ea21d03', '2016-02-08 11:20:12', '0000-00-00 00:00:00'),
(664, '5241c8ea21d03', '2016-02-08 14:52:34', '2016-02-08 18:06:58'),
(665, '5241c8ea21d03', '2016-02-08 14:58:38', '0000-00-00 00:00:00'),
(666, '5241c8ea21d03', '2016-02-08 18:28:10', '0000-00-00 00:00:00'),
(667, '5241c8ea21d03', '2016-02-09 09:50:48', '0000-00-00 00:00:00'),
(668, '5241c8ea21d03', '2016-02-09 16:10:51', '2016-02-09 17:14:00'),
(669, '5241c8ea21d03', '2016-02-10 11:44:09', '0000-00-00 00:00:00'),
(670, '5241c8ea21d03', '2016-02-10 12:10:37', '0000-00-00 00:00:00'),
(671, '5241c8ea21d03', '2016-02-10 14:27:32', '0000-00-00 00:00:00'),
(672, '5241c8ea21d03', '2016-02-11 09:46:59', '2016-02-11 10:36:02'),
(673, '5241c8ea21d03', '2016-02-11 10:14:23', '2016-02-11 11:16:55'),
(674, '5241c8ea21d03', '2016-02-11 11:18:47', '0000-00-00 00:00:00'),
(675, '5241c8ea21d03', '2016-02-11 11:18:55', '2016-02-11 11:32:51'),
(676, '5241c8ea21d03', '2016-02-11 11:32:53', '2016-02-11 11:36:59'),
(677, '5241c8ea21d03', '2016-02-11 11:39:12', '2016-02-11 12:11:27'),
(678, '5241c8ea21d03', '2016-02-12 09:53:46', '0000-00-00 00:00:00'),
(679, '5241c8ea21d03', '2016-02-15 09:33:36', '0000-00-00 00:00:00'),
(680, '5241c8ea21d03', '2016-02-17 16:57:34', '0000-00-00 00:00:00'),
(681, '5241c8ea21d03', '2016-02-17 17:19:38', '0000-00-00 00:00:00'),
(682, '5241c8ea21d03', '2016-02-19 12:12:13', '0000-00-00 00:00:00'),
(683, '5241c8ea21d03', '2016-02-19 14:13:15', '0000-00-00 00:00:00'),
(684, '5241c8ea21d03', '2016-02-19 16:09:08', '0000-00-00 00:00:00'),
(685, '5241c8ea21d03', '2016-02-19 18:33:22', '0000-00-00 00:00:00'),
(686, '5241c8ea21d03', '2016-02-22 09:40:47', '2016-02-22 11:48:11'),
(687, '5241c8ea21d03', '2016-02-22 11:49:56', '2016-02-22 11:52:36'),
(688, '5241c8ea21d03', '2016-02-22 14:11:41', '0000-00-00 00:00:00'),
(689, '5241c8ea21d03', '2016-02-22 17:43:03', '0000-00-00 00:00:00'),
(690, '5241c8ea21d03', '2016-02-23 09:40:34', '0000-00-00 00:00:00'),
(691, '5241c8ea21d03', '2016-02-23 11:35:52', '2016-02-23 11:39:31'),
(692, '5241c8ea21d03', '2016-02-23 16:52:28', '0000-00-00 00:00:00'),
(693, '5241c8ea21d03', '2016-02-24 09:44:20', '0000-00-00 00:00:00'),
(694, '5241c8ea21d03', '2016-02-24 10:47:24', '0000-00-00 00:00:00'),
(695, '5241c8ea21d03', '2016-02-24 16:50:14', '0000-00-00 00:00:00'),
(696, '5241c8ea21d03', '2016-02-25 10:03:03', '0000-00-00 00:00:00'),
(697, '5241c8ea21d03', '2016-02-25 16:54:16', '0000-00-00 00:00:00'),
(698, '5241c8ea21d03', '2016-02-26 14:47:20', '0000-00-00 00:00:00'),
(699, '5241c8ea21d03', '2016-02-29 10:46:15', '0000-00-00 00:00:00'),
(700, '5241c8ea21d03', '2016-02-29 17:00:47', '0000-00-00 00:00:00'),
(701, '5241c8ea21d03', '2016-03-01 10:08:17', '0000-00-00 00:00:00'),
(702, '5241c8ea21d03', '2016-03-01 12:10:24', '0000-00-00 00:00:00'),
(703, '5241c8ea21d03', '2016-03-02 09:36:25', '0000-00-00 00:00:00'),
(704, '5241c8ea21d03', '2016-03-02 16:57:54', '0000-00-00 00:00:00'),
(705, '5241c8ea21d03', '2016-03-03 10:38:35', '0000-00-00 00:00:00'),
(706, '5241c8ea21d03', '2016-03-07 10:42:18', '0000-00-00 00:00:00'),
(707, '5241c8ea21d03', '2016-03-07 11:03:28', '0000-00-00 00:00:00'),
(708, '5241c8ea21d03', '2016-03-07 11:06:24', '2016-03-07 11:07:03'),
(709, '5241c8ea21d03', '2016-03-07 14:29:44', '2016-03-07 17:37:15'),
(710, '5241c8ea21d03', '2016-03-08 10:03:51', '0000-00-00 00:00:00'),
(711, '5241c8ea21d03', '2016-03-08 11:48:43', '0000-00-00 00:00:00'),
(712, '5241c8ea21d03', '2016-03-08 17:07:09', '2016-03-08 18:03:20'),
(713, '5241c8ea21d03', '2016-03-09 09:54:02', '0000-00-00 00:00:00'),
(714, '5241c8ea21d03', '2016-03-09 15:07:08', '0000-00-00 00:00:00'),
(715, '5241c8ea21d03', '2016-03-10 12:05:23', '0000-00-00 00:00:00'),
(716, '5241c8ea21d03', '2016-03-10 14:46:37', '2016-03-10 17:39:15'),
(717, '5241c8ea21d03', '2016-03-10 17:48:31', '2016-03-10 17:52:23'),
(718, '5241c8ea21d03', '2016-03-11 10:41:19', '0000-00-00 00:00:00'),
(719, '5241c8ea21d03', '2016-03-14 10:27:14', '0000-00-00 00:00:00'),
(720, '5241c8ea21d03', '2016-03-14 10:27:16', '0000-00-00 00:00:00'),
(721, '5241c8ea21d03', '2016-03-14 14:16:20', '2016-03-14 18:23:38'),
(722, '5241c8ea21d03', '2016-03-14 18:31:50', '0000-00-00 00:00:00'),
(723, '5241c8ea21d03', '2016-03-15 10:02:19', '0000-00-00 00:00:00'),
(724, '5241c8ea21d03', '2016-03-15 12:26:04', '0000-00-00 00:00:00'),
(725, '5241c8ea21d03', '2016-03-15 14:34:41', '0000-00-00 00:00:00'),
(726, '5241c8ea21d03', '2016-03-18 17:59:57', '0000-00-00 00:00:00'),
(727, '5241c8ea21d03', '2016-03-21 11:31:47', '0000-00-00 00:00:00'),
(728, '5241c8ea21d03', '2016-03-21 14:11:02', '0000-00-00 00:00:00'),
(729, '5241c8ea21d03', '2016-03-22 09:38:13', '2016-03-22 10:14:33'),
(730, '5241c8ea21d03', '2016-03-22 10:14:35', '0000-00-00 00:00:00'),
(731, '5241c8ea21d03', '2016-03-22 15:01:27', '0000-00-00 00:00:00'),
(732, '5241c8ea21d03', '2016-03-22 15:08:20', '0000-00-00 00:00:00'),
(733, '5241c8ea21d03', '2016-03-22 18:35:17', '2016-03-22 18:57:36'),
(734, '5241c8ea21d03', '2016-03-23 09:48:27', '0000-00-00 00:00:00'),
(735, '5241c8ea21d03', '2016-03-23 15:34:52', '2016-03-23 17:00:05'),
(736, '5241c8ea21d03', '2016-03-23 17:11:16', '0000-00-00 00:00:00'),
(737, '5241c8ea21d03', '2016-03-24 09:39:16', '2016-03-24 09:43:57'),
(738, '5241c8ea21d03', '2016-03-24 09:44:00', '0000-00-00 00:00:00'),
(739, '5241c8ea21d03', '2016-03-24 14:16:49', '0000-00-00 00:00:00'),
(740, '5241c8ea21d03', '2016-03-24 15:42:15', '0000-00-00 00:00:00'),
(741, '5241c8ea21d03', '2016-03-25 09:09:01', '0000-00-00 00:00:00'),
(742, '5241c8ea21d03', '2016-03-25 17:20:51', '2016-03-25 18:17:37'),
(743, '5241c8ea21d03', '2016-03-25 18:52:45', '0000-00-00 00:00:00'),
(744, '5241c8ea21d03', '2016-03-29 10:18:21', '0000-00-00 00:00:00'),
(745, '5241c8ea21d03', '2016-03-29 11:12:09', '0000-00-00 00:00:00'),
(746, '5241c8ea21d03', '2016-03-29 14:32:16', '2016-03-29 14:49:29'),
(747, '5241c8ea21d03', '2016-03-29 14:50:19', '0000-00-00 00:00:00'),
(748, '5241c8ea21d03', '2016-03-30 09:52:15', '0000-00-00 00:00:00'),
(749, '5241c8ea21d03', '2016-03-30 09:52:15', '0000-00-00 00:00:00'),
(750, '5241c8ea21d03', '2016-03-30 14:24:13', '0000-00-00 00:00:00'),
(751, '5241c8ea21d03', '2016-03-31 10:13:28', '0000-00-00 00:00:00'),
(752, '5241c8ea21d03', '2016-03-31 15:31:30', '2016-03-31 17:22:47'),
(753, '5241c8ea21d03', '2016-03-31 17:48:38', '0000-00-00 00:00:00'),
(754, '5241c8ea21d03', '2016-04-01 10:09:17', '0000-00-00 00:00:00'),
(755, '5241c8ea21d03', '2016-04-01 14:46:06', '2016-04-01 15:17:44'),
(756, '5241c8ea21d03', '2016-04-01 15:46:09', '0000-00-00 00:00:00'),
(757, '5241c8ea21d03', '2016-04-04 11:51:04', '0000-00-00 00:00:00'),
(758, '5241c8ea21d03', '2016-04-04 14:19:29', '0000-00-00 00:00:00'),
(759, '5241c8ea21d03', '2016-04-04 17:25:52', '2016-04-04 19:03:40'),
(760, '5241c8ea21d03', '2016-04-05 08:53:10', '0000-00-00 00:00:00'),
(761, '5241c8ea21d03', '2016-04-06 09:46:20', '0000-00-00 00:00:00'),
(762, '5241c8ea21d03', '2016-04-06 10:07:18', '0000-00-00 00:00:00'),
(763, '5241c8ea21d03', '2016-04-06 11:51:37', '0000-00-00 00:00:00'),
(764, '5241c8ea21d03', '2016-04-06 14:49:54', '0000-00-00 00:00:00'),
(765, '5241c8ea21d03', '2016-04-07 09:36:59', '0000-00-00 00:00:00'),
(766, '55e478360b2e1', '2016-04-07 11:31:43', '0000-00-00 00:00:00'),
(767, '5241c8ea21d03', '2016-04-07 14:25:40', '0000-00-00 00:00:00'),
(768, '5241c8ea21d03', '2016-04-07 15:52:38', '0000-00-00 00:00:00'),
(769, '5241c8ea21d03', '2016-04-08 08:31:16', '0000-00-00 00:00:00'),
(770, '5241c8ea21d03', '2016-04-08 11:24:22', '2016-04-08 12:17:02'),
(771, '5241c8ea21d03', '2016-04-08 14:12:29', '0000-00-00 00:00:00'),
(772, '5241c8ea21d03', '2016-04-09 11:48:46', '0000-00-00 00:00:00'),
(773, '5241c8ea21d03', '2016-04-11 09:20:28', '0000-00-00 00:00:00'),
(774, '5241c8ea21d03', '2016-04-11 10:57:18', '0000-00-00 00:00:00'),
(775, '5241c8ea21d03', '2016-04-11 14:46:57', '0000-00-00 00:00:00'),
(776, '5241c8ea21d03', '2016-04-12 09:09:42', '0000-00-00 00:00:00'),
(777, '5241c8ea21d03', '2016-04-12 14:14:47', '0000-00-00 00:00:00'),
(778, '5241c8ea21d03', '2016-04-13 09:10:27', '0000-00-00 00:00:00'),
(779, '5241c8ea21d03', '2016-04-13 10:12:12', '0000-00-00 00:00:00'),
(780, '5241c8ea21d03', '2016-04-13 14:02:14', '0000-00-00 00:00:00'),
(781, '55e478360b2e1', '2016-04-13 15:55:33', '0000-00-00 00:00:00'),
(782, '55e478360b2e1', '2016-04-13 15:58:39', '0000-00-00 00:00:00'),
(783, '5241c8ea21d03', '2016-04-13 16:46:05', '0000-00-00 00:00:00'),
(784, '5241c8ea21d03', '2016-04-13 18:32:38', '0000-00-00 00:00:00'),
(785, '55e478360b2e1', '2016-04-14 09:47:25', '0000-00-00 00:00:00'),
(786, '5241c8ea21d03', '2016-04-18 10:25:58', '0000-00-00 00:00:00'),
(787, '5241c8ea21d03', '2016-04-18 11:40:43', '0000-00-00 00:00:00'),
(788, '5241c8ea21d03', '2016-04-18 15:25:38', '0000-00-00 00:00:00'),
(789, '5241c8ea21d03', '2016-04-18 17:09:58', '0000-00-00 00:00:00'),
(790, '5241c8ea21d03', '2016-04-19 10:51:30', '0000-00-00 00:00:00'),
(791, '5241c8ea21d03', '2016-04-19 16:05:37', '0000-00-00 00:00:00'),
(792, '5241c8ea21d03', '2016-04-19 17:23:21', '0000-00-00 00:00:00'),
(793, '5241c8ea21d03', '2016-04-20 09:01:24', '0000-00-00 00:00:00'),
(794, '5241c8ea21d03', '2016-04-20 15:09:40', '0000-00-00 00:00:00'),
(795, '5241c8ea21d03', '2016-04-21 09:35:10', '0000-00-00 00:00:00'),
(796, '5241c8ea21d03', '2016-04-21 10:25:51', '0000-00-00 00:00:00'),
(797, '5241c8ea21d03', '2016-04-21 12:35:15', '0000-00-00 00:00:00'),
(798, '5241c8ea21d03', '2016-04-21 13:02:56', '0000-00-00 00:00:00'),
(799, '5241c8ea21d03', '2016-04-21 14:26:12', '0000-00-00 00:00:00'),
(800, '5241c8ea21d03', '2016-04-21 19:11:45', '0000-00-00 00:00:00'),
(801, '5241c8ea21d03', '2016-04-21 19:52:15', '0000-00-00 00:00:00'),
(802, '5241c8ea21d03', '2016-04-21 23:41:33', '0000-00-00 00:00:00'),
(803, '5241c8ea21d03', '2016-04-22 08:08:51', '0000-00-00 00:00:00'),
(804, '5241c8ea21d03', '2016-04-22 10:55:02', '0000-00-00 00:00:00'),
(805, '5241c8ea21d03', '2016-04-23 08:43:18', '0000-00-00 00:00:00'),
(806, '5241c8ea21d03', '2016-04-24 13:29:00', '2016-04-24 13:34:00'),
(807, '55e478360b2e1', '2016-04-24 13:33:10', '0000-00-00 00:00:00'),
(808, '55e478360b2e1', '2016-04-24 13:34:17', '0000-00-00 00:00:00'),
(809, '5241c8ea21d03', '2016-04-24 13:36:43', '0000-00-00 00:00:00'),
(810, '5241c8ea21d03', '2016-04-24 16:22:05', '0000-00-00 00:00:00'),
(811, '5241c8ea21d03', '2016-04-24 19:53:38', '0000-00-00 00:00:00'),
(812, '5241c8ea21d03', '2016-04-24 22:51:58', '0000-00-00 00:00:00'),
(813, '5241c8ea21d03', '2016-04-25 09:24:46', '0000-00-00 00:00:00'),
(814, '5241c8ea21d03', '2016-04-26 09:04:51', '0000-00-00 00:00:00'),
(815, '5241c8ea21d03', '2016-04-26 11:20:19', '0000-00-00 00:00:00'),
(816, '55e478360b2e1', '2016-04-26 13:41:35', '0000-00-00 00:00:00'),
(817, '55e478360b2e1', '2016-04-26 13:41:47', '2016-04-26 13:46:02'),
(818, '5241c8ea21d03', '2016-04-26 22:22:05', '0000-00-00 00:00:00'),
(819, '5241c8ea21d03', '2016-04-26 23:33:24', '0000-00-00 00:00:00'),
(820, '55e478360b2e1', '2016-04-27 12:28:38', '0000-00-00 00:00:00'),
(821, '55e478360b2e1', '2016-04-27 12:32:51', '0000-00-00 00:00:00'),
(822, '55e478360b2e1', '2016-04-27 12:43:45', '0000-00-00 00:00:00'),
(823, '55e478360b2e1', '2016-04-27 12:53:33', '0000-00-00 00:00:00'),
(824, '55e478360b2e1', '2016-04-27 15:08:48', '0000-00-00 00:00:00'),
(825, '55e478360b2e1', '2016-04-27 16:47:15', '0000-00-00 00:00:00'),
(826, '55e478360b2e1', '2016-04-28 09:12:19', '2016-04-28 09:16:24'),
(827, '55e478360b2e1', '2016-04-28 12:40:39', '0000-00-00 00:00:00'),
(828, '55e478360b2e1', '2016-04-28 12:40:39', '0000-00-00 00:00:00'),
(829, '55e478360b2e1', '2016-04-28 12:44:31', '0000-00-00 00:00:00'),
(830, '55e478360b2e1', '2016-04-28 12:49:23', '0000-00-00 00:00:00'),
(831, '55e478360b2e1', '2016-04-28 12:52:11', '0000-00-00 00:00:00'),
(832, '55e478360b2e1', '2016-04-28 15:16:25', '0000-00-00 00:00:00'),
(833, '55e478360b2e1', '2016-04-28 15:17:14', '0000-00-00 00:00:00'),
(834, '55e478360b2e1', '2016-04-28 15:19:05', '0000-00-00 00:00:00'),
(835, '55e478360b2e1', '2016-04-28 16:53:57', '0000-00-00 00:00:00'),
(836, '5241c8ea21d03', '2016-04-28 17:53:12', '0000-00-00 00:00:00'),
(837, '55e478360b2e1', '2016-04-28 19:12:27', '0000-00-00 00:00:00'),
(838, '55e478360b2e1', '2016-04-29 12:17:23', '0000-00-00 00:00:00'),
(839, '55e478360b2e1', '2016-04-29 12:23:32', '0000-00-00 00:00:00'),
(840, '55e478360b2e1', '2016-04-29 12:59:46', '0000-00-00 00:00:00'),
(841, '55e478360b2e1', '2016-04-29 13:04:00', '0000-00-00 00:00:00'),
(842, '55e478360b2e1', '2016-04-29 16:24:01', '0000-00-00 00:00:00'),
(843, '55e478360b2e1', '2016-04-29 19:21:01', '0000-00-00 00:00:00'),
(844, '5241c8ea21d03', '2016-04-30 00:39:43', '0000-00-00 00:00:00'),
(845, '55e478360b2e1', '2016-04-30 11:40:27', '0000-00-00 00:00:00'),
(846, '55e478360b2e1', '2016-04-30 12:26:44', '0000-00-00 00:00:00'),
(847, '55e478360b2e1', '2016-04-30 12:51:27', '0000-00-00 00:00:00'),
(848, '55e478360b2e1', '2016-04-30 13:01:05', '0000-00-00 00:00:00'),
(849, '55e478360b2e1', '2016-04-30 18:54:08', '0000-00-00 00:00:00'),
(850, '55e478360b2e1', '2016-04-30 18:56:33', '0000-00-00 00:00:00'),
(851, '5241c8ea21d03', '2016-05-04 15:25:36', '0000-00-00 00:00:00'),
(852, '5241c8ea21d03', '2016-05-04 17:06:38', '0000-00-00 00:00:00'),
(853, '5241c8ea21d03', '2016-05-09 14:52:29', '0000-00-00 00:00:00'),
(854, '5241c8ea21d03', '2016-05-09 18:25:21', '0000-00-00 00:00:00'),
(855, '5241c8ea21d03', '2016-05-11 10:02:03', '0000-00-00 00:00:00'),
(856, '5241c8ea21d03', '2016-05-12 09:42:41', '0000-00-00 00:00:00'),
(857, '5241c8ea21d03', '2016-05-13 09:56:27', '0000-00-00 00:00:00'),
(858, '5241c8ea21d03', '2016-05-17 10:53:15', '0000-00-00 00:00:00');
INSERT INTO `admin_traces` (`trace_id`, `trace_compte`, `trace_datetime_connexion`, `trace_datetime_deconnexion`) VALUES
(859, '5241c8ea21d03', '2016-05-17 12:12:19', '0000-00-00 00:00:00'),
(860, '5241c8ea21d03', '2016-05-17 15:04:42', '0000-00-00 00:00:00'),
(861, '5241c8ea21d03', '2016-05-18 09:46:25', '0000-00-00 00:00:00'),
(862, '5241c8ea21d03', '2016-05-18 14:14:36', '0000-00-00 00:00:00'),
(863, '5241c8ea21d03', '2016-05-19 17:51:39', '0000-00-00 00:00:00'),
(864, '5241c8ea21d03', '2016-05-20 10:37:48', '0000-00-00 00:00:00'),
(865, '5241c8ea21d03', '2016-05-20 15:05:18', '0000-00-00 00:00:00'),
(866, '5241c8ea21d03', '2016-05-23 10:14:46', '0000-00-00 00:00:00'),
(867, '5241c8ea21d03', '2016-05-25 17:28:02', '0000-00-00 00:00:00'),
(868, '5241c8ea21d03', '2016-05-26 11:38:34', '0000-00-00 00:00:00'),
(869, '5241c8ea21d03', '2016-05-27 14:36:05', '0000-00-00 00:00:00'),
(870, '5241c8ea21d03', '2016-05-30 10:07:57', '0000-00-00 00:00:00'),
(871, '5241c8ea21d03', '2016-05-30 10:27:52', '0000-00-00 00:00:00'),
(872, '5241c8ea21d03', '2016-05-30 12:16:08', '0000-00-00 00:00:00'),
(873, '5241c8ea21d03', '2016-05-30 14:41:45', '0000-00-00 00:00:00'),
(874, '5241c8ea21d03', '2016-05-30 17:11:16', '0000-00-00 00:00:00'),
(875, '5241c8ea21d03', '2016-05-30 17:31:51', '0000-00-00 00:00:00'),
(876, '5241c8ea21d03', '2016-05-31 10:40:35', '0000-00-00 00:00:00'),
(877, '5241c8ea21d03', '2016-05-31 12:30:28', '0000-00-00 00:00:00'),
(878, '5241c8ea21d03', '2016-05-31 14:42:55', '0000-00-00 00:00:00'),
(879, '5241c8ea21d03', '2016-06-01 14:34:52', '0000-00-00 00:00:00'),
(880, '5241c8ea21d03', '2016-06-02 10:23:48', '2016-06-02 10:46:32'),
(881, '5241c8ea21d03', '2016-06-02 10:46:44', '2016-06-02 10:56:36'),
(882, '5241c8ea21d03', '2016-06-02 11:47:43', '0000-00-00 00:00:00'),
(883, '5241c8ea21d03', '2016-06-02 14:17:37', '0000-00-00 00:00:00'),
(884, '5241c8ea21d03', '2016-06-03 10:22:25', '0000-00-00 00:00:00'),
(885, '5241c8ea21d03', '2016-06-08 10:48:57', '0000-00-00 00:00:00'),
(886, '5241c8ea21d03', '2016-06-13 10:36:20', '0000-00-00 00:00:00'),
(887, '5241c8ea21d03', '2016-06-14 10:40:34', '0000-00-00 00:00:00'),
(888, '5241c8ea21d03', '2016-06-16 10:11:21', '0000-00-00 00:00:00'),
(889, '5241c8ea21d03', '2016-06-16 14:25:31', '0000-00-00 00:00:00'),
(890, '5241c8ea21d03', '2016-06-20 10:58:14', '0000-00-00 00:00:00'),
(891, '5241c8ea21d03', '2016-06-20 17:05:47', '0000-00-00 00:00:00'),
(892, '5241c8ea21d03', '2016-06-21 10:06:56', '0000-00-00 00:00:00'),
(893, '5241c8ea21d03', '2016-06-23 11:36:47', '0000-00-00 00:00:00'),
(894, '5241c8ea21d03', '2016-06-23 16:34:38', '0000-00-00 00:00:00'),
(895, '5241c8ea21d03', '2016-06-28 11:12:30', '2016-06-28 11:20:58'),
(896, '5241c8ea21d03', '2016-06-28 11:55:45', '0000-00-00 00:00:00'),
(897, '5241c8ea21d03', '2016-06-28 13:35:41', '0000-00-00 00:00:00'),
(898, '5241c8ea21d03', '2016-06-28 14:26:12', '0000-00-00 00:00:00'),
(899, '5241c8ea21d03', '2016-06-28 15:37:00', '0000-00-00 00:00:00'),
(900, '5241c8ea21d03', '2016-06-29 11:04:22', '0000-00-00 00:00:00'),
(901, '5241c8ea21d03', '2016-06-29 16:43:24', '0000-00-00 00:00:00'),
(902, '5241c8ea21d03', '2016-07-04 12:15:57', '0000-00-00 00:00:00'),
(903, '5241c8ea21d03', '2016-07-05 09:26:20', '0000-00-00 00:00:00'),
(904, '5241c8ea21d03', '2016-07-06 17:40:34', '0000-00-00 00:00:00'),
(905, '5241c8ea21d03', '2016-07-13 11:14:02', '0000-00-00 00:00:00'),
(906, '5241c8ea21d03', '2016-07-15 17:51:19', '0000-00-00 00:00:00'),
(907, '5241c8ea21d03', '2016-07-19 15:48:03', '0000-00-00 00:00:00'),
(908, '5241c8ea21d03', '2016-07-20 14:39:16', '0000-00-00 00:00:00'),
(909, '5241c8ea21d03', '2016-07-25 10:06:12', '0000-00-00 00:00:00'),
(910, '5241c8ea21d03', '2016-07-26 10:57:45', '0000-00-00 00:00:00'),
(911, '5241c8ea21d03', '2016-07-26 16:21:23', '0000-00-00 00:00:00'),
(912, '5241c8ea21d03', '2016-07-26 18:08:51', '0000-00-00 00:00:00'),
(913, '5241c8ea21d03', '2016-07-27 16:59:04', '0000-00-00 00:00:00'),
(914, '5241c8ea21d03', '2016-07-28 16:04:45', '0000-00-00 00:00:00'),
(915, '5241c8ea21d03', '2016-08-02 09:26:33', '0000-00-00 00:00:00'),
(916, '5241c8ea21d03', '2016-08-03 13:36:57', '0000-00-00 00:00:00'),
(917, '5241c8ea21d03', '2016-08-05 14:42:13', '0000-00-00 00:00:00'),
(918, '5241c8ea21d03', '2016-08-21 23:42:05', '0000-00-00 00:00:00'),
(919, '5241c8ea21d03', '2016-08-29 09:40:59', '0000-00-00 00:00:00'),
(920, '5241c8ea21d03', '2016-08-30 15:48:08', '0000-00-00 00:00:00'),
(921, '5241c8ea21d03', '2016-09-01 16:51:38', '2016-09-01 16:52:56'),
(922, '5241c8ea21d03', '2016-09-02 10:17:05', '0000-00-00 00:00:00'),
(923, '5241c8ea21d03', '2016-09-05 15:14:41', '0000-00-00 00:00:00'),
(924, '5241c8ea21d03', '2016-09-06 18:00:48', '0000-00-00 00:00:00'),
(925, '5241c8ea21d03', '2016-09-12 10:59:23', '0000-00-00 00:00:00'),
(926, '5241c8ea21d03', '2016-09-13 11:28:35', '0000-00-00 00:00:00'),
(927, '5241c8ea21d03', '2016-09-13 15:20:57', '0000-00-00 00:00:00'),
(928, '5241c8ea21d03', '2016-10-07 10:11:06', '0000-00-00 00:00:00'),
(929, '5241c8ea21d03', '2016-10-11 12:00:22', '0000-00-00 00:00:00'),
(930, '5241c8ea21d03', '2016-10-13 10:47:40', '0000-00-00 00:00:00'),
(931, '5241c8ea21d03', '2016-10-17 16:23:36', '0000-00-00 00:00:00'),
(932, '5241c8ea21d03', '2016-10-18 11:10:15', '0000-00-00 00:00:00'),
(933, '5241c8ea21d03', '2016-10-20 10:37:47', '0000-00-00 00:00:00'),
(934, '5241c8ea21d03', '2016-10-27 17:23:38', '0000-00-00 00:00:00'),
(935, '5241c8ea21d03', '2016-10-28 10:08:38', '0000-00-00 00:00:00'),
(936, '5241c8ea21d03', '2016-10-28 12:11:00', '0000-00-00 00:00:00'),
(937, '5241c8ea21d03', '2016-10-28 17:00:09', '0000-00-00 00:00:00'),
(938, '5241c8ea21d03', '2016-10-28 17:02:11', '0000-00-00 00:00:00'),
(939, '5241c8ea21d03', '2016-11-04 10:48:50', '0000-00-00 00:00:00'),
(940, '5241c8ea21d03', '2016-11-04 12:23:58', '0000-00-00 00:00:00'),
(941, '5241c8ea21d03', '2016-11-04 14:46:27', '0000-00-00 00:00:00'),
(942, '5241c8ea21d03', '2016-11-08 10:18:16', '0000-00-00 00:00:00'),
(943, '5241c8ea21d03', '2016-11-09 10:01:49', '0000-00-00 00:00:00'),
(944, '5241c8ea21d03', '2016-11-15 10:37:28', '0000-00-00 00:00:00'),
(945, '5241c8ea21d03', '2016-11-15 14:43:43', '0000-00-00 00:00:00'),
(946, '5241c8ea21d03', '2016-11-15 17:55:13', '0000-00-00 00:00:00'),
(947, '5241c8ea21d03', '2016-11-17 10:37:38', '0000-00-00 00:00:00'),
(948, '5241c8ea21d03', '2016-11-19 16:41:03', '0000-00-00 00:00:00'),
(949, '5241c8ea21d03', '2016-11-22 14:41:40', '0000-00-00 00:00:00'),
(950, '5241c8ea21d03', '2016-11-23 15:02:25', '0000-00-00 00:00:00'),
(951, '5241c8ea21d03', '2016-11-23 16:26:59', '0000-00-00 00:00:00'),
(952, '5241c8ea21d03', '2016-11-24 10:42:58', '0000-00-00 00:00:00'),
(953, '5241c8ea21d03', '2016-11-24 10:43:33', '0000-00-00 00:00:00'),
(954, '5241c8ea21d03', '2016-11-25 14:23:37', '0000-00-00 00:00:00'),
(955, '5241c8ea21d03', '2016-11-29 11:53:58', '0000-00-00 00:00:00'),
(956, '5241c8ea21d03', '2016-12-01 14:42:14', '0000-00-00 00:00:00'),
(957, '5241c8ea21d03', '2016-12-12 11:32:25', '0000-00-00 00:00:00'),
(958, '5241c8ea21d03', '2016-12-12 11:42:41', '0000-00-00 00:00:00'),
(959, '5241c8ea21d03', '2016-12-12 16:09:05', '0000-00-00 00:00:00'),
(960, '5241c8ea21d03', '2016-12-12 16:39:32', '0000-00-00 00:00:00'),
(961, '5241c8ea21d03', '2016-12-14 14:56:42', '0000-00-00 00:00:00'),
(962, '5241c8ea21d03', '2016-12-15 15:49:40', '0000-00-00 00:00:00'),
(963, '5241c8ea21d03', '2016-12-22 16:01:12', '0000-00-00 00:00:00'),
(964, '5241c8ea21d03', '2016-12-26 14:46:09', '0000-00-00 00:00:00'),
(965, '5241c8ea21d03', '2017-01-02 10:26:22', '0000-00-00 00:00:00'),
(966, '5241c8ea21d03', '2017-01-02 12:35:58', '0000-00-00 00:00:00'),
(967, '5241c8ea21d03', '2017-01-03 11:01:51', '0000-00-00 00:00:00'),
(968, '5241c8ea21d03', '2017-01-03 17:31:32', '2017-01-03 17:40:35'),
(969, '5241c8ea21d03', '2017-01-03 17:42:12', '0000-00-00 00:00:00'),
(970, '5241c8ea21d03', '2017-01-04 14:27:32', '0000-00-00 00:00:00'),
(971, '5241c8ea21d03', '2017-01-04 15:49:02', '0000-00-00 00:00:00'),
(972, '5241c8ea21d03', '2017-01-13 14:35:16', '0000-00-00 00:00:00'),
(973, '5241c8ea21d03', '2017-01-16 09:55:27', '0000-00-00 00:00:00'),
(974, '5241c8ea21d03', '2017-01-16 14:01:22', '0000-00-00 00:00:00'),
(975, '5241c8ea21d03', '2017-01-17 09:41:55', '0000-00-00 00:00:00'),
(976, '5241c8ea21d03', '2017-01-17 15:56:27', '0000-00-00 00:00:00'),
(977, '5241c8ea21d03', '2017-01-18 11:20:42', '0000-00-00 00:00:00'),
(978, '5241c8ea21d03', '2017-01-19 14:13:22', '0000-00-00 00:00:00'),
(979, '5241c8ea21d03', '2017-01-19 15:17:27', '0000-00-00 00:00:00'),
(980, '5241c8ea21d03', '2017-01-20 10:25:54', '0000-00-00 00:00:00'),
(981, '5241c8ea21d03', '2017-01-23 15:19:15', '0000-00-00 00:00:00'),
(982, '5241c8ea21d03', '2017-01-24 09:56:58', '0000-00-00 00:00:00'),
(983, '5241c8ea21d03', '2017-01-25 16:24:47', '0000-00-00 00:00:00'),
(984, '5241c8ea21d03', '2017-01-26 10:31:49', '0000-00-00 00:00:00'),
(985, '5241c8ea21d03', '2017-01-27 15:16:48', '0000-00-00 00:00:00'),
(986, '5241c8ea21d03', '2017-01-29 23:20:01', '0000-00-00 00:00:00'),
(987, '5241c8ea21d03', '2017-01-30 09:47:00', '0000-00-00 00:00:00'),
(988, '5241c8ea21d03', '2017-01-30 16:37:18', '0000-00-00 00:00:00'),
(989, '5241c8ea21d03', '2017-01-31 10:59:58', '0000-00-00 00:00:00'),
(990, '5241c8ea21d03', '2017-01-31 15:05:45', '0000-00-00 00:00:00'),
(991, '5241c8ea21d03', '2017-01-31 16:40:13', '0000-00-00 00:00:00'),
(992, '5241c8ea21d03', '2017-01-31 17:02:35', '0000-00-00 00:00:00'),
(993, '5241c8ea21d03', '2017-02-01 17:10:47', '0000-00-00 00:00:00'),
(994, '5241c8ea21d03', '2017-02-02 10:15:18', '0000-00-00 00:00:00'),
(995, '5241c8ea21d03', '2017-02-02 12:15:36', '0000-00-00 00:00:00'),
(996, '5241c8ea21d03', '2017-02-02 14:28:27', '0000-00-00 00:00:00'),
(997, '5241c8ea21d03', '2017-02-02 16:55:36', '0000-00-00 00:00:00'),
(998, '5241c8ea21d03', '2017-02-03 16:04:44', '0000-00-00 00:00:00'),
(999, '5241c8ea21d03', '2017-02-06 09:56:59', '0000-00-00 00:00:00'),
(1000, '5241c8ea21d03', '2017-02-06 14:16:07', '0000-00-00 00:00:00'),
(1001, '5241c8ea21d03', '2017-02-07 10:18:59', '0000-00-00 00:00:00'),
(1002, '5241c8ea21d03', '2017-02-07 16:40:11', '0000-00-00 00:00:00'),
(1003, '5241c8ea21d03', '2017-02-08 11:14:34', '0000-00-00 00:00:00'),
(1004, '5241c8ea21d03', '2017-02-13 10:55:38', '0000-00-00 00:00:00'),
(1005, '5241c8ea21d03', '2017-02-13 14:06:16', '0000-00-00 00:00:00'),
(1006, '5241c8ea21d03', '2017-02-15 16:58:37', '0000-00-00 00:00:00'),
(1007, '5241c8ea21d03', '2017-02-16 15:42:06', '0000-00-00 00:00:00'),
(1008, '5241c8ea21d03', '2017-02-16 17:24:38', '0000-00-00 00:00:00'),
(1009, '5241c8ea21d03', '2017-02-17 09:46:18', '0000-00-00 00:00:00'),
(1010, '5241c8ea21d03', '2017-02-17 14:12:43', '0000-00-00 00:00:00'),
(1011, '5241c8ea21d03', '2017-02-20 10:21:40', '0000-00-00 00:00:00'),
(1012, '5241c8ea21d03', '2017-02-21 08:50:46', '0000-00-00 00:00:00'),
(1013, '5241c8ea21d03', '2017-02-21 09:14:22', '0000-00-00 00:00:00'),
(1014, '5241c8ea21d03', '2017-02-22 09:49:20', '0000-00-00 00:00:00'),
(1015, '5241c8ea21d03', '2017-02-22 15:12:04', '0000-00-00 00:00:00'),
(1016, '5241c8ea21d03', '2017-02-23 15:13:14', '0000-00-00 00:00:00'),
(1017, '5241c8ea21d03', '2017-02-24 16:39:28', '0000-00-00 00:00:00'),
(1018, '5241c8ea21d03', '2017-02-27 09:48:24', '0000-00-00 00:00:00'),
(1019, '5241c8ea21d03', '2017-02-27 11:46:04', '0000-00-00 00:00:00'),
(1020, '5241c8ea21d03', '2017-02-27 16:57:52', '0000-00-00 00:00:00'),
(1021, '5241c8ea21d03', '2017-02-28 09:39:25', '0000-00-00 00:00:00'),
(1022, '5241c8ea21d03', '2017-02-28 17:53:46', '0000-00-00 00:00:00'),
(1023, '5241c8ea21d03', '2017-03-02 10:19:46', '0000-00-00 00:00:00'),
(1024, '5241c8ea21d03', '2017-03-03 10:11:47', '0000-00-00 00:00:00'),
(1025, '5241c8ea21d03', '2017-03-06 11:12:24', '0000-00-00 00:00:00'),
(1026, '5241c8ea21d03', '2017-03-06 16:52:00', '0000-00-00 00:00:00'),
(1027, '5241c8ea21d03', '2017-03-06 18:58:30', '0000-00-00 00:00:00'),
(1028, '5241c8ea21d03', '2017-03-07 09:45:55', '0000-00-00 00:00:00'),
(1029, '5241c8ea21d03', '2017-03-07 18:02:07', '0000-00-00 00:00:00'),
(1030, '5241c8ea21d03', '2017-03-08 09:57:37', '0000-00-00 00:00:00'),
(1031, '5241c8ea21d03', '2017-03-08 11:29:33', '0000-00-00 00:00:00'),
(1032, '5241c8ea21d03', '2017-03-08 14:14:02', '0000-00-00 00:00:00'),
(1033, '5241c8ea21d03', '2017-03-09 10:20:35', '0000-00-00 00:00:00'),
(1034, '5241c8ea21d03', '2017-03-10 10:14:33', '0000-00-00 00:00:00'),
(1035, '5241c8ea21d03', '2017-03-14 11:05:59', '0000-00-00 00:00:00'),
(1036, '5241c8ea21d03', '2017-03-14 13:53:13', '0000-00-00 00:00:00'),
(1037, '5241c8ea21d03', '2017-03-14 16:58:12', '0000-00-00 00:00:00'),
(1038, '5241c8ea21d03', '2017-03-14 18:11:46', '0000-00-00 00:00:00'),
(1039, '5241c8ea21d03', '2017-03-15 09:00:34', '0000-00-00 00:00:00'),
(1040, '5241c8ea21d03', '2017-03-15 10:31:56', '0000-00-00 00:00:00'),
(1041, '5241c8ea21d03', '2017-03-15 14:14:55', '0000-00-00 00:00:00'),
(1042, '5241c8ea21d03', '2017-03-15 16:37:36', '0000-00-00 00:00:00'),
(1043, '5241c8ea21d03', '2017-03-15 18:35:47', '0000-00-00 00:00:00'),
(1044, '5241c8ea21d03', '2017-03-16 10:30:07', '0000-00-00 00:00:00'),
(1045, '5241c8ea21d03', '2017-03-16 15:07:37', '0000-00-00 00:00:00'),
(1046, '5241c8ea21d03', '2017-03-20 09:39:08', '0000-00-00 00:00:00'),
(1047, '5241c8ea21d03', '2017-03-20 14:19:57', '0000-00-00 00:00:00'),
(1048, '5241c8ea21d03', '2017-03-20 16:44:42', '0000-00-00 00:00:00'),
(1049, '5241c8ea21d03', '2017-03-20 16:44:47', '0000-00-00 00:00:00'),
(1050, '5241c8ea21d03', '2017-03-20 17:34:31', '0000-00-00 00:00:00'),
(1051, '5241c8ea21d03', '2017-03-21 09:56:10', '0000-00-00 00:00:00'),
(1052, '5241c8ea21d03', '2017-03-21 14:08:47', '0000-00-00 00:00:00'),
(1053, '5241c8ea21d03', '2017-03-22 09:51:40', '0000-00-00 00:00:00'),
(1054, '5241c8ea21d03', '2017-03-22 16:16:35', '0000-00-00 00:00:00'),
(1055, '5241c8ea21d03', '2017-03-23 09:39:22', '0000-00-00 00:00:00'),
(1056, '5241c8ea21d03', '2017-03-24 10:38:03', '0000-00-00 00:00:00'),
(1057, '5241c8ea21d03', '2017-03-24 14:03:48', '0000-00-00 00:00:00'),
(1058, '5241c8ea21d03', '2017-03-24 18:06:03', '0000-00-00 00:00:00'),
(1059, '5241c8ea21d03', '2017-03-27 14:44:27', '0000-00-00 00:00:00'),
(1060, '5241c8ea21d03', '2017-03-27 15:58:02', '0000-00-00 00:00:00'),
(1061, '5241c8ea21d03', '2017-03-29 10:37:58', '0000-00-00 00:00:00'),
(1062, '5241c8ea21d03', '2017-03-29 14:24:03', '0000-00-00 00:00:00'),
(1063, '5241c8ea21d03', '2017-03-30 10:50:05', '0000-00-00 00:00:00'),
(1064, '5241c8ea21d03', '2017-03-30 14:40:12', '0000-00-00 00:00:00'),
(1065, '5241c8ea21d03', '2017-03-30 18:33:04', '0000-00-00 00:00:00'),
(1066, '5241c8ea21d03', '2017-03-31 11:43:45', '0000-00-00 00:00:00'),
(1067, '5241c8ea21d03', '2017-03-31 14:06:21', '0000-00-00 00:00:00'),
(1068, '5241c8ea21d03', '2017-03-31 19:43:54', '0000-00-00 00:00:00'),
(1069, '5241c8ea21d03', '2017-04-05 10:32:33', '0000-00-00 00:00:00'),
(1070, '5241c8ea21d03', '2017-04-05 14:08:30', '0000-00-00 00:00:00'),
(1071, '5241c8ea21d03', '2017-04-06 12:10:38', '0000-00-00 00:00:00'),
(1072, '5241c8ea21d03', '2017-04-06 14:25:46', '0000-00-00 00:00:00'),
(1073, '5241c8ea21d03', '2017-04-07 12:29:30', '0000-00-00 00:00:00'),
(1074, '5241c8ea21d03', '2017-04-07 14:33:21', '0000-00-00 00:00:00'),
(1075, '5241c8ea21d03', '2017-04-07 14:44:20', '0000-00-00 00:00:00'),
(1076, '5241c8ea21d03', '2017-04-10 10:25:06', '0000-00-00 00:00:00'),
(1077, '5241c8ea21d03', '2017-04-10 14:33:04', '0000-00-00 00:00:00'),
(1078, '5241c8ea21d03', '2017-04-10 16:49:44', '0000-00-00 00:00:00'),
(1079, '5241c8ea21d03', '2017-04-11 09:32:41', '0000-00-00 00:00:00'),
(1080, '5241c8ea21d03', '2017-04-11 12:14:58', '0000-00-00 00:00:00'),
(1081, '5241c8ea21d03', '2017-04-11 14:20:49', '0000-00-00 00:00:00'),
(1082, '5241c8ea21d03', '2017-04-11 14:47:44', '0000-00-00 00:00:00'),
(1083, '5241c8ea21d03', '2017-04-12 10:29:35', '0000-00-00 00:00:00'),
(1084, '5241c8ea21d03', '2017-04-12 17:37:06', '0000-00-00 00:00:00'),
(1085, '5241c8ea21d03', '2017-04-13 10:02:02', '0000-00-00 00:00:00'),
(1086, '5241c8ea21d03', '2017-04-13 14:04:04', '0000-00-00 00:00:00'),
(1087, '5241c8ea21d03', '2017-04-13 16:03:31', '0000-00-00 00:00:00'),
(1088, '5241c8ea21d03', '2017-04-13 21:00:08', '0000-00-00 00:00:00'),
(1089, '5241c8ea21d03', '2017-04-14 10:26:11', '0000-00-00 00:00:00'),
(1090, '5241c8ea21d03', '2017-04-14 13:53:11', '0000-00-00 00:00:00'),
(1091, '5241c8ea21d03', '2017-04-15 09:09:26', '0000-00-00 00:00:00'),
(1092, '5241c8ea21d03', '2017-04-15 16:32:40', '0000-00-00 00:00:00'),
(1093, '5241c8ea21d03', '2017-04-16 16:43:40', '0000-00-00 00:00:00'),
(1094, '5241c8ea21d03', '2017-04-17 10:31:18', '0000-00-00 00:00:00'),
(1095, '5241c8ea21d03', '2017-04-17 12:34:28', '0000-00-00 00:00:00'),
(1096, '55e478360b2e1', '2017-04-17 14:06:53', '0000-00-00 00:00:00'),
(1097, '5241c8ea21d03', '2017-04-17 14:26:34', '0000-00-00 00:00:00'),
(1098, '55e478360b2e1', '2017-04-17 14:33:31', '0000-00-00 00:00:00'),
(1099, '5241c8ea21d03', '2017-04-17 17:30:47', '0000-00-00 00:00:00'),
(1100, '5241c8ea21d03', '2017-04-17 23:02:50', '0000-00-00 00:00:00'),
(1101, '5241c8ea21d03', '2017-04-18 08:58:53', '0000-00-00 00:00:00'),
(1102, '5241c8ea21d03', '2017-04-18 14:04:41', '0000-00-00 00:00:00'),
(1103, '5241c8ea21d03', '2017-04-18 16:51:52', '0000-00-00 00:00:00'),
(1104, '55e478360b2e1', '2017-04-19 11:24:32', '0000-00-00 00:00:00'),
(1105, '5241c8ea21d03', '2017-04-19 11:47:08', '0000-00-00 00:00:00'),
(1106, '55e478360b2e1', '2017-04-19 13:36:00', '2017-04-19 13:36:12'),
(1107, '5241c8ea21d03', '2017-04-19 13:48:00', '0000-00-00 00:00:00'),
(1108, '5241c8ea21d03', '2017-04-19 17:52:37', '0000-00-00 00:00:00'),
(1109, '5241c8ea21d03', '2017-04-19 18:40:15', '0000-00-00 00:00:00'),
(1110, '5241c8ea21d03', '2017-04-20 12:59:04', '0000-00-00 00:00:00'),
(1111, '5241c8ea21d03', '2017-04-20 16:22:11', '0000-00-00 00:00:00'),
(1112, '5241c8ea21d03', '2017-04-20 18:09:37', '0000-00-00 00:00:00'),
(1113, '5241c8ea21d03', '2017-04-23 09:37:19', '0000-00-00 00:00:00'),
(1114, '55e478360b2e1', '2017-04-23 11:27:36', '2017-04-23 11:28:24'),
(1115, '5241c8ea21d03', '2017-04-23 11:56:53', '0000-00-00 00:00:00'),
(1116, '5241c8ea21d03', '2017-04-23 15:05:53', '0000-00-00 00:00:00'),
(1117, '5241c8ea21d03', '2017-04-23 17:06:24', '0000-00-00 00:00:00'),
(1118, '55e478360b2e1', '2017-04-23 18:37:12', '2017-04-23 18:37:34'),
(1119, '5241c8ea21d03', '2017-04-23 18:37:40', '0000-00-00 00:00:00'),
(1120, '5241c8ea21d03', '2017-04-24 09:09:05', '0000-00-00 00:00:00'),
(1121, '55e478360b2e1', '2017-04-24 13:19:28', '0000-00-00 00:00:00'),
(1122, '5241c8ea21d03', '2017-04-24 13:38:02', '0000-00-00 00:00:00'),
(1123, '5241c8ea21d03', '2017-04-24 19:02:28', '0000-00-00 00:00:00'),
(1124, '55e478360b2e1', '2017-04-25 09:32:27', '2017-04-25 09:32:39'),
(1125, '55e478360b2e1', '2017-04-25 09:32:46', '0000-00-00 00:00:00'),
(1126, '55e478360b2e1', '2017-04-25 09:33:25', '0000-00-00 00:00:00'),
(1127, '5241c8ea21d03', '2017-04-25 09:36:35', '0000-00-00 00:00:00'),
(1128, '55e478360b2e1', '2017-04-25 09:38:16', '0000-00-00 00:00:00'),
(1129, '55e478360b2e1', '2017-04-25 14:44:55', '0000-00-00 00:00:00'),
(1130, '5241c8ea21d03', '2017-04-25 22:52:03', '0000-00-00 00:00:00'),
(1131, '55e478360b2e1', '2017-04-26 11:42:21', '0000-00-00 00:00:00'),
(1132, '55e478360b2e1', '2017-04-26 12:11:24', '0000-00-00 00:00:00'),
(1133, '55e478360b2e1', '2017-04-26 12:12:08', '0000-00-00 00:00:00'),
(1134, '55e478360b2e1', '2017-04-26 12:19:51', '0000-00-00 00:00:00'),
(1135, '55e478360b2e1', '2017-04-26 12:21:25', '0000-00-00 00:00:00'),
(1136, '55e478360b2e1', '2017-04-26 12:21:25', '2017-04-26 18:35:20'),
(1137, '55e478360b2e1', '2017-04-26 12:32:28', '0000-00-00 00:00:00'),
(1138, '55e478360b2e1', '2017-04-26 12:50:06', '0000-00-00 00:00:00'),
(1139, '55e478360b2e1', '2017-04-26 12:54:33', '0000-00-00 00:00:00'),
(1140, '55e478360b2e1', '2017-04-26 12:57:55', '0000-00-00 00:00:00'),
(1141, '55e478360b2e1', '2017-04-26 13:17:01', '0000-00-00 00:00:00'),
(1142, '55e478360b2e1', '2017-04-26 13:48:33', '2017-04-26 18:27:46'),
(1143, '5241c8ea21d03', '2017-04-26 14:45:44', '0000-00-00 00:00:00'),
(1144, '55e478360b2e1', '2017-04-27 11:44:41', '2017-04-27 18:30:36'),
(1145, '5241c8ea21d03', '2017-04-27 12:41:45', '0000-00-00 00:00:00'),
(1146, '55e478360b2e1', '2017-04-27 12:45:45', '0000-00-00 00:00:00'),
(1147, '55e478360b2e1', '2017-04-27 12:48:29', '0000-00-00 00:00:00'),
(1148, '55e478360b2e1', '2017-04-27 13:05:01', '0000-00-00 00:00:00'),
(1149, '5241c8ea21d03', '2017-04-27 13:29:10', '0000-00-00 00:00:00'),
(1150, '5241c8ea21d03', '2017-04-27 14:42:51', '0000-00-00 00:00:00'),
(1151, '5241c8ea21d03', '2017-04-27 18:03:10', '0000-00-00 00:00:00'),
(1152, '5241c8ea21d03', '2017-04-27 18:42:18', '0000-00-00 00:00:00'),
(1153, '5241c8ea21d03', '2017-04-28 10:22:05', '0000-00-00 00:00:00'),
(1154, '55e478360b2e1', '2017-04-28 12:00:24', '0000-00-00 00:00:00'),
(1155, '55e478360b2e1', '2017-04-28 12:44:51', '0000-00-00 00:00:00'),
(1156, '55e478360b2e1', '2017-04-28 13:14:07', '0000-00-00 00:00:00'),
(1157, '55e478360b2e1', '2017-04-28 13:18:37', '2017-04-28 18:14:32'),
(1158, '55e478360b2e1', '2017-04-28 13:20:14', '0000-00-00 00:00:00'),
(1159, '5241c8ea21d03', '2017-04-28 17:37:42', '0000-00-00 00:00:00'),
(1160, '5241c8ea21d03', '2017-04-28 18:38:13', '0000-00-00 00:00:00'),
(1161, '55e478360b2e1', '2017-04-28 18:45:26', '0000-00-00 00:00:00'),
(1162, '55e478360b2e1', '2017-04-29 08:02:59', '0000-00-00 00:00:00'),
(1163, '5241c8ea21d03', '2017-04-29 11:45:05', '0000-00-00 00:00:00'),
(1164, '55e478360b2e1', '2017-04-29 11:52:26', '0000-00-00 00:00:00'),
(1165, '55e478360b2e1', '2017-04-29 12:19:14', '0000-00-00 00:00:00'),
(1166, '55e478360b2e1', '2017-04-29 12:42:37', '0000-00-00 00:00:00'),
(1167, '55e478360b2e1', '2017-04-29 13:14:07', '2017-04-29 18:23:08'),
(1168, '55e478360b2e1', '2017-04-29 13:19:53', '0000-00-00 00:00:00'),
(1169, '55e478360b2e1', '2017-04-29 17:44:38', '0000-00-00 00:00:00'),
(1170, '5241c8ea21d03', '2017-04-29 17:56:59', '0000-00-00 00:00:00'),
(1171, '5241c8ea21d03', '2017-04-30 07:21:31', '0000-00-00 00:00:00'),
(1172, '5241c8ea21d03', '2017-05-02 16:27:53', '0000-00-00 00:00:00'),
(1173, '5241c8ea21d03', '2017-05-02 17:59:30', '0000-00-00 00:00:00'),
(1174, '5241c8ea21d03', '2017-05-02 17:59:46', '0000-00-00 00:00:00'),
(1175, '5241c8ea21d03', '2017-05-03 10:12:36', '0000-00-00 00:00:00'),
(1176, '5241c8ea21d03', '2017-05-03 10:34:52', '0000-00-00 00:00:00'),
(1177, '5241c8ea21d03', '2017-05-03 14:22:45', '0000-00-00 00:00:00'),
(1178, '5241c8ea21d03', '2017-05-03 16:26:05', '0000-00-00 00:00:00'),
(1179, '5241c8ea21d03', '2017-05-03 16:32:28', '0000-00-00 00:00:00'),
(1180, '5241c8ea21d03', '2017-05-03 18:15:49', '0000-00-00 00:00:00'),
(1181, '5241c8ea21d03', '2017-05-04 10:15:10', '0000-00-00 00:00:00'),
(1182, '5241c8ea21d03', '2017-05-04 14:17:04', '0000-00-00 00:00:00'),
(1183, '5241c8ea21d03', '2017-05-04 17:11:01', '0000-00-00 00:00:00'),
(1184, '5241c8ea21d03', '2017-05-05 10:58:31', '0000-00-00 00:00:00'),
(1185, '5241c8ea21d03', '2017-05-05 18:41:18', '0000-00-00 00:00:00'),
(1186, '5241c8ea21d03', '2017-05-08 18:06:29', '0000-00-00 00:00:00'),
(1187, '5241c8ea21d03', '2017-05-09 09:44:46', '0000-00-00 00:00:00'),
(1188, '5241c8ea21d03', '2017-05-09 14:01:53', '0000-00-00 00:00:00'),
(1189, '5241c8ea21d03', '2017-05-09 15:38:43', '0000-00-00 00:00:00'),
(1190, '5241c8ea21d03', '2017-05-09 18:00:24', '0000-00-00 00:00:00'),
(1191, '5241c8ea21d03', '2017-05-10 09:32:53', '0000-00-00 00:00:00'),
(1192, '5241c8ea21d03', '2017-05-11 09:17:01', '0000-00-00 00:00:00'),
(1193, '5241c8ea21d03', '2017-05-11 16:02:05', '0000-00-00 00:00:00'),
(1194, '5241c8ea21d03', '2017-05-12 09:48:44', '0000-00-00 00:00:00'),
(1195, '5241c8ea21d03', '2017-05-15 09:31:52', '0000-00-00 00:00:00'),
(1196, '5241c8ea21d03', '2017-05-16 10:13:45', '0000-00-00 00:00:00'),
(1197, '5241c8ea21d03', '2017-05-16 14:21:27', '0000-00-00 00:00:00'),
(1198, '5241c8ea21d03', '2017-05-17 09:30:56', '0000-00-00 00:00:00'),
(1199, '5241c8ea21d03', '2017-05-17 15:05:58', '0000-00-00 00:00:00'),
(1200, '5241c8ea21d03', '2017-05-18 10:00:10', '0000-00-00 00:00:00'),
(1201, '5241c8ea21d03', '2017-05-19 10:13:18', '0000-00-00 00:00:00'),
(1202, '5241c8ea21d03', '2017-05-19 14:49:36', '0000-00-00 00:00:00'),
(1203, '5241c8ea21d03', '2017-05-23 09:38:41', '0000-00-00 00:00:00'),
(1204, '5241c8ea21d03', '2017-05-23 15:15:52', '0000-00-00 00:00:00'),
(1205, '5241c8ea21d03', '2017-05-23 17:50:21', '0000-00-00 00:00:00'),
(1206, '5241c8ea21d03', '2017-05-24 10:14:26', '0000-00-00 00:00:00'),
(1207, '5241c8ea21d03', '2017-05-24 14:17:50', '0000-00-00 00:00:00'),
(1208, '5241c8ea21d03', '2017-05-29 11:04:14', '0000-00-00 00:00:00'),
(1209, '5241c8ea21d03', '2017-05-30 14:28:35', '0000-00-00 00:00:00'),
(1210, '5241c8ea21d03', '2017-05-31 16:40:26', '0000-00-00 00:00:00'),
(1211, '5241c8ea21d03', '2017-06-07 11:21:44', '0000-00-00 00:00:00'),
(1212, '5241c8ea21d03', '2017-06-07 14:18:43', '0000-00-00 00:00:00'),
(1213, '5241c8ea21d03', '2017-06-19 14:13:36', '0000-00-00 00:00:00'),
(1214, '5241c8ea21d03', '2017-06-21 14:11:38', '0000-00-00 00:00:00'),
(1215, '5241c8ea21d03', '2017-06-21 16:07:47', '0000-00-00 00:00:00'),
(1216, '5241c8ea21d03', '2017-06-22 10:38:46', '0000-00-00 00:00:00'),
(1217, '5241c8ea21d03', '2017-06-22 15:54:53', '2017-06-22 15:56:29'),
(1218, '5241c8ea21d03', '2017-06-26 09:58:04', '0000-00-00 00:00:00'),
(1219, '5241c8ea21d03', '2017-06-26 10:21:40', '0000-00-00 00:00:00'),
(1220, '5241c8ea21d03', '2017-06-27 11:53:51', '0000-00-00 00:00:00'),
(1221, '5241c8ea21d03', '2017-07-03 11:06:14', '0000-00-00 00:00:00'),
(1222, '5241c8ea21d03', '2017-07-11 16:45:27', '0000-00-00 00:00:00'),
(1223, '5241c8ea21d03', '2017-07-12 14:56:32', '0000-00-00 00:00:00'),
(1224, '5241c8ea21d03', '2017-07-12 14:56:40', '0000-00-00 00:00:00'),
(1225, '5241c8ea21d03', '2017-07-17 11:50:20', '0000-00-00 00:00:00'),
(1226, '5241c8ea21d03', '2017-07-17 14:56:11', '0000-00-00 00:00:00'),
(1227, '5241c8ea21d03', '2017-07-27 17:17:59', '0000-00-00 00:00:00'),
(1228, '5241c8ea21d03', '2017-07-31 18:30:30', '0000-00-00 00:00:00'),
(1229, '5241c8ea21d03', '2017-08-28 18:15:04', '0000-00-00 00:00:00'),
(1230, '5241c8ea21d03', '2017-09-07 15:05:53', '0000-00-00 00:00:00'),
(1231, '5241c8ea21d03', '2017-09-08 10:23:50', '0000-00-00 00:00:00'),
(1232, '5241c8ea21d03', '2017-09-08 11:48:05', '0000-00-00 00:00:00'),
(1233, '5241c8ea21d03', '2017-09-08 14:09:49', '0000-00-00 00:00:00'),
(1234, '5241c8ea21d03', '2017-09-08 17:44:08', '0000-00-00 00:00:00'),
(1235, '5241c8ea21d03', '2017-09-08 18:37:11', '0000-00-00 00:00:00'),
(1236, '5241c8ea21d03', '2017-09-09 14:09:23', '0000-00-00 00:00:00'),
(1237, '5241c8ea21d03', '2017-09-11 09:29:05', '0000-00-00 00:00:00'),
(1238, '5241c8ea21d03', '2017-09-13 14:28:58', '0000-00-00 00:00:00'),
(1239, '5241c8ea21d03', '2017-09-22 10:57:19', '0000-00-00 00:00:00'),
(1240, '5241c8ea21d03', '2017-09-22 14:33:21', '0000-00-00 00:00:00'),
(1241, '5241c8ea21d03', '2017-09-25 11:56:07', '0000-00-00 00:00:00'),
(1242, '5241c8ea21d03', '2017-09-27 09:38:06', '0000-00-00 00:00:00'),
(1243, '5241c8ea21d03', '2017-09-28 09:23:14', '0000-00-00 00:00:00'),
(1244, '5241c8ea21d03', '2017-10-16 09:12:38', '0000-00-00 00:00:00'),
(1245, '5241c8ea21d03', '2017-10-17 12:29:18', '0000-00-00 00:00:00'),
(1246, '5241c8ea21d03', '2017-10-24 11:12:34', '0000-00-00 00:00:00'),
(1247, '5241c8ea21d03', '2017-10-26 10:12:49', '0000-00-00 00:00:00'),
(1248, '5241c8ea21d03', '2017-10-27 10:46:20', '0000-00-00 00:00:00'),
(1249, '5241c8ea21d03', '2017-11-06 15:59:13', '0000-00-00 00:00:00'),
(1250, '5241c8ea21d03', '2017-11-06 16:12:45', '0000-00-00 00:00:00'),
(1251, '5241c8ea21d03', '2017-11-10 15:46:56', '0000-00-00 00:00:00'),
(1252, '5241c8ea21d03', '2017-11-10 15:49:09', '0000-00-00 00:00:00'),
(1253, '5241c8ea21d03', '2017-11-20 12:43:14', '0000-00-00 00:00:00'),
(1254, '5241c8ea21d03', '2017-11-20 14:20:07', '0000-00-00 00:00:00'),
(1255, '5241c8ea21d03', '2017-11-21 10:19:21', '0000-00-00 00:00:00'),
(1256, '5241c8ea21d03', '2017-11-22 10:25:55', '0000-00-00 00:00:00'),
(1257, '5241c8ea21d03', '2017-11-22 14:36:08', '0000-00-00 00:00:00'),
(1258, '5241c8ea21d03', '2017-11-28 17:45:14', '0000-00-00 00:00:00'),
(1259, '5241c8ea21d03', '2017-12-01 15:03:15', '0000-00-00 00:00:00'),
(1260, '5241c8ea21d03', '2017-12-01 16:20:17', '0000-00-00 00:00:00'),
(1261, '5241c8ea21d03', '2017-12-06 18:14:34', '0000-00-00 00:00:00'),
(1262, '5241c8ea21d03', '2017-12-07 10:07:01', '0000-00-00 00:00:00'),
(1263, '5241c8ea21d03', '2017-12-11 17:33:26', '0000-00-00 00:00:00'),
(1264, '5241c8ea21d03', '2017-12-13 09:52:22', '0000-00-00 00:00:00'),
(1265, '5241c8ea21d03', '2017-12-18 16:21:44', '0000-00-00 00:00:00'),
(1266, '5241c8ea21d03', '2017-12-19 16:38:38', '0000-00-00 00:00:00'),
(1267, '5241c8ea21d03', '2017-12-21 16:25:48', '0000-00-00 00:00:00'),
(1268, '5241c8ea21d03', '2017-12-27 14:45:52', '0000-00-00 00:00:00'),
(1269, '5241c8ea21d03', '2018-01-04 14:35:51', '0000-00-00 00:00:00'),
(1270, '5241c8ea21d03', '2018-01-08 16:16:14', '0000-00-00 00:00:00'),
(1271, '5241c8ea21d03', '2018-01-08 23:57:34', '0000-00-00 00:00:00'),
(1272, '5241c8ea21d03', '2018-01-10 16:55:30', '0000-00-00 00:00:00'),
(1273, '5241c8ea21d03', '2018-01-15 18:00:02', '0000-00-00 00:00:00'),
(1274, '5241c8ea21d03', '2018-01-20 17:59:04', '0000-00-00 00:00:00'),
(1275, '5241c8ea21d03', '2018-01-22 12:01:50', '0000-00-00 00:00:00'),
(1276, '5241c8ea21d03', '2018-01-22 13:48:41', '0000-00-00 00:00:00'),
(1277, '5241c8ea21d03', '2018-01-22 15:33:51', '0000-00-00 00:00:00'),
(1278, '5241c8ea21d03', '2018-01-23 09:31:13', '0000-00-00 00:00:00'),
(1279, '5241c8ea21d03', '2018-01-24 09:49:00', '0000-00-00 00:00:00'),
(1280, '5241c8ea21d03', '2018-01-24 15:08:36', '0000-00-00 00:00:00'),
(1281, '5241c8ea21d03', '2018-01-25 10:04:07', '0000-00-00 00:00:00'),
(1282, '5241c8ea21d03', '2018-01-25 12:26:14', '0000-00-00 00:00:00'),
(1283, '5241c8ea21d03', '2018-01-25 14:33:06', '0000-00-00 00:00:00'),
(1284, '5241c8ea21d03', '2018-01-26 10:06:19', '0000-00-00 00:00:00'),
(1285, '5241c8ea21d03', '2018-01-26 18:07:13', '0000-00-00 00:00:00'),
(1286, '5241c8ea21d03', '2018-01-29 09:33:29', '0000-00-00 00:00:00'),
(1287, '5241c8ea21d03', '2018-01-29 09:35:28', '0000-00-00 00:00:00'),
(1288, '5241c8ea21d03', '2018-01-29 11:44:16', '0000-00-00 00:00:00'),
(1289, '5241c8ea21d03', '2018-01-29 12:03:52', '0000-00-00 00:00:00'),
(1290, '5241c8ea21d03', '2018-01-30 15:17:03', '0000-00-00 00:00:00'),
(1291, '5241c8ea21d03', '2018-01-30 17:46:22', '0000-00-00 00:00:00'),
(1292, '5241c8ea21d03', '2018-01-31 09:43:53', '0000-00-00 00:00:00'),
(1293, '5241c8ea21d03', '2018-02-01 09:35:22', '0000-00-00 00:00:00'),
(1294, '5241c8ea21d03', '2018-02-01 14:42:13', '0000-00-00 00:00:00'),
(1295, '5241c8ea21d03', '2018-02-01 16:54:31', '0000-00-00 00:00:00'),
(1296, '5241c8ea21d03', '2018-02-05 11:01:50', '0000-00-00 00:00:00'),
(1297, '5241c8ea21d03', '2018-02-05 17:06:17', '0000-00-00 00:00:00'),
(1298, '5241c8ea21d03', '2018-02-07 10:20:30', '0000-00-00 00:00:00'),
(1299, '5241c8ea21d03', '2018-02-07 19:11:00', '0000-00-00 00:00:00'),
(1300, '5241c8ea21d03', '2018-02-08 14:40:52', '0000-00-00 00:00:00'),
(1301, '5241c8ea21d03', '2018-02-08 15:41:59', '0000-00-00 00:00:00'),
(1302, '5241c8ea21d03', '2018-02-08 16:36:48', '0000-00-00 00:00:00'),
(1303, '5241c8ea21d03', '2018-02-12 09:54:48', '0000-00-00 00:00:00'),
(1304, '5241c8ea21d03', '2018-02-12 10:45:30', '0000-00-00 00:00:00'),
(1305, '5241c8ea21d03', '2018-02-12 14:37:09', '0000-00-00 00:00:00'),
(1306, '5241c8ea21d03', '2018-02-12 17:07:29', '0000-00-00 00:00:00'),
(1307, '5241c8ea21d03', '2018-02-13 10:20:52', '0000-00-00 00:00:00'),
(1308, '5241c8ea21d03', '2018-02-13 11:15:23', '0000-00-00 00:00:00'),
(1309, '5241c8ea21d03', '2018-02-14 10:15:48', '0000-00-00 00:00:00'),
(1310, '5241c8ea21d03', '2018-02-14 15:33:19', '0000-00-00 00:00:00'),
(1311, '5241c8ea21d03', '2018-02-16 16:58:11', '0000-00-00 00:00:00'),
(1312, '5241c8ea21d03', '2018-02-19 09:58:21', '0000-00-00 00:00:00'),
(1313, '5241c8ea21d03', '2018-02-19 12:01:30', '0000-00-00 00:00:00'),
(1314, '5241c8ea21d03', '2018-02-19 14:25:24', '0000-00-00 00:00:00'),
(1315, '5241c8ea21d03', '2018-02-19 17:42:09', '0000-00-00 00:00:00'),
(1316, '5241c8ea21d03', '2018-02-20 10:56:47', '0000-00-00 00:00:00'),
(1317, '5241c8ea21d03', '2018-02-20 20:02:49', '0000-00-00 00:00:00'),
(1318, '5241c8ea21d03', '2018-02-21 09:26:10', '0000-00-00 00:00:00'),
(1319, '5241c8ea21d03', '2018-02-21 11:50:57', '0000-00-00 00:00:00'),
(1320, '5241c8ea21d03', '2018-02-21 13:55:11', '0000-00-00 00:00:00'),
(1321, '5241c8ea21d03', '2018-02-21 15:46:09', '0000-00-00 00:00:00'),
(1322, '5241c8ea21d03', '2018-02-21 17:46:17', '0000-00-00 00:00:00'),
(1323, '5241c8ea21d03', '2018-02-22 10:27:58', '0000-00-00 00:00:00'),
(1324, '5241c8ea21d03', '2018-02-22 12:23:11', '0000-00-00 00:00:00'),
(1325, '5241c8ea21d03', '2018-02-22 15:59:43', '0000-00-00 00:00:00'),
(1326, '5241c8ea21d03', '2018-02-26 09:46:23', '0000-00-00 00:00:00'),
(1327, '5241c8ea21d03', '2018-02-26 11:17:28', '0000-00-00 00:00:00'),
(1328, '5241c8ea21d03', '2018-02-26 14:37:25', '0000-00-00 00:00:00'),
(1329, '5241c8ea21d03', '2018-02-27 10:06:25', '0000-00-00 00:00:00'),
(1330, '5241c8ea21d03', '2018-02-27 14:04:26', '0000-00-00 00:00:00'),
(1331, '5241c8ea21d03', '2018-02-28 15:08:51', '0000-00-00 00:00:00'),
(1332, '5241c8ea21d03', '2018-02-28 18:18:02', '0000-00-00 00:00:00'),
(1333, '5241c8ea21d03', '2018-03-01 10:04:58', '0000-00-00 00:00:00'),
(1334, '5241c8ea21d03', '2018-03-01 13:59:38', '0000-00-00 00:00:00'),
(1335, '5241c8ea21d03', '2018-03-02 14:39:04', '0000-00-00 00:00:00'),
(1336, '5241c8ea21d03', '2018-03-05 11:39:53', '0000-00-00 00:00:00'),
(1337, '5241c8ea21d03', '2018-03-05 15:03:49', '0000-00-00 00:00:00'),
(1338, '5241c8ea21d03', '2018-03-05 17:59:44', '0000-00-00 00:00:00'),
(1339, '5241c8ea21d03', '2018-03-06 10:08:06', '0000-00-00 00:00:00'),
(1340, '5241c8ea21d03', '2018-03-06 14:27:05', '0000-00-00 00:00:00'),
(1341, '5241c8ea21d03', '2018-03-06 19:41:46', '0000-00-00 00:00:00'),
(1342, '5241c8ea21d03', '2018-03-07 09:41:55', '0000-00-00 00:00:00'),
(1343, '5241c8ea21d03', '2018-03-07 15:24:29', '0000-00-00 00:00:00'),
(1344, '5241c8ea21d03', '2018-03-08 09:42:34', '0000-00-00 00:00:00'),
(1345, '5241c8ea21d03', '2018-03-08 11:43:40', '0000-00-00 00:00:00'),
(1346, '5241c8ea21d03', '2018-03-08 14:33:47', '0000-00-00 00:00:00'),
(1347, '5241c8ea21d03', '2018-03-08 16:11:59', '0000-00-00 00:00:00'),
(1348, '5241c8ea21d03', '2018-03-09 10:47:44', '0000-00-00 00:00:00'),
(1349, '5241c8ea21d03', '2018-03-09 14:31:40', '0000-00-00 00:00:00'),
(1350, '5241c8ea21d03', '2018-03-09 17:38:38', '0000-00-00 00:00:00'),
(1351, '5241c8ea21d03', '2018-03-13 11:32:55', '0000-00-00 00:00:00'),
(1352, '5241c8ea21d03', '2018-03-13 14:10:30', '0000-00-00 00:00:00'),
(1353, '5241c8ea21d03', '2018-03-13 18:00:01', '0000-00-00 00:00:00'),
(1354, '5241c8ea21d03', '2018-03-14 14:55:02', '0000-00-00 00:00:00'),
(1355, '5241c8ea21d03', '2018-03-14 16:00:30', '0000-00-00 00:00:00'),
(1356, '5241c8ea21d03', '2018-03-14 16:36:50', '0000-00-00 00:00:00'),
(1357, '5241c8ea21d03', '2018-03-15 11:12:57', '0000-00-00 00:00:00'),
(1358, '5241c8ea21d03', '2018-03-15 16:21:27', '0000-00-00 00:00:00'),
(1359, '5241c8ea21d03', '2018-03-15 21:13:45', '0000-00-00 00:00:00'),
(1360, '5241c8ea21d03', '2018-03-16 09:35:11', '0000-00-00 00:00:00'),
(1361, '5241c8ea21d03', '2018-03-19 09:55:23', '0000-00-00 00:00:00'),
(1362, '5241c8ea21d03', '2018-03-19 12:16:56', '0000-00-00 00:00:00'),
(1363, '5241c8ea21d03', '2018-03-19 14:02:34', '0000-00-00 00:00:00'),
(1364, '5241c8ea21d03', '2018-03-19 19:04:26', '0000-00-00 00:00:00'),
(1365, '5241c8ea21d03', '2018-03-20 10:07:33', '0000-00-00 00:00:00'),
(1366, '5241c8ea21d03', '2018-03-20 15:08:37', '0000-00-00 00:00:00'),
(1367, '5241c8ea21d03', '2018-03-20 18:23:52', '0000-00-00 00:00:00'),
(1368, '5241c8ea21d03', '2018-03-21 09:35:40', '0000-00-00 00:00:00'),
(1369, '5241c8ea21d03', '2018-03-21 14:58:52', '0000-00-00 00:00:00'),
(1370, '5241c8ea21d03', '2018-03-22 10:28:39', '0000-00-00 00:00:00'),
(1371, '5241c8ea21d03', '2018-03-22 15:29:06', '0000-00-00 00:00:00'),
(1372, '5241c8ea21d03', '2018-03-23 11:06:21', '0000-00-00 00:00:00'),
(1373, '5241c8ea21d03', '2018-03-23 16:13:20', '0000-00-00 00:00:00'),
(1374, '5241c8ea21d03', '2018-03-26 08:03:38', '0000-00-00 00:00:00'),
(1375, '5241c8ea21d03', '2018-03-26 10:16:20', '0000-00-00 00:00:00'),
(1376, '5241c8ea21d03', '2018-03-26 15:57:08', '0000-00-00 00:00:00'),
(1377, '5241c8ea21d03', '2018-03-27 09:51:18', '0000-00-00 00:00:00'),
(1378, '5241c8ea21d03', '2018-03-27 14:46:10', '0000-00-00 00:00:00'),
(1379, '5241c8ea21d03', '2018-03-27 16:07:57', '0000-00-00 00:00:00'),
(1380, '5241c8ea21d03', '2018-03-28 09:45:33', '0000-00-00 00:00:00'),
(1381, '5241c8ea21d03', '2018-03-28 16:00:20', '0000-00-00 00:00:00'),
(1382, '5241c8ea21d03', '2018-03-29 10:24:22', '0000-00-00 00:00:00'),
(1383, '5241c8ea21d03', '2018-03-29 11:25:52', '0000-00-00 00:00:00'),
(1384, '5241c8ea21d03', '2018-03-29 13:52:35', '0000-00-00 00:00:00'),
(1385, '55e478360b2e1', '2018-03-29 14:10:36', '2018-03-29 14:10:43'),
(1386, '5241c8ea21d03', '2018-03-29 15:53:18', '0000-00-00 00:00:00'),
(1387, '5241c8ea21d03', '2018-03-29 17:13:33', '0000-00-00 00:00:00'),
(1388, '5241c8ea21d03', '2018-03-29 17:15:32', '0000-00-00 00:00:00'),
(1389, '5241c8ea21d03', '2018-03-29 17:56:32', '0000-00-00 00:00:00'),
(1390, '5241c8ea21d03', '2018-03-29 17:56:46', '0000-00-00 00:00:00'),
(1391, '5241c8ea21d03', '2018-03-30 11:40:21', '0000-00-00 00:00:00'),
(1392, '5241c8ea21d03', '2018-03-30 14:21:33', '0000-00-00 00:00:00'),
(1393, '5241c8ea21d03', '2018-04-03 09:26:44', '0000-00-00 00:00:00'),
(1394, '5241c8ea21d03', '2018-04-03 10:59:17', '0000-00-00 00:00:00'),
(1395, '5241c8ea21d03', '2018-04-03 11:20:36', '0000-00-00 00:00:00'),
(1396, '5241c8ea21d03', '2018-04-03 11:20:42', '0000-00-00 00:00:00'),
(1397, '5241c8ea21d03', '2018-04-03 11:20:45', '0000-00-00 00:00:00'),
(1398, '5241c8ea21d03', '2018-04-03 11:32:15', '0000-00-00 00:00:00'),
(1399, '5241c8ea21d03', '2018-04-03 11:39:37', '0000-00-00 00:00:00'),
(1400, '5241c8ea21d03', '2018-04-03 13:49:25', '0000-00-00 00:00:00'),
(1401, '5241c8ea21d03', '2018-04-03 16:02:27', '0000-00-00 00:00:00'),
(1402, '5241c8ea21d03', '2018-04-04 09:37:30', '0000-00-00 00:00:00'),
(1403, '5241c8ea21d03', '2018-04-04 14:20:55', '0000-00-00 00:00:00'),
(1404, '5241c8ea21d03', '2018-04-04 14:42:42', '0000-00-00 00:00:00'),
(1405, '5241c8ea21d03', '2018-04-04 17:12:15', '0000-00-00 00:00:00'),
(1406, '5241c8ea21d03', '2018-04-05 10:02:32', '2018-04-05 10:25:44'),
(1407, '5241c8ea21d03', '2018-04-05 14:45:00', '0000-00-00 00:00:00'),
(1408, '5241c8ea21d03', '2018-04-05 15:04:47', '0000-00-00 00:00:00'),
(1409, '5241c8ea21d03', '2018-04-06 09:57:31', '0000-00-00 00:00:00'),
(1410, '5241c8ea21d03', '2018-04-06 10:00:06', '0000-00-00 00:00:00'),
(1411, '5241c8ea21d03', '2018-04-09 09:59:20', '0000-00-00 00:00:00'),
(1412, '5241c8ea21d03', '2018-04-09 14:31:41', '0000-00-00 00:00:00'),
(1413, '5241c8ea21d03', '2018-04-10 09:52:33', '0000-00-00 00:00:00'),
(1414, '5241c8ea21d03', '2018-04-10 12:39:29', '0000-00-00 00:00:00'),
(1415, '5241c8ea21d03', '2018-04-10 14:24:14', '0000-00-00 00:00:00'),
(1416, '5241c8ea21d03', '2018-04-10 15:14:26', '0000-00-00 00:00:00'),
(1417, '5241c8ea21d03', '2018-04-11 09:35:54', '0000-00-00 00:00:00'),
(1418, '5241c8ea21d03', '2018-04-11 09:36:51', '0000-00-00 00:00:00'),
(1419, '5241c8ea21d03', '2018-04-11 11:17:13', '0000-00-00 00:00:00'),
(1420, '5241c8ea21d03', '2018-04-11 18:48:18', '0000-00-00 00:00:00'),
(1421, '5241c8ea21d03', '2018-04-12 16:03:07', '0000-00-00 00:00:00'),
(1422, '5241c8ea21d03', '2018-04-13 10:00:35', '0000-00-00 00:00:00'),
(1423, '5241c8ea21d03', '2018-04-13 13:48:54', '0000-00-00 00:00:00'),
(1424, '5241c8ea21d03', '2018-04-13 18:22:20', '0000-00-00 00:00:00'),
(1425, '5241c8ea21d03', '2018-04-15 14:02:02', '0000-00-00 00:00:00'),
(1426, '5241c8ea21d03', '2018-04-15 16:10:52', '0000-00-00 00:00:00'),
(1427, '5241c8ea21d03', '2018-04-16 09:43:48', '0000-00-00 00:00:00'),
(1428, '5241c8ea21d03', '2018-04-16 10:08:45', '0000-00-00 00:00:00'),
(1429, '5241c8ea21d03', '2018-04-16 14:27:32', '0000-00-00 00:00:00'),
(1430, '5241c8ea21d03', '2018-04-17 09:33:42', '0000-00-00 00:00:00'),
(1431, '5241c8ea21d03', '2018-04-17 14:06:19', '0000-00-00 00:00:00'),
(1432, '5241c8ea21d03', '2018-04-17 15:29:23', '0000-00-00 00:00:00'),
(1433, '55e478360b2e1', '2018-04-17 18:09:23', '0000-00-00 00:00:00'),
(1434, '55e478360b2e1', '2018-04-17 18:09:38', '0000-00-00 00:00:00'),
(1435, '55e478360b2e1', '2018-04-17 18:10:03', '0000-00-00 00:00:00'),
(1436, '5241c8ea21d03', '2018-04-17 23:41:00', '2018-04-17 23:44:54'),
(1437, '5241c8ea21d03', '2018-04-18 08:51:10', '0000-00-00 00:00:00'),
(1438, '5241c8ea21d03', '2018-04-18 10:32:03', '0000-00-00 00:00:00'),
(1439, '5241c8ea21d03', '2018-04-18 10:46:53', '0000-00-00 00:00:00'),
(1440, '5241c8ea21d03', '2018-04-18 12:03:42', '0000-00-00 00:00:00'),
(1441, '5241c8ea21d03', '2018-04-18 15:09:01', '0000-00-00 00:00:00'),
(1442, '5241c8ea21d03', '2018-04-18 15:12:55', '0000-00-00 00:00:00'),
(1443, '5241c8ea21d03', '2018-04-18 17:49:58', '0000-00-00 00:00:00'),
(1444, '5241c8ea21d03', '2018-04-19 15:00:11', '0000-00-00 00:00:00'),
(1445, '5241c8ea21d03', '2018-04-20 14:34:36', '0000-00-00 00:00:00'),
(1446, '5241c8ea21d03', '2018-04-20 22:15:20', '0000-00-00 00:00:00'),
(1447, '5241c8ea21d03', '2018-04-21 20:39:54', '0000-00-00 00:00:00'),
(1448, '5241c8ea21d03', '2018-04-22 14:39:18', '0000-00-00 00:00:00'),
(1449, '5241c8ea21d03', '2018-04-22 17:53:45', '0000-00-00 00:00:00'),
(1450, '5241c8ea21d03', '2018-04-23 09:00:17', '0000-00-00 00:00:00'),
(1451, '5241c8ea21d03', '2018-04-23 17:40:43', '0000-00-00 00:00:00'),
(1452, '5241c8ea21d03', '2018-04-23 18:27:00', '0000-00-00 00:00:00'),
(1453, '5241c8ea21d03', '2018-04-23 19:18:29', '0000-00-00 00:00:00'),
(1454, '5241c8ea21d03', '2018-04-24 09:24:36', '0000-00-00 00:00:00'),
(1455, '5241c8ea21d03', '2018-04-24 13:49:39', '0000-00-00 00:00:00'),
(1456, '55e478360b2e1', '2018-04-24 14:01:21', '2018-04-24 14:09:39'),
(1457, '55e478360b2e1', '2018-04-24 14:08:31', '0000-00-00 00:00:00'),
(1458, '55e478360b2e1', '2018-04-24 14:10:15', '0000-00-00 00:00:00'),
(1459, '55e478360b2e1', '2018-04-24 14:12:58', '0000-00-00 00:00:00'),
(1460, '55e478360b2e1', '2018-04-24 14:14:18', '0000-00-00 00:00:00'),
(1461, '5241c8ea21d03', '2018-04-24 16:56:16', '0000-00-00 00:00:00'),
(1462, '55e478360b2e1', '2018-04-24 21:42:13', '0000-00-00 00:00:00'),
(1463, '5241c8ea21d03', '2018-04-24 23:09:33', '0000-00-00 00:00:00'),
(1464, '55e478360b2e1', '2018-04-25 11:54:48', '2018-04-25 11:55:09'),
(1465, '55e478360b2e1', '2018-04-25 11:55:15', '0000-00-00 00:00:00'),
(1466, '55e478360b2e1', '2018-04-25 12:48:19', '0000-00-00 00:00:00'),
(1467, '55e478360b2e1', '2018-04-25 12:52:11', '0000-00-00 00:00:00'),
(1468, '55e478360b2e1', '2018-04-25 13:13:43', '2018-04-25 13:32:48'),
(1469, '55e478360b2e1', '2018-04-25 13:20:22', '0000-00-00 00:00:00'),
(1470, '55e478360b2e1', '2018-04-25 13:41:21', '0000-00-00 00:00:00'),
(1471, '55e478360b2e1', '2018-04-25 13:51:57', '0000-00-00 00:00:00'),
(1472, '5241c8ea21d03', '2018-04-25 16:22:45', '0000-00-00 00:00:00'),
(1473, '55e478360b2e1', '2018-04-25 16:29:22', '0000-00-00 00:00:00'),
(1474, '55e478360b2e1', '2018-04-25 21:06:03', '0000-00-00 00:00:00'),
(1475, '55e478360b2e1', '2018-04-26 10:50:45', '0000-00-00 00:00:00'),
(1476, '55e478360b2e1', '2018-04-26 12:25:21', '0000-00-00 00:00:00'),
(1477, '55e478360b2e1', '2018-04-26 12:43:36', '0000-00-00 00:00:00'),
(1478, '55e478360b2e1', '2018-04-26 12:52:47', '0000-00-00 00:00:00'),
(1479, '55e478360b2e1', '2018-04-26 13:00:33', '0000-00-00 00:00:00'),
(1480, '5241c8ea21d03', '2018-04-26 13:56:41', '0000-00-00 00:00:00'),
(1481, '55e478360b2e1', '2018-04-26 16:44:37', '0000-00-00 00:00:00'),
(1482, '5241c8ea21d03', '2018-04-26 18:23:23', '0000-00-00 00:00:00'),
(1483, '5241c8ea21d03', '2018-04-26 18:54:09', '0000-00-00 00:00:00'),
(1484, '55e478360b2e1', '2018-04-27 12:12:28', '0000-00-00 00:00:00'),
(1485, '55e478360b2e1', '2018-04-27 12:43:03', '0000-00-00 00:00:00'),
(1486, '55e478360b2e1', '2018-04-27 12:48:09', '0000-00-00 00:00:00'),
(1487, '55e478360b2e1', '2018-04-27 12:50:29', '0000-00-00 00:00:00'),
(1488, '55e478360b2e1', '2018-04-27 13:55:45', '0000-00-00 00:00:00'),
(1489, '5241c8ea21d03', '2018-04-27 14:12:32', '0000-00-00 00:00:00'),
(1490, '55e478360b2e1', '2018-04-27 14:55:05', '0000-00-00 00:00:00'),
(1491, '5241c8ea21d03', '2018-04-27 14:58:08', '0000-00-00 00:00:00'),
(1492, '55e478360b2e1', '2018-04-27 15:03:35', '0000-00-00 00:00:00'),
(1493, '55e478360b2e1', '2018-04-27 15:04:44', '0000-00-00 00:00:00'),
(1494, '5241c8ea21d03', '2018-04-27 15:14:00', '0000-00-00 00:00:00'),
(1495, '55e478360b2e1', '2018-04-27 15:18:18', '0000-00-00 00:00:00'),
(1496, '55e478360b2e1', '2018-04-27 15:20:54', '0000-00-00 00:00:00'),
(1497, '55e478360b2e1', '2018-04-27 16:53:27', '0000-00-00 00:00:00'),
(1498, '5241c8ea21d03', '2018-04-27 17:53:22', '0000-00-00 00:00:00'),
(1499, '55e478360b2e1', '2018-04-28 11:47:48', '0000-00-00 00:00:00'),
(1500, '55e478360b2e1', '2018-04-28 12:12:15', '0000-00-00 00:00:00'),
(1501, '55e478360b2e1', '2018-04-28 12:42:55', '0000-00-00 00:00:00'),
(1502, '55e478360b2e1', '2018-04-28 13:24:56', '0000-00-00 00:00:00'),
(1503, '55e478360b2e1', '2018-04-28 14:24:31', '0000-00-00 00:00:00'),
(1504, '55e478360b2e1', '2018-04-28 15:42:53', '0000-00-00 00:00:00'),
(1505, '55e478360b2e1', '2018-04-28 16:25:36', '0000-00-00 00:00:00'),
(1506, '5241c8ea21d03', '2018-04-28 16:48:55', '0000-00-00 00:00:00'),
(1507, '5241c8ea21d03', '2018-04-30 18:10:44', '0000-00-00 00:00:00'),
(1508, '5241c8ea21d03', '2018-05-01 18:38:18', '0000-00-00 00:00:00'),
(1509, '5241c8ea21d03', '2018-05-01 18:51:59', '0000-00-00 00:00:00'),
(1510, '5241c8ea21d03', '2018-05-02 10:04:40', '0000-00-00 00:00:00'),
(1511, '5241c8ea21d03', '2018-05-03 10:03:11', '0000-00-00 00:00:00'),
(1512, '5241c8ea21d03', '2018-05-03 15:10:37', '0000-00-00 00:00:00'),
(1513, '5241c8ea21d03', '2018-05-04 09:30:28', '0000-00-00 00:00:00'),
(1514, '5241c8ea21d03', '2018-05-07 12:43:26', '0000-00-00 00:00:00'),
(1515, '5241c8ea21d03', '2018-05-07 13:58:01', '0000-00-00 00:00:00'),
(1516, '5241c8ea21d03', '2018-05-07 18:47:41', '0000-00-00 00:00:00'),
(1517, '5241c8ea21d03', '2018-05-09 10:53:45', '0000-00-00 00:00:00'),
(1518, '5241c8ea21d03', '2018-05-09 15:37:57', '0000-00-00 00:00:00'),
(1519, '5241c8ea21d03', '2018-05-09 18:07:39', '0000-00-00 00:00:00'),
(1520, '5241c8ea21d03', '2018-05-11 11:38:56', '0000-00-00 00:00:00'),
(1521, '5241c8ea21d03', '2018-05-11 14:49:52', '0000-00-00 00:00:00'),
(1522, '5241c8ea21d03', '2018-05-14 12:12:55', '0000-00-00 00:00:00'),
(1523, '5241c8ea21d03', '2018-05-14 14:51:41', '0000-00-00 00:00:00'),
(1524, '5241c8ea21d03', '2018-05-16 10:01:30', '0000-00-00 00:00:00'),
(1525, '5241c8ea21d03', '2018-05-16 15:13:59', '0000-00-00 00:00:00'),
(1526, '5241c8ea21d03', '2018-05-17 14:33:05', '0000-00-00 00:00:00'),
(1527, '5241c8ea21d03', '2018-05-17 17:03:00', '0000-00-00 00:00:00'),
(1528, '5241c8ea21d03', '2018-05-18 10:23:10', '0000-00-00 00:00:00'),
(1529, '5241c8ea21d03', '2018-05-18 13:49:33', '0000-00-00 00:00:00'),
(1530, '5241c8ea21d03', '2018-05-21 11:39:09', '0000-00-00 00:00:00'),
(1531, '5241c8ea21d03', '2018-05-22 09:53:27', '0000-00-00 00:00:00'),
(1532, '5241c8ea21d03', '2018-05-22 14:39:39', '0000-00-00 00:00:00'),
(1533, '5241c8ea21d03', '2018-05-23 10:43:38', '0000-00-00 00:00:00'),
(1534, '5241c8ea21d03', '2018-05-23 14:40:05', '0000-00-00 00:00:00'),
(1535, '5241c8ea21d03', '2018-05-25 10:10:37', '0000-00-00 00:00:00'),
(1536, '5241c8ea21d03', '2018-05-25 15:57:22', '0000-00-00 00:00:00'),
(1537, '5241c8ea21d03', '2018-05-30 14:36:51', '0000-00-00 00:00:00'),
(1538, '5241c8ea21d03', '2018-05-31 10:19:47', '0000-00-00 00:00:00'),
(1539, '5241c8ea21d03', '2018-05-31 14:12:15', '0000-00-00 00:00:00'),
(1540, '5241c8ea21d03', '2018-05-31 14:29:02', '0000-00-00 00:00:00'),
(1541, '5241c8ea21d03', '2018-06-01 11:14:51', '0000-00-00 00:00:00'),
(1542, '5241c8ea21d03', '2018-06-04 10:35:38', '0000-00-00 00:00:00'),
(1543, '5241c8ea21d03', '2018-06-04 13:55:25', '0000-00-00 00:00:00'),
(1544, '5241c8ea21d03', '2018-06-04 15:00:06', '0000-00-00 00:00:00'),
(1545, '5241c8ea21d03', '2018-06-06 14:05:48', '0000-00-00 00:00:00'),
(1546, '5241c8ea21d03', '2018-06-06 17:21:17', '0000-00-00 00:00:00'),
(1547, '5241c8ea21d03', '2018-06-07 11:22:09', '0000-00-00 00:00:00'),
(1548, '5241c8ea21d03', '2018-06-07 17:53:18', '0000-00-00 00:00:00'),
(1549, '5241c8ea21d03', '2018-06-12 11:56:30', '0000-00-00 00:00:00'),
(1550, '5241c8ea21d03', '2018-06-12 14:10:41', '0000-00-00 00:00:00'),
(1551, '5241c8ea21d03', '2018-06-13 16:26:06', '0000-00-00 00:00:00'),
(1552, '5241c8ea21d03', '2018-06-18 16:43:02', '0000-00-00 00:00:00'),
(1553, '5241c8ea21d03', '2018-06-18 16:59:31', '0000-00-00 00:00:00'),
(1554, '5241c8ea21d03', '2018-06-19 14:59:47', '0000-00-00 00:00:00'),
(1555, '5241c8ea21d03', '2018-06-19 16:41:45', '0000-00-00 00:00:00'),
(1556, '5241c8ea21d03', '2018-07-03 10:35:01', '0000-00-00 00:00:00'),
(1557, '5241c8ea21d03', '2018-07-04 14:11:31', '0000-00-00 00:00:00'),
(1558, '5241c8ea21d03', '2018-07-04 14:40:38', '0000-00-00 00:00:00'),
(1559, '5241c8ea21d03', '2018-07-04 16:16:49', '0000-00-00 00:00:00'),
(1560, '5241c8ea21d03', '2018-07-09 14:37:59', '0000-00-00 00:00:00'),
(1561, '5241c8ea21d03', '2018-07-09 14:38:58', '0000-00-00 00:00:00'),
(1562, '5241c8ea21d03', '2018-07-18 16:19:40', '0000-00-00 00:00:00'),
(1563, '5241c8ea21d03', '2018-07-18 16:21:13', '0000-00-00 00:00:00'),
(1564, '5241c8ea21d03', '2018-07-19 16:10:41', '0000-00-00 00:00:00'),
(1565, '5241c8ea21d03', '2018-07-19 17:42:02', '0000-00-00 00:00:00'),
(1566, '5241c8ea21d03', '2018-07-30 09:50:54', '0000-00-00 00:00:00'),
(1567, '5241c8ea21d03', '2018-08-22 10:03:36', '0000-00-00 00:00:00'),
(1568, '5241c8ea21d03', '2018-08-24 17:08:04', '2018-08-24 17:08:20'),
(1569, '5241c8ea21d03', '2018-08-24 18:02:08', '0000-00-00 00:00:00'),
(1570, '5241c8ea21d03', '2018-08-31 10:46:25', '0000-00-00 00:00:00'),
(1571, '5241c8ea21d03', '2018-09-07 17:45:11', '2018-09-07 17:48:07'),
(1572, '5241c8ea21d03', '2018-09-11 11:03:47', '0000-00-00 00:00:00'),
(1573, '5241c8ea21d03', '2018-09-21 14:01:35', '0000-00-00 00:00:00'),
(1574, '5241c8ea21d03', '2018-09-21 15:27:53', '2018-09-21 15:28:09'),
(1575, '5241c8ea21d03', '2018-09-25 09:25:40', '0000-00-00 00:00:00'),
(1576, '5241c8ea21d03', '2018-09-25 17:35:51', '0000-00-00 00:00:00'),
(1577, '5241c8ea21d03', '2018-10-03 12:01:58', '0000-00-00 00:00:00'),
(1578, '5241c8ea21d03', '2018-10-03 12:18:05', '0000-00-00 00:00:00'),
(1579, '5241c8ea21d03', '2018-10-15 10:43:03', '0000-00-00 00:00:00'),
(1580, '5241c8ea21d03', '2018-10-16 10:30:17', '0000-00-00 00:00:00'),
(1581, '5241c8ea21d03', '2018-10-18 15:01:54', '0000-00-00 00:00:00'),
(1582, '5241c8ea21d03', '2018-10-19 09:46:11', '0000-00-00 00:00:00');
INSERT INTO `admin_traces` (`trace_id`, `trace_compte`, `trace_datetime_connexion`, `trace_datetime_deconnexion`) VALUES
(1583, '5241c8ea21d03', '2018-10-20 10:18:38', '0000-00-00 00:00:00'),
(1584, '5241c8ea21d03', '2018-10-22 10:42:28', '0000-00-00 00:00:00'),
(1585, '5241c8ea21d03', '2018-10-22 17:37:20', '0000-00-00 00:00:00'),
(1586, '5241c8ea21d03', '2018-10-24 18:07:05', '0000-00-00 00:00:00'),
(1587, '5241c8ea21d03', '2018-10-24 18:47:31', '0000-00-00 00:00:00'),
(1588, '5241c8ea21d03', '2018-10-27 14:42:30', '0000-00-00 00:00:00'),
(1589, '5241c8ea21d03', '2018-10-30 15:52:37', '0000-00-00 00:00:00'),
(1590, '5241c8ea21d03', '2018-11-08 12:03:53', '0000-00-00 00:00:00'),
(1591, '5241c8ea21d03', '2018-11-09 14:29:00', '0000-00-00 00:00:00'),
(1592, '5241c8ea21d03', '2018-11-12 17:28:57', '0000-00-00 00:00:00'),
(1593, '5241c8ea21d03', '2018-11-13 15:13:55', '0000-00-00 00:00:00'),
(1594, '5241c8ea21d03', '2018-11-16 16:33:57', '0000-00-00 00:00:00'),
(1595, '5241c8ea21d03', '2018-11-19 14:52:02', '0000-00-00 00:00:00'),
(1596, '5241c8ea21d03', '2018-11-21 09:51:26', '0000-00-00 00:00:00'),
(1597, '5241c8ea21d03', '2018-11-23 11:50:54', '0000-00-00 00:00:00'),
(1598, '5241c8ea21d03', '2018-11-26 10:22:28', '0000-00-00 00:00:00'),
(1599, '5241c8ea21d03', '2018-11-26 14:16:40', '0000-00-00 00:00:00'),
(1600, '5241c8ea21d03', '2018-11-28 14:24:46', '0000-00-00 00:00:00'),
(1601, '5241c8ea21d03', '2018-12-03 09:45:58', '0000-00-00 00:00:00'),
(1602, '5241c8ea21d03', '2018-12-04 17:23:59', '0000-00-00 00:00:00'),
(1603, '5241c8ea21d03', '2018-12-05 09:41:05', '0000-00-00 00:00:00'),
(1604, '5241c8ea21d03', '2018-12-06 09:43:59', '0000-00-00 00:00:00'),
(1605, '5241c8ea21d03', '2018-12-06 11:05:42', '0000-00-00 00:00:00'),
(1606, '5241c8ea21d03', '2018-12-07 11:41:59', '0000-00-00 00:00:00'),
(1607, '5241c8ea21d03', '2018-12-07 17:02:23', '0000-00-00 00:00:00'),
(1608, '5241c8ea21d03', '2018-12-10 18:34:27', '0000-00-00 00:00:00'),
(1609, '5241c8ea21d03', '2018-12-12 10:14:16', '0000-00-00 00:00:00'),
(1610, '5241c8ea21d03', '2018-12-12 10:16:47', '0000-00-00 00:00:00'),
(1611, '5241c8ea21d03', '2018-12-12 12:29:12', '0000-00-00 00:00:00'),
(1612, '5241c8ea21d03', '2018-12-13 09:38:17', '0000-00-00 00:00:00'),
(1613, '5241c8ea21d03', '2018-12-14 09:21:58', '0000-00-00 00:00:00'),
(1614, '5241c8ea21d03', '2018-12-14 10:05:12', '2018-12-14 10:05:43'),
(1615, '5241c8ea21d03', '2018-12-17 09:21:50', '0000-00-00 00:00:00'),
(1616, '5241c8ea21d03', '2018-12-18 09:08:34', '0000-00-00 00:00:00'),
(1617, '5241c8ea21d03', '2018-12-18 15:31:33', '0000-00-00 00:00:00'),
(1618, '5241c8ea21d03', '2018-12-20 14:29:18', '0000-00-00 00:00:00'),
(1619, '5241c8ea21d03', '2018-12-26 14:47:05', '0000-00-00 00:00:00'),
(1620, '5241c8ea21d03', '2019-01-02 09:58:21', '0000-00-00 00:00:00'),
(1621, '5241c8ea21d03', '2019-01-02 14:41:29', '0000-00-00 00:00:00'),
(1622, '5241c8ea21d03', '2019-01-04 18:13:58', '0000-00-00 00:00:00'),
(1623, '5241c8ea21d03', '2019-01-05 12:18:27', '0000-00-00 00:00:00'),
(1624, '5241c8ea21d03', '2019-01-23 10:20:26', '0000-00-00 00:00:00'),
(1625, '5241c8ea21d03', '2019-01-24 15:44:37', '0000-00-00 00:00:00'),
(1626, '5241c8ea21d03', '2019-01-25 15:12:53', '0000-00-00 00:00:00'),
(1627, '5241c8ea21d03', '2019-01-28 09:34:18', '0000-00-00 00:00:00'),
(1628, '5241c8ea21d03', '2019-01-28 11:02:22', '0000-00-00 00:00:00'),
(1629, '5241c8ea21d03', '2019-01-29 16:13:11', '0000-00-00 00:00:00'),
(1630, '5241c8ea21d03', '2019-01-31 09:37:40', '0000-00-00 00:00:00'),
(1631, '5241c8ea21d03', '2019-01-31 15:57:13', '0000-00-00 00:00:00'),
(1632, '5241c8ea21d03', '2019-02-01 10:14:49', '0000-00-00 00:00:00'),
(1633, '5241c8ea21d03', '2019-02-01 14:31:27', '0000-00-00 00:00:00'),
(1634, '5241c8ea21d03', '2019-02-01 16:20:40', '0000-00-00 00:00:00'),
(1635, '5241c8ea21d03', '2019-02-04 09:57:56', '0000-00-00 00:00:00'),
(1636, '5241c8ea21d03', '2019-02-04 14:33:03', '0000-00-00 00:00:00'),
(1637, '5241c8ea21d03', '2019-02-04 17:07:14', '0000-00-00 00:00:00'),
(1638, '5241c8ea21d03', '2019-02-05 17:39:01', '0000-00-00 00:00:00'),
(1639, '5241c8ea21d03', '2019-02-11 11:05:55', '0000-00-00 00:00:00'),
(1640, '5241c8ea21d03', '2019-02-11 14:20:03', '0000-00-00 00:00:00'),
(1641, '5241c8ea21d03', '2019-02-11 17:35:06', '0000-00-00 00:00:00'),
(1642, '5241c8ea21d03', '2019-02-12 09:37:17', '0000-00-00 00:00:00'),
(1643, '5241c8ea21d03', '2019-02-12 10:41:20', '0000-00-00 00:00:00'),
(1644, '5241c8ea21d03', '2019-02-12 10:41:21', '2019-02-12 10:41:25'),
(1645, '5241c8ea21d03', '2019-02-13 09:59:06', '0000-00-00 00:00:00'),
(1646, '5241c8ea21d03', '2019-02-14 12:21:38', '0000-00-00 00:00:00'),
(1647, '5241c8ea21d03', '2019-02-14 17:29:30', '0000-00-00 00:00:00'),
(1648, '5241c8ea21d03', '2019-02-15 11:02:32', '0000-00-00 00:00:00'),
(1649, '5241c8ea21d03', '2019-02-18 14:32:00', '0000-00-00 00:00:00'),
(1650, '5241c8ea21d03', '2019-02-18 17:30:58', '0000-00-00 00:00:00'),
(1651, '5241c8ea21d03', '2019-02-19 09:23:47', '0000-00-00 00:00:00'),
(1652, '5241c8ea21d03', '2019-02-19 14:13:36', '0000-00-00 00:00:00'),
(1653, '5241c8ea21d03', '2019-02-21 10:17:39', '0000-00-00 00:00:00'),
(1654, '5241c8ea21d03', '2019-02-21 14:38:51', '0000-00-00 00:00:00'),
(1655, '5241c8ea21d03', '2019-02-21 16:50:35', '0000-00-00 00:00:00'),
(1656, '5241c8ea21d03', '2019-02-22 09:46:10', '0000-00-00 00:00:00'),
(1657, '5241c8ea21d03', '2019-02-22 11:24:49', '0000-00-00 00:00:00'),
(1658, '5241c8ea21d03', '2019-02-25 10:31:40', '0000-00-00 00:00:00'),
(1659, '5241c8ea21d03', '2019-02-25 15:00:41', '0000-00-00 00:00:00'),
(1660, '5241c8ea21d03', '2019-02-26 17:42:46', '0000-00-00 00:00:00'),
(1661, '5241c8ea21d03', '2019-02-27 09:48:31', '0000-00-00 00:00:00'),
(1662, '5241c8ea21d03', '2019-02-27 14:21:14', '0000-00-00 00:00:00'),
(1663, '5241c8ea21d03', '2019-02-27 15:21:22', '0000-00-00 00:00:00'),
(1664, '5241c8ea21d03', '2019-02-28 11:01:36', '0000-00-00 00:00:00'),
(1665, '5241c8ea21d03', '2019-02-28 12:20:58', '0000-00-00 00:00:00'),
(1666, '5241c8ea21d03', '2019-03-01 09:40:04', '0000-00-00 00:00:00'),
(1667, '5241c8ea21d03', '2019-03-01 12:03:23', '0000-00-00 00:00:00'),
(1668, '5241c8ea21d03', '2019-03-01 15:21:31', '0000-00-00 00:00:00'),
(1669, '5241c8ea21d03', '2019-03-02 10:53:09', '0000-00-00 00:00:00'),
(1670, '5241c8ea21d03', '2019-03-04 10:03:14', '0000-00-00 00:00:00'),
(1671, '5241c8ea21d03', '2019-03-04 16:32:22', '0000-00-00 00:00:00'),
(1672, '5241c8ea21d03', '2019-03-05 15:22:42', '0000-00-00 00:00:00'),
(1673, '5241c8ea21d03', '2019-03-05 18:08:18', '0000-00-00 00:00:00'),
(1674, '5241c8ea21d03', '2019-03-06 09:02:17', '0000-00-00 00:00:00'),
(1675, '5241c8ea21d03', '2019-03-06 13:58:49', '0000-00-00 00:00:00'),
(1676, '5241c8ea21d03', '2019-03-07 12:19:08', '0000-00-00 00:00:00'),
(1677, '5241c8ea21d03', '2019-03-07 18:07:02', '0000-00-00 00:00:00'),
(1678, '5241c8ea21d03', '2019-03-08 08:59:05', '0000-00-00 00:00:00'),
(1679, '5241c8ea21d03', '2019-03-08 09:43:38', '0000-00-00 00:00:00'),
(1680, '5241c8ea21d03', '2019-03-08 17:34:04', '0000-00-00 00:00:00'),
(1681, '5241c8ea21d03', '2019-03-11 14:02:19', '0000-00-00 00:00:00'),
(1682, '5241c8ea21d03', '2019-03-12 09:45:40', '0000-00-00 00:00:00'),
(1683, '5241c8ea21d03', '2019-03-12 11:02:13', '0000-00-00 00:00:00'),
(1684, '5241c8ea21d03', '2019-03-12 14:19:56', '0000-00-00 00:00:00'),
(1685, '5241c8ea21d03', '2019-03-13 11:00:50', '0000-00-00 00:00:00'),
(1686, '5241c8ea21d03', '2019-03-13 18:35:28', '0000-00-00 00:00:00'),
(1687, '5241c8ea21d03', '2019-03-13 18:36:00', '0000-00-00 00:00:00'),
(1688, '5241c8ea21d03', '2019-03-14 08:50:42', '0000-00-00 00:00:00'),
(1689, '5241c8ea21d03', '2019-03-14 11:10:16', '0000-00-00 00:00:00'),
(1690, '5241c8ea21d03', '2019-03-14 11:11:21', '0000-00-00 00:00:00'),
(1691, '5241c8ea21d03', '2019-03-14 16:03:28', '0000-00-00 00:00:00'),
(1692, '5241c8ea21d03', '2019-03-18 15:15:48', '0000-00-00 00:00:00'),
(1693, '5241c8ea21d03', '2019-03-18 16:25:08', '0000-00-00 00:00:00'),
(1694, '5241c8ea21d03', '2019-03-18 18:27:04', '0000-00-00 00:00:00'),
(1695, '5241c8ea21d03', '2019-03-19 08:39:03', '0000-00-00 00:00:00'),
(1696, '5241c8ea21d03', '2019-03-19 10:30:13', '0000-00-00 00:00:00'),
(1697, '5241c8ea21d03', '2019-03-19 14:05:46', '0000-00-00 00:00:00'),
(1698, '5241c8ea21d03', '2019-03-20 10:08:43', '0000-00-00 00:00:00'),
(1699, '5241c8ea21d03', '2019-04-01 12:02:58', '0000-00-00 00:00:00'),
(1700, '5241c8ea21d03', '2019-04-01 14:23:14', '0000-00-00 00:00:00'),
(1701, '5241c8ea21d03', '2019-04-02 09:26:20', '0000-00-00 00:00:00'),
(1702, '5241c8ea21d03', '2019-04-02 16:41:30', '0000-00-00 00:00:00'),
(1703, '5241c8ea21d03', '2019-04-03 10:09:17', '0000-00-00 00:00:00'),
(1704, '5241c8ea21d03', '2019-04-03 16:23:04', '0000-00-00 00:00:00'),
(1705, '5241c8ea21d03', '2019-04-04 09:27:15', '2019-04-04 09:29:49'),
(1706, '5241c8ea21d03', '2019-04-04 09:41:06', '0000-00-00 00:00:00'),
(1707, '5241c8ea21d03', '2019-04-04 11:05:59', '0000-00-00 00:00:00'),
(1708, '5241c8ea21d03', '2019-04-04 11:47:37', '0000-00-00 00:00:00'),
(1709, '5241c8ea21d03', '2019-04-04 14:10:29', '0000-00-00 00:00:00'),
(1710, '5241c8ea21d03', '2019-04-04 16:41:26', '0000-00-00 00:00:00'),
(1711, '5241c8ea21d03', '2019-04-05 09:20:58', '0000-00-00 00:00:00'),
(1712, '5241c8ea21d03', '2019-04-05 11:20:00', '0000-00-00 00:00:00'),
(1713, '5241c8ea21d03', '2019-04-05 16:54:53', '0000-00-00 00:00:00'),
(1714, '5241c8ea21d03', '2019-04-08 09:17:35', '0000-00-00 00:00:00'),
(1715, '5241c8ea21d03', '2019-04-08 11:15:56', '0000-00-00 00:00:00'),
(1716, '5241c8ea21d03', '2019-04-08 15:44:56', '0000-00-00 00:00:00'),
(1717, '5241c8ea21d03', '2019-04-09 09:57:27', '0000-00-00 00:00:00'),
(1718, '5241c8ea21d03', '2019-04-09 12:25:18', '0000-00-00 00:00:00'),
(1719, '5241c8ea21d03', '2019-04-09 14:42:19', '0000-00-00 00:00:00'),
(1720, '5241c8ea21d03', '2019-04-09 17:41:47', '0000-00-00 00:00:00'),
(1721, '5241c8ea21d03', '2019-04-10 09:35:26', '0000-00-00 00:00:00'),
(1722, '5241c8ea21d03', '2019-04-11 09:09:02', '0000-00-00 00:00:00'),
(1723, '5241c8ea21d03', '2019-04-11 15:22:55', '0000-00-00 00:00:00'),
(1724, '5241c8ea21d03', '2019-04-12 18:11:02', '0000-00-00 00:00:00'),
(1725, '5241c8ea21d03', '2019-04-13 09:55:32', '0000-00-00 00:00:00'),
(1726, '5241c8ea21d03', '2019-04-13 14:53:17', '0000-00-00 00:00:00'),
(1727, '5241c8ea21d03', '2019-04-14 11:24:39', '0000-00-00 00:00:00'),
(1728, '5241c8ea21d03', '2019-04-14 17:49:54', '0000-00-00 00:00:00'),
(1729, '5241c8ea21d03', '2019-04-15 09:38:50', '0000-00-00 00:00:00'),
(1730, '5241c8ea21d03', '2019-04-15 10:55:27', '0000-00-00 00:00:00'),
(1731, '5241c8ea21d03', '2019-04-15 10:56:52', '2019-04-15 11:02:46'),
(1732, '5241c8ea21d03', '2019-04-15 11:03:11', '0000-00-00 00:00:00'),
(1733, '5241c8ea21d03', '2019-04-15 14:51:25', '0000-00-00 00:00:00'),
(1734, '5241c8ea21d03', '2019-04-15 16:37:35', '0000-00-00 00:00:00'),
(1735, '5241c8ea21d03', '2019-04-15 19:22:55', '0000-00-00 00:00:00'),
(1736, '5241c8ea21d03', '2019-04-16 09:20:08', '0000-00-00 00:00:00'),
(1737, '5241c8ea21d03', '2019-04-16 09:25:29', '0000-00-00 00:00:00'),
(1738, '5241c8ea21d03', '2019-04-16 10:45:01', '0000-00-00 00:00:00'),
(1739, '5241c8ea21d03', '2019-04-16 10:46:25', '0000-00-00 00:00:00'),
(1740, '5241c8ea21d03', '2019-04-16 10:55:55', '0000-00-00 00:00:00'),
(1741, '5241c8ea21d03', '2019-04-16 14:27:38', '0000-00-00 00:00:00'),
(1742, '5241c8ea21d03', '2019-04-16 14:34:26', '0000-00-00 00:00:00'),
(1743, '5241c8ea21d03', '2019-04-16 14:34:50', '0000-00-00 00:00:00'),
(1744, '5241c8ea21d03', '2019-04-16 14:35:23', '0000-00-00 00:00:00'),
(1745, '5241c8ea21d03', '2019-04-16 16:11:40', '0000-00-00 00:00:00'),
(1746, '5241c8ea21d03', '2019-04-17 10:00:43', '0000-00-00 00:00:00'),
(1747, '5241c8ea21d03', '2019-04-17 13:04:43', '0000-00-00 00:00:00'),
(1748, '5241c8ea21d03', '2019-04-17 17:11:11', '0000-00-00 00:00:00'),
(1749, '5241c8ea21d03', '2019-04-18 09:02:16', '0000-00-00 00:00:00'),
(1750, '5241c8ea21d03', '2019-04-18 14:31:33', '0000-00-00 00:00:00'),
(1751, '5241c8ea21d03', '2019-04-18 17:59:36', '0000-00-00 00:00:00'),
(1752, '5241c8ea21d03', '2019-04-18 20:05:20', '0000-00-00 00:00:00'),
(1753, '5241c8ea21d03', '2019-04-18 22:26:44', '0000-00-00 00:00:00'),
(1754, '5241c8ea21d03', '2019-04-20 18:42:33', '0000-00-00 00:00:00'),
(1755, '5241c8ea21d03', '2019-04-21 11:24:54', '0000-00-00 00:00:00'),
(1756, '5241c8ea21d03', '2019-04-21 14:08:07', '0000-00-00 00:00:00'),
(1757, '5241c8ea21d03', '2019-04-21 15:42:57', '0000-00-00 00:00:00'),
(1758, '5241c8ea21d03', '2019-04-21 17:07:03', '0000-00-00 00:00:00'),
(1759, '5241c8ea21d03', '2019-04-22 12:03:27', '0000-00-00 00:00:00'),
(1760, '55e478360b2e1', '2019-04-22 14:23:32', '0000-00-00 00:00:00'),
(1761, '55e478360b2e1', '2019-04-22 14:23:34', '0000-00-00 00:00:00'),
(1762, '55e478360b2e1', '2019-04-22 14:23:35', '0000-00-00 00:00:00'),
(1763, '55e478360b2e1', '2019-04-22 14:23:36', '0000-00-00 00:00:00'),
(1764, '55e478360b2e1', '2019-04-22 14:23:50', '0000-00-00 00:00:00'),
(1765, '55e478360b2e1', '2019-04-22 14:25:05', '0000-00-00 00:00:00'),
(1766, '5241c8ea21d03', '2019-04-22 15:46:08', '0000-00-00 00:00:00'),
(1767, '5241c8ea21d03', '2019-04-23 08:26:10', '0000-00-00 00:00:00'),
(1768, '5241c8ea21d03', '2019-04-23 12:30:21', '0000-00-00 00:00:00'),
(1769, '5241c8ea21d03', '2019-04-23 14:46:13', '0000-00-00 00:00:00'),
(1770, '55e478360b2e1', '2019-04-24 11:19:38', '0000-00-00 00:00:00'),
(1771, '55e478360b2e1', '2019-04-24 12:44:47', '0000-00-00 00:00:00'),
(1772, '55e478360b2e1', '2019-04-24 12:46:28', '0000-00-00 00:00:00'),
(1773, '55e478360b2e1', '2019-04-24 12:47:42', '0000-00-00 00:00:00'),
(1774, '55e478360b2e1', '2019-04-24 12:54:32', '0000-00-00 00:00:00'),
(1775, '55e478360b2e1', '2019-04-24 13:33:09', '0000-00-00 00:00:00'),
(1776, '55e478360b2e1', '2019-04-24 13:41:33', '2019-04-24 18:26:22'),
(1777, '5241c8ea21d03', '2019-04-24 15:42:47', '0000-00-00 00:00:00'),
(1778, '5241c8ea21d03', '2019-04-24 18:56:54', '0000-00-00 00:00:00'),
(1779, '55e478360b2e1', '2019-04-25 06:17:20', '0000-00-00 00:00:00'),
(1780, '55e478360b2e1', '2019-04-25 07:59:20', '0000-00-00 00:00:00'),
(1781, '55e478360b2e1', '2019-04-25 11:16:41', '0000-00-00 00:00:00'),
(1782, '5241c8ea21d03', '2019-04-25 11:16:57', '0000-00-00 00:00:00'),
(1783, '55e478360b2e1', '2019-04-25 12:55:12', '0000-00-00 00:00:00'),
(1784, '55e478360b2e1', '2019-04-25 12:55:19', '0000-00-00 00:00:00'),
(1785, '55e478360b2e1', '2019-04-25 13:00:03', '0000-00-00 00:00:00'),
(1786, '55e478360b2e1', '2019-04-25 13:09:24', '0000-00-00 00:00:00'),
(1787, '5241c8ea21d03', '2019-04-25 13:30:21', '0000-00-00 00:00:00'),
(1788, '5241c8ea21d03', '2019-04-25 13:52:57', '0000-00-00 00:00:00'),
(1789, '55e478360b2e1', '2019-04-25 14:57:05', '0000-00-00 00:00:00'),
(1790, '5241c8ea21d03', '2019-04-25 18:10:09', '0000-00-00 00:00:00'),
(1791, '55e478360b2e1', '2019-04-26 07:34:00', '0000-00-00 00:00:00'),
(1792, '55e478360b2e1', '2019-04-26 13:07:09', '0000-00-00 00:00:00'),
(1793, '5241c8ea21d03', '2019-04-26 13:07:32', '0000-00-00 00:00:00'),
(1794, '55e478360b2e1', '2019-04-26 13:13:36', '0000-00-00 00:00:00'),
(1795, '55e478360b2e1', '2019-04-26 13:19:21', '0000-00-00 00:00:00'),
(1796, '55e478360b2e1', '2019-04-26 13:44:28', '0000-00-00 00:00:00'),
(1797, '55e478360b2e1', '2019-04-26 15:31:31', '0000-00-00 00:00:00'),
(1798, '55e478360b2e1', '2019-04-26 17:11:18', '0000-00-00 00:00:00'),
(1799, '55e478360b2e1', '2019-04-26 17:44:31', '0000-00-00 00:00:00'),
(1800, '55e478360b2e1', '2019-04-26 17:48:27', '0000-00-00 00:00:00'),
(1801, '5241c8ea21d03', '2019-04-26 18:03:48', '0000-00-00 00:00:00'),
(1802, '55e478360b2e1', '2019-04-27 00:13:30', '2019-04-27 00:14:23'),
(1803, '55e478360b2e1', '2019-04-27 00:15:57', '0000-00-00 00:00:00'),
(1804, '55e478360b2e1', '2019-04-27 11:56:21', '0000-00-00 00:00:00'),
(1805, '5241c8ea21d03', '2019-04-27 12:15:57', '0000-00-00 00:00:00'),
(1806, '55e478360b2e1', '2019-04-27 12:18:04', '0000-00-00 00:00:00'),
(1807, '55e478360b2e1', '2019-04-27 12:43:57', '0000-00-00 00:00:00'),
(1808, '55e478360b2e1', '2019-04-27 12:51:29', '0000-00-00 00:00:00'),
(1809, '55e478360b2e1', '2019-04-27 13:28:55', '0000-00-00 00:00:00'),
(1810, '55e478360b2e1', '2019-04-27 13:47:02', '0000-00-00 00:00:00'),
(1811, '5241c8ea21d03', '2019-04-27 15:19:39', '0000-00-00 00:00:00'),
(1812, '55e478360b2e1', '2019-04-27 15:54:24', '0000-00-00 00:00:00'),
(1813, '5241c8ea21d03', '2019-04-27 16:42:22', '0000-00-00 00:00:00'),
(1814, '5241c8ea21d03', '2019-04-29 16:21:28', '0000-00-00 00:00:00'),
(1815, '5241c8ea21d03', '2019-04-30 09:21:32', '0000-00-00 00:00:00'),
(1816, '5241c8ea21d03', '2019-04-30 09:32:38', '2019-04-30 09:38:22'),
(1817, '5241c8ea21d03', '2019-04-30 15:06:46', '0000-00-00 00:00:00'),
(1818, '5241c8ea21d03', '2019-04-30 17:07:24', '0000-00-00 00:00:00'),
(1819, '5241c8ea21d03', '2019-04-30 17:46:06', '0000-00-00 00:00:00'),
(1820, '5241c8ea21d03', '2019-05-06 10:29:57', '0000-00-00 00:00:00'),
(1821, '5241c8ea21d03', '2019-05-06 14:18:09', '0000-00-00 00:00:00'),
(1822, '5241c8ea21d03', '2019-05-06 16:46:16', '0000-00-00 00:00:00'),
(1823, '5241c8ea21d03', '2019-05-07 09:47:03', '0000-00-00 00:00:00'),
(1824, '5241c8ea21d03', '2019-05-07 12:15:10', '0000-00-00 00:00:00'),
(1825, '5241c8ea21d03', '2019-05-07 15:26:53', '0000-00-00 00:00:00'),
(1826, '5241c8ea21d03', '2019-05-09 09:45:47', '0000-00-00 00:00:00'),
(1827, '5241c8ea21d03', '2019-05-09 10:18:18', '0000-00-00 00:00:00'),
(1828, '5241c8ea21d03', '2019-05-09 12:11:25', '0000-00-00 00:00:00'),
(1829, '5241c8ea21d03', '2019-05-09 12:11:26', '2019-05-09 12:11:47'),
(1830, '5241c8ea21d03', '2019-05-09 16:31:49', '0000-00-00 00:00:00'),
(1831, '5241c8ea21d03', '2019-05-10 09:27:25', '0000-00-00 00:00:00'),
(1832, '5241c8ea21d03', '2019-05-10 15:31:10', '0000-00-00 00:00:00'),
(1833, '5241c8ea21d03', '2019-05-13 12:27:50', '0000-00-00 00:00:00'),
(1834, '5241c8ea21d03', '2019-05-13 16:33:11', '0000-00-00 00:00:00'),
(1835, '5241c8ea21d03', '2019-05-14 09:51:26', '0000-00-00 00:00:00'),
(1836, '5241c8ea21d03', '2019-05-14 11:09:16', '0000-00-00 00:00:00'),
(1837, '5241c8ea21d03', '2019-05-14 15:51:36', '0000-00-00 00:00:00'),
(1838, '5241c8ea21d03', '2019-05-15 09:25:43', '0000-00-00 00:00:00'),
(1839, '5241c8ea21d03', '2019-05-15 15:14:22', '0000-00-00 00:00:00'),
(1840, '5241c8ea21d03', '2019-05-16 10:58:40', '0000-00-00 00:00:00'),
(1841, '5241c8ea21d03', '2019-05-16 15:58:07', '0000-00-00 00:00:00'),
(1842, '5241c8ea21d03', '2019-05-17 09:13:47', '0000-00-00 00:00:00'),
(1843, '5241c8ea21d03', '2019-05-19 17:32:22', '0000-00-00 00:00:00'),
(1844, '5241c8ea21d03', '2019-05-19 19:07:05', '0000-00-00 00:00:00'),
(1845, '5241c8ea21d03', '2019-05-22 09:21:03', '0000-00-00 00:00:00'),
(1846, '5241c8ea21d03', '2019-05-22 10:36:58', '0000-00-00 00:00:00'),
(1847, '5241c8ea21d03', '2019-05-23 10:17:04', '0000-00-00 00:00:00'),
(1848, '5241c8ea21d03', '2019-05-23 11:39:48', '0000-00-00 00:00:00'),
(1849, '5241c8ea21d03', '2019-05-23 14:43:32', '0000-00-00 00:00:00'),
(1850, '5241c8ea21d03', '2019-05-23 15:49:51', '0000-00-00 00:00:00'),
(1851, '5241c8ea21d03', '2019-05-24 10:01:26', '0000-00-00 00:00:00'),
(1852, '5241c8ea21d03', '2019-05-27 16:02:30', '0000-00-00 00:00:00'),
(1853, '5241c8ea21d03', '2019-05-28 09:33:48', '0000-00-00 00:00:00'),
(1854, '5241c8ea21d03', '2019-05-28 14:52:30', '0000-00-00 00:00:00'),
(1855, '5241c8ea21d03', '2019-05-29 11:22:10', '0000-00-00 00:00:00'),
(1856, '5241c8ea21d03', '2019-05-29 14:17:01', '0000-00-00 00:00:00'),
(1857, '5241c8ea21d03', '2019-05-29 14:17:11', '0000-00-00 00:00:00'),
(1858, '5241c8ea21d03', '2019-05-29 15:49:14', '0000-00-00 00:00:00'),
(1859, '5241c8ea21d03', '2019-06-03 10:49:13', '0000-00-00 00:00:00'),
(1860, '5241c8ea21d03', '2019-06-04 12:28:41', '0000-00-00 00:00:00'),
(1861, '5241c8ea21d03', '2019-06-07 10:46:39', '0000-00-00 00:00:00'),
(1862, '5241c8ea21d03', '2019-06-11 09:48:30', '0000-00-00 00:00:00'),
(1863, '5241c8ea21d03', '2019-06-17 17:20:37', '2019-06-17 17:29:04'),
(1864, '5241c8ea21d03', '2019-06-18 10:04:56', '0000-00-00 00:00:00'),
(1865, '5241c8ea21d03', '2019-06-18 15:44:20', '0000-00-00 00:00:00'),
(1866, '5241c8ea21d03', '2019-06-19 09:51:37', '0000-00-00 00:00:00'),
(1867, '5241c8ea21d03', '2019-06-24 09:43:56', '0000-00-00 00:00:00'),
(1868, '5241c8ea21d03', '2019-06-24 15:57:49', '0000-00-00 00:00:00'),
(1869, '5241c8ea21d03', '2019-06-24 17:04:50', '0000-00-00 00:00:00'),
(1870, '5241c8ea21d03', '2019-06-25 14:54:24', '0000-00-00 00:00:00'),
(1871, '5241c8ea21d03', '2019-06-25 17:45:43', '2019-06-25 17:55:33'),
(1872, '5241c8ea21d03', '2019-06-26 11:25:22', '0000-00-00 00:00:00'),
(1873, '5241c8ea21d03', '2019-06-26 15:56:41', '0000-00-00 00:00:00'),
(1874, '5241c8ea21d03', '2019-06-27 10:03:00', '0000-00-00 00:00:00'),
(1875, '5241c8ea21d03', '2019-06-27 17:03:14', '0000-00-00 00:00:00'),
(1876, '5241c8ea21d03', '2019-07-01 14:53:38', '0000-00-00 00:00:00'),
(1877, '5241c8ea21d03', '2019-07-04 09:23:52', '0000-00-00 00:00:00'),
(1878, '5241c8ea21d03', '2019-07-04 09:23:58', '0000-00-00 00:00:00'),
(1879, '5241c8ea21d03', '2019-08-22 11:23:56', '2019-08-22 11:33:14'),
(1880, '5241c8ea21d03', '2019-08-22 15:32:35', '0000-00-00 00:00:00'),
(1881, '5241c8ea21d03', '2019-09-04 09:48:08', '0000-00-00 00:00:00'),
(1882, '5241c8ea21d03', '2019-09-10 18:10:49', '0000-00-00 00:00:00'),
(1883, '5241c8ea21d03', '2019-09-11 15:32:46', '0000-00-00 00:00:00'),
(1884, '5241c8ea21d03', '2019-11-05 15:36:01', '0000-00-00 00:00:00'),
(1885, '5241c8ea21d03', '2019-11-07 09:41:08', '0000-00-00 00:00:00'),
(1886, '5241c8ea21d03', '2019-11-07 19:13:43', '0000-00-00 00:00:00'),
(1887, '5241c8ea21d03', '2019-11-08 10:41:05', '0000-00-00 00:00:00'),
(1888, '5241c8ea21d03', '2019-11-08 14:42:57', '0000-00-00 00:00:00'),
(1889, '5241c8ea21d03', '2019-11-13 10:10:55', '0000-00-00 00:00:00'),
(1890, '5241c8ea21d03', '2019-11-14 10:53:39', '0000-00-00 00:00:00'),
(1891, '5241c8ea21d03', '2019-11-14 18:09:15', '0000-00-00 00:00:00'),
(1892, '5241c8ea21d03', '2019-11-15 11:59:12', '0000-00-00 00:00:00'),
(1893, '5241c8ea21d03', '2019-11-15 14:28:13', '0000-00-00 00:00:00'),
(1894, '5241c8ea21d03', '2019-11-18 12:08:53', '0000-00-00 00:00:00'),
(1895, '5241c8ea21d03', '2019-12-10 09:14:51', '0000-00-00 00:00:00'),
(1896, '5241c8ea21d03', '2019-12-11 18:13:15', '0000-00-00 00:00:00'),
(1897, '5241c8ea21d03', '2019-12-12 10:13:06', '0000-00-00 00:00:00'),
(1898, '5241c8ea21d03', '2019-12-12 10:22:34', '0000-00-00 00:00:00'),
(1899, '5241c8ea21d03', '2019-12-16 09:50:47', '0000-00-00 00:00:00'),
(1900, '5241c8ea21d03', '2019-12-17 10:11:31', '0000-00-00 00:00:00'),
(1901, '5241c8ea21d03', '2019-12-17 14:41:03', '0000-00-00 00:00:00'),
(1902, '5241c8ea21d03', '2019-12-18 09:31:15', '0000-00-00 00:00:00'),
(1903, '5241c8ea21d03', '2019-12-18 16:55:48', '0000-00-00 00:00:00'),
(1904, '5241c8ea21d03', '2019-12-19 09:15:13', '0000-00-00 00:00:00'),
(1905, '5241c8ea21d03', '2019-12-19 17:15:23', '0000-00-00 00:00:00'),
(1906, '5241c8ea21d03', '2019-12-20 09:40:57', '0000-00-00 00:00:00'),
(1907, '5241c8ea21d03', '2019-12-20 16:20:47', '0000-00-00 00:00:00'),
(1908, '5241c8ea21d03', '2019-12-30 10:11:39', '0000-00-00 00:00:00'),
(1909, '5241c8ea21d03', '2020-01-16 16:03:28', '0000-00-00 00:00:00'),
(1910, '5241c8ea21d03', '2020-01-17 15:53:45', '0000-00-00 00:00:00'),
(1911, '5241c8ea21d03', '2020-01-20 10:11:24', '0000-00-00 00:00:00'),
(1912, '5241c8ea21d03', '2020-01-20 17:42:48', '0000-00-00 00:00:00'),
(1913, '5241c8ea21d03', '2020-01-21 09:28:44', '0000-00-00 00:00:00'),
(1914, '5241c8ea21d03', '2020-01-21 15:09:42', '0000-00-00 00:00:00'),
(1915, '5241c8ea21d03', '2020-01-22 09:49:00', '0000-00-00 00:00:00'),
(1916, '5241c8ea21d03', '2020-01-22 15:08:14', '0000-00-00 00:00:00'),
(1917, '5241c8ea21d03', '2020-01-23 16:58:38', '0000-00-00 00:00:00'),
(1918, '5241c8ea21d03', '2020-01-24 09:30:41', '0000-00-00 00:00:00'),
(1919, '5241c8ea21d03', '2020-01-24 15:50:04', '0000-00-00 00:00:00'),
(1920, '5241c8ea21d03', '2020-01-24 18:11:40', '0000-00-00 00:00:00'),
(1921, '5241c8ea21d03', '2020-01-27 10:05:00', '0000-00-00 00:00:00'),
(1922, '5241c8ea21d03', '2020-01-27 15:37:59', '0000-00-00 00:00:00'),
(1923, '5241c8ea21d03', '2020-01-27 17:08:33', '0000-00-00 00:00:00'),
(1924, '5241c8ea21d03', '2020-01-27 18:05:52', '0000-00-00 00:00:00'),
(1925, '5241c8ea21d03', '2020-01-28 15:28:00', '0000-00-00 00:00:00'),
(1926, '5241c8ea21d03', '2020-01-28 17:55:04', '0000-00-00 00:00:00'),
(1927, '5241c8ea21d03', '2020-01-29 10:21:10', '0000-00-00 00:00:00'),
(1928, '5241c8ea21d03', '2020-01-30 14:11:21', '0000-00-00 00:00:00'),
(1929, '5241c8ea21d03', '2020-01-31 10:13:21', '2020-01-31 10:14:17'),
(1930, '5241c8ea21d03', '2020-01-31 10:27:21', '0000-00-00 00:00:00'),
(1931, '5241c8ea21d03', '2020-01-31 11:13:59', '0000-00-00 00:00:00'),
(1932, '5241c8ea21d03', '2020-01-31 15:10:53', '0000-00-00 00:00:00'),
(1933, '5241c8ea21d03', '2020-02-03 10:31:23', '0000-00-00 00:00:00'),
(1934, '5241c8ea21d03', '2020-02-03 10:31:23', '0000-00-00 00:00:00'),
(1935, '5241c8ea21d03', '2020-02-03 15:23:33', '0000-00-00 00:00:00'),
(1936, '5241c8ea21d03', '2020-02-03 17:20:40', '0000-00-00 00:00:00'),
(1937, '5241c8ea21d03', '2020-02-04 18:17:11', '0000-00-00 00:00:00'),
(1938, '5241c8ea21d03', '2020-02-05 15:32:37', '0000-00-00 00:00:00'),
(1939, '5241c8ea21d03', '2020-02-10 10:36:05', '0000-00-00 00:00:00'),
(1940, '5241c8ea21d03', '2020-02-10 14:23:51', '0000-00-00 00:00:00'),
(1941, '5241c8ea21d03', '2020-02-11 11:30:51', '0000-00-00 00:00:00'),
(1942, '5241c8ea21d03', '2020-02-11 14:55:54', '0000-00-00 00:00:00'),
(1943, '5241c8ea21d03', '2020-02-12 09:25:32', '0000-00-00 00:00:00'),
(1944, '5241c8ea21d03', '2020-02-12 14:49:25', '0000-00-00 00:00:00'),
(1945, '5241c8ea21d03', '2020-02-12 16:30:59', '0000-00-00 00:00:00'),
(1946, '5241c8ea21d03', '2020-02-12 18:47:07', '0000-00-00 00:00:00'),
(1947, '5241c8ea21d03', '2020-02-13 10:46:25', '0000-00-00 00:00:00'),
(1948, '5241c8ea21d03', '2020-02-13 18:10:20', '0000-00-00 00:00:00'),
(1949, '5241c8ea21d03', '2020-02-14 08:49:08', '0000-00-00 00:00:00'),
(1950, '5241c8ea21d03', '2020-02-14 14:35:22', '0000-00-00 00:00:00'),
(1951, '5241c8ea21d03', '2020-02-14 14:47:38', '0000-00-00 00:00:00'),
(1952, '5241c8ea21d03', '2020-02-17 10:43:06', '0000-00-00 00:00:00'),
(1953, '5241c8ea21d03', '2020-02-17 14:32:01', '0000-00-00 00:00:00'),
(1954, '5241c8ea21d03', '2020-02-17 17:33:11', '0000-00-00 00:00:00'),
(1955, '5241c8ea21d03', '2020-02-17 17:49:18', '0000-00-00 00:00:00'),
(1956, '5241c8ea21d03', '2020-02-18 10:14:41', '0000-00-00 00:00:00'),
(1957, '5241c8ea21d03', '2020-02-18 15:53:04', '0000-00-00 00:00:00'),
(1958, '5241c8ea21d03', '2020-02-19 10:09:01', '0000-00-00 00:00:00'),
(1959, '5241c8ea21d03', '2020-02-19 11:58:08', '0000-00-00 00:00:00'),
(1960, '5241c8ea21d03', '2020-02-19 13:54:46', '0000-00-00 00:00:00'),
(1961, '5241c8ea21d03', '2020-02-19 14:38:46', '0000-00-00 00:00:00'),
(1962, '5241c8ea21d03', '2020-02-20 09:33:01', '0000-00-00 00:00:00'),
(1963, '5241c8ea21d03', '2020-02-20 12:03:38', '0000-00-00 00:00:00'),
(1964, '5241c8ea21d03', '2020-02-20 18:07:02', '0000-00-00 00:00:00'),
(1965, '5241c8ea21d03', '2020-02-21 10:03:42', '0000-00-00 00:00:00'),
(1966, '5241c8ea21d03', '2020-02-21 15:02:50', '0000-00-00 00:00:00'),
(1967, '5241c8ea21d03', '2020-02-21 17:38:24', '0000-00-00 00:00:00'),
(1968, '5241c8ea21d03', '2020-02-24 09:34:43', '0000-00-00 00:00:00'),
(1969, '5241c8ea21d03', '2020-02-24 14:18:18', '0000-00-00 00:00:00'),
(1970, '5241c8ea21d03', '2020-02-25 09:42:56', '0000-00-00 00:00:00'),
(1971, '5241c8ea21d03', '2020-02-25 12:07:13', '0000-00-00 00:00:00'),
(1972, '5241c8ea21d03', '2020-02-25 15:03:54', '0000-00-00 00:00:00'),
(1973, '5241c8ea21d03', '2020-02-25 17:27:47', '2020-02-25 17:29:57'),
(1974, '5241c8ea21d03', '2020-02-25 19:02:22', '0000-00-00 00:00:00'),
(1975, '5241c8ea21d03', '2020-02-26 10:04:41', '0000-00-00 00:00:00'),
(1976, '5241c8ea21d03', '2020-02-26 14:42:51', '0000-00-00 00:00:00'),
(1977, '5241c8ea21d03', '2020-02-27 09:28:53', '0000-00-00 00:00:00'),
(1978, '5241c8ea21d03', '2020-02-27 11:05:30', '0000-00-00 00:00:00'),
(1979, '5241c8ea21d03', '2020-02-27 15:07:37', '0000-00-00 00:00:00'),
(1980, '5241c8ea21d03', '2020-02-28 09:37:13', '0000-00-00 00:00:00'),
(1981, '5241c8ea21d03', '2020-02-28 15:01:25', '0000-00-00 00:00:00'),
(1982, '5241c8ea21d03', '2020-03-02 14:36:16', '0000-00-00 00:00:00'),
(1983, '5241c8ea21d03', '2020-03-03 09:23:22', '0000-00-00 00:00:00'),
(1984, '5241c8ea21d03', '2020-03-04 14:50:11', '0000-00-00 00:00:00'),
(1985, '5241c8ea21d03', '2020-03-05 15:28:13', '0000-00-00 00:00:00'),
(1986, '5241c8ea21d03', '2020-03-06 11:07:32', '0000-00-00 00:00:00'),
(1987, '5241c8ea21d03', '2020-03-06 17:13:53', '0000-00-00 00:00:00'),
(1988, '5241c8ea21d03', '2020-03-11 10:09:11', '0000-00-00 00:00:00'),
(1989, '5241c8ea21d03', '2020-03-11 14:32:20', '0000-00-00 00:00:00'),
(1990, '5241c8ea21d03', '2020-03-11 15:32:15', '0000-00-00 00:00:00'),
(1991, '5241c8ea21d03', '2020-03-12 09:13:41', '0000-00-00 00:00:00'),
(1992, '5241c8ea21d03', '2020-03-12 11:24:20', '0000-00-00 00:00:00'),
(1993, '5241c8ea21d03', '2020-03-13 09:18:14', '0000-00-00 00:00:00'),
(1994, '5241c8ea21d03', '2020-03-13 16:01:34', '0000-00-00 00:00:00'),
(1995, '5241c8ea21d03', '2020-03-15 16:36:46', '0000-00-00 00:00:00'),
(1996, '5241c8ea21d03', '2020-03-16 10:40:57', '0000-00-00 00:00:00'),
(1997, '5241c8ea21d03', '2020-03-19 10:21:35', '0000-00-00 00:00:00'),
(1998, '5241c8ea21d03', '2020-03-23 11:06:56', '0000-00-00 00:00:00'),
(1999, '5241c8ea21d03', '2020-03-24 10:10:20', '0000-00-00 00:00:00'),
(2000, '5241c8ea21d03', '2020-03-24 11:20:56', '0000-00-00 00:00:00'),
(2001, '5241c8ea21d03', '2020-03-25 10:41:19', '0000-00-00 00:00:00'),
(2002, '5241c8ea21d03', '2020-03-25 10:54:27', '2020-03-25 10:55:13'),
(2003, '5241c8ea21d03', '2020-03-25 18:20:57', '0000-00-00 00:00:00'),
(2004, '5241c8ea21d03', '2020-03-26 12:06:31', '0000-00-00 00:00:00'),
(2005, '5241c8ea21d03', '2020-03-26 17:54:48', '0000-00-00 00:00:00'),
(2006, '5241c8ea21d03', '2020-03-27 09:28:53', '0000-00-00 00:00:00'),
(2007, '5241c8ea21d03', '2020-03-30 15:28:48', '0000-00-00 00:00:00'),
(2008, '5241c8ea21d03', '2020-03-31 11:18:48', '0000-00-00 00:00:00'),
(2009, '5241c8ea21d03', '2020-03-31 14:58:54', '0000-00-00 00:00:00'),
(2010, '5241c8ea21d03', '2020-05-04 09:45:32', '0000-00-00 00:00:00'),
(2011, '5241c8ea21d03', '2020-05-04 14:35:17', '0000-00-00 00:00:00'),
(2012, '5241c8ea21d03', '2020-05-06 17:57:50', '2020-05-06 17:58:49'),
(2013, '5241c8ea21d03', '2020-05-26 15:57:49', '0000-00-00 00:00:00'),
(2014, '5241c8ea21d03', '2020-06-04 18:13:33', '0000-00-00 00:00:00'),
(2015, '5241c8ea21d03', '2020-06-05 11:20:32', '0000-00-00 00:00:00'),
(2016, '5241c8ea21d03', '2020-06-08 10:21:40', '0000-00-00 00:00:00'),
(2017, '5241c8ea21d03', '2020-06-11 15:01:56', '0000-00-00 00:00:00'),
(2018, '5241c8ea21d03', '2020-06-12 10:16:02', '0000-00-00 00:00:00'),
(2019, '5241c8ea21d03', '2020-06-15 09:39:49', '0000-00-00 00:00:00'),
(2020, '5241c8ea21d03', '2020-06-15 09:39:57', '0000-00-00 00:00:00'),
(2021, '5241c8ea21d03', '2020-06-16 12:23:32', '0000-00-00 00:00:00'),
(2022, '5241c8ea21d03', '2020-06-16 15:15:19', '0000-00-00 00:00:00'),
(2023, '5241c8ea21d03', '2020-06-22 15:56:52', '0000-00-00 00:00:00'),
(2024, '5241c8ea21d03', '2020-06-25 15:01:30', '0000-00-00 00:00:00'),
(2025, '5241c8ea21d03', '2020-07-09 10:12:03', '0000-00-00 00:00:00'),
(2026, '5241c8ea21d03', '2020-07-09 14:39:39', '0000-00-00 00:00:00'),
(2027, '5241c8ea21d03', '2020-07-09 16:15:34', '2020-07-09 16:20:21'),
(2028, '5241c8ea21d03', '2020-07-10 10:39:28', '0000-00-00 00:00:00'),
(2029, '5241c8ea21d03', '2020-07-10 15:06:05', '0000-00-00 00:00:00'),
(2030, '5241c8ea21d03', '2020-07-13 09:45:03', '0000-00-00 00:00:00'),
(2031, '5241c8ea21d03', '2020-07-13 09:46:59', '0000-00-00 00:00:00'),
(2032, '5241c8ea21d03', '2020-07-15 10:33:40', '0000-00-00 00:00:00'),
(2033, '5241c8ea21d03', '2020-07-15 11:41:55', '0000-00-00 00:00:00'),
(2034, '5241c8ea21d03', '2020-07-16 10:23:08', '0000-00-00 00:00:00'),
(2035, '5241c8ea21d03', '2020-07-20 09:59:57', '0000-00-00 00:00:00'),
(2036, '5241c8ea21d03', '2020-07-20 11:55:34', '0000-00-00 00:00:00'),
(2037, '5241c8ea21d03', '2020-07-20 15:08:25', '0000-00-00 00:00:00'),
(2038, '5241c8ea21d03', '2020-07-20 16:39:26', '0000-00-00 00:00:00'),
(2039, '5241c8ea21d03', '2020-07-24 10:00:22', '0000-00-00 00:00:00'),
(2040, '5241c8ea21d03', '2020-07-28 09:45:05', '0000-00-00 00:00:00'),
(2041, '5241c8ea21d03', '2020-07-29 11:58:10', '0000-00-00 00:00:00'),
(2042, '5241c8ea21d03', '2020-08-24 15:26:54', '0000-00-00 00:00:00'),
(2043, '5241c8ea21d03', '2020-08-25 09:37:20', '0000-00-00 00:00:00'),
(2044, '5241c8ea21d03', '2020-08-28 16:59:32', '0000-00-00 00:00:00'),
(2045, '5241c8ea21d03', '2020-09-04 10:08:41', '0000-00-00 00:00:00'),
(2046, '5241c8ea21d03', '2020-09-07 10:06:03', '0000-00-00 00:00:00'),
(2047, '5241c8ea21d03', '2020-09-07 14:59:36', '0000-00-00 00:00:00'),
(2048, '5241c8ea21d03', '2020-09-08 09:24:02', '0000-00-00 00:00:00'),
(2049, '5241c8ea21d03', '2020-09-09 09:43:42', '0000-00-00 00:00:00'),
(2050, '5241c8ea21d03', '2020-09-09 12:30:06', '0000-00-00 00:00:00'),
(2051, '5241c8ea21d03', '2020-09-09 14:27:42', '0000-00-00 00:00:00'),
(2052, '5241c8ea21d03', '2020-09-10 09:34:34', '0000-00-00 00:00:00'),
(2053, '5241c8ea21d03', '2020-09-14 14:32:54', '0000-00-00 00:00:00'),
(2054, '5241c8ea21d03', '2020-09-14 16:14:45', '0000-00-00 00:00:00'),
(2055, '5241c8ea21d03', '2020-09-14 19:57:19', '0000-00-00 00:00:00'),
(2056, '5241c8ea21d03', '2020-09-15 10:36:24', '0000-00-00 00:00:00'),
(2057, '5241c8ea21d03', '2020-09-15 14:37:14', '0000-00-00 00:00:00'),
(2058, '5241c8ea21d03', '2020-09-16 09:28:16', '0000-00-00 00:00:00'),
(2059, '5241c8ea21d03', '2020-09-17 09:14:05', '0000-00-00 00:00:00'),
(2060, '5241c8ea21d03', '2020-09-17 14:11:03', '0000-00-00 00:00:00'),
(2061, '5241c8ea21d03', '2020-09-17 15:16:13', '0000-00-00 00:00:00'),
(2062, '5241c8ea21d03', '2020-09-17 17:46:42', '0000-00-00 00:00:00'),
(2063, '5241c8ea21d03', '2020-09-18 09:05:20', '0000-00-00 00:00:00'),
(2064, '5241c8ea21d03', '2020-09-20 10:22:21', '0000-00-00 00:00:00'),
(2065, '5241c8ea21d03', '2020-09-20 19:41:21', '0000-00-00 00:00:00'),
(2066, '5241c8ea21d03', '2020-09-24 10:22:00', '0000-00-00 00:00:00'),
(2067, '5241c8ea21d03', '2020-09-24 17:07:59', '0000-00-00 00:00:00'),
(2068, '5241c8ea21d03', '2020-09-25 09:20:48', '0000-00-00 00:00:00'),
(2069, '5241c8ea21d03', '2020-09-25 16:04:59', '0000-00-00 00:00:00'),
(2070, '5241c8ea21d03', '2020-09-28 16:45:57', '0000-00-00 00:00:00'),
(2071, '5241c8ea21d03', '2020-09-29 09:58:31', '0000-00-00 00:00:00'),
(2072, '5241c8ea21d03', '2020-09-29 16:30:19', '0000-00-00 00:00:00'),
(2073, '5241c8ea21d03', '2020-09-29 17:56:58', '0000-00-00 00:00:00'),
(2074, '5241c8ea21d03', '2020-09-30 09:24:31', '0000-00-00 00:00:00'),
(2075, '5241c8ea21d03', '2020-10-02 10:52:55', '0000-00-00 00:00:00'),
(2076, '5241c8ea21d03', '2020-10-02 15:28:30', '0000-00-00 00:00:00'),
(2077, '5241c8ea21d03', '2020-10-03 16:10:27', '0000-00-00 00:00:00'),
(2078, '5241c8ea21d03', '2020-10-03 18:06:00', '0000-00-00 00:00:00'),
(2079, '5241c8ea21d03', '2020-10-12 17:23:32', '0000-00-00 00:00:00'),
(2080, '5241c8ea21d03', '2020-10-13 15:42:22', '0000-00-00 00:00:00'),
(2081, '5241c8ea21d03', '2020-10-14 09:55:58', '0000-00-00 00:00:00'),
(2082, '5241c8ea21d03', '2020-10-14 15:49:22', '0000-00-00 00:00:00'),
(2083, '5241c8ea21d03', '2020-10-15 10:12:51', '2020-10-15 10:14:08'),
(2084, '5241c8ea21d03', '2020-10-15 13:44:29', '0000-00-00 00:00:00'),
(2085, '5241c8ea21d03', '2020-10-15 17:43:00', '0000-00-00 00:00:00'),
(2086, '5241c8ea21d03', '2020-10-16 09:33:14', '0000-00-00 00:00:00'),
(2087, '5241c8ea21d03', '2020-10-16 13:37:52', '0000-00-00 00:00:00'),
(2088, '5241c8ea21d03', '2020-10-16 16:30:18', '0000-00-00 00:00:00'),
(2089, '5241c8ea21d03', '2020-10-19 09:49:12', '0000-00-00 00:00:00'),
(2090, '5241c8ea21d03', '2020-10-19 14:17:07', '0000-00-00 00:00:00'),
(2091, '5241c8ea21d03', '2020-10-20 09:16:39', '0000-00-00 00:00:00'),
(2092, '5241c8ea21d03', '2020-10-20 15:13:57', '0000-00-00 00:00:00'),
(2093, '5241c8ea21d03', '2020-10-21 09:11:24', '0000-00-00 00:00:00'),
(2094, '5241c8ea21d03', '2020-10-21 14:45:09', '0000-00-00 00:00:00'),
(2095, '5241c8ea21d03', '2020-10-21 16:37:30', '0000-00-00 00:00:00'),
(2096, '5241c8ea21d03', '2020-10-21 18:37:34', '0000-00-00 00:00:00'),
(2097, '5241c8ea21d03', '2020-10-21 18:50:01', '2020-10-21 19:21:20'),
(2098, '5241c8ea21d03', '2020-10-21 23:09:50', '0000-00-00 00:00:00'),
(2099, '5241c8ea21d03', '2020-10-22 08:57:21', '0000-00-00 00:00:00'),
(2100, '5241c8ea21d03', '2020-10-22 14:16:21', '0000-00-00 00:00:00'),
(2101, '5241c8ea21d03', '2020-10-22 18:10:19', '2020-10-22 18:13:47'),
(2102, '5241c8ea21d03', '2020-10-22 18:29:43', '0000-00-00 00:00:00'),
(2103, '5241c8ea21d03', '2020-10-22 19:46:37', '0000-00-00 00:00:00'),
(2104, '55e478360b2e1', '2020-10-23 00:06:31', '0000-00-00 00:00:00'),
(2105, '55e478360b2e1', '2020-10-23 00:12:42', '2020-10-23 00:14:33'),
(2106, '5241c8ea21d03', '2020-10-23 09:23:29', '0000-00-00 00:00:00'),
(2107, '5241c8ea21d03', '2020-10-23 12:50:26', '0000-00-00 00:00:00'),
(2108, '5241c8ea21d03', '2020-10-23 19:12:54', '0000-00-00 00:00:00'),
(2109, '55e478360b2e1', '2020-10-24 14:10:55', '2020-10-24 14:11:24'),
(2110, '55e478360b2e1', '2020-10-24 14:12:34', '0000-00-00 00:00:00'),
(2111, '55e478360b2e1', '2020-10-24 17:19:04', '0000-00-00 00:00:00'),
(2112, '5241c8ea21d03', '2020-10-24 18:56:49', '0000-00-00 00:00:00'),
(2113, '5241c8ea21d03', '2020-10-25 10:50:06', '0000-00-00 00:00:00'),
(2114, '5241c8ea21d03', '2020-10-25 12:05:20', '0000-00-00 00:00:00'),
(2115, '5241c8ea21d03', '2020-10-25 14:15:45', '0000-00-00 00:00:00'),
(2116, '55e478360b2e1', '2020-10-25 19:56:00', '0000-00-00 00:00:00'),
(2117, '5241c8ea21d03', '2020-10-25 20:40:06', '0000-00-00 00:00:00'),
(2118, '5241c8ea21d03', '2020-10-25 21:58:22', '2020-10-25 22:00:00'),
(2119, '5241c8ea21d03', '2020-10-25 22:04:17', '0000-00-00 00:00:00'),
(2120, '5241c8ea21d03', '2020-10-25 22:05:18', '0000-00-00 00:00:00'),
(2121, '5241c8ea21d03', '2020-10-26 08:47:04', '0000-00-00 00:00:00'),
(2122, '5241c8ea21d03', '2020-10-26 12:54:14', '0000-00-00 00:00:00'),
(2123, '55e478360b2e1', '2020-10-26 13:26:49', '0000-00-00 00:00:00'),
(2124, '5241c8ea21d03', '2020-10-27 08:49:53', '0000-00-00 00:00:00'),
(2125, '5241c8ea21d03', '2020-10-27 12:17:01', '0000-00-00 00:00:00'),
(2126, '5241c8ea21d03', '2020-10-27 20:59:33', '0000-00-00 00:00:00'),
(2127, '5241c8ea21d03', '2020-10-27 21:26:25', '0000-00-00 00:00:00'),
(2128, '5241c8ea21d03', '2020-10-28 00:47:13', '0000-00-00 00:00:00'),
(2129, '5241c8ea21d03', '2020-10-28 11:36:15', '0000-00-00 00:00:00'),
(2130, '55e478360b2e1', '2020-10-28 11:38:01', '0000-00-00 00:00:00'),
(2131, '55e478360b2e1', '2020-10-28 13:42:09', '0000-00-00 00:00:00'),
(2132, '55e478360b2e1', '2020-10-28 13:47:22', '0000-00-00 00:00:00'),
(2133, '5241c8ea21d03', '2020-10-28 14:46:28', '0000-00-00 00:00:00'),
(2134, '55e478360b2e1', '2020-10-28 15:09:33', '0000-00-00 00:00:00'),
(2135, '55e478360b2e1', '2020-10-28 15:48:38', '0000-00-00 00:00:00'),
(2136, '55e478360b2e1', '2020-10-28 16:21:17', '0000-00-00 00:00:00'),
(2137, '5241c8ea21d03', '2020-10-28 17:01:36', '0000-00-00 00:00:00'),
(2138, '5241c8ea21d03', '2020-10-28 18:24:43', '0000-00-00 00:00:00'),
(2139, '55e478360b2e1', '2020-10-28 19:25:09', '0000-00-00 00:00:00'),
(2140, '5241c8ea21d03', '2020-10-29 12:20:13', '0000-00-00 00:00:00'),
(2141, '55e478360b2e1', '2020-10-29 13:21:41', '0000-00-00 00:00:00'),
(2142, '55e478360b2e1', '2020-10-29 13:49:48', '0000-00-00 00:00:00'),
(2143, '55e478360b2e1', '2020-10-29 14:05:00', '0000-00-00 00:00:00'),
(2144, '5241c8ea21d03', '2020-10-29 14:18:41', '0000-00-00 00:00:00'),
(2145, '55e478360b2e1', '2020-10-29 14:35:18', '0000-00-00 00:00:00'),
(2146, '55e478360b2e1', '2020-10-29 14:45:02', '0000-00-00 00:00:00'),
(2147, '55e478360b2e1', '2020-10-29 16:29:14', '0000-00-00 00:00:00'),
(2148, '5241c8ea21d03', '2020-10-29 19:04:30', '0000-00-00 00:00:00'),
(2149, '5241c8ea21d03', '2020-11-02 09:48:17', '0000-00-00 00:00:00'),
(2150, '5241c8ea21d03', '2020-11-02 14:48:06', '0000-00-00 00:00:00'),
(2151, '5241c8ea21d03', '2020-11-02 16:59:05', '0000-00-00 00:00:00'),
(2152, '5241c8ea21d03', '2020-11-02 17:03:06', '0000-00-00 00:00:00'),
(2153, '5241c8ea21d03', '2020-11-03 11:33:36', '0000-00-00 00:00:00'),
(2154, '5241c8ea21d03', '2020-11-03 11:36:17', '2020-11-03 11:50:12'),
(2155, '5241c8ea21d03', '2020-11-03 14:46:10', '0000-00-00 00:00:00'),
(2156, '5241c8ea21d03', '2020-11-03 14:54:10', '0000-00-00 00:00:00'),
(2157, '5241c8ea21d03', '2020-11-04 10:02:11', '0000-00-00 00:00:00'),
(2158, '5241c8ea21d03', '2020-11-04 11:20:06', '0000-00-00 00:00:00'),
(2159, '5241c8ea21d03', '2020-11-04 14:31:15', '0000-00-00 00:00:00'),
(2160, '5241c8ea21d03', '2020-11-05 11:44:22', '0000-00-00 00:00:00'),
(2161, '5241c8ea21d03', '2020-11-05 14:23:21', '0000-00-00 00:00:00'),
(2162, '5241c8ea21d03', '2020-11-06 10:12:20', '0000-00-00 00:00:00'),
(2163, '5241c8ea21d03', '2020-11-09 10:30:08', '0000-00-00 00:00:00'),
(2164, '5241c8ea21d03', '2020-11-10 10:16:32', '0000-00-00 00:00:00'),
(2165, '5241c8ea21d03', '2020-11-10 16:15:30', '0000-00-00 00:00:00'),
(2166, '5241c8ea21d03', '2020-11-10 18:28:11', '0000-00-00 00:00:00'),
(2167, '5241c8ea21d03', '2020-11-12 10:20:32', '0000-00-00 00:00:00'),
(2168, '5241c8ea21d03', '2020-11-12 14:04:33', '0000-00-00 00:00:00'),
(2169, '5241c8ea21d03', '2020-11-16 10:31:12', '0000-00-00 00:00:00'),
(2170, '5241c8ea21d03', '2020-11-17 10:54:56', '0000-00-00 00:00:00'),
(2171, '5241c8ea21d03', '2020-11-17 16:00:27', '0000-00-00 00:00:00'),
(2172, '5241c8ea21d03', '2020-11-18 11:58:21', '0000-00-00 00:00:00'),
(2173, '5241c8ea21d03', '2020-11-20 15:09:13', '0000-00-00 00:00:00'),
(2174, '5241c8ea21d03', '2020-11-23 10:00:56', '0000-00-00 00:00:00'),
(2175, '5241c8ea21d03', '2020-11-23 11:31:46', '0000-00-00 00:00:00'),
(2176, '5241c8ea21d03', '2020-11-24 10:56:57', '0000-00-00 00:00:00'),
(2177, '5241c8ea21d03', '2020-11-24 11:53:08', '0000-00-00 00:00:00'),
(2178, '5241c8ea21d03', '2020-11-24 16:52:39', '0000-00-00 00:00:00'),
(2179, '5241c8ea21d03', '2020-11-26 10:19:41', '0000-00-00 00:00:00'),
(2180, '5241c8ea21d03', '2020-11-26 10:42:54', '0000-00-00 00:00:00'),
(2181, '5241c8ea21d03', '2020-11-27 15:14:49', '0000-00-00 00:00:00'),
(2182, '5241c8ea21d03', '2020-11-27 15:16:27', '0000-00-00 00:00:00'),
(2183, '5241c8ea21d03', '2020-11-30 12:15:08', '0000-00-00 00:00:00'),
(2184, '5241c8ea21d03', '2021-01-28 15:11:50', '0000-00-00 00:00:00'),
(2185, '5241c8ea21d03', '2021-02-01 09:08:29', '0000-00-00 00:00:00'),
(2186, '5241c8ea21d03', '2021-02-03 17:05:10', '0000-00-00 00:00:00'),
(2187, '5241c8ea21d03', '2021-02-04 15:18:18', '0000-00-00 00:00:00'),
(2188, '5241c8ea21d03', '2021-02-05 10:12:48', '0000-00-00 00:00:00'),
(2189, '5241c8ea21d03', '2021-02-08 09:47:35', '0000-00-00 00:00:00'),
(2190, '5241c8ea21d03', '2021-02-08 17:14:01', '0000-00-00 00:00:00'),
(2191, '5241c8ea21d03', '2021-02-15 10:12:49', '0000-00-00 00:00:00'),
(2192, '5241c8ea21d03', '2021-02-16 15:11:10', '0000-00-00 00:00:00'),
(2193, '5241c8ea21d03', '2021-02-17 10:17:41', '0000-00-00 00:00:00'),
(2194, '5241c8ea21d03', '2021-02-18 11:03:19', '0000-00-00 00:00:00'),
(2195, '5241c8ea21d03', '2021-02-18 15:09:37', '0000-00-00 00:00:00'),
(2196, '5241c8ea21d03', '2021-02-18 16:40:41', '0000-00-00 00:00:00'),
(2197, '5241c8ea21d03', '2021-02-19 10:20:41', '0000-00-00 00:00:00'),
(2198, '5241c8ea21d03', '2021-02-22 10:50:54', '0000-00-00 00:00:00'),
(2199, '5241c8ea21d03', '2021-02-23 10:04:27', '0000-00-00 00:00:00'),
(2200, '5241c8ea21d03', '2021-02-23 16:18:21', '0000-00-00 00:00:00'),
(2201, '5241c8ea21d03', '2021-02-24 11:14:56', '0000-00-00 00:00:00'),
(2202, '5241c8ea21d03', '2021-03-03 17:30:15', '0000-00-00 00:00:00'),
(2203, '5241c8ea21d03', '2021-03-04 17:37:41', '0000-00-00 00:00:00'),
(2204, '5241c8ea21d03', '2021-03-08 10:56:01', '0000-00-00 00:00:00'),
(2205, '5241c8ea21d03', '2021-03-16 10:46:01', '2021-03-16 10:48:21'),
(2206, '5241c8ea21d03', '2021-03-18 09:54:13', '0000-00-00 00:00:00'),
(2207, '5241c8ea21d03', '2021-03-18 10:04:56', '0000-00-00 00:00:00'),
(2208, '5241c8ea21d03', '2021-03-18 14:28:51', '0000-00-00 00:00:00'),
(2209, '5241c8ea21d03', '2021-03-19 16:21:52', '0000-00-00 00:00:00'),
(2210, '5241c8ea21d03', '2021-03-20 16:17:37', '2021-03-20 16:19:29'),
(2211, '5241c8ea21d03', '2021-03-25 14:09:18', '0000-00-00 00:00:00'),
(2212, '5241c8ea21d03', '2021-03-25 14:15:25', '0000-00-00 00:00:00'),
(2213, '5241c8ea21d03', '2021-03-25 15:31:53', '0000-00-00 00:00:00'),
(2214, '5241c8ea21d03', '2021-03-25 16:14:09', '0000-00-00 00:00:00'),
(2215, '5241c8ea21d03', '2021-03-26 16:14:56', '0000-00-00 00:00:00'),
(2216, '5241c8ea21d03', '2021-03-30 17:01:23', '0000-00-00 00:00:00'),
(2217, '5241c8ea21d03', '2021-03-31 09:49:30', '0000-00-00 00:00:00'),
(2218, '5241c8ea21d03', '2021-03-31 15:39:21', '0000-00-00 00:00:00'),
(2219, '5241c8ea21d03', '2021-04-02 11:05:40', '0000-00-00 00:00:00'),
(2220, '5241c8ea21d03', '2021-04-06 15:03:23', '0000-00-00 00:00:00'),
(2221, '5241c8ea21d03', '2021-04-07 09:46:41', '0000-00-00 00:00:00'),
(2222, '5241c8ea21d03', '2021-04-07 11:18:21', '0000-00-00 00:00:00'),
(2223, '5241c8ea21d03', '2021-04-07 17:31:06', '0000-00-00 00:00:00'),
(2224, '5241c8ea21d03', '2021-04-08 10:44:44', '0000-00-00 00:00:00'),
(2225, '5241c8ea21d03', '2021-04-08 15:02:17', '0000-00-00 00:00:00'),
(2226, '5241c8ea21d03', '2021-04-09 15:04:28', '0000-00-00 00:00:00'),
(2227, '5241c8ea21d03', '2021-04-12 10:20:08', '0000-00-00 00:00:00'),
(2228, '5241c8ea21d03', '2021-04-12 16:39:56', '0000-00-00 00:00:00'),
(2229, '5241c8ea21d03', '2021-04-13 10:38:21', '0000-00-00 00:00:00'),
(2230, '5241c8ea21d03', '2021-04-13 16:52:08', '0000-00-00 00:00:00'),
(2231, '5241c8ea21d03', '2021-04-14 10:00:18', '0000-00-00 00:00:00'),
(2232, '5241c8ea21d03', '2021-04-14 16:30:49', '0000-00-00 00:00:00'),
(2233, '5241c8ea21d03', '2021-04-14 18:34:31', '0000-00-00 00:00:00'),
(2234, '5241c8ea21d03', '2021-04-15 08:07:02', '0000-00-00 00:00:00'),
(2235, '5241c8ea21d03', '2021-04-15 11:39:00', '0000-00-00 00:00:00'),
(2236, '5241c8ea21d03', '2021-04-16 09:57:22', '0000-00-00 00:00:00'),
(2237, '5241c8ea21d03', '2021-04-16 15:12:26', '0000-00-00 00:00:00'),
(2238, '5241c8ea21d03', '2021-04-19 09:52:46', '0000-00-00 00:00:00'),
(2239, '5241c8ea21d03', '2021-04-19 15:23:27', '0000-00-00 00:00:00'),
(2240, '5241c8ea21d03', '2021-04-19 16:59:25', '0000-00-00 00:00:00'),
(2241, '5241c8ea21d03', '2021-04-20 09:47:47', '0000-00-00 00:00:00'),
(2242, '5241c8ea21d03', '2021-04-20 15:08:47', '0000-00-00 00:00:00'),
(2243, '5241c8ea21d03', '2021-04-21 10:09:43', '0000-00-00 00:00:00'),
(2244, '5241c8ea21d03', '2021-04-22 10:38:41', '0000-00-00 00:00:00'),
(2245, '5241c8ea21d03', '2021-04-22 15:11:41', '0000-00-00 00:00:00'),
(2246, '5241c8ea21d03', '2021-04-23 10:27:35', '0000-00-00 00:00:00'),
(2247, '5241c8ea21d03', '2021-04-23 15:02:18', '0000-00-00 00:00:00'),
(2248, '5241c8ea21d03', '2021-04-26 10:10:04', '0000-00-00 00:00:00'),
(2249, '5241c8ea21d03', '2021-04-26 14:37:54', '0000-00-00 00:00:00'),
(2250, '5241c8ea21d03', '2021-04-27 09:45:57', '0000-00-00 00:00:00'),
(2251, '5241c8ea21d03', '2021-04-27 15:20:53', '0000-00-00 00:00:00'),
(2252, '5241c8ea21d03', '2021-04-27 16:52:41', '0000-00-00 00:00:00'),
(2253, '5241c8ea21d03', '2021-04-27 17:45:34', '0000-00-00 00:00:00'),
(2254, '5241c8ea21d03', '2021-04-28 09:27:00', '0000-00-00 00:00:00'),
(2255, '5241c8ea21d03', '2021-04-28 15:45:52', '0000-00-00 00:00:00'),
(2256, '5241c8ea21d03', '2021-04-29 10:22:33', '0000-00-00 00:00:00'),
(2257, '5241c8ea21d03', '2021-04-29 15:11:22', '0000-00-00 00:00:00'),
(2258, '5241c8ea21d03', '2021-04-29 16:20:52', '0000-00-00 00:00:00'),
(2259, '5241c8ea21d03', '2021-04-30 09:50:52', '0000-00-00 00:00:00'),
(2260, '5241c8ea21d03', '2021-04-30 14:10:24', '0000-00-00 00:00:00'),
(2261, '5241c8ea21d03', '2021-04-30 15:25:09', '0000-00-00 00:00:00'),
(2262, '5241c8ea21d03', '2021-05-03 10:05:31', '0000-00-00 00:00:00'),
(2263, '5241c8ea21d03', '2021-05-03 12:21:11', '0000-00-00 00:00:00'),
(2264, '5241c8ea21d03', '2021-05-03 14:31:30', '0000-00-00 00:00:00'),
(2265, '5241c8ea21d03', '2021-05-03 18:44:19', '0000-00-00 00:00:00'),
(2266, '5241c8ea21d03', '2021-05-04 09:33:09', '0000-00-00 00:00:00'),
(2267, '5241c8ea21d03', '2021-05-04 14:22:18', '0000-00-00 00:00:00'),
(2268, '5241c8ea21d03', '2021-05-05 09:01:52', '0000-00-00 00:00:00'),
(2269, '5241c8ea21d03', '2021-05-05 09:24:56', '0000-00-00 00:00:00'),
(2270, '5241c8ea21d03', '2021-05-05 09:59:19', '0000-00-00 00:00:00'),
(2271, '5241c8ea21d03', '2021-05-05 14:19:51', '0000-00-00 00:00:00'),
(2272, '5241c8ea21d03', '2021-05-05 17:52:10', '0000-00-00 00:00:00'),
(2273, '5241c8ea21d03', '2021-05-10 18:47:26', '2021-05-10 19:27:29'),
(2274, '5241c8ea21d03', '2021-05-12 11:29:02', '0000-00-00 00:00:00'),
(2275, '5241c8ea21d03', '2021-05-13 10:39:21', '0000-00-00 00:00:00'),
(2276, '5241c8ea21d03', '2021-05-13 11:21:03', '0000-00-00 00:00:00'),
(2277, '5241c8ea21d03', '2021-05-13 14:46:12', '0000-00-00 00:00:00'),
(2278, '5241c8ea21d03', '2021-05-13 17:52:51', '0000-00-00 00:00:00'),
(2279, '5241c8ea21d03', '2021-05-14 09:27:04', '0000-00-00 00:00:00'),
(2280, '5241c8ea21d03', '2021-05-14 16:46:19', '0000-00-00 00:00:00'),
(2281, '5241c8ea21d03', '2021-05-15 11:02:18', '0000-00-00 00:00:00'),
(2282, '5241c8ea21d03', '2021-05-17 08:59:06', '0000-00-00 00:00:00'),
(2283, '5241c8ea21d03', '2021-05-17 14:08:44', '0000-00-00 00:00:00'),
(2284, '5241c8ea21d03', '2021-05-17 17:45:43', '0000-00-00 00:00:00'),
(2285, '5241c8ea21d03', '2021-05-18 09:17:27', '0000-00-00 00:00:00'),
(2286, '5241c8ea21d03', '2021-05-18 09:31:04', '0000-00-00 00:00:00'),
(2287, '5241c8ea21d03', '2021-05-18 11:17:47', '2021-05-18 11:39:57'),
(2288, '5241c8ea21d03', '2021-05-18 14:22:48', '0000-00-00 00:00:00'),
(2289, '5241c8ea21d03', '2021-05-18 17:05:53', '0000-00-00 00:00:00'),
(2290, '5241c8ea21d03', '2021-05-18 18:15:40', '0000-00-00 00:00:00'),
(2291, '5241c8ea21d03', '2021-05-19 09:06:10', '0000-00-00 00:00:00'),
(2292, '5241c8ea21d03', '2021-05-19 10:40:14', '0000-00-00 00:00:00'),
(2293, '5241c8ea21d03', '2021-05-19 13:06:44', '0000-00-00 00:00:00'),
(2294, '5241c8ea21d03', '2021-05-19 16:45:36', '0000-00-00 00:00:00'),
(2295, '5241c8ea21d03', '2021-05-20 14:09:34', '0000-00-00 00:00:00'),
(2296, '5241c8ea21d03', '2021-05-20 16:25:11', '0000-00-00 00:00:00'),
(2297, '5241c8ea21d03', '2021-05-21 09:17:51', '0000-00-00 00:00:00'),
(2298, '5241c8ea21d03', '2021-05-21 15:20:53', '0000-00-00 00:00:00'),
(2299, '5241c8ea21d03', '2021-05-21 17:37:18', '2021-05-21 17:55:05'),
(2300, '5241c8ea21d03', '2021-05-22 17:53:35', '0000-00-00 00:00:00'),
(2301, '5241c8ea21d03', '2021-05-23 11:24:10', '0000-00-00 00:00:00'),
(2302, '5241c8ea21d03', '2021-05-23 13:50:35', '0000-00-00 00:00:00'),
(2303, '5241c8ea21d03', '2021-05-23 18:17:38', '0000-00-00 00:00:00'),
(2304, '5241c8ea21d03', '2021-05-23 19:34:27', '0000-00-00 00:00:00');
INSERT INTO `admin_traces` (`trace_id`, `trace_compte`, `trace_datetime_connexion`, `trace_datetime_deconnexion`) VALUES
(2305, '5241c8ea21d03', '2021-05-24 09:20:39', '0000-00-00 00:00:00'),
(2306, '5241c8ea21d03', '2021-05-24 11:26:32', '0000-00-00 00:00:00'),
(2307, '5241c8ea21d03', '2021-05-24 14:13:02', '0000-00-00 00:00:00'),
(2308, '5241c8ea21d03', '2021-05-24 16:56:16', '2021-05-24 16:58:36'),
(2309, '5241c8ea21d03', '2021-05-24 18:02:48', '2021-05-24 18:05:44'),
(2310, '5241c8ea21d03', '2021-05-25 08:40:11', '0000-00-00 00:00:00'),
(2311, '5241c8ea21d03', '2021-05-25 14:31:13', '0000-00-00 00:00:00'),
(2312, '5241c8ea21d03', '2021-05-25 19:05:19', '0000-00-00 00:00:00'),
(2313, '5241c8ea21d03', '2021-05-26 08:38:05', '0000-00-00 00:00:00'),
(2314, '5241c8ea21d03', '2021-05-26 09:07:59', '2021-05-26 09:21:15'),
(2315, '55e478360b2e1', '2021-05-26 09:51:59', '2021-05-26 09:52:28'),
(2316, '5241c8ea21d03', '2021-05-26 09:52:31', '2021-05-26 11:00:49'),
(2317, '5241c8ea21d03', '2021-05-26 11:08:21', '0000-00-00 00:00:00'),
(2318, '5241c8ea21d03', '2021-05-26 14:09:22', '0000-00-00 00:00:00'),
(2319, '5241c8ea21d03', '2021-05-26 14:28:41', '2021-05-26 15:36:06'),
(2320, '5241c8ea21d03', '2021-05-26 16:37:37', '0000-00-00 00:00:00'),
(2321, '5241c8ea21d03', '2021-05-26 18:43:52', '0000-00-00 00:00:00'),
(2322, '5241c8ea21d03', '2021-05-26 18:50:39', '2021-05-26 19:13:37'),
(2323, '5241c8ea21d03', '2021-05-26 19:13:39', '0000-00-00 00:00:00'),
(2324, '5241c8ea21d03', '2021-05-26 22:31:23', '0000-00-00 00:00:00'),
(2325, '5241c8ea21d03', '2021-05-27 20:42:15', '0000-00-00 00:00:00'),
(2326, '5241c8ea21d03', '2021-05-29 23:19:16', '0000-00-00 00:00:00'),
(2327, '5241c8ea21d03', '2021-05-30 08:23:42', '0000-00-00 00:00:00'),
(2328, '5241c8ea21d03', '2021-05-30 09:28:25', '0000-00-00 00:00:00'),
(2329, '5241c8ea21d03', '2021-05-30 12:06:59', '0000-00-00 00:00:00'),
(2330, '5241c8ea21d03', '2021-05-30 13:56:10', '0000-00-00 00:00:00'),
(2331, '5241c8ea21d03', '2021-05-30 16:41:25', '0000-00-00 00:00:00'),
(2332, '5241c8ea21d03', '2021-05-30 18:14:33', '0000-00-00 00:00:00'),
(2333, '55e478360b2e1', '2021-05-30 20:13:37', '2021-05-30 20:13:55'),
(2334, '55e478360b2e1', '2021-05-30 20:14:08', '2021-05-30 20:15:02'),
(2335, '55e478360b2e1', '2021-05-30 20:15:07', '2021-05-30 20:21:35'),
(2336, '55e478360b2e1', '2021-05-30 20:20:41', '0000-00-00 00:00:00'),
(2337, '5241c8ea21d03', '2021-05-31 07:53:04', '0000-00-00 00:00:00'),
(2338, '5241c8ea21d03', '2021-05-31 08:24:06', '2021-05-31 08:28:21'),
(2339, '5241c8ea21d03', '2021-05-31 10:24:59', '0000-00-00 00:00:00'),
(2340, '5241c8ea21d03', '2021-05-31 12:34:46', '0000-00-00 00:00:00'),
(2341, '55e478360b2e1', '2021-05-31 15:05:13', '0000-00-00 00:00:00'),
(2342, '55e478360b2e1', '2021-05-31 15:30:37', '0000-00-00 00:00:00'),
(2343, '5241c8ea21d03', '2021-05-31 17:46:30', '0000-00-00 00:00:00'),
(2344, '55e478360b2e1', '2021-05-31 21:25:05', '0000-00-00 00:00:00'),
(2345, '5241c8ea21d03', '2021-05-31 22:14:16', '0000-00-00 00:00:00'),
(2346, '55e478360b2e1', '2021-05-31 23:08:16', '0000-00-00 00:00:00'),
(2347, '55e478360b2e1', '2021-06-01 12:19:30', '2021-06-01 12:26:59'),
(2348, '5241c8ea21d03', '2021-06-01 12:55:13', '0000-00-00 00:00:00'),
(2349, '55e478360b2e1', '2021-06-01 12:58:16', '0000-00-00 00:00:00'),
(2350, '55e478360b2e1', '2021-06-01 13:26:27', '0000-00-00 00:00:00'),
(2351, '55e478360b2e1', '2021-06-01 13:34:14', '0000-00-00 00:00:00'),
(2352, '55e478360b2e1', '2021-06-01 13:38:40', '0000-00-00 00:00:00'),
(2353, '55e478360b2e1', '2021-06-01 13:54:33', '0000-00-00 00:00:00'),
(2354, '55e478360b2e1', '2021-06-01 14:40:26', '0000-00-00 00:00:00'),
(2355, '55e478360b2e1', '2021-06-01 14:47:14', '0000-00-00 00:00:00'),
(2356, '5241c8ea21d03', '2021-06-01 14:55:13', '0000-00-00 00:00:00'),
(2357, '5241c8ea21d03', '2021-06-01 14:55:14', '2021-06-01 16:38:12'),
(2358, '55e478360b2e1', '2021-06-01 15:19:58', '0000-00-00 00:00:00'),
(2359, '5241c8ea21d03', '2021-06-01 16:46:46', '2021-06-01 16:58:12'),
(2360, '5241c8ea21d03', '2021-06-01 17:54:30', '0000-00-00 00:00:00'),
(2361, '5241c8ea21d03', '2021-06-01 22:31:35', '0000-00-00 00:00:00'),
(2362, '5241c8ea21d03', '2021-06-02 09:27:12', '0000-00-00 00:00:00'),
(2363, '55e478360b2e1', '2021-06-02 12:35:56', '0000-00-00 00:00:00'),
(2364, '55e478360b2e1', '2021-06-02 12:43:28', '0000-00-00 00:00:00'),
(2365, '55e478360b2e1', '2021-06-02 13:24:12', '0000-00-00 00:00:00'),
(2366, '55e478360b2e1', '2021-06-02 13:32:22', '0000-00-00 00:00:00'),
(2367, '5241c8ea21d03', '2021-06-02 13:58:11', '0000-00-00 00:00:00'),
(2368, '55e478360b2e1', '2021-06-02 14:08:49', '0000-00-00 00:00:00'),
(2369, '5241c8ea21d03', '2021-06-02 16:46:31', '0000-00-00 00:00:00'),
(2370, '5241c8ea21d03', '2021-06-02 22:44:48', '0000-00-00 00:00:00'),
(2371, '5241c8ea21d03', '2021-06-03 11:19:57', '0000-00-00 00:00:00'),
(2372, '55e478360b2e1', '2021-06-03 11:22:44', '0000-00-00 00:00:00'),
(2373, '5241c8ea21d03', '2021-06-03 13:05:40', '2021-06-03 17:33:23'),
(2374, '55e478360b2e1', '2021-06-03 13:12:49', '0000-00-00 00:00:00'),
(2375, '55e478360b2e1', '2021-06-03 13:26:04', '0000-00-00 00:00:00'),
(2376, '55e478360b2e1', '2021-06-03 13:47:12', '0000-00-00 00:00:00'),
(2377, '55e478360b2e1', '2021-06-03 14:09:21', '0000-00-00 00:00:00'),
(2378, '55e478360b2e1', '2021-06-03 14:18:13', '0000-00-00 00:00:00'),
(2379, '55e478360b2e1', '2021-06-03 14:35:50', '0000-00-00 00:00:00'),
(2380, '5241c8ea21d03', '2021-06-03 16:17:52', '0000-00-00 00:00:00'),
(2381, '5241c8ea21d03', '2021-06-03 16:57:02', '0000-00-00 00:00:00'),
(2382, '5241c8ea21d03', '2021-06-03 16:57:33', '0000-00-00 00:00:00'),
(2383, '5241c8ea21d03', '2021-06-03 22:39:23', '0000-00-00 00:00:00'),
(2384, '5241c8ea21d03', '2021-06-04 11:34:31', '0000-00-00 00:00:00'),
(2385, '55e478360b2e1', '2021-06-04 12:16:25', '0000-00-00 00:00:00'),
(2386, '55e478360b2e1', '2021-06-04 13:21:43', '0000-00-00 00:00:00'),
(2387, '55e478360b2e1', '2021-06-04 13:26:16', '0000-00-00 00:00:00'),
(2388, '5241c8ea21d03', '2021-06-04 13:54:22', '0000-00-00 00:00:00'),
(2389, '5241c8ea21d03', '2021-06-04 16:15:45', '0000-00-00 00:00:00'),
(2390, '5241c8ea21d03', '2021-06-04 19:45:32', '0000-00-00 00:00:00'),
(2391, '5241c8ea21d03', '2021-06-07 08:54:31', '0000-00-00 00:00:00'),
(2392, '5241c8ea21d03', '2021-06-07 09:37:50', '0000-00-00 00:00:00'),
(2393, '5241c8ea21d03', '2021-06-07 11:03:36', '0000-00-00 00:00:00'),
(2394, '5241c8ea21d03', '2021-06-07 14:04:22', '0000-00-00 00:00:00'),
(2395, '5241c8ea21d03', '2021-06-07 14:19:32', '0000-00-00 00:00:00'),
(2396, '5241c8ea21d03', '2021-06-07 16:40:31', '0000-00-00 00:00:00'),
(2397, '5241c8ea21d03', '2021-06-07 17:53:59', '0000-00-00 00:00:00'),
(2398, '5241c8ea21d03', '2021-06-08 13:07:15', '0000-00-00 00:00:00'),
(2399, '5241c8ea21d03', '2021-06-21 10:48:15', '2021-06-21 11:08:24'),
(2400, '5241c8ea21d03', '2021-06-21 11:31:27', '2021-06-21 11:32:00'),
(2401, '5241c8ea21d03', '2021-06-21 15:58:39', '0000-00-00 00:00:00'),
(2402, '5241c8ea21d03', '2021-06-21 17:15:32', '0000-00-00 00:00:00'),
(2403, '5241c8ea21d03', '2021-06-22 17:25:11', '0000-00-00 00:00:00'),
(2404, '5241c8ea21d03', '2021-06-23 10:12:29', '0000-00-00 00:00:00'),
(2405, '5241c8ea21d03', '2021-06-23 12:06:52', '0000-00-00 00:00:00'),
(2406, '5241c8ea21d03', '2021-06-28 11:04:46', '0000-00-00 00:00:00'),
(2407, '5241c8ea21d03', '2021-06-28 14:38:04', '0000-00-00 00:00:00'),
(2408, '5241c8ea21d03', '2021-06-28 15:19:46', '0000-00-00 00:00:00'),
(2409, '5241c8ea21d03', '2021-06-28 15:19:46', '2021-06-28 16:23:38'),
(2410, '5241c8ea21d03', '2021-06-28 16:20:48', '0000-00-00 00:00:00'),
(2411, '5241c8ea21d03', '2021-06-29 17:15:53', '0000-00-00 00:00:00'),
(2412, '5241c8ea21d03', '2021-07-01 09:40:20', '0000-00-00 00:00:00'),
(2413, '5241c8ea21d03', '2021-07-02 16:19:48', '0000-00-00 00:00:00'),
(2414, '5241c8ea21d03', '2021-07-06 15:38:53', '0000-00-00 00:00:00'),
(2415, '5241c8ea21d03', '2021-07-08 18:04:55', '0000-00-00 00:00:00'),
(2416, '5241c8ea21d03', '2021-07-13 15:15:24', '0000-00-00 00:00:00'),
(2417, '5241c8ea21d03', '2021-07-13 17:23:05', '0000-00-00 00:00:00'),
(2418, '5241c8ea21d03', '2021-07-19 15:18:54', '0000-00-00 00:00:00'),
(2419, '5241c8ea21d03', '2021-07-27 11:40:05', '0000-00-00 00:00:00'),
(2420, '5241c8ea21d03', '2021-08-31 15:43:19', '0000-00-00 00:00:00'),
(2421, '5241c8ea21d03', '2021-09-01 10:14:52', '0000-00-00 00:00:00'),
(2422, '5241c8ea21d03', '2021-09-06 15:06:47', '0000-00-00 00:00:00'),
(2423, '5241c8ea21d03', '2021-09-07 11:47:12', '2021-09-07 11:47:39'),
(2424, '5241c8ea21d03', '2021-09-07 15:06:10', '0000-00-00 00:00:00'),
(2425, '5241c8ea21d03', '2021-09-07 15:17:23', '0000-00-00 00:00:00'),
(2426, '5241c8ea21d03', '2021-09-09 14:11:05', '0000-00-00 00:00:00'),
(2427, '5241c8ea21d03', '2021-09-09 14:44:40', '0000-00-00 00:00:00'),
(2428, '5241c8ea21d03', '2021-09-13 10:30:34', '0000-00-00 00:00:00'),
(2429, '5241c8ea21d03', '2021-09-13 10:30:51', '0000-00-00 00:00:00'),
(2430, '5241c8ea21d03', '2021-09-13 13:34:00', '0000-00-00 00:00:00'),
(2431, '5241c8ea21d03', '2021-09-14 09:33:00', '0000-00-00 00:00:00'),
(2432, '5241c8ea21d03', '2021-09-14 14:14:56', '0000-00-00 00:00:00'),
(2433, '5241c8ea21d03', '2021-09-14 14:47:59', '0000-00-00 00:00:00'),
(2434, '5241c8ea21d03', '2021-09-14 15:35:50', '0000-00-00 00:00:00'),
(2435, '5241c8ea21d03', '2021-09-14 15:46:38', '0000-00-00 00:00:00'),
(2436, '5241c8ea21d03', '2021-09-14 16:10:16', '0000-00-00 00:00:00'),
(2437, '5241c8ea21d03', '2021-09-15 13:21:04', '0000-00-00 00:00:00'),
(2438, '5241c8ea21d03', '2021-09-15 14:10:01', '0000-00-00 00:00:00'),
(2439, '5241c8ea21d03', '2021-09-15 14:22:03', '0000-00-00 00:00:00'),
(2440, '5241c8ea21d03', '2021-09-16 07:11:34', '0000-00-00 00:00:00'),
(2441, '5241c8ea21d03', '2021-09-16 13:26:27', '0000-00-00 00:00:00'),
(2442, '5241c8ea21d03', '2021-09-20 09:27:00', '0000-00-00 00:00:00'),
(2443, '5241c8ea21d03', '2021-09-20 15:33:56', '2021-09-20 17:12:31'),
(2444, '5241c8ea21d03', '2021-09-20 16:10:00', '0000-00-00 00:00:00'),
(2445, '5241c8ea21d03', '2021-09-21 05:49:48', '0000-00-00 00:00:00'),
(2446, '5241c8ea21d03', '2021-09-21 09:42:43', '2021-09-21 09:43:54'),
(2447, '5241c8ea21d03', '2021-09-21 10:15:47', '0000-00-00 00:00:00'),
(2448, '5241c8ea21d03', '2021-09-21 10:30:23', '0000-00-00 00:00:00'),
(2449, '5241c8ea21d03', '2021-09-21 11:08:43', '0000-00-00 00:00:00'),
(2450, '5241c8ea21d03', '2021-09-21 11:09:31', '0000-00-00 00:00:00'),
(2451, '5241c8ea21d03', '2021-09-21 16:17:25', '0000-00-00 00:00:00'),
(2452, '5241c8ea21d03', '2021-09-23 10:37:13', '0000-00-00 00:00:00'),
(2453, '5241c8ea21d03', '2021-09-28 16:59:13', '0000-00-00 00:00:00'),
(2454, '5241c8ea21d03', '2021-09-30 09:05:36', '0000-00-00 00:00:00'),
(2455, '5241c8ea21d03', '2021-10-01 06:28:47', '0000-00-00 00:00:00'),
(2456, '5241c8ea21d03', '2021-10-01 08:32:15', '0000-00-00 00:00:00'),
(2457, '5241c8ea21d03', '2021-10-01 09:24:52', '0000-00-00 00:00:00'),
(2458, '5241c8ea21d03', '2021-10-01 09:50:39', '0000-00-00 00:00:00'),
(2459, '5241c8ea21d03', '2021-10-01 09:56:43', '0000-00-00 00:00:00'),
(2460, '5241c8ea21d03', '2021-10-02 15:51:27', '0000-00-00 00:00:00'),
(2461, '5241c8ea21d03', '2021-10-03 18:02:46', '0000-00-00 00:00:00'),
(2462, '5241c8ea21d03', '2021-10-03 20:20:10', '0000-00-00 00:00:00'),
(2463, '5241c8ea21d03', '2021-10-04 09:09:31', '0000-00-00 00:00:00'),
(2464, '5241c8ea21d03', '2021-10-06 13:08:09', '0000-00-00 00:00:00'),
(2465, '5241c8ea21d03', '2021-10-07 13:18:40', '0000-00-00 00:00:00'),
(2466, '5241c8ea21d03', '2021-10-07 17:13:27', '0000-00-00 00:00:00'),
(2467, '5241c8ea21d03', '2021-10-08 08:46:50', '0000-00-00 00:00:00'),
(2468, '5241c8ea21d03', '2021-10-08 11:21:23', '0000-00-00 00:00:00'),
(2469, '5241c8ea21d03', '2021-10-16 16:33:50', '0000-00-00 00:00:00'),
(0, '5241c8ea21d03', '2021-10-28 13:17:25', '2025-12-01 17:37:07'),
(0, '5241c8ea21d03', '2021-10-28 17:20:00', '2025-12-01 17:37:07'),
(0, '5241c8ea21d03', '2021-10-29 06:25:45', '2025-12-01 17:37:07'),
(0, '5241c8ea21d03', '2021-10-29 13:23:56', '2025-12-01 17:37:07'),
(0, '5241c8ea21d03', '2021-10-31 12:25:18', '2025-12-01 17:37:07'),
(0, '5241c8ea21d03', '2021-10-31 15:22:11', '2025-12-01 17:37:07'),
(0, '5241c8ea21d03', '2021-11-01 15:30:56', '2025-12-01 17:37:07'),
(0, '5241c8ea21d03', '2021-11-02 09:08:53', '2025-12-01 17:37:07'),
(0, '5241c8ea21d03', '2021-11-02 12:20:36', '2025-12-01 17:37:07'),
(0, '5241c8ea21d03', '2021-11-04 14:08:10', '2025-12-01 17:37:07'),
(0, '5241c8ea21d03', '2021-11-04 16:29:45', '2025-12-01 17:37:07'),
(0, '5241c8ea21d03', '2021-11-05 08:16:46', '2025-12-01 17:37:07'),
(0, '5241c8ea21d03', '2021-11-06 13:04:26', '2025-12-01 17:37:07'),
(0, '5241c8ea21d03', '2021-11-08 11:40:40', '2025-12-01 17:37:07'),
(0, '5241c8ea21d03', '2021-11-09 17:23:07', '2025-12-01 17:37:07'),
(0, '5241c8ea21d03', '2021-11-10 09:33:13', '2025-12-01 17:37:07'),
(0, '5241c8ea21d03', '2021-11-10 13:19:55', '2025-12-01 17:37:07'),
(0, '5241c8ea21d03', '2021-11-10 14:24:12', '2025-12-01 17:37:07'),
(0, '5241c8ea21d03', '2021-11-11 12:21:08', '2025-12-01 17:37:07'),
(0, '5241c8ea21d03', '2021-11-11 14:20:59', '2025-12-01 17:37:07'),
(0, '5241c8ea21d03', '2021-11-11 14:24:07', '2025-12-01 17:37:07'),
(0, '5241c8ea21d03', '2021-11-11 16:40:26', '2025-12-01 17:37:07'),
(0, '5241c8ea21d03', '2021-11-12 14:12:42', '2025-12-01 17:37:07'),
(0, '5241c8ea21d03', '2021-11-12 15:38:02', '2025-12-01 17:37:07'),
(0, '5241c8ea21d03', '2021-11-12 16:42:07', '2025-12-01 17:37:07'),
(0, '5241c8ea21d03', '2021-11-13 08:35:18', '2025-12-01 17:37:07'),
(0, '5241c8ea21d03', '2021-11-13 09:38:56', '2025-12-01 17:37:07'),
(0, '5241c8ea21d03', '2021-11-13 10:23:35', '2025-12-01 17:37:07'),
(0, '5241c8ea21d03', '2021-11-13 13:14:52', '2025-12-01 17:37:07'),
(0, '5241c8ea21d03', '2021-11-14 08:44:07', '2025-12-01 17:37:07'),
(0, '5241c8ea21d03', '2021-11-14 11:54:39', '2025-12-01 17:37:07'),
(0, '5241c8ea21d03', '2021-11-14 19:03:00', '2025-12-01 17:37:07'),
(0, '5241c8ea21d03', '2021-11-15 10:07:45', '2025-12-01 17:37:07'),
(0, '5241c8ea21d03', '2021-11-15 10:31:25', '2025-12-01 17:37:07'),
(0, '5241c8ea21d03', '2021-11-15 12:54:48', '2025-12-01 17:37:07'),
(0, '5241c8ea21d03', '2021-11-15 14:16:36', '2025-12-01 17:37:07'),
(0, '5241c8ea21d03', '2021-11-16 10:02:29', '2025-12-01 17:37:07'),
(0, '5241c8ea21d03', '2021-11-16 13:54:33', '2025-12-01 17:37:07'),
(0, '5241c8ea21d03', '2021-11-16 15:33:58', '2025-12-01 17:37:07'),
(0, '5241c8ea21d03', '2021-11-16 20:53:11', '2025-12-01 17:37:07'),
(0, '5241c8ea21d03', '2021-11-17 03:49:50', '2025-12-01 17:37:07'),
(0, '5241c8ea21d03', '2021-11-17 11:02:10', '2025-12-01 17:37:07'),
(0, '5241c8ea21d03', '2021-11-17 12:59:07', '2025-12-01 17:37:07'),
(0, '5241c8ea21d03', '2021-11-17 13:03:34', '2025-12-01 17:37:07'),
(0, '5241c8ea21d03', '2021-11-17 14:47:54', '2025-12-01 17:37:07'),
(0, '5241c8ea21d03', '2021-11-17 14:54:30', '2025-12-01 17:37:07'),
(0, '5241c8ea21d03', '2021-11-17 17:22:46', '2025-12-01 17:37:07'),
(0, '5241c8ea21d03', '2021-11-18 10:12:37', '2025-12-01 17:37:07'),
(0, '5241c8ea21d03', '2021-11-18 10:15:55', '2025-12-01 17:37:07'),
(0, '5241c8ea21d03', '2021-11-18 10:46:25', '2025-12-01 17:37:07'),
(0, '5241c8ea21d03', '2021-11-18 15:10:11', '2025-12-01 17:37:07'),
(0, '5241c8ea21d03', '2021-11-20 13:49:13', '2025-12-01 17:37:07'),
(0, '5241c8ea21d03', '2021-11-22 09:37:09', '2025-12-01 17:37:07'),
(0, '5241c8ea21d03', '2021-11-23 18:42:07', '2025-12-01 17:37:07'),
(0, '5241c8ea21d03', '2021-11-24 13:15:31', '2025-12-01 17:37:07'),
(0, '5241c8ea21d03', '2021-11-24 13:58:53', '2025-12-01 17:37:07'),
(0, '5241c8ea21d03', '2021-11-25 08:57:21', '2025-12-01 17:37:07'),
(0, '5241c8ea21d03', '2021-11-25 10:25:43', '2025-12-01 17:37:07'),
(0, '5241c8ea21d03', '2021-11-25 10:40:57', '2025-12-01 17:37:07'),
(0, '5241c8ea21d03', '2021-11-25 17:07:53', '2025-12-01 17:37:07'),
(0, '5241c8ea21d03', '2021-11-29 12:18:04', '2025-12-01 17:37:07'),
(0, '5241c8ea21d03', '2021-12-01 09:58:33', '2025-12-01 17:37:07'),
(0, '5241c8ea21d03', '2021-12-01 12:48:48', '2025-12-01 17:37:07'),
(0, '5241c8ea21d03', '2021-12-01 17:04:27', '2025-12-01 17:37:07'),
(0, '5241c8ea21d03', '2021-12-02 10:23:10', '2025-12-01 17:37:07'),
(0, '5241c8ea21d03', '2021-12-02 10:23:14', '2025-12-01 17:37:07'),
(0, '5241c8ea21d03', '2021-12-04 20:40:38', '2025-12-01 17:37:07'),
(0, '5241c8ea21d03', '2021-12-05 11:27:27', '2025-12-01 17:37:07'),
(0, '5241c8ea21d03', '2021-12-06 06:03:42', '2025-12-01 17:37:07'),
(0, '5241c8ea21d03', '2021-12-06 16:03:01', '2025-12-01 17:37:07'),
(0, '5241c8ea21d03', '2021-12-06 16:09:40', '2025-12-01 17:37:07'),
(0, '5241c8ea21d03', '2021-12-07 09:37:24', '2025-12-01 17:37:07'),
(0, '5241c8ea21d03', '2021-12-07 10:02:50', '2025-12-01 17:37:07'),
(0, '5241c8ea21d03', '2021-12-07 10:26:51', '2025-12-01 17:37:07'),
(0, '5241c8ea21d03', '2021-12-07 12:09:30', '2025-12-01 17:37:07'),
(0, '5241c8ea21d03', '2021-12-08 10:42:59', '2025-12-01 17:37:07'),
(0, '5241c8ea21d03', '2021-12-08 10:52:38', '2025-12-01 17:37:07'),
(0, '5241c8ea21d03', '2021-12-08 13:02:17', '2025-12-01 17:37:07'),
(0, '5241c8ea21d03', '2021-12-08 14:46:00', '2025-12-01 17:37:07'),
(0, '5241c8ea21d03', '2021-12-08 15:31:27', '2025-12-01 17:37:07'),
(0, '5241c8ea21d03', '2021-12-08 17:56:36', '2025-12-01 17:37:07'),
(0, '5241c8ea21d03', '2021-12-08 18:01:20', '2025-12-01 17:37:07'),
(0, '5241c8ea21d03', '2021-12-09 14:00:39', '2025-12-01 17:37:07'),
(0, '5241c8ea21d03', '2021-12-09 14:12:16', '2025-12-01 17:37:07'),
(0, '5241c8ea21d03', '2021-12-09 17:30:47', '2025-12-01 17:37:07'),
(0, '5241c8ea21d03', '2021-12-09 19:40:53', '2025-12-01 17:37:07'),
(0, '5241c8ea21d03', '2021-12-10 14:59:35', '2025-12-01 17:37:07'),
(0, '5241c8ea21d03', '2021-12-11 18:47:37', '2025-12-01 17:37:07'),
(0, '5241c8ea21d03', '2021-12-12 11:28:44', '2025-12-01 17:37:07'),
(0, '5241c8ea21d03', '2021-12-12 11:44:24', '2025-12-01 17:37:07'),
(0, '5241c8ea21d03', '2021-12-12 12:56:02', '2025-12-01 17:37:07'),
(0, '5241c8ea21d03', '2021-12-13 10:20:15', '2025-12-01 17:37:07'),
(0, '5241c8ea21d03', '2021-12-15 09:09:20', '2025-12-01 17:37:07'),
(0, '5241c8ea21d03', '2021-12-15 09:38:24', '2025-12-01 17:37:07'),
(0, '5241c8ea21d03', '2021-12-15 11:21:26', '2025-12-01 17:37:07'),
(0, '5241c8ea21d03', '2021-12-15 11:21:26', '2025-12-01 17:37:07'),
(0, '5241c8ea21d03', '2021-12-15 11:34:47', '2025-12-01 17:37:07'),
(0, '5241c8ea21d03', '2021-12-15 11:50:39', '2025-12-01 17:37:07'),
(0, '5241c8ea21d03', '2021-12-15 15:14:22', '2025-12-01 17:37:07'),
(0, '5241c8ea21d03', '2021-12-15 15:44:23', '2025-12-01 17:37:07'),
(0, '5241c8ea21d03', '2021-12-15 16:31:49', '2025-12-01 17:37:07'),
(0, '5241c8ea21d03', '2021-12-15 18:09:28', '2025-12-01 17:37:07'),
(0, '5241c8ea21d03', '2021-12-16 06:59:57', '2025-12-01 17:37:07'),
(0, '5241c8ea21d03', '2021-12-20 10:29:45', '2025-12-01 17:37:07'),
(0, '5241c8ea21d03', '2021-12-22 15:50:59', '2025-12-01 17:37:07'),
(0, '5241c8ea21d03', '2021-12-31 16:48:57', '2025-12-01 17:37:07'),
(0, '5241c8ea21d03', '2022-01-04 10:37:19', '2025-12-01 17:37:07'),
(0, '5241c8ea21d03', '2022-01-04 10:51:54', '2025-12-01 17:37:07'),
(0, '5241c8ea21d03', '2022-01-05 11:25:15', '2025-12-01 17:37:07'),
(0, '5241c8ea21d03', '2022-01-05 11:42:28', '2025-12-01 17:37:07'),
(0, '5241c8ea21d03', '2022-01-05 15:02:39', '2025-12-01 17:37:07'),
(0, '5241c8ea21d03', '2022-01-06 13:32:55', '2025-12-01 17:37:07'),
(0, '5241c8ea21d03', '2022-01-06 16:24:46', '2025-12-01 17:37:07'),
(0, '5241c8ea21d03', '2022-01-06 17:17:47', '2025-12-01 17:37:07'),
(0, '5241c8ea21d03', '2022-01-07 09:28:21', '2025-12-01 17:37:07'),
(0, '5241c8ea21d03', '2022-01-07 09:52:52', '2025-12-01 17:37:07'),
(0, '5241c8ea21d03', '2022-01-07 10:22:44', '2025-12-01 17:37:07'),
(0, '5241c8ea21d03', '2022-01-10 10:24:55', '2025-12-01 17:37:07'),
(0, '5241c8ea21d03', '2022-01-10 12:01:35', '2025-12-01 17:37:07'),
(0, '5241c8ea21d03', '2022-01-10 15:12:59', '2025-12-01 17:37:07'),
(0, '5241c8ea21d03', '2022-01-11 10:39:55', '2025-12-01 17:37:07'),
(0, '5241c8ea21d03', '2022-01-11 10:42:30', '2025-12-01 17:37:07'),
(0, '5241c8ea21d03', '2022-01-11 12:14:35', '2025-12-01 17:37:07'),
(0, '5241c8ea21d03', '2022-01-11 14:28:25', '2025-12-01 17:37:07'),
(0, '5241c8ea21d03', '2022-01-11 15:05:44', '2025-12-01 17:37:07'),
(0, '5241c8ea21d03', '2022-01-11 17:12:37', '2025-12-01 17:37:07'),
(0, '5241c8ea21d03', '2022-01-12 16:56:27', '2025-12-01 17:37:07'),
(0, '5241c8ea21d03', '2022-01-12 19:09:39', '2025-12-01 17:37:07'),
(0, '5241c8ea21d03', '2022-01-13 10:01:49', '2025-12-01 17:37:07'),
(0, '5241c8ea21d03', '2022-01-13 10:05:12', '2025-12-01 17:37:07'),
(0, '5241c8ea21d03', '2022-01-13 10:15:25', '2025-12-01 17:37:07'),
(0, '5241c8ea21d03', '2022-01-13 17:48:56', '2025-12-01 17:37:07'),
(0, '5241c8ea21d03', '2022-01-14 17:10:05', '2025-12-01 17:37:07'),
(0, '5241c8ea21d03', '2022-01-14 19:09:59', '2025-12-01 17:37:07'),
(0, '5241c8ea21d03', '2022-01-17 17:49:28', '2025-12-01 17:37:07'),
(0, '5241c8ea21d03', '2022-01-17 18:05:59', '2025-12-01 17:37:07'),
(0, '5241c8ea21d03', '2022-01-17 18:10:08', '2025-12-01 17:37:07'),
(0, '5241c8ea21d03', '2022-01-18 10:15:16', '2025-12-01 17:37:07'),
(0, '5241c8ea21d03', '2022-01-18 11:42:26', '2025-12-01 17:37:07'),
(0, '5241c8ea21d03', '2022-01-18 12:19:51', '2025-12-01 17:37:07'),
(0, '5241c8ea21d03', '2022-01-18 14:24:09', '2025-12-01 17:37:07'),
(0, '5241c8ea21d03', '2022-01-18 15:10:51', '2025-12-01 17:37:07'),
(0, '5241c8ea21d03', '2022-01-18 16:56:25', '2025-12-01 17:37:07'),
(0, '5241c8ea21d03', '2022-01-19 10:32:31', '2025-12-01 17:37:07'),
(0, '5241c8ea21d03', '2022-01-20 12:30:32', '2025-12-01 17:37:07'),
(0, '5241c8ea21d03', '2022-01-24 10:39:15', '2025-12-01 17:37:07'),
(0, '5241c8ea21d03', '2022-01-24 11:00:17', '2025-12-01 17:37:07'),
(0, '5241c8ea21d03', '2022-01-24 11:30:44', '2025-12-01 17:37:07'),
(0, '5241c8ea21d03', '2022-01-24 15:20:45', '2025-12-01 17:37:07'),
(0, '5241c8ea21d03', '2022-01-24 18:22:01', '2025-12-01 17:37:07'),
(0, '5241c8ea21d03', '2022-01-24 19:19:31', '2025-12-01 17:37:07'),
(0, '5241c8ea21d03', '2022-01-25 09:49:50', '2025-12-01 17:37:07'),
(0, '5241c8ea21d03', '2022-01-25 09:54:42', '2025-12-01 17:37:07'),
(0, '5241c8ea21d03', '2022-01-25 10:42:44', '2025-12-01 17:37:07'),
(0, '5241c8ea21d03', '2022-01-25 11:16:13', '2025-12-01 17:37:07'),
(0, '5241c8ea21d03', '2022-01-25 19:34:30', '2025-12-01 17:37:07'),
(0, '5241c8ea21d03', '2022-01-26 09:07:32', '2025-12-01 17:37:07'),
(0, '5241c8ea21d03', '2022-01-26 10:55:00', '2025-12-01 17:37:07'),
(0, '5241c8ea21d03', '2022-01-26 14:46:51', '2025-12-01 17:37:07'),
(0, '5241c8ea21d03', '2022-01-26 18:38:01', '2025-12-01 17:37:07'),
(0, '5241c8ea21d03', '2022-01-26 18:44:15', '2025-12-01 17:37:07'),
(0, '5241c8ea21d03', '2022-01-26 19:20:59', '2025-12-01 17:37:07'),
(0, '5241c8ea21d03', '2022-01-27 09:44:08', '2025-12-01 17:37:07'),
(0, '5241c8ea21d03', '2022-01-27 10:07:09', '2025-12-01 17:37:07'),
(0, '5241c8ea21d03', '2022-01-27 10:51:31', '2025-12-01 17:37:07'),
(0, '5241c8ea21d03', '2022-01-31 15:28:40', '2025-12-01 17:37:07'),
(0, '5241c8ea21d03', '2022-02-01 15:19:30', '2025-12-01 17:37:07'),
(0, '5241c8ea21d03', '2022-02-01 15:20:01', '2025-12-01 17:37:07'),
(0, '5241c8ea21d03', '2022-02-01 16:58:56', '2025-12-01 17:37:07'),
(0, '5241c8ea21d03', '2022-02-01 17:48:27', '2025-12-01 17:37:07'),
(0, '5241c8ea21d03', '2022-02-02 09:48:36', '2025-12-01 17:37:07'),
(0, '5241c8ea21d03', '2022-02-02 14:27:45', '2025-12-01 17:37:07'),
(0, '5241c8ea21d03', '2022-02-02 14:38:33', '2025-12-01 17:37:07'),
(0, '5241c8ea21d03', '2022-02-02 14:38:35', '2025-12-01 17:37:07'),
(0, '5241c8ea21d03', '2022-02-02 14:39:18', '2025-12-01 17:37:07'),
(0, '5241c8ea21d03', '2022-02-02 17:51:11', '2025-12-01 17:37:07'),
(0, '5241c8ea21d03', '2022-02-02 19:49:11', '2025-12-01 17:37:07'),
(0, '5241c8ea21d03', '2022-02-03 09:22:56', '2025-12-01 17:37:07'),
(0, '5241c8ea21d03', '2022-02-03 15:10:20', '2025-12-01 17:37:07'),
(0, '5241c8ea21d03', '2022-02-04 10:40:35', '2025-12-01 17:37:07'),
(0, '5241c8ea21d03', '2022-02-04 12:15:41', '2025-12-01 17:37:07'),
(0, '5241c8ea21d03', '2022-02-04 12:21:03', '2025-12-01 17:37:07'),
(0, '5241c8ea21d03', '2022-02-04 14:35:38', '2025-12-01 17:37:07'),
(0, '5241c8ea21d03', '2022-02-04 14:38:25', '2025-12-01 17:37:07'),
(0, '5241c8ea21d03', '2022-02-04 15:55:31', '2025-12-01 17:37:07'),
(0, '5241c8ea21d03', '2022-02-04 16:26:40', '2025-12-01 17:37:07'),
(0, '5241c8ea21d03', '2022-02-06 17:31:09', '2025-12-01 17:37:07'),
(0, '5241c8ea21d03', '2022-02-07 09:49:32', '2025-12-01 17:37:07'),
(0, '5241c8ea21d03', '2022-02-07 10:08:51', '2025-12-01 17:37:07'),
(0, '5241c8ea21d03', '2022-02-07 10:13:39', '2025-12-01 17:37:07'),
(0, '5241c8ea21d03', '2022-02-07 12:35:08', '2025-12-01 17:37:07'),
(0, '5241c8ea21d03', '2022-02-07 14:42:58', '2025-12-01 17:37:07'),
(0, '5241c8ea21d03', '2022-02-07 15:26:59', '2025-12-01 17:37:07'),
(0, '5241c8ea21d03', '2022-02-08 09:52:46', '2025-12-01 17:37:07'),
(0, '5241c8ea21d03', '2022-02-08 10:10:44', '2025-12-01 17:37:07'),
(0, '5241c8ea21d03', '2022-02-08 15:08:12', '2025-12-01 17:37:07'),
(0, '5241c8ea21d03', '2022-02-08 15:14:34', '2025-12-01 17:37:07'),
(0, '5241c8ea21d03', '2022-02-09 11:35:46', '2025-12-01 17:37:07'),
(0, '5241c8ea21d03', '2022-02-09 14:08:59', '2025-12-01 17:37:07'),
(0, '5241c8ea21d03', '2022-02-10 09:25:03', '2025-12-01 17:37:07'),
(0, '5241c8ea21d03', '2022-02-10 15:04:10', '2025-12-01 17:37:07'),
(0, '5241c8ea21d03', '2022-02-10 16:37:55', '2025-12-01 17:37:07'),
(0, '5241c8ea21d03', '2022-02-10 16:40:34', '2025-12-01 17:37:07'),
(0, '5241c8ea21d03', '2022-02-10 16:47:03', '2025-12-01 17:37:07'),
(0, '5241c8ea21d03', '2022-02-10 16:50:00', '2025-12-01 17:37:07'),
(0, '5241c8ea21d03', '2022-02-11 10:16:12', '2025-12-01 17:37:07'),
(0, '5241c8ea21d03', '2022-02-11 13:24:15', '2025-12-01 17:37:07'),
(0, '5241c8ea21d03', '2022-02-11 18:57:21', '2025-12-01 17:37:07'),
(0, '5241c8ea21d03', '2022-02-14 09:43:20', '2025-12-01 17:37:07'),
(0, '5241c8ea21d03', '2022-02-14 10:11:19', '2025-12-01 17:37:07'),
(0, '5241c8ea21d03', '2022-02-14 10:19:13', '2025-12-01 17:37:07'),
(0, '5241c8ea21d03', '2022-02-14 12:10:05', '2025-12-01 17:37:07'),
(0, '5241c8ea21d03', '2022-02-14 16:27:01', '2025-12-01 17:37:07'),
(0, '5241c8ea21d03', '2022-02-15 10:45:15', '2025-12-01 17:37:07'),
(0, '5241c8ea21d03', '2022-02-15 10:48:55', '2025-12-01 17:37:07'),
(0, '5241c8ea21d03', '2022-02-15 14:09:23', '2025-12-01 17:37:07'),
(0, '5241c8ea21d03', '2022-02-15 17:39:32', '2025-12-01 17:37:07'),
(0, '5241c8ea21d03', '2022-02-16 09:49:03', '2025-12-01 17:37:07'),
(0, '5241c8ea21d03', '2022-02-16 11:28:31', '2025-12-01 17:37:07'),
(0, '5241c8ea21d03', '2022-02-16 14:56:37', '2025-12-01 17:37:07'),
(0, '5241c8ea21d03', '2022-02-16 18:42:21', '2025-12-01 17:37:07'),
(0, '5241c8ea21d03', '2022-02-17 10:43:37', '2025-12-01 17:37:07'),
(0, '5241c8ea21d03', '2022-02-17 14:29:44', '2025-12-01 17:37:07'),
(0, '5241c8ea21d03', '2022-02-21 09:36:42', '2025-12-01 17:37:07'),
(0, '5241c8ea21d03', '2022-02-21 10:58:22', '2025-12-01 17:37:07'),
(0, '5241c8ea21d03', '2022-02-21 11:12:12', '2025-12-01 17:37:07'),
(0, '5241c8ea21d03', '2022-02-21 11:13:22', '2025-12-01 17:37:07'),
(0, '5241c8ea21d03', '2022-02-21 11:23:12', '2025-12-01 17:37:07'),
(0, '5241c8ea21d03', '2022-02-21 11:39:03', '2025-12-01 17:37:07'),
(0, '5241c8ea21d03', '2022-02-21 12:06:44', '2025-12-01 17:37:07'),
(0, '5241c8ea21d03', '2022-02-21 14:44:19', '2025-12-01 17:37:07'),
(0, '5241c8ea21d03', '2022-02-21 14:51:45', '2025-12-01 17:37:07'),
(0, '5241c8ea21d03', '2022-02-21 15:55:19', '2025-12-01 17:37:07'),
(0, '5241c8ea21d03', '2022-02-22 10:06:54', '2025-12-01 17:37:07'),
(0, '5241c8ea21d03', '2022-02-22 11:40:32', '2025-12-01 17:37:07'),
(0, '5241c8ea21d03', '2022-02-22 14:33:35', '2025-12-01 17:37:07'),
(0, '5241c8ea21d03', '2022-02-22 14:35:17', '2025-12-01 17:37:07'),
(0, '5241c8ea21d03', '2022-02-22 16:27:01', '2025-12-01 17:37:07'),
(0, '5241c8ea21d03', '2022-02-23 10:03:54', '2025-12-01 17:37:07'),
(0, '5241c8ea21d03', '2022-02-23 10:11:04', '2025-12-01 17:37:07'),
(0, '5241c8ea21d03', '2022-02-23 10:13:25', '2025-12-01 17:37:07'),
(0, '5241c8ea21d03', '2022-02-23 10:32:06', '2025-12-01 17:37:07'),
(0, '5241c8ea21d03', '2022-02-23 11:51:13', '2025-12-01 17:37:07'),
(0, '5241c8ea21d03', '2022-02-23 15:12:30', '2025-12-01 17:37:07'),
(0, '5241c8ea21d03', '2022-02-24 11:05:40', '2025-12-01 17:37:07'),
(0, '5241c8ea21d03', '2022-02-24 11:05:40', '2025-12-01 17:37:07'),
(0, '5241c8ea21d03', '2022-02-25 10:07:11', '2025-12-01 17:37:07'),
(0, '5241c8ea21d03', '2022-02-25 18:34:37', '2025-12-01 17:37:07'),
(0, '5241c8ea21d03', '2022-02-25 19:15:04', '2025-12-01 17:37:07'),
(0, '5241c8ea21d03', '2022-02-28 10:26:36', '2025-12-01 17:37:07'),
(0, '5241c8ea21d03', '2022-02-28 10:29:56', '2025-12-01 17:37:07'),
(0, '5241c8ea21d03', '2022-02-28 11:11:20', '2025-12-01 17:37:07'),
(0, '5241c8ea21d03', '2022-02-28 15:43:12', '2025-12-01 17:37:07'),
(0, '5241c8ea21d03', '2022-02-28 15:57:44', '2025-12-01 17:37:07'),
(0, '5241c8ea21d03', '2022-02-28 16:57:28', '2025-12-01 17:37:07'),
(0, '5241c8ea21d03', '2022-03-01 09:41:49', '2025-12-01 17:37:07'),
(0, '5241c8ea21d03', '2022-03-01 10:11:51', '2025-12-01 17:37:07'),
(0, '5241c8ea21d03', '2022-03-01 10:17:06', '2025-12-01 17:37:07'),
(0, '5241c8ea21d03', '2022-03-01 11:01:16', '2025-12-01 17:37:07'),
(0, '5241c8ea21d03', '2022-03-01 11:48:56', '2025-12-01 17:37:07'),
(0, '5241c8ea21d03', '2022-03-01 14:45:42', '2025-12-01 17:37:07'),
(0, '5241c8ea21d03', '2022-03-01 15:00:22', '2025-12-01 17:37:07'),
(0, '5241c8ea21d03', '2022-03-01 16:15:14', '2025-12-01 17:37:07'),
(0, '5241c8ea21d03', '2022-03-02 09:54:56', '2025-12-01 17:37:07'),
(0, '5241c8ea21d03', '2022-03-02 14:36:47', '2025-12-01 17:37:07'),
(0, '5241c8ea21d03', '2022-03-03 09:43:58', '2025-12-01 17:37:07'),
(0, '5241c8ea21d03', '2022-03-03 09:47:15', '2025-12-01 17:37:07'),
(0, '5241c8ea21d03', '2022-03-03 09:52:44', '2025-12-01 17:37:07'),
(0, '5241c8ea21d03', '2022-03-03 11:17:55', '2025-12-01 17:37:07'),
(0, '5241c8ea21d03', '2022-03-03 15:58:29', '2025-12-01 17:37:07'),
(0, '5241c8ea21d03', '2022-03-04 13:56:53', '2025-12-01 17:37:07'),
(0, '5241c8ea21d03', '2022-03-05 17:02:48', '2025-12-01 17:37:07'),
(0, '5241c8ea21d03', '2022-03-07 10:01:33', '2025-12-01 17:37:07'),
(0, '5241c8ea21d03', '2022-03-07 15:18:35', '2025-12-01 17:37:07'),
(0, '5241c8ea21d03', '2022-03-07 16:43:44', '2025-12-01 17:37:07'),
(0, '5241c8ea21d03', '2022-03-08 14:46:13', '2025-12-01 17:37:07'),
(0, '5241c8ea21d03', '2022-03-08 16:13:18', '2025-12-01 17:37:07'),
(0, '5241c8ea21d03', '2022-03-09 14:29:43', '2025-12-01 17:37:07'),
(0, '5241c8ea21d03', '2022-03-10 09:23:29', '2025-12-01 17:37:07'),
(0, '5241c8ea21d03', '2022-03-10 15:13:40', '2025-12-01 17:37:07'),
(0, '5241c8ea21d03', '2022-03-10 16:46:08', '2025-12-01 17:37:07'),
(0, '5241c8ea21d03', '2022-03-11 10:51:38', '2025-12-01 17:37:07'),
(0, '5241c8ea21d03', '2022-03-11 14:33:54', '2025-12-01 17:37:07'),
(0, '5241c8ea21d03', '2022-03-11 14:38:41', '2025-12-01 17:37:07'),
(0, '5241c8ea21d03', '2022-03-14 09:29:46', '2025-12-01 17:37:07'),
(0, '5241c8ea21d03', '2022-03-29 10:21:49', '2025-12-01 17:37:07'),
(0, '5241c8ea21d03', '2022-04-01 09:29:30', '2025-12-01 17:37:07'),
(0, '5241c8ea21d03', '2022-04-04 13:39:04', '2025-12-01 17:37:07'),
(0, '5241c8ea21d03', '2022-04-06 09:42:07', '2025-12-01 17:37:07'),
(0, '5241c8ea21d03', '2022-04-06 18:34:43', '2025-12-01 17:37:07'),
(0, '5241c8ea21d03', '2022-04-06 19:17:14', '2025-12-01 17:37:07'),
(0, '5241c8ea21d03', '2022-04-08 15:35:02', '2025-12-01 17:37:07'),
(0, '5241c8ea21d03', '2022-04-13 11:53:58', '2025-12-01 17:37:07'),
(0, '5241c8ea21d03', '2022-04-13 22:26:33', '2025-12-01 17:37:07'),
(0, '5241c8ea21d03', '2022-04-18 19:22:34', '2025-12-01 17:37:07'),
(0, '5241c8ea21d03', '2022-04-19 07:39:19', '2025-12-01 17:37:07'),
(0, '5241c8ea21d03', '2022-04-22 14:09:36', '2025-12-01 17:37:07'),
(0, '5241c8ea21d03', '2022-04-23 07:48:21', '2025-12-01 17:37:07'),
(0, '5241c8ea21d03', '2022-04-23 08:07:04', '2025-12-01 17:37:07'),
(0, '5241c8ea21d03', '2022-04-23 08:31:33', '2025-12-01 17:37:07'),
(0, '5241c8ea21d03', '2022-04-26 14:07:20', '2025-12-01 17:37:07'),
(0, '5241c8ea21d03', '2022-04-26 18:11:56', '2025-12-01 17:37:07'),
(0, '5241c8ea21d03', '2022-04-27 09:53:13', '2025-12-01 17:37:07'),
(0, '5241c8ea21d03', '2022-04-27 09:53:19', '2025-12-01 17:37:07'),
(0, '5241c8ea21d03', '2022-04-27 10:17:44', '2025-12-01 17:37:07'),
(0, '5241c8ea21d03', '2022-04-27 15:24:10', '2025-12-01 17:37:07'),
(0, '5241c8ea21d03', '2022-04-28 10:05:03', '2025-12-01 17:37:07'),
(0, '5241c8ea21d03', '2022-04-29 08:19:02', '2025-12-01 17:37:07'),
(0, '5241c8ea21d03', '2022-04-29 10:06:49', '2025-12-01 17:37:07'),
(0, '5241c8ea21d03', '2022-04-29 11:01:58', '2025-12-01 17:37:07'),
(0, '5241c8ea21d03', '2022-04-30 17:00:24', '2025-12-01 17:37:07'),
(0, '5241c8ea21d03', '2022-04-30 20:34:41', '2025-12-01 17:37:07'),
(0, '5241c8ea21d03', '2022-05-02 12:59:09', '2025-12-01 17:37:07'),
(0, '5241c8ea21d03', '2022-05-02 14:56:07', '2025-12-01 17:37:07'),
(0, '5241c8ea21d03', '2022-05-02 19:12:33', '2025-12-01 17:37:07'),
(0, '5241c8ea21d03', '2022-05-03 08:50:14', '2025-12-01 17:37:07'),
(0, '5241c8ea21d03', '2022-05-16 11:20:18', '2025-12-01 17:37:07'),
(0, '5241c8ea21d03', '2022-05-16 14:42:05', '2025-12-01 17:37:07'),
(0, '5241c8ea21d03', '2022-05-17 11:11:43', '2025-12-01 17:37:07'),
(0, '5241c8ea21d03', '2022-05-17 15:23:11', '2025-12-01 17:37:07'),
(0, '5241c8ea21d03', '2022-05-23 11:16:15', '2025-12-01 17:37:07'),
(0, '5241c8ea21d03', '2022-05-23 17:15:01', '2025-12-01 17:37:07'),
(0, '5241c8ea21d03', '2022-05-23 17:23:36', '2025-12-01 17:37:07'),
(0, '5241c8ea21d03', '2022-05-24 08:55:15', '2025-12-01 17:37:07'),
(0, '5241c8ea21d03', '2022-06-23 10:37:43', '2025-12-01 17:37:07'),
(0, '5241c8ea21d03', '2022-06-27 14:53:07', '2025-12-01 17:37:07'),
(0, '5241c8ea21d03', '2022-06-27 18:55:17', '2025-12-01 17:37:07'),
(0, '5241c8ea21d03', '2022-07-21 15:52:29', '2025-12-01 17:37:07'),
(0, '5241c8ea21d03', '2022-07-25 09:25:22', '2025-12-01 17:37:07'),
(0, '5241c8ea21d03', '2022-08-01 15:07:32', '2025-12-01 17:37:07'),
(0, '5241c8ea21d03', '2022-08-16 11:29:51', '2025-12-01 17:37:07'),
(0, '5241c8ea21d03', '2022-08-16 17:04:51', '2025-12-01 17:37:07'),
(0, '5241c8ea21d03', '2022-08-17 09:51:18', '2025-12-01 17:37:07'),
(0, '5241c8ea21d03', '2022-08-17 16:45:25', '2025-12-01 17:37:07'),
(0, '5241c8ea21d03', '2022-09-01 17:10:01', '2025-12-01 17:37:07'),
(0, '5241c8ea21d03', '2022-09-02 15:00:57', '2025-12-01 17:37:07'),
(0, '5241c8ea21d03', '2022-09-02 15:08:52', '2025-12-01 17:37:07'),
(0, '5241c8ea21d03', '2022-09-05 11:11:30', '2025-12-01 17:37:07'),
(0, '5241c8ea21d03', '2022-09-05 14:37:16', '2025-12-01 17:37:07'),
(0, '5241c8ea21d03', '2022-09-06 10:04:44', '2025-12-01 17:37:07'),
(0, '5241c8ea21d03', '2022-09-06 16:02:41', '2025-12-01 17:37:07'),
(0, '5241c8ea21d03', '2022-09-06 17:29:32', '2025-12-01 17:37:07'),
(0, '5241c8ea21d03', '2022-09-06 18:58:08', '2025-12-01 17:37:07'),
(0, '5241c8ea21d03', '2022-09-06 20:33:41', '2025-12-01 17:37:07'),
(0, '5241c8ea21d03', '2022-09-07 14:47:21', '2025-12-01 17:37:07'),
(0, '5241c8ea21d03', '2022-09-08 15:15:36', '2025-12-01 17:37:07'),
(0, '5241c8ea21d03', '2022-09-09 15:55:27', '2025-12-01 17:37:07'),
(0, '5241c8ea21d03', '2022-09-12 10:25:01', '2025-12-01 17:37:07'),
(0, '5241c8ea21d03', '2022-09-12 10:51:12', '2025-12-01 17:37:07'),
(0, '5241c8ea21d03', '2022-09-12 15:24:24', '2025-12-01 17:37:07'),
(0, '5241c8ea21d03', '2022-09-12 15:32:36', '2025-12-01 17:37:07'),
(0, '5241c8ea21d03', '2022-09-12 16:36:04', '2025-12-01 17:37:07'),
(0, '5241c8ea21d03', '2022-09-12 17:49:48', '2025-12-01 17:37:07'),
(0, '5241c8ea21d03', '2022-09-13 09:23:09', '2025-12-01 17:37:07'),
(0, '5241c8ea21d03', '2022-09-13 11:29:27', '2025-12-01 17:37:07'),
(0, '5241c8ea21d03', '2022-09-17 11:13:33', '2025-12-01 17:37:07'),
(0, '5241c8ea21d03', '2022-09-19 10:49:42', '2025-12-01 17:37:07'),
(0, '5241c8ea21d03', '2022-09-22 15:57:42', '2025-12-01 17:37:07'),
(0, '5241c8ea21d03', '2022-09-22 16:11:02', '2025-12-01 17:37:07'),
(0, '5241c8ea21d03', '2022-09-23 10:07:02', '2025-12-01 17:37:07'),
(0, '5241c8ea21d03', '2022-09-23 10:48:56', '2025-12-01 17:37:07'),
(0, '5241c8ea21d03', '2022-09-27 11:10:13', '2025-12-01 17:37:07'),
(0, '5241c8ea21d03', '2022-09-27 15:15:23', '2025-12-01 17:37:07'),
(0, '5241c8ea21d03', '2022-09-27 16:48:16', '2025-12-01 17:37:07'),
(0, '5241c8ea21d03', '2022-09-28 10:31:23', '2025-12-01 17:37:07'),
(0, '5241c8ea21d03', '2022-09-29 10:20:19', '2025-12-01 17:37:07'),
(0, '5241c8ea21d03', '2022-09-30 14:18:25', '2025-12-01 17:37:07'),
(0, '5241c8ea21d03', '2022-09-30 16:14:25', '2025-12-01 17:37:07'),
(0, '5241c8ea21d03', '2022-10-11 15:41:02', '2025-12-01 17:37:07'),
(0, '5241c8ea21d03', '2022-10-12 10:16:18', '2025-12-01 17:37:07'),
(0, '5241c8ea21d03', '2022-10-12 10:39:34', '2025-12-01 17:37:07'),
(0, '5241c8ea21d03', '2022-10-12 14:44:22', '2025-12-01 17:37:07'),
(0, '5241c8ea21d03', '2022-10-12 16:42:07', '2025-12-01 17:37:07'),
(0, '5241c8ea21d03', '2022-10-13 11:38:57', '2025-12-01 17:37:07'),
(0, '5241c8ea21d03', '2022-10-13 16:32:03', '2025-12-01 17:37:07'),
(0, '5241c8ea21d03', '2022-10-14 10:30:45', '2025-12-01 17:37:07'),
(0, '5241c8ea21d03', '2022-10-14 11:47:35', '2025-12-01 17:37:07'),
(0, '5241c8ea21d03', '2022-10-14 14:04:07', '2025-12-01 17:37:07'),
(0, '5241c8ea21d03', '2022-10-14 15:11:29', '2025-12-01 17:37:07'),
(0, '5241c8ea21d03', '2022-10-14 16:05:56', '2025-12-01 17:37:07'),
(0, '5241c8ea21d03', '2022-10-17 13:54:18', '2025-12-01 17:37:07'),
(0, '5241c8ea21d03', '2022-10-17 14:16:39', '2025-12-01 17:37:07'),
(0, '5241c8ea21d03', '2022-10-17 14:31:59', '2025-12-01 17:37:07'),
(0, '5241c8ea21d03', '2022-10-17 14:56:44', '2025-12-01 17:37:07'),
(0, '5241c8ea21d03', '2022-10-17 15:09:28', '2025-12-01 17:37:07'),
(0, '5241c8ea21d03', '2022-10-17 15:13:15', '2025-12-01 17:37:07'),
(0, '5241c8ea21d03', '2022-10-17 15:28:42', '2025-12-01 17:37:07'),
(0, '5241c8ea21d03', '2022-10-17 17:05:08', '2025-12-01 17:37:07'),
(0, '5241c8ea21d03', '2022-10-20 18:26:01', '2025-12-01 17:37:07'),
(0, '5241c8ea21d03', '2022-10-21 09:42:12', '2025-12-01 17:37:07'),
(0, '5241c8ea21d03', '2022-10-22 17:37:53', '2025-12-01 17:37:07'),
(0, '5241c8ea21d03', '2022-10-24 20:24:34', '2025-12-01 17:37:07'),
(0, '5241c8ea21d03', '2022-10-29 19:27:40', '2025-12-01 17:37:07'),
(0, '5241c8ea21d03', '2022-10-29 19:27:49', '2025-12-01 17:37:07'),
(0, '5241c8ea21d03', '2022-11-02 11:28:35', '2025-12-01 17:37:07'),
(0, '5241c8ea21d03', '2022-11-03 13:30:24', '2025-12-01 17:37:07'),
(0, '5241c8ea21d03', '2022-11-03 18:21:08', '2025-12-01 17:37:07'),
(0, '5241c8ea21d03', '2022-11-03 18:21:52', '2025-12-01 17:37:07'),
(0, '5241c8ea21d03', '2022-11-03 18:22:06', '2025-12-01 17:37:07'),
(0, '5241c8ea21d03', '2022-11-03 18:22:13', '2025-12-01 17:37:07'),
(0, '5241c8ea21d03', '2022-11-09 15:17:30', '2025-12-01 17:37:07'),
(0, '5241c8ea21d03', '2022-11-09 16:53:00', '2025-12-01 17:37:07'),
(0, '5241c8ea21d03', '2022-11-09 17:02:49', '2025-12-01 17:37:07'),
(0, '5241c8ea21d03', '2022-11-14 08:10:15', '2025-12-01 17:37:07'),
(0, '5241c8ea21d03', '2022-11-14 15:57:54', '2025-12-01 17:37:07'),
(0, '5241c8ea21d03', '2022-11-14 17:57:05', '2025-12-01 17:37:07'),
(0, '5241c8ea21d03', '2022-11-14 18:24:22', '2025-12-01 17:37:07'),
(0, '5241c8ea21d03', '2022-11-15 10:16:51', '2025-12-01 17:37:07'),
(0, '5241c8ea21d03', '2022-11-15 12:26:43', '2025-12-01 17:37:07'),
(0, '5241c8ea21d03', '2022-11-15 14:08:14', '2025-12-01 17:37:07'),
(0, '5241c8ea21d03', '2022-11-15 14:29:10', '2025-12-01 17:37:07'),
(0, '5241c8ea21d03', '2022-11-15 16:43:18', '2025-12-01 17:37:07'),
(0, '5241c8ea21d03', '2022-11-15 16:58:15', '2025-12-01 17:37:07'),
(0, '5241c8ea21d03', '2022-11-15 17:04:31', '2025-12-01 17:37:07'),
(0, '5241c8ea21d03', '2022-11-18 09:56:13', '2025-12-01 17:37:07'),
(0, '5241c8ea21d03', '2022-11-18 15:19:17', '2025-12-01 17:37:07'),
(0, '5241c8ea21d03', '2022-11-18 16:03:13', '2025-12-01 17:37:07'),
(0, '5241c8ea21d03', '2022-11-18 16:05:20', '2025-12-01 17:37:07'),
(0, '5241c8ea21d03', '2022-11-20 18:27:43', '2025-12-01 17:37:07'),
(0, '5241c8ea21d03', '2022-11-20 18:27:50', '2025-12-01 17:37:07'),
(0, '5241c8ea21d03', '2022-11-22 11:06:51', '2025-12-01 17:37:07'),
(0, '5241c8ea21d03', '2022-11-25 11:09:25', '2025-12-01 17:37:07'),
(0, '5241c8ea21d03', '2022-11-25 11:09:34', '2025-12-01 17:37:07'),
(0, '5241c8ea21d03', '2022-11-25 11:11:06', '2025-12-01 17:37:07'),
(0, '5241c8ea21d03', '2022-11-25 12:11:05', '2025-12-01 17:37:07'),
(0, '5241c8ea21d03', '2022-11-25 15:13:51', '2025-12-01 17:37:07'),
(0, '5241c8ea21d03', '2022-11-25 16:13:55', '2025-12-01 17:37:07'),
(0, '5241c8ea21d03', '2022-11-25 17:12:17', '2025-12-01 17:37:07'),
(0, '5241c8ea21d03', '2022-11-25 17:12:42', '2025-12-01 17:37:07'),
(0, '5241c8ea21d03', '2022-11-25 17:12:53', '2025-12-01 17:37:07'),
(0, '5241c8ea21d03', '2022-11-25 17:15:43', '2025-12-01 17:37:07'),
(0, '5241c8ea21d03', '2022-11-25 17:36:10', '2025-12-01 17:37:07'),
(0, '5241c8ea21d03', '2022-11-25 17:36:47', '2025-12-01 17:37:07'),
(0, '5241c8ea21d03', '2022-11-28 16:04:46', '2025-12-01 17:37:07'),
(0, '5241c8ea21d03', '2022-11-28 17:31:26', '2025-12-01 17:37:07'),
(0, '5241c8ea21d03', '2022-11-28 17:51:29', '2025-12-01 17:37:07'),
(0, '5241c8ea21d03', '2022-11-28 18:03:26', '2025-12-01 17:37:07'),
(0, '5241c8ea21d03', '2022-11-29 10:19:35', '2025-12-01 17:37:07'),
(0, '5241c8ea21d03', '2022-11-29 11:04:11', '2025-12-01 17:37:07'),
(0, '5241c8ea21d03', '2022-11-29 14:47:53', '2025-12-01 17:37:07'),
(0, '5241c8ea21d03', '2022-11-29 15:35:54', '2025-12-01 17:37:07'),
(0, '5241c8ea21d03', '2022-11-30 10:01:12', '2025-12-01 17:37:07'),
(0, '5241c8ea21d03', '2022-11-30 10:10:54', '2025-12-01 17:37:07'),
(0, '5241c8ea21d03', '2022-11-30 10:20:13', '2025-12-01 17:37:07'),
(0, '5241c8ea21d03', '2022-11-30 10:38:49', '2025-12-01 17:37:07'),
(0, '5241c8ea21d03', '2022-11-30 10:40:48', '2025-12-01 17:37:07'),
(0, '5241c8ea21d03', '2022-11-30 12:15:46', '2025-12-01 17:37:07'),
(0, '5241c8ea21d03', '2022-11-30 14:23:36', '2025-12-01 17:37:07'),
(0, '5241c8ea21d03', '2022-11-30 14:31:54', '2025-12-01 17:37:07'),
(0, '5241c8ea21d03', '2022-11-30 15:04:02', '2025-12-01 17:37:07'),
(0, '5241c8ea21d03', '2022-11-30 17:23:01', '2025-12-01 17:37:07'),
(0, '5241c8ea21d03', '2022-11-30 17:30:06', '2025-12-01 17:37:07'),
(0, '5241c8ea21d03', '2022-11-30 17:51:05', '2025-12-01 17:37:07'),
(0, '5241c8ea21d03', '2022-11-30 17:58:47', '2025-12-01 17:37:07'),
(0, '5241c8ea21d03', '2022-12-01 10:01:40', '2025-12-01 17:37:07'),
(0, '5241c8ea21d03', '2022-12-01 10:07:40', '2025-12-01 17:37:07'),
(0, '5241c8ea21d03', '2022-12-01 10:23:25', '2025-12-01 17:37:07'),
(0, '5241c8ea21d03', '2022-12-01 10:59:29', '2025-12-01 17:37:07'),
(0, '5241c8ea21d03', '2022-12-01 12:02:56', '2025-12-01 17:37:07'),
(0, '5241c8ea21d03', '2022-12-01 14:10:10', '2025-12-01 17:37:07'),
(0, '5241c8ea21d03', '2022-12-01 16:19:41', '2025-12-01 17:37:07'),
(0, '5241c8ea21d03', '2022-12-01 16:20:53', '2025-12-01 17:37:07'),
(0, '5241c8ea21d03', '2022-12-01 16:28:41', '2025-12-01 17:37:07'),
(0, '5241c8ea21d03', '2022-12-01 17:49:53', '2025-12-01 17:37:07'),
(0, '5241c8ea21d03', '2022-12-01 17:52:43', '2025-12-01 17:37:07'),
(0, '5241c8ea21d03', '2022-12-02 09:11:37', '2025-12-01 17:37:07'),
(0, '5241c8ea21d03', '2022-12-02 10:28:13', '2025-12-01 17:37:07'),
(0, '5241c8ea21d03', '2022-12-02 11:12:30', '2025-12-01 17:37:07'),
(0, '5241c8ea21d03', '2022-12-02 14:57:19', '2025-12-01 17:37:07'),
(0, '5241c8ea21d03', '2022-12-02 18:14:09', '2025-12-01 17:37:07'),
(0, '5241c8ea21d03', '2022-12-05 11:17:28', '2025-12-01 17:37:07'),
(0, '5241c8ea21d03', '2022-12-05 16:16:04', '2025-12-01 17:37:07'),
(0, '5241c8ea21d03', '2022-12-06 09:38:51', '2025-12-01 17:37:07'),
(0, '5241c8ea21d03', '2022-12-06 09:51:53', '2025-12-01 17:37:07'),
(0, '5241c8ea21d03', '2022-12-06 10:26:06', '2025-12-01 17:37:07'),
(0, '5241c8ea21d03', '2022-12-06 10:34:02', '2025-12-01 17:37:07'),
(0, '5241c8ea21d03', '2022-12-06 10:47:48', '2025-12-01 17:37:07'),
(0, '5241c8ea21d03', '2022-12-06 10:58:32', '2025-12-01 17:37:07'),
(0, '5241c8ea21d03', '2022-12-06 11:41:21', '2025-12-01 17:37:07'),
(0, '5241c8ea21d03', '2022-12-06 14:10:09', '2025-12-01 17:37:07'),
(0, '5241c8ea21d03', '2022-12-06 14:36:17', '2025-12-01 17:37:07'),
(0, '5241c8ea21d03', '2022-12-06 14:39:58', '2025-12-01 17:37:07'),
(0, '5241c8ea21d03', '2022-12-06 14:46:41', '2025-12-01 17:37:07'),
(0, '5241c8ea21d03', '2022-12-06 14:49:43', '2025-12-01 17:37:07'),
(0, '5241c8ea21d03', '2022-12-06 15:44:58', '2025-12-01 17:37:07'),
(0, '5241c8ea21d03', '2022-12-06 16:51:03', '2025-12-01 17:37:07'),
(0, '5241c8ea21d03', '2022-12-06 18:36:33', '2025-12-01 17:37:07'),
(0, '5241c8ea21d03', '2022-12-07 09:42:50', '2025-12-01 17:37:07'),
(0, '5241c8ea21d03', '2022-12-07 10:28:22', '2025-12-01 17:37:07'),
(0, '5241c8ea21d03', '2022-12-07 10:41:31', '2025-12-01 17:37:07'),
(0, '5241c8ea21d03', '2022-12-07 10:51:21', '2025-12-01 17:37:07'),
(0, '5241c8ea21d03', '2022-12-07 10:58:41', '2025-12-01 17:37:07'),
(0, '5241c8ea21d03', '2022-12-07 14:56:56', '2025-12-01 17:37:07'),
(0, '5241c8ea21d03', '2022-12-07 16:23:03', '2025-12-01 17:37:07'),
(0, '5241c8ea21d03', '2022-12-07 17:16:54', '2025-12-01 17:37:07'),
(0, '5241c8ea21d03', '2022-12-08 09:25:19', '2025-12-01 17:37:07'),
(0, '5241c8ea21d03', '2022-12-08 09:35:10', '2025-12-01 17:37:07'),
(0, '5241c8ea21d03', '2022-12-08 09:44:37', '2025-12-01 17:37:07'),
(0, '5241c8ea21d03', '2022-12-08 09:52:07', '2025-12-01 17:37:07'),
(0, '5241c8ea21d03', '2022-12-08 10:00:45', '2025-12-01 17:37:07'),
(0, '5241c8ea21d03', '2022-12-08 10:35:38', '2025-12-01 17:37:07'),
(0, '5241c8ea21d03', '2022-12-08 10:46:56', '2025-12-01 17:37:07'),
(0, '5241c8ea21d03', '2022-12-08 11:05:40', '2025-12-01 17:37:07'),
(0, '5241c8ea21d03', '2022-12-08 15:00:35', '2025-12-01 17:37:07'),
(0, '5241c8ea21d03', '2022-12-08 15:30:27', '2025-12-01 17:37:07'),
(0, '5241c8ea21d03', '2022-12-08 16:16:46', '2025-12-01 17:37:07'),
(0, '5241c8ea21d03', '2022-12-09 09:55:58', '2025-12-01 17:37:07'),
(0, '5241c8ea21d03', '2022-12-09 10:01:04', '2025-12-01 17:37:07'),
(0, '5241c8ea21d03', '2022-12-09 12:05:43', '2025-12-01 17:37:07'),
(0, '5241c8ea21d03', '2022-12-09 14:43:54', '2025-12-01 17:37:07'),
(0, '5241c8ea21d03', '2022-12-12 09:11:46', '2025-12-01 17:37:07'),
(0, '5241c8ea21d03', '2022-12-12 10:01:09', '2025-12-01 17:37:07'),
(0, '5241c8ea21d03', '2022-12-13 08:57:17', '2025-12-01 17:37:07'),
(0, '5241c8ea21d03', '2022-12-13 10:31:45', '2025-12-01 17:37:07'),
(0, '5241c8ea21d03', '2022-12-13 11:08:17', '2025-12-01 17:37:07'),
(0, '5241c8ea21d03', '2022-12-13 11:44:30', '2025-12-01 17:37:07'),
(0, '5241c8ea21d03', '2022-12-13 13:35:04', '2025-12-01 17:37:07'),
(0, '5241c8ea21d03', '2022-12-13 16:14:39', '2025-12-01 17:37:07'),
(0, '5241c8ea21d03', '2022-12-13 18:21:18', '2025-12-01 17:37:07'),
(0, '5241c8ea21d03', '2022-12-14 08:45:48', '2025-12-01 17:37:07'),
(0, '5241c8ea21d03', '2022-12-14 09:42:03', '2025-12-01 17:37:07'),
(0, '5241c8ea21d03', '2022-12-14 12:17:10', '2025-12-01 17:37:07'),
(0, '5241c8ea21d03', '2022-12-14 15:00:48', '2025-12-01 17:37:07'),
(0, '5241c8ea21d03', '2022-12-15 08:53:02', '2025-12-01 17:37:07'),
(0, '5241c8ea21d03', '2022-12-15 10:16:19', '2025-12-01 17:37:07'),
(0, '5241c8ea21d03', '2022-12-15 11:16:42', '2025-12-01 17:37:07'),
(0, '5241c8ea21d03', '2022-12-15 15:53:10', '2025-12-01 17:37:07'),
(0, '5241c8ea21d03', '2022-12-15 16:24:10', '2025-12-01 17:37:07'),
(0, '5241c8ea21d03', '2022-12-16 09:56:09', '2025-12-01 17:37:07'),
(0, '5241c8ea21d03', '2022-12-16 10:59:08', '2025-12-01 17:37:07'),
(0, '5241c8ea21d03', '2022-12-16 11:28:49', '2025-12-01 17:37:07'),
(0, '5241c8ea21d03', '2022-12-16 11:30:38', '2025-12-01 17:37:07'),
(0, '5241c8ea21d03', '2022-12-16 11:34:36', '2025-12-01 17:37:07'),
(0, '5241c8ea21d03', '2022-12-16 11:49:26', '2025-12-01 17:37:07'),
(0, '5241c8ea21d03', '2022-12-16 14:48:13', '2025-12-01 17:37:07'),
(0, '5241c8ea21d03', '2022-12-16 14:59:40', '2025-12-01 17:37:07'),
(0, '5241c8ea21d03', '2022-12-19 09:58:02', '2025-12-01 17:37:07'),
(0, '5241c8ea21d03', '2022-12-19 10:19:17', '2025-12-01 17:37:07'),
(0, '5241c8ea21d03', '2022-12-19 11:33:44', '2025-12-01 17:37:07'),
(0, '5241c8ea21d03', '2022-12-19 14:38:31', '2025-12-01 17:37:07'),
(0, '5241c8ea21d03', '2022-12-20 10:15:49', '2025-12-01 17:37:07'),
(0, '5241c8ea21d03', '2022-12-20 13:43:02', '2025-12-01 17:37:07'),
(0, '5241c8ea21d03', '2022-12-21 11:12:34', '2025-12-01 17:37:07'),
(0, '5241c8ea21d03', '2022-12-21 11:48:01', '2025-12-01 17:37:07'),
(0, '5241c8ea21d03', '2022-12-22 10:04:10', '2025-12-01 17:37:07'),
(0, '5241c8ea21d03', '2022-12-22 14:26:59', '2025-12-01 17:37:07'),
(0, '5241c8ea21d03', '2022-12-23 09:31:52', '2025-12-01 17:37:07'),
(0, '5241c8ea21d03', '2022-12-23 11:51:49', '2025-12-01 17:37:07'),
(0, '5241c8ea21d03', '2022-12-24 09:45:20', '2025-12-01 17:37:07'),
(0, '5241c8ea21d03', '2022-12-26 10:11:42', '2025-12-01 17:37:07'),
(0, '5241c8ea21d03', '2022-12-27 10:04:35', '2025-12-01 17:37:07'),
(0, '5241c8ea21d03', '2022-12-27 10:26:08', '2025-12-01 17:37:07'),
(0, '5241c8ea21d03', '2022-12-27 15:48:58', '2025-12-01 17:37:07'),
(0, '5241c8ea21d03', '2022-12-27 17:02:05', '2025-12-01 17:37:07'),
(0, '5241c8ea21d03', '2022-12-27 18:11:34', '2025-12-01 17:37:07'),
(0, '5241c8ea21d03', '2022-12-28 15:44:59', '2025-12-01 17:37:07'),
(0, '5241c8ea21d03', '2022-12-28 17:19:17', '2025-12-01 17:37:07'),
(0, '5241c8ea21d03', '2022-12-30 10:12:37', '2025-12-01 17:37:07'),
(0, '5241c8ea21d03', '2023-01-02 17:18:08', '2025-12-01 17:37:07'),
(0, '5241c8ea21d03', '2023-01-02 18:35:08', '2025-12-01 17:37:07'),
(0, '5241c8ea21d03', '2023-01-04 09:54:20', '2025-12-01 17:37:07'),
(0, '5241c8ea21d03', '2023-01-04 12:19:39', '2025-12-01 17:37:07'),
(0, '5241c8ea21d03', '2023-01-06 10:07:13', '2025-12-01 17:37:07'),
(0, '5241c8ea21d03', '2023-01-14 10:49:54', '2025-12-01 17:37:07'),
(0, '5241c8ea21d03', '2023-01-14 14:02:35', '2025-12-01 17:37:07'),
(0, '5241c8ea21d03', '2023-01-14 18:31:23', '2025-12-01 17:37:07'),
(0, '5241c8ea21d03', '2023-01-15 17:14:03', '2025-12-01 17:37:07'),
(0, '5241c8ea21d03', '2023-01-16 14:21:41', '2025-12-01 17:37:07'),
(0, '5241c8ea21d03', '2023-01-16 14:21:41', '2025-12-01 17:37:07'),
(0, '5241c8ea21d03', '2023-01-30 11:06:04', '2025-12-01 17:37:07'),
(0, '5241c8ea21d03', '2023-01-30 14:49:21', '2025-12-01 17:37:07'),
(0, '5241c8ea21d03', '2023-01-31 17:40:18', '2025-12-01 17:37:07'),
(0, '5241c8ea21d03', '2023-02-15 12:07:00', '2025-12-01 17:37:07'),
(0, '5241c8ea21d03', '2023-02-15 17:52:43', '2025-12-01 17:37:07'),
(0, '5241c8ea21d03', '2023-02-17 10:09:24', '2025-12-01 17:37:07'),
(0, '5241c8ea21d03', '2023-02-17 10:31:29', '2025-12-01 17:37:07'),
(0, '5241c8ea21d03', '2023-02-24 10:18:44', '2025-12-01 17:37:07'),
(0, '5241c8ea21d03', '2023-02-24 10:47:46', '2025-12-01 17:37:07'),
(0, '5241c8ea21d03', '2023-03-10 10:38:09', '2025-12-01 17:37:07'),
(0, '5241c8ea21d03', '2023-04-20 13:06:24', '2025-12-01 17:37:07'),
(0, '5241c8ea21d03', '2023-04-20 23:44:26', '2025-12-01 17:37:07'),
(0, '5241c8ea21d03', '2023-04-23 14:50:41', '2025-12-01 17:37:07'),
(0, '5241c8ea21d03', '2023-06-01 14:19:42', '2025-12-01 17:37:07');
INSERT INTO `admin_traces` (`trace_id`, `trace_compte`, `trace_datetime_connexion`, `trace_datetime_deconnexion`) VALUES
(0, '5241c8ea21d03', '2023-06-02 20:23:30', '2025-12-01 17:37:07'),
(0, '5241c8ea21d03', '2023-06-05 09:37:05', '2025-12-01 17:37:07'),
(0, '5241c8ea21d03', '2023-06-05 17:18:40', '2025-12-01 17:37:07'),
(0, '5241c8ea21d03', '2023-06-05 18:11:28', '2025-12-01 17:37:07'),
(0, '5241c8ea21d03', '2023-06-08 16:43:54', '2025-12-01 17:37:07'),
(0, '5241c8ea21d03', '2023-06-11 10:36:27', '2025-12-01 17:37:07'),
(0, '5241c8ea21d03', '2023-07-04 11:48:00', '2025-12-01 17:37:07'),
(0, '5241c8ea21d03', '2023-07-04 11:48:04', '2025-12-01 17:37:07'),
(0, '5241c8ea21d03', '2023-07-12 08:59:35', '2025-12-01 17:37:07'),
(0, '5241c8ea21d03', '2023-07-12 09:06:23', '2025-12-01 17:37:07'),
(0, '5241c8ea21d03', '2023-07-18 11:49:23', '2025-12-01 17:37:07'),
(0, '5241c8ea21d03', '2023-07-18 15:14:23', '2025-12-01 17:37:07'),
(0, '5241c8ea21d03', '2023-07-24 10:06:59', '2025-12-01 17:37:07'),
(0, '5241c8ea21d03', '2023-07-25 15:23:18', '2025-12-01 17:37:07'),
(0, '5241c8ea21d03', '2023-07-26 10:04:32', '2025-12-01 17:37:07'),
(0, '5241c8ea21d03', '2023-08-18 10:31:04', '2025-12-01 17:37:07'),
(0, '5241c8ea21d03', '2023-08-18 11:36:29', '2025-12-01 17:37:07'),
(0, '5241c8ea21d03', '2023-08-18 21:52:52', '2025-12-01 17:37:07'),
(0, '5241c8ea21d03', '2023-08-21 09:46:13', '2025-12-01 17:37:07'),
(0, '5241c8ea21d03', '2023-08-23 10:12:33', '2025-12-01 17:37:07'),
(0, '5241c8ea21d03', '2023-08-25 04:03:49', '2025-12-01 17:37:07'),
(0, '5241c8ea21d03', '2023-08-30 09:27:25', '2025-12-01 17:37:07'),
(0, '5241c8ea21d03', '2023-08-30 10:50:58', '2025-12-01 17:37:07'),
(0, '5241c8ea21d03', '2023-08-30 10:52:01', '2025-12-01 17:37:07'),
(0, '5241c8ea21d03', '2023-08-30 14:58:38', '2025-12-01 17:37:07'),
(0, '5241c8ea21d03', '2023-08-30 15:13:07', '2025-12-01 17:37:07'),
(0, '5241c8ea21d03', '2023-09-02 10:33:04', '2025-12-01 17:37:07'),
(0, '5241c8ea21d03', '2023-09-05 17:17:04', '2025-12-01 17:37:07'),
(0, '5241c8ea21d03', '2023-09-06 09:37:22', '2025-12-01 17:37:07'),
(0, '5241c8ea21d03', '2023-09-06 10:03:14', '2025-12-01 17:37:07'),
(0, '5241c8ea21d03', '2023-09-07 09:57:29', '2025-12-01 17:37:07'),
(0, '5241c8ea21d03', '2023-09-07 10:06:08', '2025-12-01 17:37:07'),
(0, '5241c8ea21d03', '2023-09-07 10:50:17', '2025-12-01 17:37:07'),
(0, '5241c8ea21d03', '2023-09-07 12:26:06', '2025-12-01 17:37:07'),
(0, '5241c8ea21d03', '2023-09-07 14:03:34', '2025-12-01 17:37:07'),
(0, '5241c8ea21d03', '2023-09-07 14:55:11', '2025-12-01 17:37:07'),
(0, '5241c8ea21d03', '2023-09-08 10:30:00', '2025-12-01 17:37:07'),
(0, '5241c8ea21d03', '2023-09-11 09:29:44', '2025-12-01 17:37:07'),
(0, '5241c8ea21d03', '2023-09-13 11:48:58', '2025-12-01 17:37:07'),
(0, '5241c8ea21d03', '2023-09-14 09:30:36', '2025-12-01 17:37:07'),
(0, '5241c8ea21d03', '2023-09-14 10:07:43', '2025-12-01 17:37:07'),
(0, '5241c8ea21d03', '2023-09-14 11:57:09', '2025-12-01 17:37:07'),
(0, '5241c8ea21d03', '2023-09-14 13:20:49', '2025-12-01 17:37:07'),
(0, '5241c8ea21d03', '2023-09-16 17:51:43', '2025-12-01 17:37:07'),
(0, '5241c8ea21d03', '2023-09-18 08:57:15', '2025-12-01 17:37:07'),
(0, '5241c8ea21d03', '2023-09-18 09:59:02', '2025-12-01 17:37:07'),
(0, '5241c8ea21d03', '2023-09-18 11:43:50', '2025-12-01 17:37:07'),
(0, '5241c8ea21d03', '2023-09-19 09:22:20', '2025-12-01 17:37:07'),
(0, '5241c8ea21d03', '2023-09-20 11:07:53', '2025-12-01 17:37:07'),
(0, '5241c8ea21d03', '2023-09-20 16:04:06', '2025-12-01 17:37:07'),
(0, '5241c8ea21d03', '2023-09-20 16:49:13', '2025-12-01 17:37:07'),
(0, '5241c8ea21d03', '2023-09-20 17:13:34', '2025-12-01 17:37:07'),
(0, '5241c8ea21d03', '2023-09-21 14:49:41', '2025-12-01 17:37:07'),
(0, '5241c8ea21d03', '2023-09-21 16:44:06', '2025-12-01 17:37:07'),
(0, '5241c8ea21d03', '2023-09-22 10:32:38', '2025-12-01 17:37:07'),
(0, '5241c8ea21d03', '2023-09-22 10:58:55', '2025-12-01 17:37:07'),
(0, '5241c8ea21d03', '2023-09-25 09:40:39', '2025-12-01 17:37:07'),
(0, '5241c8ea21d03', '2023-09-25 10:49:50', '2025-12-01 17:37:07'),
(0, '5241c8ea21d03', '2023-09-25 14:17:19', '2025-12-01 17:37:07'),
(0, '5241c8ea21d03', '2023-09-26 10:05:11', '2025-12-01 17:37:07'),
(0, '5241c8ea21d03', '2023-09-26 15:01:56', '2025-12-01 17:37:07'),
(0, '5241c8ea21d03', '2023-09-26 15:21:01', '2025-12-01 17:37:07'),
(0, '5241c8ea21d03', '2023-09-26 15:29:54', '2025-12-01 17:37:07'),
(0, '5241c8ea21d03', '2023-10-09 15:05:05', '2025-12-01 17:37:07'),
(0, '5241c8ea21d03', '2023-10-11 09:43:18', '2025-12-01 17:37:07'),
(0, '5241c8ea21d03', '2023-10-11 10:43:10', '2025-12-01 17:37:07'),
(0, '5241c8ea21d03', '2023-10-13 09:05:43', '2025-12-01 17:37:07'),
(0, '5241c8ea21d03', '2023-10-13 09:27:47', '2025-12-01 17:37:07'),
(0, '5241c8ea21d03', '2023-10-13 09:35:50', '2025-12-01 17:37:07'),
(0, '5241c8ea21d03', '2023-10-13 10:25:59', '2025-12-01 17:37:07'),
(0, '5241c8ea21d03', '2023-10-14 09:14:46', '2025-12-01 17:37:07'),
(0, '5241c8ea21d03', '2023-10-16 11:03:43', '2025-12-01 17:37:07'),
(0, '5241c8ea21d03', '2023-10-16 11:58:54', '2025-12-01 17:37:07'),
(0, '5241c8ea21d03', '2023-10-16 13:43:32', '2025-12-01 17:37:07'),
(0, '5241c8ea21d03', '2023-10-16 15:20:52', '2025-12-01 17:37:07'),
(0, '5241c8ea21d03', '2023-10-19 12:14:55', '2025-12-01 17:37:07'),
(0, '5241c8ea21d03', '2023-10-19 12:22:20', '2025-12-01 17:37:07'),
(0, '5241c8ea21d03', '2023-10-19 15:47:12', '2025-12-01 17:37:07'),
(0, '5241c8ea21d03', '2023-10-19 16:40:23', '2025-12-01 17:37:07'),
(0, '5241c8ea21d03', '2023-10-20 13:09:49', '2025-12-01 17:37:07'),
(0, '5241c8ea21d03', '2023-10-21 10:58:20', '2025-12-01 17:37:07'),
(0, '5241c8ea21d03', '2023-10-23 15:13:30', '2025-12-01 17:37:07'),
(0, '5241c8ea21d03', '2023-10-24 18:55:10', '2025-12-01 17:37:07'),
(0, '5241c8ea21d03', '2023-10-25 10:32:29', '2025-12-01 17:37:07'),
(0, '5241c8ea21d03', '2023-10-25 11:00:57', '2025-12-01 17:37:07'),
(0, '5241c8ea21d03', '2023-10-25 15:17:32', '2025-12-01 17:37:07'),
(0, '5241c8ea21d03', '2023-10-26 16:08:51', '2025-12-01 17:37:07'),
(0, '5241c8ea21d03', '2023-10-27 09:57:57', '2025-12-01 17:37:07'),
(0, '5241c8ea21d03', '2023-10-27 11:41:47', '2025-12-01 17:37:07'),
(0, '5241c8ea21d03', '2023-10-31 11:59:23', '2025-12-01 17:37:07'),
(0, '5241c8ea21d03', '2023-10-31 17:56:11', '2025-12-01 17:37:07'),
(0, '5241c8ea21d03', '2023-11-01 12:00:27', '2025-12-01 17:37:07'),
(0, '5241c8ea21d03', '2023-11-02 11:28:20', '2025-12-01 17:37:07'),
(0, '5241c8ea21d03', '2023-11-02 11:28:22', '2025-12-01 17:37:07'),
(0, '5241c8ea21d03', '2023-11-02 12:34:22', '2025-12-01 17:37:07'),
(0, '5241c8ea21d03', '2023-11-03 09:13:55', '2025-12-01 17:37:07'),
(0, '5241c8ea21d03', '2023-11-04 15:44:51', '2025-12-01 17:37:07'),
(0, '5241c8ea21d03', '2023-11-04 17:21:49', '2025-12-01 17:37:07'),
(0, '5241c8ea21d03', '2023-11-05 11:22:53', '2025-12-01 17:37:07'),
(0, '5241c8ea21d03', '2023-11-06 11:57:46', '2025-12-01 17:37:07'),
(0, '5241c8ea21d03', '2023-11-06 17:14:21', '2025-12-01 17:37:07'),
(0, '5241c8ea21d03', '2023-11-06 17:15:40', '2025-12-01 17:37:07'),
(0, '5241c8ea21d03', '2023-11-06 17:16:49', '2025-12-01 17:37:07'),
(0, '5241c8ea21d03', '2023-11-08 14:18:26', '2025-12-01 17:37:07'),
(0, '5241c8ea21d03', '2023-11-08 15:45:58', '2025-12-01 17:37:07'),
(0, '5241c8ea21d03', '2023-11-08 16:01:37', '2025-12-01 17:37:07'),
(0, '5241c8ea21d03', '2023-11-08 16:06:52', '2025-12-01 17:37:07'),
(0, '5241c8ea21d03', '2023-11-08 17:55:43', '2025-12-01 17:37:07'),
(0, '5241c8ea21d03', '2023-11-10 17:03:47', '2025-12-01 17:37:07'),
(0, '5241c8ea21d03', '2023-11-11 15:56:32', '2025-12-01 17:37:07'),
(0, '5241c8ea21d03', '2023-11-11 18:49:56', '2025-12-01 17:37:07'),
(0, '5241c8ea21d03', '2023-11-16 19:24:34', '2025-12-01 17:37:07'),
(0, '5241c8ea21d03', '2023-11-18 13:35:04', '2025-12-01 17:37:07'),
(0, '5241c8ea21d03', '2023-11-18 15:37:54', '2025-12-01 17:37:07'),
(0, '5241c8ea21d03', '2023-11-18 17:28:35', '2025-12-01 17:37:07'),
(0, '5241c8ea21d03', '2023-11-18 17:52:37', '2025-12-01 17:37:07'),
(0, '5241c8ea21d03', '2023-11-20 16:49:57', '2025-12-01 17:37:07'),
(0, '5241c8ea21d03', '2023-11-21 13:42:19', '2025-12-01 17:37:07'),
(0, '5241c8ea21d03', '2023-11-22 14:48:24', '2025-12-01 17:37:07'),
(0, '5241c8ea21d03', '2023-11-23 09:44:04', '2025-12-01 17:37:07'),
(0, '5241c8ea21d03', '2023-11-24 09:04:35', '2025-12-01 17:37:07'),
(0, '5241c8ea21d03', '2023-11-25 09:27:04', '2025-12-01 17:37:07'),
(0, '5241c8ea21d03', '2023-11-27 16:39:16', '2025-12-01 17:37:07'),
(0, '5241c8ea21d03', '2023-11-30 08:41:02', '2025-12-01 17:37:07'),
(0, '5241c8ea21d03', '2023-12-04 17:11:29', '2025-12-01 17:37:07'),
(0, '5241c8ea21d03', '2023-12-05 17:57:51', '2025-12-01 17:37:07'),
(0, '5241c8ea21d03', '2023-12-06 09:31:51', '2025-12-01 17:37:07'),
(0, '5241c8ea21d03', '2023-12-07 10:26:39', '2025-12-01 17:37:07'),
(0, '5241c8ea21d03', '2023-12-07 16:51:00', '2025-12-01 17:37:07'),
(0, '5241c8ea21d03', '2023-12-07 17:38:17', '2025-12-01 17:37:07'),
(0, '5241c8ea21d03', '2023-12-07 17:50:59', '2025-12-01 17:37:07'),
(0, '5241c8ea21d03', '2023-12-07 19:00:42', '2025-12-01 17:37:07'),
(0, '5241c8ea21d03', '2023-12-08 04:55:50', '2025-12-01 17:37:07'),
(0, '5241c8ea21d03', '2023-12-08 05:08:37', '2025-12-01 17:37:07'),
(0, '5241c8ea21d03', '2023-12-08 09:26:04', '2025-12-01 17:37:07'),
(0, '5241c8ea21d03', '2023-12-08 09:57:21', '2025-12-01 17:37:07'),
(0, '5241c8ea21d03', '2023-12-08 15:53:01', '2025-12-01 17:37:07'),
(0, '5241c8ea21d03', '2023-12-11 09:30:37', '2025-12-01 17:37:07'),
(0, '5241c8ea21d03', '2023-12-11 16:40:32', '2025-12-01 17:37:07'),
(0, '5241c8ea21d03', '2023-12-11 18:26:09', '2025-12-01 17:37:07'),
(0, '5241c8ea21d03', '2023-12-11 18:26:12', '2025-12-01 17:37:07'),
(0, '5241c8ea21d03', '2023-12-11 18:26:22', '2025-12-01 17:37:07'),
(0, '5241c8ea21d03', '2023-12-11 18:26:44', '2025-12-01 17:37:07'),
(0, '5241c8ea21d03', '2023-12-11 18:26:49', '2025-12-01 17:37:07'),
(0, '5241c8ea21d03', '2023-12-11 18:27:01', '2025-12-01 17:37:07'),
(0, '5241c8ea21d03', '2023-12-11 18:27:12', '2025-12-01 17:37:07'),
(0, '5241c8ea21d03', '2023-12-11 18:27:17', '2025-12-01 17:37:07'),
(0, '5241c8ea21d03', '2023-12-11 18:27:39', '2025-12-01 17:37:07'),
(0, '5241c8ea21d03', '2023-12-12 10:48:39', '2025-12-01 17:37:07'),
(0, '5241c8ea21d03', '2023-12-12 12:07:45', '2025-12-01 17:37:07'),
(0, '5241c8ea21d03', '2023-12-12 15:01:24', '2025-12-01 17:37:07'),
(0, '5241c8ea21d03', '2023-12-12 17:55:03', '2025-12-01 17:37:07'),
(0, '5241c8ea21d03', '2023-12-12 17:55:13', '2025-12-01 17:37:07'),
(0, '5241c8ea21d03', '2023-12-12 17:55:21', '2025-12-01 17:37:07'),
(0, '5241c8ea21d03', '2023-12-12 17:55:27', '2025-12-01 17:37:07'),
(0, '5241c8ea21d03', '2023-12-12 18:50:39', '2025-12-01 17:37:07'),
(0, '5241c8ea21d03', '2023-12-13 09:28:04', '2025-12-01 17:37:07'),
(0, '5241c8ea21d03', '2023-12-13 09:29:33', '2025-12-01 17:37:07'),
(0, '5241c8ea21d03', '2023-12-13 09:41:09', '2025-12-01 17:37:07'),
(0, '5241c8ea21d03', '2023-12-13 09:49:15', '2025-12-01 17:37:07'),
(0, '5241c8ea21d03', '2023-12-13 10:10:20', '2025-12-01 17:37:07'),
(0, '5241c8ea21d03', '2023-12-13 10:11:36', '2025-12-01 17:37:07'),
(0, '5241c8ea21d03', '2023-12-13 11:42:53', '2025-12-01 17:37:07'),
(0, '5241c8ea21d03', '2023-12-13 11:47:27', '2025-12-01 17:37:07'),
(0, '5241c8ea21d03', '2023-12-13 11:49:20', '2025-12-01 17:37:07'),
(0, '5241c8ea21d03', '2023-12-13 12:00:51', '2025-12-01 17:37:07'),
(0, '5241c8ea21d03', '2023-12-13 12:04:28', '2025-12-01 17:37:07'),
(0, '5241c8ea21d03', '2023-12-13 12:44:39', '2025-12-01 17:37:07'),
(0, '5241c8ea21d03', '2023-12-13 15:21:00', '2025-12-01 17:37:07'),
(0, '5241c8ea21d03', '2023-12-13 15:22:49', '2025-12-01 17:37:07'),
(0, '5241c8ea21d03', '2023-12-13 15:40:10', '2025-12-01 17:37:07'),
(0, '5241c8ea21d03', '2023-12-13 15:51:51', '2025-12-01 17:37:07'),
(0, '5241c8ea21d03', '2023-12-13 16:33:43', '2025-12-01 17:37:07'),
(0, '5241c8ea21d03', '2023-12-13 16:42:24', '2025-12-01 17:37:07'),
(0, '5241c8ea21d03', '2023-12-13 16:54:32', '2025-12-01 17:37:07'),
(0, '5241c8ea21d03', '2023-12-13 17:03:02', '2025-12-01 17:37:07'),
(0, '5241c8ea21d03', '2023-12-13 17:07:38', '2025-12-01 17:37:07'),
(0, '5241c8ea21d03', '2023-12-13 17:34:15', '2025-12-01 17:37:07'),
(0, '5241c8ea21d03', '2023-12-13 17:52:31', '2025-12-01 17:37:07'),
(0, '5241c8ea21d03', '2023-12-13 17:56:04', '2025-12-01 17:37:07'),
(0, '5241c8ea21d03', '2023-12-13 18:13:37', '2025-12-01 17:37:07'),
(0, '5241c8ea21d03', '2023-12-14 09:13:56', '2025-12-01 17:37:07'),
(0, '5241c8ea21d03', '2023-12-14 09:20:05', '2025-12-01 17:37:07'),
(0, '5241c8ea21d03', '2023-12-14 09:30:52', '2025-12-01 17:37:07'),
(0, '5241c8ea21d03', '2023-12-14 09:32:58', '2025-12-01 17:37:07'),
(0, '5241c8ea21d03', '2023-12-14 09:35:50', '2025-12-01 17:37:07'),
(0, '5241c8ea21d03', '2023-12-14 09:48:22', '2025-12-01 17:37:07'),
(0, '5241c8ea21d03', '2023-12-14 10:07:02', '2025-12-01 17:37:07'),
(0, '5241c8ea21d03', '2023-12-14 13:19:41', '2025-12-01 17:37:07'),
(0, '5241c8ea21d03', '2023-12-14 13:39:51', '2025-12-01 17:37:07'),
(0, '5241c8ea21d03', '2023-12-14 13:49:02', '2025-12-01 17:37:07'),
(0, '5241c8ea21d03', '2023-12-14 14:32:18', '2025-12-01 17:37:07'),
(0, '5241c8ea21d03', '2023-12-14 14:35:01', '2025-12-01 17:37:07'),
(0, '5241c8ea21d03', '2023-12-14 15:02:09', '2025-12-01 17:37:07'),
(0, '5241c8ea21d03', '2023-12-14 17:05:04', '2025-12-01 17:37:07'),
(0, '5241c8ea21d03', '2023-12-15 09:17:13', '2025-12-01 17:37:07'),
(0, '5241c8ea21d03', '2023-12-15 09:56:04', '2025-12-01 17:37:07'),
(0, '5241c8ea21d03', '2023-12-15 10:20:16', '2025-12-01 17:37:07'),
(0, '5241c8ea21d03', '2023-12-15 11:39:29', '2025-12-01 17:37:07'),
(0, '5241c8ea21d03', '2023-12-15 11:56:58', '2025-12-01 17:37:07'),
(0, '5241c8ea21d03', '2023-12-15 14:43:52', '2025-12-01 17:37:07'),
(0, '5241c8ea21d03', '2023-12-15 15:15:30', '2025-12-01 17:37:07'),
(0, '5241c8ea21d03', '2023-12-15 15:28:19', '2025-12-01 17:37:07'),
(0, '5241c8ea21d03', '2023-12-15 16:18:52', '2025-12-01 17:37:07'),
(0, '5241c8ea21d03', '2023-12-15 17:04:28', '2025-12-01 17:37:07'),
(0, '5241c8ea21d03', '2023-12-16 10:33:41', '2025-12-01 17:37:07'),
(0, '5241c8ea21d03', '2023-12-16 13:42:19', '2025-12-01 17:37:07'),
(0, '5241c8ea21d03', '2023-12-17 12:14:32', '2025-12-01 17:37:07'),
(0, '5241c8ea21d03', '2023-12-18 08:57:58', '2025-12-01 17:37:07'),
(0, '5241c8ea21d03', '2023-12-18 09:23:17', '2025-12-01 17:37:07'),
(0, '5241c8ea21d03', '2023-12-18 11:29:53', '2025-12-01 17:37:07'),
(0, '5241c8ea21d03', '2023-12-18 11:41:00', '2025-12-01 17:37:07'),
(0, '5241c8ea21d03', '2023-12-18 12:12:40', '2025-12-01 17:37:07'),
(0, '5241c8ea21d03', '2023-12-18 14:04:45', '2025-12-01 17:37:07'),
(0, '5241c8ea21d03', '2023-12-18 14:51:22', '2025-12-01 17:37:07'),
(0, '5241c8ea21d03', '2023-12-18 16:47:24', '2025-12-01 17:37:07'),
(0, '5241c8ea21d03', '2023-12-18 17:04:26', '2025-12-01 17:37:07'),
(0, '5241c8ea21d03', '2023-12-18 17:40:57', '2025-12-01 17:37:07'),
(0, '5241c8ea21d03', '2023-12-18 17:53:47', '2025-12-01 17:37:07'),
(0, '5241c8ea21d03', '2023-12-19 09:31:40', '2025-12-01 17:37:07'),
(0, '5241c8ea21d03', '2023-12-19 09:52:13', '2025-12-01 17:37:07'),
(0, '5241c8ea21d03', '2023-12-19 11:05:21', '2025-12-01 17:37:07'),
(0, '5241c8ea21d03', '2023-12-19 11:17:42', '2025-12-01 17:37:07'),
(0, '5241c8ea21d03', '2023-12-19 12:35:30', '2025-12-01 17:37:07'),
(0, '5241c8ea21d03', '2023-12-19 14:38:24', '2025-12-01 17:37:07'),
(0, '5241c8ea21d03', '2023-12-19 17:28:30', '2025-12-01 17:37:07'),
(0, '5241c8ea21d03', '2023-12-20 09:15:04', '2025-12-01 17:37:07'),
(0, '5241c8ea21d03', '2023-12-20 09:30:50', '2025-12-01 17:37:07'),
(0, '5241c8ea21d03', '2023-12-20 11:35:45', '2025-12-01 17:37:07'),
(0, '5241c8ea21d03', '2023-12-20 11:42:14', '2025-12-01 17:37:07'),
(0, '5241c8ea21d03', '2023-12-20 14:28:48', '2025-12-01 17:37:07'),
(0, '5241c8ea21d03', '2023-12-20 16:04:36', '2025-12-01 17:37:07'),
(0, '5241c8ea21d03', '2023-12-20 17:31:38', '2025-12-01 17:37:07'),
(0, '5241c8ea21d03', '2023-12-20 17:32:49', '2025-12-01 17:37:07'),
(0, '5241c8ea21d03', '2023-12-20 17:45:23', '2025-12-01 17:37:07'),
(0, '5241c8ea21d03', '2023-12-21 10:57:19', '2025-12-01 17:37:07'),
(0, '5241c8ea21d03', '2023-12-21 12:05:20', '2025-12-01 17:37:07'),
(0, '5241c8ea21d03', '2023-12-21 12:53:49', '2025-12-01 17:37:07'),
(0, '5241c8ea21d03', '2023-12-22 11:32:53', '2025-12-01 17:37:07'),
(0, '5241c8ea21d03', '2023-12-22 11:43:37', '2025-12-01 17:37:07'),
(0, '5241c8ea21d03', '2023-12-22 11:44:27', '2025-12-01 17:37:07'),
(0, '5241c8ea21d03', '2023-12-22 11:49:45', '2025-12-01 17:37:07'),
(0, '5241c8ea21d03', '2023-12-26 11:52:34', '2025-12-01 17:37:07'),
(0, '5241c8ea21d03', '2023-12-26 14:20:17', '2025-12-01 17:37:07'),
(0, '5241c8ea21d03', '2023-12-27 09:39:05', '2025-12-01 17:37:07'),
(0, '5241c8ea21d03', '2023-12-27 18:14:30', '2025-12-01 17:37:07'),
(0, '5241c8ea21d03', '2023-12-27 18:18:01', '2025-12-01 17:37:07'),
(0, '5241c8ea21d03', '2023-12-28 09:38:13', '2025-12-01 17:37:07'),
(0, '5241c8ea21d03', '2023-12-28 09:54:24', '2025-12-01 17:37:07'),
(0, '5241c8ea21d03', '2023-12-28 11:37:38', '2025-12-01 17:37:07'),
(0, '5241c8ea21d03', '2023-12-28 15:55:08', '2025-12-01 17:37:07'),
(0, '5241c8ea21d03', '2023-12-28 18:02:16', '2025-12-01 17:37:07'),
(0, '5241c8ea21d03', '2023-12-29 08:58:03', '2025-12-01 17:37:07'),
(0, '5241c8ea21d03', '2023-12-29 11:21:23', '2025-12-01 17:37:07'),
(0, '5241c8ea21d03', '2023-12-30 12:22:32', '2025-12-01 17:37:07'),
(0, '5241c8ea21d03', '2023-12-30 13:32:32', '2025-12-01 17:37:07'),
(0, '5241c8ea21d03', '2023-12-30 14:10:09', '2025-12-01 17:37:07'),
(0, '5241c8ea21d03', '2024-01-01 11:13:51', '2025-12-01 17:37:07'),
(0, '5241c8ea21d03', '2024-01-02 12:11:16', '2025-12-01 17:37:07'),
(0, '5241c8ea21d03', '2024-01-02 17:07:00', '2025-12-01 17:37:07'),
(0, '5241c8ea21d03', '2024-01-03 09:42:53', '2025-12-01 17:37:07'),
(0, '5241c8ea21d03', '2024-01-06 09:45:10', '2025-12-01 17:37:07'),
(0, '5241c8ea21d03', '2024-01-06 09:46:02', '2025-12-01 17:37:07'),
(0, '5241c8ea21d03', '2024-01-07 08:28:46', '2025-12-01 17:37:07'),
(0, '5241c8ea21d03', '2024-01-07 08:37:42', '2025-12-01 17:37:07'),
(0, '5241c8ea21d03', '2024-01-15 14:17:39', '2025-12-01 17:37:07'),
(0, '5241c8ea21d03', '2024-01-16 10:38:13', '2025-12-01 17:37:07'),
(0, '5241c8ea21d03', '2024-01-16 11:47:29', '2025-12-01 17:37:07'),
(0, '5241c8ea21d03', '2024-01-16 15:51:52', '2025-12-01 17:37:07'),
(0, '5241c8ea21d03', '2024-01-16 17:18:23', '2025-12-01 17:37:07'),
(0, '5241c8ea21d03', '2024-01-18 11:19:00', '2025-12-01 17:37:07'),
(0, '5241c8ea21d03', '2024-01-22 14:51:25', '2025-12-01 17:37:07'),
(0, '5241c8ea21d03', '2024-01-30 18:32:37', '2025-12-01 17:37:07'),
(0, '5241c8ea21d03', '2024-02-01 10:36:41', '2025-12-01 17:37:07'),
(0, '5241c8ea21d03', '2024-02-05 09:24:45', '2025-12-01 17:37:07'),
(0, '5241c8ea21d03', '2024-02-12 11:30:21', '2025-12-01 17:37:07'),
(0, '5241c8ea21d03', '2024-02-13 15:11:36', '2025-12-01 17:37:07'),
(0, '5241c8ea21d03', '2024-02-14 17:16:22', '2025-12-01 17:37:07'),
(0, '5241c8ea21d03', '2024-02-22 18:09:49', '2025-12-01 17:37:07'),
(0, '5241c8ea21d03', '2024-03-21 10:11:38', '2025-12-01 17:37:07'),
(0, '5241c8ea21d03', '2024-04-19 15:29:07', '2025-12-01 17:37:07'),
(0, '5241c8ea21d03', '2024-05-28 11:40:58', '2025-12-01 17:37:07'),
(0, '5241c8ea21d03', '2024-06-20 16:23:33', '2025-12-01 17:37:07'),
(0, '5241c8ea21d03', '2024-06-21 10:04:44', '2025-12-01 17:37:07'),
(0, '5241c8ea21d03', '2024-06-24 11:12:30', '2025-12-01 17:37:07'),
(0, '5241c8ea21d03', '2024-06-24 11:25:20', '2025-12-01 17:37:07'),
(0, '5241c8ea21d03', '2024-06-26 09:53:02', '2025-12-01 17:37:07'),
(0, '5241c8ea21d03', '2024-07-02 08:20:06', '2025-12-01 17:37:07'),
(0, '5241c8ea21d03', '2024-07-03 14:31:43', '2025-12-01 17:37:07'),
(0, '5241c8ea21d03', '2024-07-04 15:45:50', '2025-12-01 17:37:07'),
(0, '5241c8ea21d03', '2024-07-19 11:40:48', '2025-12-01 17:37:07'),
(0, '5241c8ea21d03', '2024-07-22 10:17:57', '2025-12-01 17:37:07'),
(0, '5241c8ea21d03', '2024-07-22 15:16:32', '2025-12-01 17:37:07'),
(0, '5241c8ea21d03', '2024-07-23 18:15:31', '2025-12-01 17:37:07'),
(0, '5241c8ea21d03', '2024-07-25 16:43:54', '2025-12-01 17:37:07'),
(0, '5241c8ea21d03', '2024-08-28 10:00:12', '2025-12-01 17:37:07'),
(0, '5241c8ea21d03', '2024-09-03 21:58:18', '2025-12-01 17:37:07'),
(0, '5241c8ea21d03', '2024-09-05 16:07:23', '2025-12-01 17:37:07'),
(0, '5241c8ea21d03', '2024-09-14 18:20:58', '2025-12-01 17:37:07'),
(0, '5241c8ea21d03', '2024-09-17 09:54:42', '2025-12-01 17:37:07'),
(0, '5241c8ea21d03', '2024-09-17 16:27:00', '2025-12-01 17:37:07'),
(0, '5241c8ea21d03', '2024-10-09 10:48:37', '2025-12-01 17:37:07'),
(0, '5241c8ea21d03', '2024-10-10 16:45:06', '2025-12-01 17:37:07'),
(0, '5241c8ea21d03', '2024-10-11 10:25:12', '2025-12-01 17:37:07'),
(0, '5241c8ea21d03', '2024-10-15 10:20:27', '2025-12-01 17:37:07'),
(0, '5241c8ea21d03', '2024-10-15 10:32:17', '2025-12-01 17:37:07'),
(0, '5241c8ea21d03', '2024-10-15 11:23:42', '2025-12-01 17:37:07'),
(0, '5241c8ea21d03', '2024-10-15 11:23:55', '2025-12-01 17:37:07'),
(0, '5241c8ea21d03', '2024-10-15 11:30:51', '2025-12-01 17:37:07'),
(0, '5241c8ea21d03', '2024-10-15 16:08:51', '2025-12-01 17:37:07'),
(0, '5241c8ea21d03', '2024-10-15 16:54:44', '2025-12-01 17:37:07'),
(0, '5241c8ea21d03', '2024-10-15 18:26:08', '2025-12-01 17:37:07'),
(0, '5241c8ea21d03', '2024-10-16 14:25:58', '2025-12-01 17:37:07'),
(0, '5241c8ea21d03', '2024-10-17 09:56:49', '2025-12-01 17:37:07'),
(0, '5241c8ea21d03', '2024-10-17 09:57:57', '2025-12-01 17:37:07'),
(0, '5241c8ea21d03', '2024-10-17 17:45:02', '2025-12-01 17:37:07'),
(0, '5241c8ea21d03', '2024-10-17 17:48:11', '2025-12-01 17:37:07'),
(0, '5241c8ea21d03', '2024-10-18 12:34:51', '2025-12-01 17:37:07'),
(0, '5241c8ea21d03', '2024-10-21 17:32:55', '2025-12-01 17:37:07'),
(0, '5241c8ea21d03', '2024-10-22 10:44:11', '2025-12-01 17:37:07'),
(0, '5241c8ea21d03', '2024-10-23 11:37:20', '2025-12-01 17:37:07'),
(0, '5241c8ea21d03', '2024-10-23 18:36:28', '2025-12-01 17:37:07'),
(0, '5241c8ea21d03', '2024-10-24 08:35:44', '2025-12-01 17:37:07'),
(0, '5241c8ea21d03', '2024-10-24 10:15:57', '2025-12-01 17:37:07'),
(0, '5241c8ea21d03', '2024-10-30 08:38:43', '2025-12-01 17:37:07'),
(0, '5241c8ea21d03', '2024-11-04 10:04:44', '2025-12-01 17:37:07'),
(0, '5241c8ea21d03', '2024-11-05 10:56:42', '2025-12-01 17:37:07'),
(0, '5241c8ea21d03', '2024-11-06 09:55:37', '2025-12-01 17:37:07'),
(0, '5241c8ea21d03', '2024-11-06 15:54:33', '2025-12-01 17:37:07'),
(0, '5241c8ea21d03', '2024-11-07 09:51:32', '2025-12-01 17:37:07'),
(0, '5241c8ea21d03', '2024-11-07 14:34:48', '2025-12-01 17:37:07'),
(0, '5241c8ea21d03', '2024-11-08 10:33:19', '2025-12-01 17:37:07'),
(0, '5241c8ea21d03', '2024-11-08 11:22:09', '2025-12-01 17:37:07'),
(0, '5241c8ea21d03', '2024-11-12 11:39:35', '2025-12-01 17:37:07'),
(0, '5241c8ea21d03', '2024-11-12 15:19:02', '2025-12-01 17:37:07'),
(0, '5241c8ea21d03', '2024-11-13 09:24:22', '2025-12-01 17:37:07'),
(0, '5241c8ea21d03', '2024-11-13 09:28:03', '2025-12-01 17:37:07'),
(0, '5241c8ea21d03', '2024-11-13 10:37:38', '2025-12-01 17:37:07'),
(0, '5241c8ea21d03', '2024-11-13 10:58:29', '2025-12-01 17:37:07'),
(0, '5241c8ea21d03', '2024-11-13 11:45:08', '2025-12-01 17:37:07'),
(0, '5241c8ea21d03', '2024-11-13 12:22:32', '2025-12-01 17:37:07'),
(0, '5241c8ea21d03', '2024-11-13 14:35:29', '2025-12-01 17:37:07'),
(0, '5241c8ea21d03', '2024-11-14 09:48:51', '2025-12-01 17:37:07'),
(0, '5241c8ea21d03', '2024-11-14 15:08:33', '2025-12-01 17:37:07'),
(0, '5241c8ea21d03', '2024-11-15 10:00:49', '2025-12-01 17:37:07'),
(0, '5241c8ea21d03', '2024-11-15 17:16:31', '2025-12-01 17:37:07'),
(0, '5241c8ea21d03', '2024-11-15 18:10:03', '2025-12-01 17:37:07'),
(0, '5241c8ea21d03', '2024-11-18 11:36:42', '2025-12-01 17:37:07'),
(0, '5241c8ea21d03', '2024-11-18 11:46:24', '2025-12-01 17:37:07'),
(0, '5241c8ea21d03', '2024-11-18 15:47:04', '2025-12-01 17:37:07'),
(0, '5241c8ea21d03', '2024-11-20 11:00:58', '2025-12-01 17:37:07'),
(0, '5241c8ea21d03', '2024-11-20 11:09:31', '2025-12-01 17:37:07'),
(0, '5241c8ea21d03', '2024-11-20 11:13:15', '2025-12-01 17:37:07'),
(0, '5241c8ea21d03', '2024-11-20 17:56:59', '2025-12-01 17:37:07'),
(0, '5241c8ea21d03', '2024-11-20 19:09:01', '2025-12-01 17:37:07'),
(0, '5241c8ea21d03', '2024-11-21 17:16:40', '2025-12-01 17:37:07'),
(0, '5241c8ea21d03', '2024-11-22 13:54:04', '2025-12-01 17:37:07'),
(0, '5241c8ea21d03', '2024-11-23 15:13:43', '2025-12-01 17:37:07'),
(0, '5241c8ea21d03', '2024-12-02 11:39:20', '2025-12-01 17:37:07'),
(0, '5241c8ea21d03', '2024-12-02 15:12:59', '2025-12-01 17:37:07'),
(0, '5241c8ea21d03', '2024-12-03 09:36:19', '2025-12-01 17:37:07'),
(0, '5241c8ea21d03', '2024-12-03 11:26:48', '2025-12-01 17:37:07'),
(0, '5241c8ea21d03', '2024-12-03 15:36:58', '2025-12-01 17:37:07'),
(0, '5241c8ea21d03', '2024-12-03 18:14:39', '2025-12-01 17:37:07'),
(0, '5241c8ea21d03', '2024-12-03 18:14:39', '2025-12-01 17:37:07'),
(0, '5241c8ea21d03', '2024-12-03 18:14:39', '2025-12-01 17:37:07'),
(0, '5241c8ea21d03', '2024-12-03 18:14:44', '2025-12-01 17:37:07'),
(0, '5241c8ea21d03', '2024-12-03 18:14:57', '2025-12-01 17:37:07'),
(0, '5241c8ea21d03', '2024-12-03 18:15:06', '2025-12-01 17:37:07'),
(0, '5241c8ea21d03', '2024-12-03 18:15:29', '2025-12-01 17:37:07'),
(0, '5241c8ea21d03', '2024-12-03 18:17:03', '2025-12-01 17:37:07'),
(0, '5241c8ea21d03', '2024-12-04 09:00:39', '2025-12-01 17:37:07'),
(0, '5241c8ea21d03', '2024-12-04 10:51:43', '2025-12-01 17:37:07'),
(0, '5241c8ea21d03', '2024-12-04 10:58:58', '2025-12-01 17:37:07'),
(0, '5241c8ea21d03', '2024-12-04 15:19:18', '2025-12-01 17:37:07'),
(0, '5241c8ea21d03', '2024-12-04 17:30:32', '2025-12-01 17:37:07'),
(0, '5241c8ea21d03', '2024-12-05 11:16:36', '2025-12-01 17:37:07'),
(0, '5241c8ea21d03', '2024-12-05 15:23:28', '2025-12-01 17:37:07'),
(0, '5241c8ea21d03', '2024-12-05 16:28:43', '2025-12-01 17:37:07'),
(0, '5241c8ea21d03', '2024-12-05 16:36:04', '2025-12-01 17:37:07'),
(0, '5241c8ea21d03', '2024-12-06 10:12:31', '2025-12-01 17:37:07'),
(0, '5241c8ea21d03', '2024-12-06 12:04:13', '2025-12-01 17:37:07'),
(0, '5241c8ea21d03', '2024-12-06 15:15:03', '2025-12-01 17:37:07'),
(0, '5241c8ea21d03', '2024-12-07 10:06:41', '2025-12-01 17:37:07'),
(0, '5241c8ea21d03', '2024-12-07 13:05:33', '2025-12-01 17:37:07'),
(0, '5241c8ea21d03', '2024-12-08 11:09:21', '2025-12-01 17:37:07'),
(0, '5241c8ea21d03', '2024-12-09 09:42:15', '2025-12-01 17:37:07'),
(0, '5241c8ea21d03', '2024-12-09 10:08:18', '2025-12-01 17:37:07'),
(0, '5241c8ea21d03', '2024-12-09 10:27:47', '2025-12-01 17:37:07'),
(0, '5241c8ea21d03', '2024-12-09 10:37:04', '2025-12-01 17:37:07'),
(0, '5241c8ea21d03', '2024-12-09 11:22:00', '2025-12-01 17:37:07'),
(0, '5241c8ea21d03', '2024-12-09 12:17:44', '2025-12-01 17:37:07'),
(0, '5241c8ea21d03', '2024-12-09 12:18:43', '2025-12-01 17:37:07'),
(0, '5241c8ea21d03', '2024-12-09 12:19:19', '2025-12-01 17:37:07'),
(0, '5241c8ea21d03', '2024-12-09 15:12:45', '2025-12-01 17:37:07'),
(0, '5241c8ea21d03', '2024-12-09 15:38:30', '2025-12-01 17:37:07'),
(0, '5241c8ea21d03', '2024-12-09 17:01:37', '2025-12-01 17:37:07'),
(0, '5241c8ea21d03', '2024-12-10 10:02:50', '2025-12-01 17:37:07'),
(0, '5241c8ea21d03', '2024-12-10 10:05:09', '2025-12-01 17:37:07'),
(0, '5241c8ea21d03', '2024-12-10 10:06:39', '2025-12-01 17:37:07'),
(0, '5241c8ea21d03', '2024-12-10 10:18:04', '2025-12-01 17:37:07'),
(0, '5241c8ea21d03', '2024-12-10 11:54:06', '2025-12-01 17:37:07'),
(0, '5241c8ea21d03', '2024-12-10 12:01:38', '2025-12-01 17:37:07'),
(0, '5241c8ea21d03', '2024-12-10 12:07:20', '2025-12-01 17:37:07'),
(0, '5241c8ea21d03', '2024-12-10 14:41:49', '2025-12-01 17:37:07'),
(0, '5241c8ea21d03', '2024-12-10 15:07:56', '2025-12-01 17:37:07'),
(0, '5241c8ea21d03', '2024-12-10 15:21:32', '2025-12-01 17:37:07'),
(0, '5241c8ea21d03', '2024-12-10 15:37:39', '2025-12-01 17:37:07'),
(0, '5241c8ea21d03', '2024-12-10 16:04:59', '2025-12-01 17:37:07'),
(0, '5241c8ea21d03', '2024-12-10 16:41:44', '2025-12-01 17:37:07'),
(0, '5241c8ea21d03', '2024-12-10 17:45:08', '2025-12-01 17:37:07'),
(0, '5241c8ea21d03', '2024-12-11 09:36:12', '2025-12-01 17:37:07'),
(0, '5241c8ea21d03', '2024-12-11 09:45:40', '2025-12-01 17:37:07'),
(0, '5241c8ea21d03', '2024-12-11 10:01:01', '2025-12-01 17:37:07'),
(0, '5241c8ea21d03', '2024-12-11 10:05:38', '2025-12-01 17:37:07'),
(0, '5241c8ea21d03', '2024-12-11 10:33:05', '2025-12-01 17:37:07'),
(0, '5241c8ea21d03', '2024-12-11 12:50:38', '2025-12-01 17:37:07'),
(0, '5241c8ea21d03', '2024-12-11 14:24:38', '2025-12-01 17:37:07'),
(0, '5241c8ea21d03', '2024-12-11 14:40:02', '2025-12-01 17:37:07'),
(0, '5241c8ea21d03', '2024-12-12 09:20:08', '2025-12-01 17:37:07'),
(0, '5241c8ea21d03', '2024-12-12 09:51:06', '2025-12-01 17:37:07'),
(0, '5241c8ea21d03', '2024-12-12 10:05:50', '2025-12-01 17:37:07'),
(0, '5241c8ea21d03', '2024-12-12 10:17:16', '2025-12-01 17:37:07'),
(0, '5241c8ea21d03', '2024-12-12 10:50:29', '2025-12-01 17:37:07'),
(0, '5241c8ea21d03', '2024-12-12 10:54:33', '2025-12-01 17:37:07'),
(0, '5241c8ea21d03', '2024-12-12 10:57:21', '2025-12-01 17:37:07'),
(0, '5241c8ea21d03', '2024-12-12 11:01:28', '2025-12-01 17:37:07'),
(0, '5241c8ea21d03', '2024-12-12 11:05:47', '2025-12-01 17:37:07'),
(0, '5241c8ea21d03', '2024-12-12 11:08:10', '2025-12-01 17:37:07'),
(0, '5241c8ea21d03', '2024-12-13 09:49:22', '2025-12-01 17:37:07'),
(0, '5241c8ea21d03', '2024-12-13 11:06:10', '2025-12-01 17:37:07'),
(0, '5241c8ea21d03', '2024-12-13 11:36:41', '2025-12-01 17:37:07'),
(0, '5241c8ea21d03', '2024-12-13 11:46:29', '2025-12-01 17:37:07'),
(0, '5241c8ea21d03', '2024-12-13 14:00:32', '2025-12-01 17:37:07'),
(0, '5241c8ea21d03', '2024-12-15 11:24:23', '2025-12-01 17:37:07'),
(0, '5241c8ea21d03', '2024-12-16 09:52:09', '2025-12-01 17:37:07'),
(0, '5241c8ea21d03', '2024-12-16 10:17:32', '2025-12-01 17:37:07'),
(0, '5241c8ea21d03', '2024-12-16 10:45:05', '2025-12-01 17:37:07'),
(0, '5241c8ea21d03', '2024-12-16 11:54:46', '2025-12-01 17:37:07'),
(0, '5241c8ea21d03', '2024-12-16 11:57:04', '2025-12-01 17:37:07'),
(0, '5241c8ea21d03', '2024-12-16 15:15:10', '2025-12-01 17:37:07'),
(0, '5241c8ea21d03', '2024-12-16 16:01:19', '2025-12-01 17:37:07'),
(0, '5241c8ea21d03', '2024-12-16 16:08:59', '2025-12-01 17:37:07'),
(0, '5241c8ea21d03', '2024-12-17 09:48:40', '2025-12-01 17:37:07'),
(0, '5241c8ea21d03', '2024-12-17 10:36:01', '2025-12-01 17:37:07'),
(0, '5241c8ea21d03', '2024-12-17 10:42:49', '2025-12-01 17:37:07'),
(0, '5241c8ea21d03', '2024-12-17 11:04:09', '2025-12-01 17:37:07'),
(0, '5241c8ea21d03', '2024-12-17 14:47:23', '2025-12-01 17:37:07'),
(0, '5241c8ea21d03', '2024-12-17 14:56:11', '2025-12-01 17:37:07'),
(0, '5241c8ea21d03', '2024-12-17 14:57:23', '2025-12-01 17:37:07'),
(0, '5241c8ea21d03', '2024-12-17 15:19:15', '2025-12-01 17:37:07'),
(0, '5241c8ea21d03', '2024-12-18 10:45:28', '2025-12-01 17:37:07'),
(0, '5241c8ea21d03', '2024-12-18 11:26:31', '2025-12-01 17:37:07'),
(0, '5241c8ea21d03', '2024-12-18 14:13:22', '2025-12-01 17:37:07'),
(0, '5241c8ea21d03', '2024-12-19 09:41:17', '2025-12-01 17:37:07'),
(0, '5241c8ea21d03', '2024-12-19 09:44:54', '2025-12-01 17:37:07'),
(0, '5241c8ea21d03', '2024-12-19 15:00:15', '2025-12-01 17:37:07'),
(0, '5241c8ea21d03', '2024-12-19 15:44:02', '2025-12-01 17:37:07'),
(0, '5241c8ea21d03', '2024-12-20 09:50:24', '2025-12-01 17:37:07'),
(0, '5241c8ea21d03', '2024-12-20 11:25:13', '2025-12-01 17:37:07'),
(0, '5241c8ea21d03', '2024-12-20 11:52:10', '2025-12-01 17:37:07'),
(0, '5241c8ea21d03', '2024-12-20 12:11:32', '2025-12-01 17:37:07'),
(0, '5241c8ea21d03', '2024-12-20 12:11:36', '2025-12-01 17:37:07'),
(0, '5241c8ea21d03', '2024-12-21 10:06:26', '2025-12-01 17:37:07'),
(0, '5241c8ea21d03', '2024-12-21 10:13:42', '2025-12-01 17:37:07'),
(0, '5241c8ea21d03', '2024-12-21 10:23:42', '2025-12-01 17:37:07'),
(0, '5241c8ea21d03', '2024-12-23 09:46:50', '2025-12-01 17:37:07'),
(0, '5241c8ea21d03', '2024-12-23 10:02:20', '2025-12-01 17:37:07'),
(0, '5241c8ea21d03', '2024-12-23 10:22:42', '2025-12-01 17:37:07'),
(0, '5241c8ea21d03', '2024-12-23 11:37:45', '2025-12-01 17:37:07'),
(0, '5241c8ea21d03', '2024-12-23 11:43:00', '2025-12-01 17:37:07'),
(0, '5241c8ea21d03', '2024-12-23 12:48:26', '2025-12-01 17:37:07'),
(0, '5241c8ea21d03', '2024-12-23 14:16:18', '2025-12-01 17:37:07'),
(0, '5241c8ea21d03', '2024-12-23 15:59:48', '2025-12-01 17:37:07'),
(0, '5241c8ea21d03', '2024-12-23 16:21:41', '2025-12-01 17:37:07'),
(0, '5241c8ea21d03', '2024-12-23 16:22:51', '2025-12-01 17:37:07'),
(0, '5241c8ea21d03', '2024-12-24 10:59:44', '2025-12-01 17:37:07'),
(0, '5241c8ea21d03', '2024-12-24 11:18:09', '2025-12-01 17:37:07'),
(0, '5241c8ea21d03', '2024-12-26 10:50:57', '2025-12-01 17:37:07'),
(0, '5241c8ea21d03', '2024-12-30 14:59:48', '2025-12-01 17:37:07'),
(0, '5241c8ea21d03', '2024-12-30 16:26:25', '2025-12-01 17:37:07'),
(0, '5241c8ea21d03', '2025-01-02 09:14:42', '2025-12-01 17:37:07'),
(0, '5241c8ea21d03', '2025-01-02 09:21:52', '2025-12-01 17:37:07'),
(0, '5241c8ea21d03', '2025-01-02 09:42:00', '2025-12-01 17:37:07'),
(0, '5241c8ea21d03', '2025-01-02 10:18:32', '2025-12-01 17:37:07'),
(0, '5241c8ea21d03', '2025-01-02 14:44:44', '2025-12-01 17:37:07'),
(0, '5241c8ea21d03', '2025-01-02 16:40:44', '2025-12-01 17:37:07'),
(0, '5241c8ea21d03', '2025-01-02 17:02:36', '2025-12-01 17:37:07'),
(0, '5241c8ea21d03', '2025-01-02 18:24:50', '2025-12-01 17:37:07'),
(0, '5241c8ea21d03', '2025-01-02 18:48:44', '2025-12-01 17:37:07'),
(0, '5241c8ea21d03', '2025-01-03 09:51:29', '2025-12-01 17:37:07'),
(0, '5241c8ea21d03', '2025-01-03 11:10:00', '2025-12-01 17:37:07'),
(0, '5241c8ea21d03', '2025-01-03 11:20:59', '2025-12-01 17:37:07'),
(0, '5241c8ea21d03', '2025-01-03 13:39:52', '2025-12-01 17:37:07'),
(0, '5241c8ea21d03', '2025-01-05 16:15:24', '2025-12-01 17:37:07'),
(0, '5241c8ea21d03', '2025-01-05 16:16:17', '2025-12-01 17:37:07'),
(0, '5241c8ea21d03', '2025-01-05 16:19:09', '2025-12-01 17:37:07'),
(0, '5241c8ea21d03', '2025-01-05 17:51:27', '2025-12-01 17:37:07'),
(0, '5241c8ea21d03', '2025-01-06 09:34:53', '2025-12-01 17:37:07'),
(0, '5241c8ea21d03', '2025-01-08 16:36:57', '2025-12-01 17:37:07'),
(0, '5241c8ea21d03', '2025-01-09 14:53:39', '2025-12-01 17:37:07'),
(0, '5241c8ea21d03', '2025-01-11 22:53:23', '2025-12-01 17:37:07'),
(0, '5241c8ea21d03', '2025-01-13 10:48:48', '2025-12-01 17:37:07'),
(0, '5241c8ea21d03', '2025-01-13 10:55:07', '2025-12-01 17:37:07'),
(0, '5241c8ea21d03', '2025-01-15 22:24:54', '2025-12-01 17:37:07'),
(0, '5241c8ea21d03', '2025-01-22 11:01:12', '2025-12-01 17:37:07'),
(0, '5241c8ea21d03', '2025-01-22 14:56:13', '2025-12-01 17:37:07'),
(0, '5241c8ea21d03', '2025-01-22 15:17:37', '2025-12-01 17:37:07'),
(0, '5241c8ea21d03', '2025-01-22 16:57:26', '2025-12-01 17:37:07'),
(0, '5241c8ea21d03', '2025-01-23 10:02:15', '2025-12-01 17:37:07'),
(0, '5241c8ea21d03', '2025-01-23 16:04:01', '2025-12-01 17:37:07'),
(0, '5241c8ea21d03', '2025-01-23 17:05:40', '2025-12-01 17:37:07'),
(0, '5241c8ea21d03', '2025-01-23 17:06:04', '2025-12-01 17:37:07'),
(0, '5241c8ea21d03', '2025-01-29 11:18:11', '2025-12-01 17:37:07'),
(0, '5241c8ea21d03', '2025-01-30 11:09:34', '2025-12-01 17:37:07'),
(0, '5241c8ea21d03', '2025-01-31 16:39:03', '2025-12-01 17:37:07'),
(0, '5241c8ea21d03', '2025-02-04 15:32:59', '2025-12-01 17:37:07'),
(0, '5241c8ea21d03', '2025-02-04 15:45:34', '2025-12-01 17:37:07'),
(0, '5241c8ea21d03', '2025-02-10 15:26:18', '2025-12-01 17:37:07'),
(0, '5241c8ea21d03', '2025-02-11 11:00:31', '2025-12-01 17:37:07'),
(0, '5241c8ea21d03', '2025-02-11 12:18:59', '2025-12-01 17:37:07'),
(0, '5241c8ea21d03', '2025-02-13 17:38:20', '2025-12-01 17:37:07'),
(0, '5241c8ea21d03', '2025-02-24 12:02:57', '2025-12-01 17:37:07'),
(0, '5241c8ea21d03', '2025-03-03 16:26:46', '2025-12-01 17:37:07'),
(0, '5241c8ea21d03', '2025-03-04 09:34:35', '2025-12-01 17:37:07'),
(0, '5241c8ea21d03', '2025-03-04 15:52:04', '2025-12-01 17:37:07'),
(0, '5241c8ea21d03', '2025-03-05 10:06:37', '2025-12-01 17:37:07'),
(0, '5241c8ea21d03', '2025-03-18 10:24:10', '2025-12-01 17:37:07'),
(0, '5241c8ea21d03', '2025-04-11 10:43:24', '2025-12-01 17:37:07'),
(0, '5241c8ea21d03', '2025-05-13 10:54:08', '2025-12-01 17:37:07'),
(0, '5241c8ea21d03', '2025-05-14 09:59:33', '2025-12-01 17:37:07'),
(0, '5241c8ea21d03', '2025-05-15 15:13:01', '2025-12-01 17:37:07'),
(0, '5241c8ea21d03', '2025-05-28 14:50:53', '2025-12-01 17:37:07'),
(0, '5241c8ea21d03', '2025-05-28 14:54:13', '2025-12-01 17:37:07'),
(0, '5241c8ea21d03', '2025-05-28 17:40:37', '2025-12-01 17:37:07'),
(0, '5241c8ea21d03', '2025-06-16 09:58:56', '2025-12-01 17:37:07'),
(0, '5241c8ea21d03', '2025-06-24 15:36:57', '2025-12-01 17:37:07'),
(0, '5241c8ea21d03', '2025-06-27 11:20:39', '2025-12-01 17:37:07'),
(0, '5241c8ea21d03', '2025-06-27 16:21:19', '2025-12-01 17:37:07'),
(0, '5241c8ea21d03', '2025-07-01 11:47:17', '2025-12-01 17:37:07'),
(0, '5241c8ea21d03', '2025-07-02 16:22:32', '2025-12-01 17:37:07'),
(0, '5241c8ea21d03', '2025-07-04 08:43:01', '2025-12-01 17:37:07'),
(0, '5241c8ea21d03', '2025-07-04 16:51:36', '2025-12-01 17:37:07'),
(0, '5241c8ea21d03', '2025-07-09 14:55:16', '2025-12-01 17:37:07'),
(0, '5241c8ea21d03', '2025-08-25 15:41:46', '2025-12-01 17:37:07'),
(0, '5241c8ea21d03', '2025-08-28 10:44:06', '2025-12-01 17:37:07'),
(0, '5241c8ea21d03', '2025-08-28 10:53:43', '2025-12-01 17:37:07'),
(0, '5241c8ea21d03', '2025-08-28 11:01:33', '2025-12-01 17:37:07'),
(0, '5241c8ea21d03', '2025-08-28 11:53:20', '2025-12-01 17:37:07'),
(0, '5241c8ea21d03', '2025-08-28 17:26:15', '2025-12-01 17:37:07'),
(0, '5241c8ea21d03', '2025-08-29 11:40:47', '2025-12-01 17:37:07'),
(0, '5241c8ea21d03', '2025-08-29 11:41:00', '2025-12-01 17:37:07'),
(0, '5241c8ea21d03', '2025-08-29 14:09:12', '2025-12-01 17:37:07'),
(0, '5241c8ea21d03', '2025-08-29 14:18:40', '2025-12-01 17:37:07'),
(0, '5241c8ea21d03', '2025-09-01 11:39:32', '2025-12-01 17:37:07'),
(0, '5241c8ea21d03', '2025-09-01 11:41:21', '2025-12-01 17:37:07'),
(0, '5241c8ea21d03', '2025-09-01 15:08:13', '2025-12-01 17:37:07'),
(0, '5241c8ea21d03', '2025-09-01 15:45:36', '2025-12-01 17:37:07'),
(0, '5241c8ea21d03', '2025-09-01 16:18:47', '2025-12-01 17:37:07'),
(0, '5241c8ea21d03', '2025-09-08 09:51:43', '2025-12-01 17:37:07'),
(0, '5241c8ea21d03', '2025-09-09 14:52:12', '2025-12-01 17:37:07'),
(0, '5241c8ea21d03', '2025-09-09 18:09:58', '2025-12-01 17:37:07'),
(0, '5241c8ea21d03', '2025-09-10 10:20:31', '2025-12-01 17:37:07'),
(0, '5241c8ea21d03', '2025-09-11 09:53:44', '2025-12-01 17:37:07'),
(0, '5241c8ea21d03', '2025-09-15 10:35:32', '2025-12-01 17:37:07'),
(0, '5241c8ea21d03', '2025-09-15 10:39:08', '2025-12-01 17:37:07'),
(0, '5241c8ea21d03', '2025-09-15 16:29:45', '2025-12-01 17:37:07'),
(0, '5241c8ea21d03', '2025-09-15 19:07:28', '2025-12-01 17:37:07'),
(0, '5241c8ea21d03', '2025-09-15 19:09:28', '2025-12-01 17:37:07'),
(0, '5241c8ea21d03', '2025-09-15 19:13:09', '2025-12-01 17:37:07'),
(0, '5241c8ea21d03', '2025-09-17 15:21:05', '2025-12-01 17:37:07'),
(0, '5241c8ea21d03', '2025-09-20 17:40:20', '2025-12-01 17:37:07'),
(0, '5241c8ea21d03', '2025-09-23 16:00:17', '2025-12-01 17:37:07'),
(0, '5241c8ea21d03', '2025-09-23 19:10:12', '2025-12-01 17:37:07'),
(0, '5241c8ea21d03', '2025-09-25 18:09:34', '2025-12-01 17:37:07'),
(0, '5241c8ea21d03', '2025-09-29 10:06:11', '2025-12-01 17:37:07'),
(0, '5241c8ea21d03', '2025-09-29 14:59:07', '2025-12-01 17:37:07'),
(0, '5241c8ea21d03', '2025-09-29 16:56:16', '2025-12-01 17:37:07'),
(0, '5241c8ea21d03', '2025-10-01 15:18:47', '2025-12-01 17:37:07'),
(0, '5241c8ea21d03', '2025-10-02 11:37:19', '2025-12-01 17:37:07'),
(0, '5241c8ea21d03', '2025-10-02 11:54:52', '2025-12-01 17:37:07'),
(0, '5241c8ea21d03', '2025-10-02 15:18:49', '2025-12-01 17:37:07'),
(0, '5241c8ea21d03', '2025-10-02 17:17:00', '2025-12-01 17:37:07'),
(0, '5241c8ea21d03', '2025-10-02 19:21:59', '2025-12-01 17:37:07'),
(0, '5241c8ea21d03', '2025-10-06 15:39:22', '2025-12-01 17:37:07'),
(0, '5241c8ea21d03', '2025-10-07 11:57:56', '2025-12-01 17:37:07'),
(0, '5241c8ea21d03', '2025-10-07 15:02:58', '2025-12-01 17:37:07'),
(0, '5241c8ea21d03', '2025-10-13 17:49:37', '2025-12-01 17:37:07'),
(0, '5241c8ea21d03', '2025-10-15 09:14:46', '2025-12-01 17:37:07'),
(0, '5241c8ea21d03', '2025-10-15 11:43:04', '2025-12-01 17:37:07'),
(0, '5241c8ea21d03', '2025-10-15 11:44:44', '2025-12-01 17:37:07'),
(0, '5241c8ea21d03', '2025-10-16 10:32:16', '2025-12-01 17:37:07'),
(0, '5241c8ea21d03', '2025-10-16 17:12:47', '2025-12-01 17:37:07'),
(0, '5241c8ea21d03', '2025-10-16 18:43:57', '2025-12-01 17:37:07'),
(0, '5241c8ea21d03', '2025-10-21 11:59:36', '2025-12-01 17:37:07'),
(0, '5241c8ea21d03', '2025-10-21 14:57:26', '2025-12-01 17:37:07'),
(0, '5241c8ea21d03', '2025-10-22 10:31:30', '2025-12-01 17:37:07'),
(0, '5241c8ea21d03', '2025-10-22 11:42:18', '2025-12-01 17:37:07'),
(0, '5241c8ea21d03', '2025-10-22 15:06:27', '2025-12-01 17:37:07'),
(0, '5241c8ea21d03', '2025-10-22 15:12:12', '2025-12-01 17:37:07'),
(0, '5241c8ea21d03', '2025-10-22 16:13:25', '2025-12-01 17:37:07'),
(0, '5241c8ea21d03', '2025-10-22 16:18:24', '2025-12-01 17:37:07'),
(0, '5241c8ea21d03', '2025-10-23 09:45:54', '2025-12-01 17:37:07'),
(0, '5241c8ea21d03', '2025-10-23 10:23:46', '2025-12-01 17:37:07'),
(0, '5241c8ea21d03', '2025-10-27 08:47:53', '2025-12-01 17:37:07'),
(0, '5241c8ea21d03', '2025-10-27 09:49:09', '2025-12-01 17:37:07'),
(0, '5241c8ea21d03', '2025-10-27 09:58:59', '2025-12-01 17:37:07'),
(0, '5241c8ea21d03', '2025-10-27 11:38:40', '2025-12-01 17:37:07'),
(0, '5241c8ea21d03', '2025-10-27 11:43:14', '2025-12-01 17:37:07'),
(0, '5241c8ea21d03', '2025-10-27 17:51:44', '2025-12-01 17:37:07'),
(0, '5241c8ea21d03', '2025-10-29 09:29:58', '2025-12-01 17:37:07'),
(0, '5241c8ea21d03', '2025-10-29 09:59:09', '2025-12-01 17:37:07'),
(0, '5241c8ea21d03', '2025-10-29 11:25:51', '2025-12-01 17:37:07'),
(0, '5241c8ea21d03', '2025-10-30 10:05:42', '2025-12-01 17:37:07'),
(0, '5241c8ea21d03', '2025-10-30 10:25:49', '2025-12-01 17:37:07'),
(0, '5241c8ea21d03', '2025-10-30 14:34:55', '2025-12-01 17:37:07'),
(0, '5241c8ea21d03', '2025-10-30 14:44:53', '2025-12-01 17:37:07'),
(0, '5241c8ea21d03', '2025-10-30 15:39:43', '2025-12-01 17:37:07'),
(0, '5241c8ea21d03', '2025-11-10 10:23:30', '2025-12-01 17:37:07'),
(0, '5241c8ea21d03', '2025-11-12 11:20:44', '2025-12-01 17:37:07'),
(0, '5241c8ea21d03', '2025-11-12 11:21:59', '2025-12-01 17:37:07'),
(0, '5241c8ea21d03', '2025-11-12 11:29:59', '2025-12-01 17:37:07'),
(0, '5241c8ea21d03', '2025-11-12 11:55:46', '2025-12-01 17:37:07'),
(0, '5241c8ea21d03', '2025-11-12 12:06:23', '2025-12-01 17:37:07'),
(0, '5241c8ea21d03', '2025-11-12 14:52:14', '2025-12-01 17:37:07'),
(0, '5241c8ea21d03', '2025-11-12 15:36:59', '2025-12-01 17:37:07'),
(0, '5241c8ea21d03', '2025-11-13 09:38:11', '2025-12-01 17:37:07'),
(0, '5241c8ea21d03', '2025-11-13 09:41:41', '2025-12-01 17:37:07'),
(0, '5241c8ea21d03', '2025-11-13 16:32:13', '2025-12-01 17:37:07'),
(0, '5241c8ea21d03', '2025-11-13 18:16:34', '2025-12-01 17:37:07'),
(0, '5241c8ea21d03', '2025-11-14 12:36:56', '2025-12-01 17:37:07'),
(0, '5241c8ea21d03', '2025-11-14 14:45:28', '2025-12-01 17:37:07'),
(0, '5241c8ea21d03', '2025-11-14 15:41:15', '2025-12-01 17:37:07'),
(0, '5241c8ea21d03', '2025-11-15 09:10:49', '2025-12-01 17:37:07'),
(0, '5241c8ea21d03', '2025-11-15 10:00:35', '2025-12-01 17:37:07'),
(0, '5241c8ea21d03', '2025-11-15 10:16:35', '2025-12-01 17:37:07'),
(0, '5241c8ea21d03', '2025-11-17 09:29:43', '2025-12-01 17:37:07'),
(0, '5241c8ea21d03', '2025-11-17 09:34:33', '2025-12-01 17:37:07'),
(0, '5241c8ea21d03', '2025-11-17 11:11:03', '2025-12-01 17:37:07'),
(0, '5241c8ea21d03', '2025-11-17 15:03:15', '2025-12-01 17:37:07'),
(0, '5241c8ea21d03', '2025-11-18 08:03:38', '2025-12-01 17:37:07'),
(0, '5241c8ea21d03', '2025-11-18 09:11:46', '2025-12-01 17:37:07'),
(0, '5241c8ea21d03', '2025-11-18 09:22:51', '2025-12-01 17:37:07'),
(0, '5241c8ea21d03', '2025-11-18 17:16:59', '2025-12-01 17:37:07'),
(0, '5241c8ea21d03', '2025-11-18 18:03:38', '2025-12-01 17:37:07'),
(0, '5241c8ea21d03', '2025-11-19 09:57:04', '2025-12-01 17:37:07'),
(0, '5241c8ea21d03', '2025-11-20 12:24:59', '2025-12-01 17:37:07'),
(0, '5241c8ea21d03', '2025-11-20 14:41:09', '2025-12-01 17:37:07'),
(0, '5241c8ea21d03', '2025-11-21 06:17:02', '2025-12-01 17:37:07'),
(0, '5241c8ea21d03', '2025-11-21 06:35:51', '2025-12-01 17:37:07'),
(0, '5241c8ea21d03', '2025-11-23 18:44:19', '2025-12-01 17:37:07'),
(0, '5241c8ea21d03', '2025-11-24 22:30:33', '2025-12-01 17:37:07'),
(0, '5241c8ea21d03', '2025-11-25 18:24:33', '2025-12-01 17:37:07'),
(0, '5241c8ea21d03', '2025-12-01 10:05:36', '2025-12-01 17:37:07'),
(0, '5241c8ea21d03', '2025-12-01 15:00:30', '2025-12-01 17:37:07'),
(0, '5241c8ea21d03', '2025-12-01 16:35:32', '2025-12-01 17:37:07'),
(0, '5241c8ea21d03', '2025-12-01 17:49:45', '0000-00-00 00:00:00'),
(0, '5241c8ea21d03', '2025-12-02 10:09:06', '0000-00-00 00:00:00'),
(0, '5241c8ea21d03', '2025-12-02 16:12:47', '0000-00-00 00:00:00'),
(0, '5241c8ea21d03', '2025-12-02 16:53:25', '0000-00-00 00:00:00'),
(0, '5241c8ea21d03', '2025-12-03 09:47:22', '0000-00-00 00:00:00'),
(0, '5241c8ea21d03', '2025-12-03 09:59:25', '0000-00-00 00:00:00'),
(0, '5241c8ea21d03', '2025-12-03 10:05:17', '0000-00-00 00:00:00'),
(0, '5241c8ea21d03', '2025-12-03 11:37:01', '0000-00-00 00:00:00'),
(0, '5241c8ea21d03', '2025-12-03 13:59:00', '0000-00-00 00:00:00'),
(0, '5241c8ea21d03', '2025-12-03 14:56:06', '0000-00-00 00:00:00'),
(0, '5241c8ea21d03', '2025-12-03 16:21:35', '0000-00-00 00:00:00'),
(0, '5241c8ea21d03', '2025-12-04 11:03:09', '0000-00-00 00:00:00'),
(0, '5241c8ea21d03', '2025-12-08 09:31:29', '0000-00-00 00:00:00'),
(0, '5241c8ea21d03', '2025-12-08 10:22:53', '0000-00-00 00:00:00'),
(0, '5241c8ea21d03', '2025-12-08 11:54:06', '0000-00-00 00:00:00'),
(0, '5241c8ea21d03', '2025-12-08 14:07:47', '0000-00-00 00:00:00'),
(0, '5241c8ea21d03', '2025-12-08 14:59:20', '0000-00-00 00:00:00'),
(0, '5241c8ea21d03', '2025-12-08 15:00:49', '0000-00-00 00:00:00'),
(0, '5241c8ea21d03', '2025-12-08 15:17:25', '0000-00-00 00:00:00'),
(0, '5241c8ea21d03', '2025-12-08 17:22:17', '0000-00-00 00:00:00'),
(0, '5241c8ea21d03', '2025-12-09 10:28:53', '0000-00-00 00:00:00'),
(0, '5241c8ea21d03', '2025-12-09 10:38:06', '0000-00-00 00:00:00'),
(0, '5241c8ea21d03', '2025-12-09 14:54:01', '0000-00-00 00:00:00'),
(0, '5241c8ea21d03', '2025-12-09 15:18:45', '0000-00-00 00:00:00'),
(0, '5241c8ea21d03', '2025-12-09 15:20:14', '0000-00-00 00:00:00'),
(0, '5241c8ea21d03', '2025-12-10 10:52:03', '0000-00-00 00:00:00'),
(0, '5241c8ea21d03', '2025-12-10 10:57:35', '0000-00-00 00:00:00'),
(0, '5241c8ea21d03', '2025-12-10 12:10:54', '0000-00-00 00:00:00'),
(0, '5241c8ea21d03', '2025-12-10 12:12:16', '0000-00-00 00:00:00'),
(0, '5241c8ea21d03', '2025-12-10 13:48:13', '0000-00-00 00:00:00'),
(0, '5241c8ea21d03', '2025-12-10 14:25:29', '0000-00-00 00:00:00'),
(0, '5241c8ea21d03', '2025-12-10 14:56:04', '0000-00-00 00:00:00'),
(0, '5241c8ea21d03', '2025-12-10 14:56:48', '0000-00-00 00:00:00'),
(0, '5241c8ea21d03', '2025-12-10 15:18:42', '0000-00-00 00:00:00'),
(0, '5241c8ea21d03', '2025-12-10 15:32:14', '0000-00-00 00:00:00'),
(0, '5241c8ea21d03', '2025-12-10 15:37:02', '0000-00-00 00:00:00'),
(0, '5241c8ea21d03', '2025-12-11 09:09:22', '0000-00-00 00:00:00'),
(0, '5241c8ea21d03', '2025-12-11 09:57:45', '0000-00-00 00:00:00'),
(0, '5241c8ea21d03', '2025-12-11 14:47:00', '0000-00-00 00:00:00'),
(0, '5241c8ea21d03', '2025-12-11 16:05:33', '0000-00-00 00:00:00'),
(0, '5241c8ea21d03', '2025-12-11 16:21:59', '0000-00-00 00:00:00'),
(0, '5241c8ea21d03', '2025-12-11 17:06:05', '0000-00-00 00:00:00'),
(0, '5241c8ea21d03', '2025-12-11 17:17:14', '0000-00-00 00:00:00'),
(0, '5241c8ea21d03', '2025-12-12 09:36:15', '0000-00-00 00:00:00'),
(0, '5241c8ea21d03', '2025-12-12 12:23:09', '0000-00-00 00:00:00'),
(0, '5241c8ea21d03', '2025-12-12 14:10:29', '0000-00-00 00:00:00'),
(0, '5241c8ea21d03', '2025-12-12 14:17:07', '0000-00-00 00:00:00'),
(0, '5241c8ea21d03', '2025-12-12 18:57:33', '0000-00-00 00:00:00'),
(0, '5241c8ea21d03', '2025-12-13 17:07:46', '0000-00-00 00:00:00'),
(0, '5241c8ea21d03', '2025-12-15 09:27:21', '0000-00-00 00:00:00'),
(0, '5241c8ea21d03', '2025-12-15 09:35:32', '0000-00-00 00:00:00'),
(0, '5241c8ea21d03', '2025-12-15 09:41:19', '0000-00-00 00:00:00'),
(0, '5241c8ea21d03', '2025-12-15 11:15:37', '0000-00-00 00:00:00'),
(0, '5241c8ea21d03', '2025-12-15 12:16:57', '0000-00-00 00:00:00'),
(0, '5241c8ea21d03', '2025-12-15 15:39:28', '0000-00-00 00:00:00'),
(0, '5241c8ea21d03', '2025-12-15 17:16:49', '0000-00-00 00:00:00'),
(0, '5241c8ea21d03', '2025-12-15 17:18:33', '0000-00-00 00:00:00'),
(0, '5241c8ea21d03', '2025-12-16 10:23:19', '0000-00-00 00:00:00'),
(0, '5241c8ea21d03', '2025-12-16 10:34:12', '0000-00-00 00:00:00'),
(0, '5241c8ea21d03', '2025-12-17 12:37:16', '0000-00-00 00:00:00'),
(0, '5241c8ea21d03', '2025-12-18 10:56:00', '0000-00-00 00:00:00'),
(0, '5241c8ea21d03', '2025-12-18 15:16:26', '0000-00-00 00:00:00'),
(0, '5241c8ea21d03', '2025-12-18 18:09:55', '0000-00-00 00:00:00'),
(0, '5241c8ea21d03', '2025-12-19 16:29:55', '0000-00-00 00:00:00'),
(0, '5241c8ea21d03', '2025-12-19 16:46:10', '0000-00-00 00:00:00'),
(0, '5241c8ea21d03', '2025-12-22 11:25:27', '0000-00-00 00:00:00'),
(0, '5241c8ea21d03', '2025-12-22 16:29:35', '0000-00-00 00:00:00'),
(0, '5241c8ea21d03', '2025-12-22 16:45:04', '0000-00-00 00:00:00'),
(0, '5241c8ea21d03', '2025-12-23 10:42:58', '0000-00-00 00:00:00'),
(0, '5241c8ea21d03', '2025-12-23 10:49:58', '0000-00-00 00:00:00'),
(0, '5241c8ea21d03', '2025-12-23 17:09:31', '0000-00-00 00:00:00'),
(0, '5241c8ea21d03', '2025-12-24 10:52:36', '0000-00-00 00:00:00'),
(0, '5241c8ea21d03', '2025-12-26 14:46:29', '0000-00-00 00:00:00'),
(0, '5241c8ea21d03', '2025-12-27 11:14:58', '0000-00-00 00:00:00'),
(0, '5241c8ea21d03', '2025-12-29 09:46:53', '0000-00-00 00:00:00'),
(0, '5241c8ea21d03', '2025-12-29 13:18:44', '0000-00-00 00:00:00'),
(0, '5241c8ea21d03', '2025-12-29 17:01:11', '0000-00-00 00:00:00'),
(0, '5241c8ea21d03', '2025-12-29 18:43:43', '0000-00-00 00:00:00'),
(0, '5241c8ea21d03', '2025-12-30 09:57:37', '0000-00-00 00:00:00'),
(0, '5241c8ea21d03', '2025-12-30 10:17:38', '0000-00-00 00:00:00'),
(0, '5241c8ea21d03', '2025-12-30 10:53:26', '0000-00-00 00:00:00'),
(0, '5241c8ea21d03', '2025-12-30 12:20:37', '0000-00-00 00:00:00'),
(0, '5241c8ea21d03', '2025-12-30 14:47:32', '0000-00-00 00:00:00'),
(0, '5241c8ea21d03', '2025-12-30 15:26:16', '0000-00-00 00:00:00'),
(0, '5241c8ea21d03', '2025-12-30 15:46:41', '0000-00-00 00:00:00'),
(0, '5241c8ea21d03', '2025-12-30 15:47:21', '0000-00-00 00:00:00'),
(0, '5241c8ea21d03', '2025-12-31 10:31:29', '0000-00-00 00:00:00'),
(0, '5241c8ea21d03', '2026-01-02 10:28:28', '0000-00-00 00:00:00'),
(0, '5241c8ea21d03', '2026-01-02 10:38:41', '0000-00-00 00:00:00'),
(0, '5241c8ea21d03', '2026-01-02 10:57:55', '0000-00-00 00:00:00'),
(0, '5241c8ea21d03', '2026-01-02 11:00:52', '0000-00-00 00:00:00'),
(0, '5241c8ea21d03', '2026-01-02 12:27:47', '0000-00-00 00:00:00'),
(0, '5241c8ea21d03', '2026-01-02 14:58:55', '0000-00-00 00:00:00'),
(0, '5241c8ea21d03', '2026-01-02 17:12:37', '0000-00-00 00:00:00'),
(0, '5241c8ea21d03', '2026-01-02 19:20:19', '0000-00-00 00:00:00'),
(0, '5241c8ea21d03', '2026-01-03 14:12:37', '0000-00-00 00:00:00'),
(0, '5241c8ea21d03', '2026-01-05 10:16:30', '0000-00-00 00:00:00'),
(0, '5241c8ea21d03', '2026-01-14 11:09:24', '0000-00-00 00:00:00'),
(0, '5241c8ea21d03', '2026-01-14 18:02:44', '0000-00-00 00:00:00');
INSERT INTO `admin_traces` (`trace_id`, `trace_compte`, `trace_datetime_connexion`, `trace_datetime_deconnexion`) VALUES
(0, '5241c8ea21d03', '2026-01-14 18:04:56', '0000-00-00 00:00:00'),
(0, '5241c8ea21d03', '2026-01-15 10:01:50', '0000-00-00 00:00:00'),
(0, '5241c8ea21d03', '2026-01-15 11:21:45', '0000-00-00 00:00:00'),
(0, '5241c8ea21d03', '2026-01-19 09:53:11', '0000-00-00 00:00:00'),
(0, '5241c8ea21d03', '2026-01-19 11:03:39', '0000-00-00 00:00:00'),
(0, '5241c8ea21d03', '2026-01-21 10:36:04', '0000-00-00 00:00:00');

-- --------------------------------------------------------

--
-- Structure de la table `competitions`
--

CREATE TABLE `competitions` (
  `competition_id` varchar(100) COLLATE utf8mb3_unicode_ci NOT NULL DEFAULT '0',
  `competition_annee` year NOT NULL DEFAULT '0000',
  `competition_date_debut` date NOT NULL DEFAULT '0000-00-00',
  `competition_date_fin` date NOT NULL DEFAULT '0000-00-00',
  `competition_heure_debut` time NOT NULL DEFAULT '00:00:00',
  `competition_nb_golfs` int NOT NULL DEFAULT '4',
  `competition_golfs` varchar(100) COLLATE utf8mb3_unicode_ci NOT NULL DEFAULT '1,2,3,4',
  `competition_nb_groupes` int NOT NULL DEFAULT '4',
  `competition_intervalle_departs` int NOT NULL DEFAULT '10',
  `competition_sponsor_1` varchar(255) COLLATE utf8mb3_unicode_ci NOT NULL,
  `competition_sponsor_2` varchar(255) COLLATE utf8mb3_unicode_ci NOT NULL,
  `competition_sponsor_3` varchar(255) COLLATE utf8mb3_unicode_ci NOT NULL,
  `competition_sponsor_4` varchar(255) COLLATE utf8mb3_unicode_ci NOT NULL,
  `competition_sponsors_classement` varchar(255) COLLATE utf8mb3_unicode_ci NOT NULL,
  `competition_archive` int NOT NULL DEFAULT '0',
  `competition_active` smallint NOT NULL DEFAULT '0',
  `prix_forfait` float NOT NULL DEFAULT '0',
  `single_no_pisc` double NOT NULL DEFAULT '0',
  `single_pisc` double NOT NULL DEFAULT '0',
  `no_heb_pro_no_hotel` double NOT NULL DEFAULT '0',
  `no_heb_pro_hotel` double NOT NULL DEFAULT '0',
  `text_heb` varchar(555) COLLATE utf8mb3_unicode_ci NOT NULL,
  `text_heb_pro` varchar(555) COLLATE utf8mb3_unicode_ci NOT NULL,
  `date_debut_hotel` date NOT NULL DEFAULT '0000-00-00',
  `date_fin_hotel` date NOT NULL DEFAULT '0000-00-00',
  `double_no_pisc` double NOT NULL DEFAULT '0',
  `double_pisc` double DEFAULT '0',
  `acc_double_pisc` double NOT NULL DEFAULT '0',
  `acc_single_pisc` double NOT NULL DEFAULT '0',
  `acc_double_no_pisc` double NOT NULL DEFAULT '0',
  `acc_single_no_pisc` double NOT NULL DEFAULT '0',
  `text_heb_acc` varchar(555) COLLATE utf8mb3_unicode_ci NOT NULL,
  `text_heb_2` varchar(555) COLLATE utf8mb3_unicode_ci NOT NULL,
  `text_heb_3` varchar(555) COLLATE utf8mb3_unicode_ci NOT NULL,
  `text_heb_4` varchar(555) COLLATE utf8mb3_unicode_ci NOT NULL,
  `text_heb_pro_2` varchar(555) COLLATE utf8mb3_unicode_ci NOT NULL,
  `text_heb_pro_3` varchar(555) COLLATE utf8mb3_unicode_ci NOT NULL,
  `text_heb_2_en` varchar(555) COLLATE utf8mb3_unicode_ci NOT NULL,
  `text_heb_3_en` varchar(555) COLLATE utf8mb3_unicode_ci NOT NULL,
  `text_heb_4_en` varchar(555) COLLATE utf8mb3_unicode_ci NOT NULL,
  `text_heb_pro_2_en` varchar(555) COLLATE utf8mb3_unicode_ci NOT NULL,
  `text_heb_pro_3_en` varchar(555) COLLATE utf8mb3_unicode_ci NOT NULL,
  `text_acc_final_FR` varchar(555) COLLATE utf8mb3_unicode_ci NOT NULL,
  `text_acc_final_EN` varchar(555) COLLATE utf8mb3_unicode_ci NOT NULL,
  `text_heb_en` varchar(255) COLLATE utf8mb3_unicode_ci NOT NULL,
  `text_heb_pro_en` varchar(255) COLLATE utf8mb3_unicode_ci NOT NULL,
  `text_heb_acc_en` varchar(255) COLLATE utf8mb3_unicode_ci NOT NULL
) ENGINE=MyISAM DEFAULT CHARSET=utf8mb3 COLLATE=utf8mb3_unicode_ci COMMENT='Liste des compétitions';

--
-- Déchargement des données de la table `competitions`
--

INSERT INTO `competitions` (`competition_id`, `competition_annee`, `competition_date_debut`, `competition_date_fin`, `competition_heure_debut`, `competition_nb_golfs`, `competition_golfs`, `competition_nb_groupes`, `competition_intervalle_departs`, `competition_sponsor_1`, `competition_sponsor_2`, `competition_sponsor_3`, `competition_sponsor_4`, `competition_sponsors_classement`, `competition_archive`, `competition_active`, `prix_forfait`, `single_no_pisc`, `single_pisc`, `no_heb_pro_no_hotel`, `no_heb_pro_hotel`, `text_heb`, `text_heb_pro`, `date_debut_hotel`, `date_fin_hotel`, `double_no_pisc`, `double_pisc`, `acc_double_pisc`, `acc_single_pisc`, `acc_double_no_pisc`, `acc_single_no_pisc`, `text_heb_acc`, `text_heb_2`, `text_heb_3`, `text_heb_4`, `text_heb_pro_2`, `text_heb_pro_3`, `text_heb_2_en`, `text_heb_3_en`, `text_heb_4_en`, `text_heb_pro_2_en`, `text_heb_pro_3_en`, `text_acc_final_FR`, `text_acc_final_EN`, `text_heb_en`, `text_heb_pro_en`, `text_heb_acc_en`) VALUES
('618d3bbf2cddc', '2022', '2022-03-22', '2022-03-25', '08:00:00', 4, '1,2,3,4', 4, 10, 'SPON1', 'SPON2', 'SPON3', 'SPON4', '', 1, 1, 1890, 240, 290, 1290, 1440, ' Le tarif est de 1890€ hors aérien, comprenant tous les transferts aéroports - hôtels - golfs. 5 nuits en chambre double de Luxe en formule tout inclus (repas-boissons ) et open bar. 4 greens fees, balles de practice, collation mi-parcours, polo officiel et cadeaux de départ journaliers les cocktails de remise des prix et cocktail de bienvenue -', 'Le pro est invité sur la base de 3 joueurs inscrits en chambre double en all inclusive avec une prime garantie de 1200 euros.', '2022-03-21', '2022-03-26', 50, 50, 800, 800, 750, 750, 'Vous ne pouvez choisir qu\'une chambre double en complétant la même option vue piscine ou standard que le joueur que vous accompagnez.', 'Si vous choisissez une chambre single, le supplément est de 240 € pour les 5 nuits.', 'Les dates d\'arrivée et départs sont  prévues du 21 au 26 mars. Si vous souhaitez prolonger votre séjour (avant ou après) modifiez les directement ci-dessous.  Supplément en chambre double par nuit et par personne : 99 € (115 € vue piscine) single : 129 € (139 € vue piscine)', 'Vous souhaitez une vue piscine, le supplément est de 50 euros pour les 5 nuits. Vous avez le choix ci-dessous.', 'L\'hébergement du Pro est gratuit en double sur la base de 5 nuits. Le supplément single est de 240 € pour les 5 nuits.', 'Si vous choisissez une chambre single, le supplément est de 240 € pour les 5 nuits.', 'If you choose a single room, the supplement is 240 € for the 5 nights.', 'Arrival and departure dates are from 21 to 26 march, if you wish to change your dates, you can change the dates directly below.  Double room supplement per night €99 (€115 pool view) single €129 (€139 pool view)', 'If you want a pool view, the supplement is 50 euros for the 5 nights. You have the choice below.', 'The Pro\'s accommodation is free of charge on a double basis for 5 nights. The single supplement is 240 € for the 5 nights.', 'Arrival and departure dates are from 21 to 26 march, if you wish to change your dates, you can change the dates directly below.  Double room supplement per night €99 (€115 pool view) single €129 (€139 pool view)', 'Vous ne pouvez choisir qu\'une chambre double en complétant la même option vue piscine ou standard que le joueur que vous accompagnez.', 'You can only choose a double room when completing the same pool view or standard option as the player you are accompanying.', 'The price is € 1,890 excluding air travel, including all transfers from airports - hotels - golf courses. 5 nights in a Deluxe double room on an all-inclusive basis (meals and drinks) and open bar. 4 greens fees, practice balls, mid-course snack, offici', 'The pro is invited on the basis of 3 players registered in a double room in all inclusive with a guaranteed premium of 1200 euros.', 'You can only choose a double room when completing the same pool view or standard option as the player you are accompanying.'),
('628bac3e0ac33', '2022', '2022-10-31', '2022-11-05', '08:00:00', 4, '1,2,3,4', 4, 10, 'SRIXON', 'GOLF FIRST', 'MAKILA', 'OFFICE DU TOURISME MAROC', '', 1, 1, 1990, 240, 290, 1290, 1440, ' Le tarif est de 1990€ hors aérien, comprenant tous les transferts aéroports - hôtels - golfs. 5 nuits en chambre double de Luxe en formule tout inclus (repas-boissons ) et open bar. 4 greens fees, balles de practice, collation mi-parcours, polo officiel et cadeaux de départ journaliers les cocktails de remise des prix et cocktail de bienvenue -', 'L\'hébergement du Pro est gratuit en double sur la base de 5 nuits. Le supplément single est de 240 € pour les 5 nuits.', '2022-10-31', '2022-11-05', 50, 50, 900, 900, 850, 850, 'Vous ne pouvez choisir qu\'une chambre double en complétant la même option vue piscine ou standard que le joueur que vous accompagnez.', 'Si vous choisissez une chambre single, le supplément est de 240 € pour les 5 nuits.', 'Les dates d\'arrivée et départs sont  prévues du 31 Octobre au 5 Novembre. Si vous souhaitez prolonger votre séjour (avant ou après) modifiez les directement ci-dessous.  Supplément en chambre double par nuit et par personne : 99 € (115 € vue piscine) single : 129 € (139 € vue piscine)', 'Vous souhaitez une vue piscine, le supplément est de 50 euros pour les 5 nuits. Vous avez le choix ci-dessous.', 'L\'hébergement du Pro est gratuit en double sur la base de 5 nuits. Le supplément single est de 240 € pour les 5 nuits.', 'Si vous choisissez une chambre single, le supplément est de 240 € pour les 5 nuits.', 'If you choose a single room, the supplement is 240 € for the 5 nights.', 'Arrival and departure dates are from 26 october to 31 october, if you wish to change your dates, you can change the dates directly below.  Double room supplement per night €99 (€115 pool view) single €129 (€139 pool view)', 'If you want a pool view, the supplement is 50 euros for the 5 nights. You have the choice below.', 'The Pro\'s accommodation is free of charge on a double basis for 5 nights. The single supplement is 240 € for the 5 nights.', 'Arrival and departure dates are from 31 october to 5 November, if you wish to change your dates, you can change the dates directly below.  Double room supplement per night €99 (€115 pool view) single €129 (€139 pool view)', 'Vous ne pouvez choisir qu\'une chambre double en complétant la même option vue piscine ou standard que le joueur que vous accompagnez.', 'You can only choose a double room when completing the same pool view or standard option as the player you are accompanying.', 'The price is € 1,990 excluding air travel, including all transfers from airports - hotels - golf courses. 5 nights in a Deluxe double room on an all-inclusive basis (meals and drinks) and open bar. 4 greens fees, practice balls, mid-course snack', 'The pro is invited on the basis of 3 players registered in a double room in all inclusive with a guaranteed premium of 1200 euros.', 'You can only choose a double room when completing the same pool view or standard option as the player you are accompanying.'),
('6363fbfb736e4', '2023', '2023-01-07', '2023-01-12', '08:00:00', 4, '1,2,3,4', 4, 10, 'GOLF FIRST', 'MAKILAS', 'SRIXON', 'UNDER ARMOUR', '', 1, 1, 1990, 240, 290, 1290, 1440, ' <strong>Le tarif est de 1990€ hors aérien, comprenant : Tous les transferts aéroports - hôtels - golfs. 5 nuits en chambre double standard en formule tout inclus (repas-boissons )  4 greens fees - 4 cocktails de remise des prix et cocktail de bienvenue - collations mi-parcours </strong>', '<b>Gratuité sur la base d’une équipe complète hors vol Comprenant: Prime de départ de 1400€ Transferts aéroports - hôtels - golfs 5 nuits en chambre double standard en formule tout inclus (repas-boissons ) sur la base de 3 amateurs inscrits 4 greens fees   Une voiturette par équipe est comprise uniquement sur le golf de Tazegzout  4 cocktails de remise des prix et cocktail de bienvenue - collations mi-parcours  Soirée Gala le Vendredi soir Suppléments chambre : single standard 240€ - single vue piscine 290€t</b>', '2023-01-07', '2023-01-12', 50, 50, 900, 900, 850, 850, 'Vous ne pouvez choisir qu\'une chambre double en complétant la même option vue piscine ou standard que le joueur que vous accompagnez.', 'si vous choisissez une chambre single, le supplément est de 240 € pour les 5 nuits.', 'Les dates d\'arrivée et départs sont  prévues du 7 au 12 janvier. Si vous souhaitez prolonger votre séjour (avant ou après) modifiez les directement ci-dessous.  Supplément en chambre double par nuit et par personne : 99 € (115 € vue piscine) single : 129 € (139 € vue piscine)', 'Vous souhaitez une vue piscine, le supplément est de 50 euros pour les 5 nuits. Vous avez le choix ci-dessous.', 'L\'hébergement du Pro est gratuit en double sur la base de 5 nuits. Le supplément single est de 240 € pour les 5 nuits.', 'Si vous choisissez une chambre single, le supplément est de 240 € pour les 5 nuits.', 'if you choose a single room, the supplement is 240 € for the 5 nights.', 'Arrival and departure dates are from 7 to 12 january, if you wish to change your dates, you can change the dates directly below.  Double room supplement per night €99 (€115 pool view) single €129 (€139 pool view)', 'If you want a pool view, the supplement is 50 euros for the 5 nights. You have the choice below.', 'The Pro\'s accommodation is free of charge on a double basis for 5 nights. The single supplement is 240 € for the 5 nights.', 'Arrival and departure dates are from 7 to 12 january, if you wish to change your dates, you can change the dates directly below.  Double room supplement per night €99 (€115 pool view) single €129 (€139 pool view)', 'Vous ne pouvez choisir qu\'une chambre double en complétant la même option vue piscine ou standard que le joueur que vous accompagnez.', 'You can only choose a double room when completing the same pool view or standard option as the player you are accompanying.', 'the price is € 1,990 excluding air travel, including all transfers from airports - hotels - golf courses. 5 nights in a Deluxe double room on an all-inclusive basis (meals and drinks) and open bar. 4 greens fees, practice balls, mid-course snack', 'The pro is invited on the basis of 3 players registered in a double room in all inclusive with a guaranteed premium of 1400 euros.', 'You can only choose a double room when completing the same pool view or standard option as the player you are accompanying.'),
('6478911cd7a80', '2024', '2024-01-06', '2024-01-11', '08:00:00', 4, '1,2,3,4', 4, 10, 'GOLF FIRST', 'MAKILAS', 'SRIXON', 'UNDER ARMOUR', '', 1, 1, 2090, 280, 370, 1390, 1540, '<strong>Le tarif est de 2090€ hors aérien, comprenant : Tous les transferts aéroports - hôtels - golfs. 5 nuits en chambre double standard en formule tout inclus (repas-boissons )  4 greens fees - 4 cocktails de remise des prix et cocktail de bienvenue - collations mi-parcours </strong>', '<b>Gratuité sur la base d’une équipe complète hors vol Comprenant: Prime de départ de 1400€ Transferts aéroports - hôtels - golfs 5 nuits en chambre double standard en formule tout inclus (repas-boissons ) sur la base de 3 amateurs inscrits 4 greens fees - 4 cocktails de remise des prix et cocktail de bienvenue - collations mi-parcours  Soirée Gala le Vendredi soir Suppléments chambre : single standard 280€ - single vue piscine 370€t</b>', '2024-01-06', '2024-01-11', 90, 90, 940, 940, 850, 850, 'Vous ne pouvez choisir qu\'une chambre double en complétant la même option vue piscine ou standard que le joueur que vous accompagnez.', 'si vous choisissez une chambre single, le supplément est de 280 € pour les 5 nuits.', 'Les dates d\'arrivée et départs sont  prévues du 6 au 11 janvier. Si vous souhaitez prolonger votre séjour (avant ou après) modifiez les directement ci-dessous.  Supplément en chambre double par nuit et par personne : 110 € (128 € vue piscine) single : 140 € (158 € vue piscine)', 'Vous souhaitez une vue piscine, le supplément est de 90 euros pour les 5 nuits. Vous avez le choix ci-dessous.', 'L\'hébergement du Pro est gratuit en double sur la base de 5 nuits. Le supplément single est de 280 € pour les 5 nuits.', 'Si vous choisissez une chambre single, le supplément est de 280 € pour les 5 nuits.', 'if you choose a single room, the supplement is 280 € for the 5 nights.', 'Arrival and departure dates are from 6 to 11 january, if you wish to change your dates, you can change the dates directly below.  Double room supplement per night €110 (€128 pool view) single €140 (€158 pool view)', 'If you want a pool view, the supplement is 90 euros for the 5 nights. You have the choice below.', 'The Pro\'s accommodation is free of charge on a double basis for 5 nights. The single supplement is 280 € for the 5 nights.', 'Arrival and departure dates are from 6 to 11 january, if you wish to change your dates, you can change the dates directly below.  Double room supplement per night €110 (€128 pool view) single €140 (€158 pool view)', 'Vous ne pouvez choisir qu\'une chambre double en complétant la même option vue piscine ou standard que le joueur que vous accompagnez.', 'You can only choose a double room when completing the same pool view or standard option as the player you are accompanying.', 'the price is € 2,090 excluding air travel, including all transfers from airports - hotels - golf courses. 5 nights in a Deluxe double room on an all-inclusive basis (meals and drinks) and open bar. 4 greens fees, practice balls, mid-course snack', 'The pro is invited on the basis of 3 players registered in a double room in all inclusive with a guaranteed premium of 1400 euros.', 'You can only choose a double room when completing the same pool view or standard option as the player you are accompanying.'),
('618d3bbf2cddc', '2022', '2022-03-22', '2022-03-25', '08:00:00', 4, '1,2,3,4', 4, 10, 'SPON1', 'SPON2', 'SPON3', 'SPON4', '', 1, 1, 1890, 240, 290, 1290, 1440, ' Le tarif est de 1890€ hors aérien, comprenant tous les transferts aéroports - hôtels - golfs. 5 nuits en chambre double de Luxe en formule tout inclus (repas-boissons ) et open bar. 4 greens fees, balles de practice, collation mi-parcours, polo officiel et cadeaux de départ journaliers les cocktails de remise des prix et cocktail de bienvenue -', 'Le pro est invité sur la base de 3 joueurs inscrits en chambre double en all inclusive avec une prime garantie de 1200 euros.', '2022-03-21', '2022-03-26', 50, 50, 800, 800, 750, 750, 'Vous ne pouvez choisir qu\'une chambre double en complétant la même option vue piscine ou standard que le joueur que vous accompagnez.', 'Si vous choisissez une chambre single, le supplément est de 240 € pour les 5 nuits.', 'Les dates d\'arrivée et départs sont  prévues du 21 au 26 mars. Si vous souhaitez prolonger votre séjour (avant ou après) modifiez les directement ci-dessous.  Supplément en chambre double par nuit et par personne : 99 € (115 € vue piscine) single : 129 € (139 € vue piscine)', 'Vous souhaitez une vue piscine, le supplément est de 50 euros pour les 5 nuits. Vous avez le choix ci-dessous.', 'L\'hébergement du Pro est gratuit en double sur la base de 5 nuits. Le supplément single est de 240 € pour les 5 nuits.', 'Si vous choisissez une chambre single, le supplément est de 240 € pour les 5 nuits.', 'If you choose a single room, the supplement is 240 € for the 5 nights.', 'Arrival and departure dates are from 21 to 26 march, if you wish to change your dates, you can change the dates directly below.  Double room supplement per night €99 (€115 pool view) single €129 (€139 pool view)', 'If you want a pool view, the supplement is 50 euros for the 5 nights. You have the choice below.', 'The Pro\'s accommodation is free of charge on a double basis for 5 nights. The single supplement is 240 € for the 5 nights.', 'Arrival and departure dates are from 21 to 26 march, if you wish to change your dates, you can change the dates directly below.  Double room supplement per night €99 (€115 pool view) single €129 (€139 pool view)', 'Vous ne pouvez choisir qu\'une chambre double en complétant la même option vue piscine ou standard que le joueur que vous accompagnez.', 'You can only choose a double room when completing the same pool view or standard option as the player you are accompanying.', 'The price is € 1,890 excluding air travel, including all transfers from airports - hotels - golf courses. 5 nights in a Deluxe double room on an all-inclusive basis (meals and drinks) and open bar. 4 greens fees, practice balls, mid-course snack, offici', 'The pro is invited on the basis of 3 players registered in a double room in all inclusive with a guaranteed premium of 1200 euros.', 'You can only choose a double room when completing the same pool view or standard option as the player you are accompanying.'),
('628bac3e0ac33', '2022', '2022-10-31', '2022-11-05', '08:00:00', 4, '1,2,3,4', 4, 10, 'SRIXON', 'GOLF FIRST', 'MAKILA', 'OFFICE DU TOURISME MAROC', '', 1, 1, 1990, 240, 290, 1290, 1440, ' Le tarif est de 1990€ hors aérien, comprenant tous les transferts aéroports - hôtels - golfs. 5 nuits en chambre double de Luxe en formule tout inclus (repas-boissons ) et open bar. 4 greens fees, balles de practice, collation mi-parcours, polo officiel et cadeaux de départ journaliers les cocktails de remise des prix et cocktail de bienvenue -', 'L\'hébergement du Pro est gratuit en double sur la base de 5 nuits. Le supplément single est de 240 € pour les 5 nuits.', '2022-10-31', '2022-11-05', 50, 50, 900, 900, 850, 850, 'Vous ne pouvez choisir qu\'une chambre double en complétant la même option vue piscine ou standard que le joueur que vous accompagnez.', 'Si vous choisissez une chambre single, le supplément est de 240 € pour les 5 nuits.', 'Les dates d\'arrivée et départs sont  prévues du 31 Octobre au 5 Novembre. Si vous souhaitez prolonger votre séjour (avant ou après) modifiez les directement ci-dessous.  Supplément en chambre double par nuit et par personne : 99 € (115 € vue piscine) single : 129 € (139 € vue piscine)', 'Vous souhaitez une vue piscine, le supplément est de 50 euros pour les 5 nuits. Vous avez le choix ci-dessous.', 'L\'hébergement du Pro est gratuit en double sur la base de 5 nuits. Le supplément single est de 240 € pour les 5 nuits.', 'Si vous choisissez une chambre single, le supplément est de 240 € pour les 5 nuits.', 'If you choose a single room, the supplement is 240 € for the 5 nights.', 'Arrival and departure dates are from 26 october to 31 october, if you wish to change your dates, you can change the dates directly below.  Double room supplement per night €99 (€115 pool view) single €129 (€139 pool view)', 'If you want a pool view, the supplement is 50 euros for the 5 nights. You have the choice below.', 'The Pro\'s accommodation is free of charge on a double basis for 5 nights. The single supplement is 240 € for the 5 nights.', 'Arrival and departure dates are from 31 october to 5 November, if you wish to change your dates, you can change the dates directly below.  Double room supplement per night €99 (€115 pool view) single €129 (€139 pool view)', 'Vous ne pouvez choisir qu\'une chambre double en complétant la même option vue piscine ou standard que le joueur que vous accompagnez.', 'You can only choose a double room when completing the same pool view or standard option as the player you are accompanying.', 'The price is € 1,990 excluding air travel, including all transfers from airports - hotels - golf courses. 5 nights in a Deluxe double room on an all-inclusive basis (meals and drinks) and open bar. 4 greens fees, practice balls, mid-course snack', 'The pro is invited on the basis of 3 players registered in a double room in all inclusive with a guaranteed premium of 1200 euros.', 'You can only choose a double room when completing the same pool view or standard option as the player you are accompanying.'),
('6363fbfb736e4', '2023', '2023-01-07', '2023-01-12', '08:00:00', 4, '1,2,3,4', 4, 10, 'GOLF FIRST', 'MAKILAS', 'SRIXON', 'UNDER ARMOUR', '', 0, 1, 1990, 240, 290, 1290, 1440, ' <strong>Le tarif est de 1990€ hors aérien, comprenant : Tous les transferts aéroports - hôtels - golfs. 5 nuits en chambre double standard en formule tout inclus (repas-boissons )  4 greens fees - 4 cocktails de remise des prix et cocktail de bienvenue - collations mi-parcours </strong>', '<b>Gratuité sur la base d’une équipe complète hors vol Comprenant: Prime de départ de 1400€ Transferts aéroports - hôtels - golfs 5 nuits en chambre double standard en formule tout inclus (repas-boissons ) sur la base de 3 amateurs inscrits 4 greens fees   Une voiturette par équipe est comprise uniquement sur le golf de Tazegzout  4 cocktails de remise des prix et cocktail de bienvenue - collations mi-parcours  Soirée Gala le Vendredi soir Suppléments chambre : single standard 240€ - single vue piscine 290€t</b>', '2023-01-07', '2023-01-12', 50, 50, 900, 900, 850, 850, 'Vous ne pouvez choisir qu\'une chambre double en complétant la même option vue piscine ou standard que le joueur que vous accompagnez.', 'si vous choisissez une chambre single, le supplément est de 240 € pour les 5 nuits.', 'Les dates d\'arrivée et départs sont  prévues du 7 au 12 janvier. Si vous souhaitez prolonger votre séjour (avant ou après) modifiez les directement ci-dessous.  Supplément en chambre double par nuit et par personne : 99 € (115 € vue piscine) single : 129 € (139 € vue piscine)', 'Vous souhaitez une vue piscine, le supplément est de 50 euros pour les 5 nuits. Vous avez le choix ci-dessous.', 'L\'hébergement du Pro est gratuit en double sur la base de 5 nuits. Le supplément single est de 240 € pour les 5 nuits.', 'Si vous choisissez une chambre single, le supplément est de 240 € pour les 5 nuits.', 'if you choose a single room, the supplement is 240 € for the 5 nights.', 'Arrival and departure dates are from 7 to 12 january, if you wish to change your dates, you can change the dates directly below.  Double room supplement per night €99 (€115 pool view) single €129 (€139 pool view)', 'If you want a pool view, the supplement is 50 euros for the 5 nights. You have the choice below.', 'The Pro\'s accommodation is free of charge on a double basis for 5 nights. The single supplement is 240 € for the 5 nights.', 'Arrival and departure dates are from 7 to 12 january, if you wish to change your dates, you can change the dates directly below.  Double room supplement per night €99 (€115 pool view) single €129 (€139 pool view)', 'Vous ne pouvez choisir qu\'une chambre double en complétant la même option vue piscine ou standard que le joueur que vous accompagnez.', 'You can only choose a double room when completing the same pool view or standard option as the player you are accompanying.', 'the price is € 1,990 excluding air travel, including all transfers from airports - hotels - golf courses. 5 nights in a Deluxe double room on an all-inclusive basis (meals and drinks) and open bar. 4 greens fees, practice balls, mid-course snack', 'The pro is invited on the basis of 3 players registered in a double room in all inclusive with a guaranteed premium of 1400 euros.', 'You can only choose a double room when completing the same pool view or standard option as the player you are accompanying.'),
('65fbfd4c44fab', '2025', '2025-01-08', '2025-01-13', '08:00:00', 4, '1,2,3,4', 4, 10, 'SRIXON', 'GOLF FIRST', 'MAKILA', 'UNDER ARMOUR', '', 1, 1, 2250, 390, 510, 1390, 1700, '<strong>Le tarif est de 2250€ hors aérien, comprenant : Tous les transferts aéroports - hôtels - golfs. 5 nuits en chambre double standard en formule tout inclus (repas-boissons )  4 greens fees - 4 cocktails de remise des prix et cocktail de bienvenue - collations mi-parcours </strong>', '<b>Gratuité sur la base d’une équipe complète hors vol Comprenant: Prime de départ de 1400€ Transferts aéroports - hôtels - golfs 5 nuits en chambre double standard en formule tout inclus (repas-boissons ) sur la base de 3 amateurs inscrits 4 greens fees - 4 cocktails de remise des prix et cocktail de bienvenue - collations mi-parcours   Suppléments chambre : single standard 390€ - single vue piscine 510€t</b>', '2025-01-08', '2025-01-13', 120, 120, 970, 970, 850, 850, 'Vous ne pouvez choisir qu\'une chambre double en complétant la même option vue piscine ou standard que le joueur que vous accompagnez.', 'si vous choisissez une chambre single, le supplément est de 390 € pour les 5 nuits.', 'Les dates d\'arrivée et départs sont  prévues du 8  au 13 janvier. Si vous souhaitez prolonger votre séjour (avant ou après) modifiez les directement ci-dessous.  Supplément en chambre double par nuit et par personne : 130 € (150 € vue piscine) single : 180 € (204 € vue piscine)', 'Vous souhaitez une vue piscine, le supplément est de 120  euros pour les 5 nuits. Vous avez le choix ci-dessous.', 'L\'hébergement du Pro est gratuit en double sur la base de 5 nuits. Le supplément single est de 390 € pour les 5 nuits.', 'Si vous choisissez une chambre single, le supplément est de 390 € pour les 5 nuits.', 'if you choose a single room, the supplement is 390 € for the 5 nights.', 'Arrival and departure dates are from 8 to 13 january, if you wish to change your dates, you can change the dates directly below.  Double room supplement per night €130 (€150 pool view) single €180 (€204 pool view)', 'If you want a pool view, the supplement is 120 euros for the 5 nights. You have the choice below.', 'The Pro\'s accommodation is free of charge on a double basis for 5 nights. The single supplement is 390 € for the 5 nights.', 'Arrival and departure dates are from 8 to 13 january, if you wish to change your dates, you can change the dates directly below.  Double room supplement per night €130 (€150 pool view) single €180 (€204 pool view)', 'Vous ne pouvez choisir qu\'une chambre double en complétant la même option vue piscine ou standard que le joueur que vous accompagnez.', 'You can only choose a double room when completing the same pool view or standard option as the player you are accompanying.', 'the price is € 2250  excluding air travel, including all transfers from airports - hotels - golf courses. 5 nights in a Deluxe double room on an all-inclusive basis (meals and drinks) and open bar. 4 greens fees, practice balls, mid-course snack', 'The pro is invited on the basis of 3 players registered in a double room in all inclusive with a guaranteed premium of 1400 euros.', 'You can only choose a double room when completing the same pool view or standard option as the player you are accompanying.'),
('683708a560709', '2026', '2026-01-07', '2026-01-12', '08:00:00', 4, '1,2,3,4', 4, 10, 'SRIXON', 'GOLF FIRST', 'MAKILA', 'UNDER ARMOUR', '', 0, 1, 2350, 390, 490, 1850, 1980, 'hôtels - golfs. 5 nuits en chambre double standard en formule tout inclus (repas-boissons )  4 greens fees - 4 cocktails de remise des prix et cocktail de bienvenue - collations mi-parcours </strong>', '<b>Gratuité sur la base d’une équipe complète hors vol Comprenant: Prime de départ de 1400€ Transferts aéroports - hôtels - golfs 5 nuits en chambre double standard en formule tout inclus (repas-boissons ) sur la base de 3 amateurs inscrits 4 greens fees - 4 cocktails de remise des prix et cocktail de bienvenue - collations mi-parcours   Suppléments chambre : single standard 390€ - single vue piscine 510€t</b>', '2026-01-05', '2026-01-18', 100, 100, 970, 1200, 850, 1240, 'Vous ne pouvez choisir qu\'une chambre double en complétant la même option vue piscine ou standard que le joueur que vous accompagnez.You can only choose a double room when completing the same pool view or standard option as the player you are accompanying.', 'si vous choisissez une chambre single, le supplément est de 390 € pour les 5 nuits.', 'Les dates d\'arrivée et départs sont  prévues du 7  au 12 janvier. Si vous souhaitez prolonger votre séjour (avant ou après) modifiez les directement ci-dessous.  Supplément en chambre double par nuit et par personne : 130 € (150 € vue piscine) single : 180 € (204 € vue piscine)', 'Vous souhaitez une vue piscine, le supplément est de 100  euros pour les 5 nuits. Vous avez le choix ci-dessous.', 'L\'hébergement du Pro est gratuit en double sur la base de 5 nuits. Le supplément single est de 390 € pour les 5 nuits.', 'Si vous choisissez une chambre single, le supplément est de 390 € pour les 5 nuits.', 'if you choose a single room, the supplement is 390 € for the 5 nights.', 'Arrival and departure dates are from 7 to 12 january, if you wish to change your dates, you can change the dates directly below.  Double room supplement per night €130 (€150 pool view) single €180 (€204 pool view)', 'If you want a pool view, the supplement is 100 euros for the 5 nights. You have the choice below', 'The Pro\'s accommodation is free of charge on a double basis for 5 nights. The single supplement is 390 € for the 5 nights.', 'Arrival and departure dates are from 7 to 12 january, if you wish to change your dates, you can change the dates directly below.  Double room supplement per night €130 (€150 pool view) single €180 (€204 pool view)', 'Vous ne pouvez choisir qu\'une chambre double en complétant la même option vue piscine ou standard que le joueur que vous accompagnez.', 'You can only choose a double room when completing the same pool view or standard option as the player you are accompanying.', 'the price is € 2350  excluding air travel, including all transfers from airports - hotels - golf courses. 5 nights in a Deluxe double room on an all-inclusive basis (meals and drinks) and open bar. 4 greens fees, practice balls, mid-course snack', 'The pro is invited on the basis of 3 players registered in a double room in all inclusive with a guaranteed premium of 1400 euros.', 'You can only choose a double room when completing the same pool view or standard option as the player you are accompanying.');

-- --------------------------------------------------------

--
-- Structure de la table `equipes`
--

CREATE TABLE `equipes` (
  `equipe_id` varchar(100) COLLATE utf8mb3_unicode_ci NOT NULL DEFAULT '0',
  `competition_id` varchar(100) COLLATE utf8mb3_unicode_ci NOT NULL DEFAULT '0',
  `equipe_nom` varchar(255) COLLATE utf8mb3_unicode_ci NOT NULL,
  `equipe_motdepasse` varchar(50) COLLATE utf8mb3_unicode_ci NOT NULL,
  `equipe_active` binary(1) NOT NULL DEFAULT '1'
) ENGINE=MyISAM DEFAULT CHARSET=utf8mb3 COLLATE=utf8mb3_unicode_ci COMMENT='Equipes';

--
-- Déchargement des données de la table `equipes`
--

INSERT INTO `equipes` (`equipe_id`, `competition_id`, `equipe_nom`, `equipe_motdepasse`, `equipe_active`) VALUES
('6880d05f314c9', '683708a560709', 'DE LA POEZE', '51b6d07fbeeb74317c13cee37fffbc23', 0x31),
('68851fafcfd78', '683708a560709', 'ZACHARY ', '2c2889d2dc729d6e21e2cfc67bc39c0f', 0x31),
('68b01301747b3', '683708a560709', 'PESIN', '5f85d2253d44fd99ad9e5cb18217f45e', 0x31),
('68b0737ce46d5', '683708a560709', 'SAUZET', '772d2604e339910a796ab02c729ffaec', 0x31),
('68c822b0cf45e', '683708a560709', 'BILLOT', 'a635b933b0c793aca6e3e524abe1c9f0', 0x31),
('68cbf168b4d32', '683708a560709', 'TREMAS ', '3d0a5537e8061ba232f37414a2530d63', 0x31),
('68d50e29d26f2', '683708a560709', 'LETONDEUR', '5f85d2253d44fd99ad9e5cb18217f45e', 0x31),
('68d65fc01f90f', '683708a560709', 'ESPELT', '5f85d2253d44fd99ad9e5cb18217f45e', 0x31),
('68d942c7db7ef', '683708a560709', 'DAUXERRE', 'c1bbc3865d8e3ee93aafb3d2f3e1149d', 0x31),
('68deab79e0a36', '683708a560709', 'HOFFSTETTER', '5f85d2253d44fd99ad9e5cb18217f45e', 0x31),
('68e4e78541dbd', '683708a560709', 'BECHU ', '3c755b0ab6fd4530c6c3d0b0f617bf7d', 0x31),
('68ed2a0a70d49', '683708a560709', 'BALESTRO ', '66b0aa2b4096598a5840ca38ae2fd0bf', 0x31),
('68ef4a887a9e5', '683708a560709', 'LESPINASSE', 'f8650d9691167644a3aeafca692dbd46', 0x31),
('68efe631ae48a', '683708a560709', 'DARFOUR ZURICH', 'b4d11a6cef352034a28246020265c109', 0x31),
('68f0bf73f3dcb', '683708a560709', 'RICHARD', '772d2604e339910a796ab02c729ffaec', 0x31),
('68fbb6a453754', '683708a560709', 'SAPIN', 'b7b1b2317f5bc9111ee1ef919d76f4e1', 0x31),
('69060addd8d29', '683708a560709', 'DUPLESSIS', 'c2a4357460950abf3cfa57f62951a4ed', 0x31),
('69106a4fc4005', '683708a560709', 'ALTMEYER', '131775e5efdb1a266c3a0fc0382d82f6', 0x31),
('69146500d41ae', '683708a560709', 'BRAZILLIER', '772d2604e339910a796ab02c729ffaec', 0x31),
('6914e90747a13', '683708a560709', 'WEBER', '5f85d2253d44fd99ad9e5cb18217f45e', 0x31),
('6915c3b15b384', '683708a560709', 'LE NALIO', 'a6913c7e1565bc49650964ab6818e2fc', 0x31),
('69174968d26f3', '683708a560709', 'RINALDI', '5f85d2253d44fd99ad9e5cb18217f45e', 0x31),
('691b2abe89a29', '683708a560709', 'SNOBECK', '5f85d2253d44fd99ad9e5cb18217f45e', 0x31),
('692881c2a4b2a', '683708a560709', 'MONTESI', '5f85d2253d44fd99ad9e5cb18217f45e', 0x31),
('6929df7d65bb9', '683708a560709', 'OUAHMANE ', '7bdfd460d233229466429f1c181330b1', 0x31),
('692da14be6179', '683708a560709', 'BORIONE', '5f85d2253d44fd99ad9e5cb18217f45e', 0x31),
('692eedb0f17c0', '683708a560709', 'PORRO', '5f85d2253d44fd99ad9e5cb18217f45e', 0x31),
('6930410d50d45', '683708a560709', 'LARRETCHE', '5f85d2253d44fd99ad9e5cb18217f45e', 0x31),
('693699f581e5b', '683708a560709', 'SAVIDAN', '5f85d2253d44fd99ad9e5cb18217f45e', 0x31),
('6936f79e1857f', '683708a560709', 'METRAS', '5f85d2253d44fd99ad9e5cb18217f45e', 0x31),
('6937f24f9db00', '683708a560709', 'PARDOUX', '5f85d2253d44fd99ad9e5cb18217f45e', 0x31),
('6949671509626', '683708a560709', 'GOMES', 'f02ab3a3ccf4d80540243adcf5957e90', 0x31);

-- --------------------------------------------------------

--
-- Structure de la table `equipes_joueurs`
--

CREATE TABLE `equipes_joueurs` (
  `ej_id` varchar(100) COLLATE utf8mb3_unicode_ci NOT NULL DEFAULT '0',
  `ej_equipe` varchar(100) COLLATE utf8mb3_unicode_ci NOT NULL DEFAULT '0',
  `ej_joueur` varchar(100) COLLATE utf8mb3_unicode_ci NOT NULL DEFAULT '0',
  `ej_joueur_accompagnant` varchar(100) COLLATE utf8mb3_unicode_ci NOT NULL DEFAULT '0'
) ENGINE=MyISAM DEFAULT CHARSET=utf8mb3 COLLATE=utf8mb3_unicode_ci COMMENT='Liaison entre les joueurs et les équipes';

--
-- Déchargement des données de la table `equipes_joueurs`
--

INSERT INTO `equipes_joueurs` (`ej_id`, `ej_equipe`, `ej_joueur`, `ej_joueur_accompagnant`) VALUES
('6880d05f31af7', '6880d05f314c9', '6880d05f31ac0', '0'),
('68ff347b5c6fb', '68851fafcfd78', '68f88a5575a85', '0'),
('689cf0f93adff', '6880d05f314c9', '689cf0f93adc5', '0'),
('68dd2c89e4729', '68b01301747b3', '68b026dc99602', '0'),
('68dd2c89e45fc', '68b01301747b3', '68b0130174b6a', '0'),
('68b0752f58561', '68b0737ce46d5', '68b0737ce4b4c', '0'),
('68b0752f5866a', '68b0737ce46d5', '68b0745dc79a4', '0'),
('68b0752f5875c', '68b0737ce46d5', '68b073f41bc8f', '0'),
('68b0752f5884c', '68b0737ce46d5', '68b074e1563fa', '0'),
('68b7f95a05ffd', '6880d05f314c9', '68b7f95a05fc3', '0'),
('68b9e45f57cbd', '6880d05f314c9', '68b9e45f57c83', '0'),
('68c822b0cf813', '68c822b0cf45e', '68c822b0cf7dc', '0'),
('68cbf168b539c', '68cbf168b4d32', '68cbf168b5365', '0'),
('68d2cda365206', '68cbf168b4d32', '68d2cda3651cd', '0'),
('68d2d44c3c7e8', '68cbf168b4d32', '68d2d44c3c7ad', '0'),
('68d2d7c48b559', '68cbf168b4d32', '68d2d7c48b520', '0'),
('68dd2d1625f51', '68d50e29d26f2', '68d50e29d2d6d', '0'),
('68dd2bc98c27c', '68d65fc01f90f', '68d65fc01fb2a', '0'),
('68dd2bc98c174', '68d65fc01f90f', '68d65f5553c2c', '0'),
('691b2b4d55f6b', '68d942c7db7ef', '691b02676b1cb', '0'),
('68dd2bc98c06c', '68d65fc01f90f', '68d659c160fc2', '0'),
('68dd2bc98bf45', '68d65fc01f90f', '68da9ff8bc860', '0'),
('68dd2c89e4855', '68b01301747b3', '68cd602b85ef8', '0'),
('68dd2d1626070', '68d50e29d26f2', '68d5c05f086ef', '0'),
('68dd2d1626169', '68d50e29d26f2', '68d65da1eb402', '0'),
('691c9f80c3621', '68deab79e0a36', '691b399f522ca', '0'),
('68f0b16aae9c7', '68e4e78541dbd', '68e4e78542373', '0'),
('691c9f80c3529', '68deab79e0a36', '68deb02810f9e', '0'),
('6911b1cbd62c8', '68ed2a0a70d49', '690373d8c2412', '0'),
('68f0b22a4d855', '68ef4a887a9e5', '68ef4a887b10e', '0'),
('68efe631aeb2d', '68efe631ae48a', '68efe631aeaf3', '0'),
('68efe998f2c25', '68efe631ae48a', '68efe998f2beb', '0'),
('68efef0d91a7e', '68efe631ae48a', '68efef0d91a44', '0'),
('68eff1c226c03', '68efe631ae48a', '68eff1c226bc8', '0'),
('6911b1cbd6160', '68ed2a0a70d49', '68f0057f84280', '0'),
('68f0b16aaeb11', '68e4e78541dbd', '68e4e7f81b9ad', '0'),
('68f0b16aaec69', '68e4e78541dbd', '68e4e86e8b56c', '0'),
('68f0b16aaedef', '68e4e78541dbd', '68e4e93bd09b2', '0'),
('691c9f80c3427', '68deab79e0a36', '68deab79e0e0d', '0'),
('68f0b22a4d9e1', '68ef4a887a9e5', '68d6ea08c9a1e', '0'),
('693992bac4bfd', '693699f581e5b', '6936e661e138d', '0'),
('68f0c262bcd85', '68f0bf73f3dcb', '68f0bf73f40ce', '0'),
('68f0c262bcec6', '68f0bf73f3dcb', '68f0c05f2e1e2', '0'),
('68f0c262bcfcb', '68f0bf73f3dcb', '68f0c0e0dc341', '0'),
('68f0c262bd1ad', '68f0bf73f3dcb', '68f0c153a9574', '0'),
('68f754811f866', '68ef4a887a9e5', '68f754811f82d', '0'),
('68ff347b5c5ca', '68851fafcfd78', '68851fafd01a2', '0'),
('68fbb6a453e53', '68fbb6a453754', '68fbb6a453e1b', '0'),
('68fbba5aac14e', '68fbb6a453754', '68fbba5aac113', '0'),
('68fe68c43c29a', '68fbb6a453754', '68fe68c43c25d', '0'),
('68ff347b5c80d', '68851fafcfd78', '68f8ebd9750a9', '0'),
('68ff347b5c921', '68851fafcfd78', '68f8ec7cd1e5a', '0'),
('69035f257c5ff', '68fbb6a453754', '69035f257c5c5', '0'),
('6911b1cbd5fad', '68ed2a0a70d49', '68ed2a0a71424', '0'),
('6911af9d574d0', '69060addd8d29', '69060e9ec7e90', '0'),
('6911af9d57397', '69060addd8d29', '69060addd92ac', '0'),
('6939941d3edb3', '69106a4fc4005', '6901e8d04b679', '0'),
('6911af9d575fb', '69060addd8d29', '68dbabce9c314', '0'),
('6911af9d57716', '69060addd8d29', '68dbac8e6e95e', '0'),
('6939941d3eca1', '69106a4fc4005', '68ff4b8e4d03c', '0'),
('6939941d3eb7e', '69106a4fc4005', '69106a4fc4269', '0'),
('6911b1cbd6428', '68ed2a0a70d49', '6901205d11d27', '0'),
('691361868ccc3', '68ef4a887a9e5', '691361868cc87', '0'),
('69580c81808e8', '69146500d41ae', '691466e9151fb', '0'),
('69580c8180738', '69146500d41ae', '6914661e59e9e', '0'),
('69580c818054b', '69146500d41ae', '691465ad60f03', '0'),
('693994cd65b6a', '6914e90747a13', '691addf9c1bde', '0'),
('691732a5e177f', '6915c3b15b384', '6915f90b3d491', '0'),
('691732a5e1620', '6915c3b15b384', '6915f81ec63c5', '0'),
('691732a5e1477', '6915c3b15b384', '6915c3b15b6e3', '0'),
('691732a5e18d1', '6915c3b15b384', '691608baaad52', '0'),
('6953e12e1169e', '69174968d26f3', '69174968d2bc2', '0'),
('691b2b4d55e28', '68d942c7db7ef', '691777978ac71', '0'),
('691b2b4d55cb2', '68d942c7db7ef', '68d942c7dbc27', '0'),
('691ca000bc179', '691b2abe89a29', '691b2abe8ad3a', '0'),
('691b2b4d56074', '68d942c7db7ef', '6917783b1488a', '0'),
('693994cd65a65', '6914e90747a13', '6914e90747f98', '0'),
('693994cd6593b', '6914e90747a13', '692621bff34bc', '0'),
('691c9f80c330d', '68deab79e0a36', '68de93e22902e', '0'),
('691c9f80c372c', '68deab79e0a36', '691b2d7f816af', '0'),
('691ca000bc2fe', '691b2abe89a29', '691c2f0ed4e96', '0'),
('691ca000bc40f', '691b2abe89a29', '691c2ca429670', '0'),
('693992cf2802b', '692881c2a4b2a', '692881c2a4d46', '0'),
('6929c17dd9e08', '68d942c7db7ef', '6929c17dd9dce', '0'),
('6929df7d661bb', '6929df7d65bb9', '6929df7d66183', '0'),
('6929dfd2c347b', '6929df7d65bb9', '6929dfd2c343f', '0'),
('6929e0224a537', '6929df7d65bb9', '6929e0224a4fb', '0'),
('692af70d27666', '6929df7d65bb9', '692af70d2762b', '0'),
('69395947efce6', '692da14be6179', '692da1ab54a09', '0'),
('693992cf27f12', '692881c2a4b2a', '692880cf14b48', '0'),
('693992cf27dfc', '692881c2a4b2a', '69287d814331a', '0'),
('69395947efbdf', '692da14be6179', '692da14be66a3', '0'),
('69395947efae1', '692da14be6179', '692d8ee849e55', '0'),
('6939916828733', '692eedb0f17c0', '692eedb0f1b0c', '0'),
('693991f5d7b80', '6930410d50d45', '6930410d51261', '0'),
('693992bac4b05', '693699f581e5b', '693699f5820c2', '0'),
('693992bac49ed', '693699f581e5b', '6935b491e10cf', '0'),
('693991cf5fce0', '6936f79e1857f', '6936f79e187e2', '0'),
('6939939be3d53', '6937f24f9db00', '6937f24f9dd58', '0'),
('69395947ef96d', '692da14be6179', '6936b29699303', '0'),
('6939916828841', '692eedb0f17c0', '691cc17d1b584', '0'),
('6939916828944', '692eedb0f17c0', '692f0e4fc901e', '0'),
('693991cf5fe05', '6936f79e1857f', '6936f4d0ce0d0', '0'),
('693991cf5ff79', '6936f79e1857f', '690f57c05d14a', '0'),
('693991f5d7cd2', '6930410d50d45', '6930416f0590b', '0'),
('693991f5d7de9', '6930410d50d45', '6937edf934efe', '0'),
('6939939be3c09', '6937f24f9db00', '6937f1d92e01a', '0'),
('6939939be3a90', '6937f24f9db00', '6937f16b16cff', '0'),
('6939939be38db', '6937f24f9db00', '6937f0e7358ca', '0'),
('6939941d3eec9', '69106a4fc4005', '69383fdc957de', '0'),
('693994cd65c63', '6914e90747a13', '691ae1a900cc9', '0'),
('693c8a9211c1c', '693699f581e5b', '693c8a9211be1', '0'),
('6953e18d22385', '6949671509626', '6949671509896', '0'),
('6953e18d22517', '6949671509626', '694962fca3053', '0'),
('6953e18d22677', '6949671509626', '69496177d18f2', '0'),
('6953e18d227e5', '6949671509626', '6949645f87fc9', '0');

-- --------------------------------------------------------

--
-- Structure de la table `factures`
--

CREATE TABLE `factures` (
  `facture_id` varchar(100) COLLATE utf8mb3_unicode_ci NOT NULL DEFAULT '0',
  `joueur_id` varchar(100) COLLATE utf8mb3_unicode_ci NOT NULL DEFAULT '0',
  `facture_numero` int NOT NULL,
  `facture_package` enum('golfeur','entreprise','accompagnateur') COLLATE utf8mb3_unicode_ci NOT NULL DEFAULT 'golfeur',
  `facture_entreprise_nom` varchar(255) COLLATE utf8mb3_unicode_ci NOT NULL,
  `facture_entreprise_adresse_1` varchar(255) COLLATE utf8mb3_unicode_ci NOT NULL,
  `facture_entreprise_adresse_2` varchar(255) COLLATE utf8mb3_unicode_ci NOT NULL,
  `facture_entreprise_code_postal` varchar(10) COLLATE utf8mb3_unicode_ci NOT NULL,
  `facture_entreprise_ville` varchar(255) COLLATE utf8mb3_unicode_ci NOT NULL,
  `facture_entreprise_pays` varchar(2) COLLATE utf8mb3_unicode_ci NOT NULL,
  `facture_tva_appliquee` int NOT NULL DEFAULT '1',
  `facture_prix_ht` decimal(12,2) NOT NULL DEFAULT '0.00',
  `facture_prix_tva` decimal(12,2) NOT NULL DEFAULT '0.00',
  `facture_prix_ttc` decimal(12,2) NOT NULL DEFAULT '0.00',
  `facture_message_joueur` text COLLATE utf8mb3_unicode_ci NOT NULL,
  `facture_notes` text COLLATE utf8mb3_unicode_ci NOT NULL,
  `facture_date` date NOT NULL,
  `facture_envoyee` int NOT NULL DEFAULT '0',
  `facture_payee` int NOT NULL DEFAULT '0',
  `facture_mode_paiement` enum('CHQ','CB','ESP','VIR') COLLATE utf8mb3_unicode_ci DEFAULT NULL,
  `facture_envoi_datetime` datetime NOT NULL DEFAULT '0000-00-00 00:00:00',
  `prix_forfait` double NOT NULL DEFAULT '0',
  `prix_option` double NOT NULL DEFAULT '0',
  `prix_heb` double NOT NULL DEFAULT '0',
  `date_arrivee` date NOT NULL DEFAULT '0000-00-00',
  `date_depart` date NOT NULL DEFAULT '0000-00-00',
  `facture_message_heures` varchar(555) COLLATE utf8mb3_unicode_ci NOT NULL
) ENGINE=MyISAM DEFAULT CHARSET=utf8mb3 COLLATE=utf8mb3_unicode_ci COMMENT='Factures des joueurs';

--
-- Déchargement des données de la table `factures`
--

INSERT INTO `factures` (`facture_id`, `joueur_id`, `facture_numero`, `facture_package`, `facture_entreprise_nom`, `facture_entreprise_adresse_1`, `facture_entreprise_adresse_2`, `facture_entreprise_code_postal`, `facture_entreprise_ville`, `facture_entreprise_pays`, `facture_tva_appliquee`, `facture_prix_ht`, `facture_prix_tva`, `facture_prix_ttc`, `facture_message_joueur`, `facture_notes`, `facture_date`, `facture_envoyee`, `facture_payee`, `facture_mode_paiement`, `facture_envoi_datetime`, `prix_forfait`, `prix_option`, `prix_heb`, `date_arrivee`, `date_depart`, `facture_message_heures`) VALUES
('6880d05f41c94', '6880d05f31ac0', 1, 'golfeur', '', '', '', '', '', '', 1, 0.00, 0.00, 0.00, '', '', '2025-07-23', 0, 0, NULL, '0000-00-00 00:00:00', 0, 0, 0, '2026-01-07', '2026-01-12', ''),
('68851fafe3a11', '68851fafd01a2', 2, 'golfeur', '', '', '', '', '', '-', 1, 390.00, 0.00, 390.00, '', '', '2025-07-26', 0, 1, 'VIR', '0000-00-00 00:00:00', 0, 0, 0, '2026-01-07', '2026-01-12', ''),
('689cf0f94ef68', '689cf0f93adc5', 3, 'golfeur', '', '', '', '', '', '-', 1, 2740.00, 0.00, 2740.00, '', '', '2025-08-13', 1, 1, 'VIR', '0000-00-00 00:00:00', 2350, 390, 0, '2026-01-07', '2026-01-12', ''),
('68b0130185c3a', '68b0130174b6a', 5, 'golfeur', '', '', '', '', '', '-', 1, 5500.00, 0.00, 5500.00, 'Je participe avec mon &eacute;pouse Mme Carole Timmerman (chambre double)\r\nNotre Pro :Thomas Pesin(golf St emilion)', '', '2025-08-28', 1, 1, 'CB', '0000-00-00 00:00:00', 4700, 200, 600, '2026-01-06', '2026-01-13', 'vol Easyjet  EJU 4617 du 06/01  arrivée Agadir 13h50 \r\nvol Easyjet  EJU 4618  du 13/01  départ Agadir 14h45'),
('68b073f420232', '68b073f41bc8f', 6, 'golfeur', '', '', '', '', '', '-', 1, 4960.00, 0.00, 4960.00, '', '', '2025-08-28', 1, 1, 'VIR', '0000-00-00 00:00:00', 4700, 260, 0, '2026-01-07', '2026-01-12', ''),
('68b074e15e7a7', '68b074e1563fa', 7, 'golfeur', '', '', '', '', '', '-', 1, 2870.00, 0.00, 2870.00, '', '', '2025-08-28', 1, 1, 'VIR', '0000-00-00 00:00:00', 2350, 390, 130, '2026-01-07', '2026-01-12', ''),
('68b7f95a18cae', '68b7f95a05fc3', 8, 'golfeur', '', '', '', '', '', '-', 1, 2840.00, 0.00, 2840.00, '', '', '2025-09-03', 1, 1, 'VIR', '0000-00-00 00:00:00', 2350, 490, 0, '2026-01-07', '2026-01-12', ''),
('68b9e45f6a42d', '68b9e45f57c83', 9, 'golfeur', '', '', '', '', '', '-', 1, 2840.00, 0.00, 2840.00, '', '', '2025-09-04', 1, 1, 'VIR', '0000-00-00 00:00:00', 2350, 490, 0, '2026-01-07', '2026-01-12', ''),
('68c822b0dc1cd', '68c822b0cf7dc', 16, 'golfeur', 'JEAN NICOLAS BILLOT EVENTS', '24 rue du Chariot d&rsquo;Or', '', '69004', 'LYON', 'FR', 1, 10230.00, 0.00, 10230.00, '', '', '2025-09-15', 1, 1, 'VIR', '0000-00-00 00:00:00', 9370, 260, 600, '2026-01-06', '2026-01-12', ''),
('68cbf168c55d4', '68cbf168b5365', 18, 'golfeur', '', '', '', '', '', '', 1, 0.00, 0.00, 0.00, '', '', '2025-09-18', 0, 0, NULL, '0000-00-00 00:00:00', 0, 0, 0, '2026-01-07', '2026-01-12', ''),
('68cd602b94753', '68cd602b85ef8', 19, 'golfeur', '', '', '', '', '', '-', 1, 2840.00, 0.00, 2840.00, '', '', '2025-09-19', 1, 1, 'VIR', '0000-00-00 00:00:00', 2350, 490, 0, '2026-01-07', '2026-01-12', ''),
('68d2cda375982', '68d2cda3651cd', 20, 'golfeur', '', '', '', '', '', '-', 1, 2350.00, 0.00, 2350.00, '', '', '2025-09-23', 1, 1, 'VIR', '0000-00-00 00:00:00', 2350, 0, 0, '2026-01-07', '2026-01-12', ''),
('68d2d44c55742', '68d2d44c3c7ad', 21, 'golfeur', '', '', '', '', '', '-', 1, 2740.00, 0.00, 2740.00, 'Merci de me pr&eacute;voir une voiturette sur chaque parcours ', '', '2025-09-23', 1, 1, 'VIR', '0000-00-00 00:00:00', 2350, 390, 0, '2026-01-07', '2026-01-12', ''),
('68d2d7c496893', '68d2d7c48b520', 22, 'golfeur', '', '', '', '', '', '-', 1, 2350.00, 0.00, 2350.00, '', '', '2025-09-23', 1, 1, 'VIR', '0000-00-00 00:00:00', 2350, 0, 0, '2026-01-07', '2026-01-12', ''),
('68d50e29e5287', '68d50e29d2d6d', 23, 'golfeur', '', '', '', '', '', '-', 1, 2920.00, 0.00, 2920.00, 'Le pro est Quentin Letondeur', '', '2025-09-25', 1, 1, 'VIR', '0000-00-00 00:00:00', 2350, 390, 180, '2026-01-07', '2026-01-12', ''),
('68d5c05f19edc', '68d5c05f086ef', 24, 'golfeur', '', '', '', '', '', '-', 1, 2920.00, 0.00, 2920.00, 'Joueur Pro \r\nQuentin Letondeur ', '', '2025-09-26', 1, 1, 'VIR', '0000-00-00 00:00:00', 2350, 390, 180, '2026-01-06', '2026-01-12', 'U24499'),
('68d659c170748', '68d659c160fc2', 25, 'golfeur', 'OPTIMEUROPE HOLDING', '71, rue Daguerre', '', '75014', 'PARIS', 'FR', 1, 5480.00, 0.00, 5480.00, 'Facture &quot; Sponsoring Marque Optimize 360 &quot; &agrave; &eacute;mettre &agrave; \r\nOptimeurope Holding\r\n71, rue Daguerre\r\n75014 Paris', '', '2025-09-26', 1, 1, 'VIR', '0000-00-00 00:00:00', 2350, 5480, 0, '2026-01-07', '2026-01-12', 'Arrivée en voiture depuis Marrakech / Idem au retour'),
('68d65da207cc1', '68d65da1eb402', 26, 'golfeur', '', '', '', '', '', '-', 1, 2480.00, 0.00, 2480.00, 'Merci de me mettre en chambre double avec Letondeur Quentin\r\nEt m&#039;incrire dans son &eacute;quipe', '', '2025-09-26', 1, 1, 'VIR', '0000-00-00 00:00:00', 2350, 0, 130, '2026-01-06', '2026-01-12', 'arrivées à 9h35 le 06/09/25'),
('68d65f555d96b', '68d65f5553c2c', 27, 'golfeur', '', '', '', '', '', '-', 1, 2740.00, 0.00, 2740.00, '', '', '2025-09-26', 1, 1, 'VIR', '0000-00-00 00:00:00', 2350, 390, 0, '2026-01-07', '2026-01-12', 'Arrivée en voiture le 07 janvier 2026.\r\nDépart le 12 en voiture.'),
('68d65fc025163', '68d65fc01fb2a', 28, 'golfeur', '', '', '', '', '', '-', 1, 0.00, 0.00, 0.00, 'Facture Optimize 360 avec Fr&eacute;d&eacute;ric Poulet : Sponsoring\r\nOptimeurope Holding\r\n71 rue Daguerre\r\n75014 Paris', '', '2025-09-26', 0, 0, '', '0000-00-00 00:00:00', 0, 0, 0, '2026-01-07', '2026-01-12', 'Arrivée en voiture depuis Marrakech'),
('68d6ea08d2876', '68d6ea08c9a1e', 29, 'golfeur', '', '', '', '', '', '-', 1, 2450.00, 0.00, 2450.00, '', '', '2025-09-26', 1, 1, 'VIR', '0000-00-00 00:00:00', 2350, 100, 0, '2026-01-07', '2026-01-12', ''),
('68d942c7ed870', '68d942c7dbc27', 30, 'golfeur', '', '', '', '', '', '', 1, 0.00, 0.00, 0.00, '', '', '2025-09-28', 0, 0, NULL, '0000-00-00 00:00:00', 0, 0, 0, '2026-01-07', '2026-01-12', ''),
('68dbabcea5eca', '68dbabce9c314', 31, 'golfeur', '', '', '', '', '', '-', 1, 4900.00, 0.00, 4900.00, 'Bonjour Christophe, \r\nEstelle et moi jouerons ensemble avec Cyrille DUPLESSIS\r\nbonne fin d&#039;ann&eacute;e\r\nNorbert', '', '2025-09-30', 1, 1, 'VIR', '0000-00-00 00:00:00', 4700, 200, 0, '2026-01-07', '2026-01-12', ''),
('68dbac8e72eb2', '68dbac8e6e95e', 32, 'golfeur', '', '', '', '', '', '-', 1, 0.00, 0.00, 0.00, '', '', '2025-09-30', 0, 0, '', '0000-00-00 00:00:00', 0, 0, 0, '2026-01-07', '2026-01-12', ''),
('68de93e23a1af', '68de93e22902e', 33, 'golfeur', '', '', '', '', '', '', 1, 0.00, 0.00, 0.00, '', '', '2025-10-02', 0, 0, NULL, '0000-00-00 00:00:00', 0, 0, 0, '2026-01-07', '2026-01-12', ''),
('68deab79e906e', '68deab79e0e0d', 34, 'golfeur', '', '', '', '', '', '-', 1, 2350.00, 0.00, 2350.00, '', '', '2025-10-02', 1, 1, 'VIR', '0000-00-00 00:00:00', 2350, 0, 0, '2026-01-07', '2026-01-12', ''),
('68deb0281948e', '68deb02810f9e', 35, 'golfeur', '', '', '', '', '', '-', 1, 2350.00, 0.00, 2350.00, '', '', '2025-10-02', 1, 1, 'VIR', '0000-00-00 00:00:00', 2350, 0, 0, '2026-01-07', '2026-01-12', ''),
('68e4e7855e961', '68e4e78542373', 36, 'golfeur', '', '', '', '', '', '', 1, 0.00, 0.00, 0.00, '', '', '2025-10-07', 0, 0, NULL, '0000-00-00 00:00:00', 0, 0, 0, '2026-01-07', '2026-01-12', ''),
('68e4e7f81fc65', '68e4e7f81b9ad', 37, 'golfeur', '', '', '', '', '', '-', 1, 2450.00, 0.00, 2450.00, '', '', '2025-10-07', 1, 1, 'CB', '0000-00-00 00:00:00', 2350, 100, 0, '2026-01-07', '2026-01-12', ''),
('68e4e86e90688', '68e4e86e8b56c', 38, 'golfeur', '', '', '', '', '', '-', 1, 2450.00, 0.00, 2450.00, '', '', '2025-10-07', 1, 1, 'CB', '0000-00-00 00:00:00', 2350, 100, 0, '2026-01-07', '2026-01-12', ''),
('68e4e93bdd540', '68e4e93bd09b2', 39, 'golfeur', '', '', '', '', '', '-', 1, 3720.00, 0.00, 3720.00, '', '', '2025-10-07', 1, 1, 'VIR', '0000-00-00 00:00:00', 2450, 970, 300, '2026-01-07', '2026-01-12', ''),
('68ed2a0a8a923', '68ed2a0a71424', 40, 'golfeur', '', '', '', '', '', '', 1, 0.00, 0.00, 0.00, '', '', '2025-10-13', 0, 0, NULL, '0000-00-00 00:00:00', 0, 0, 0, '2026-01-07', '2026-01-12', ''),
('68ef4a8893043', '68ef4a887b10e', 42, 'golfeur', '', '', '', '', '', '', 1, 0.00, 0.00, 0.00, '', '', '2025-10-15', 0, 0, NULL, '0000-00-00 00:00:00', 0, 0, 0, '2026-01-07', '2026-01-12', ''),
('68efe631c3167', '68efe631aeaf3', 43, 'golfeur', '', '', '', '', '', '', 1, 0.00, 0.00, 0.00, '', '', '2025-10-15', 0, 0, NULL, '0000-00-00 00:00:00', 0, 0, 0, '2026-01-07', '2026-01-12', ''),
('68efe999101d0', '68efe998f2beb', 44, 'golfeur', 'ARTAMPO', '14/16 RUE DES CERISIERS', 'ZI DE L&#039;EGLANTIER ', '91090', 'LISSES', 'FR', 1, 2350.00, 0.00, 2350.00, 'Bonjour\r\nj&#039;aurai besoin d&#039;une voiturette pour chaque parcours, je vous fournirai un certificat m&eacute;dical.\r\nJ&#039;aurai &eacute;galement besoin d&#039;une facture au nom de ma soci&eacute;t&eacute; :\r\nARTampo\r\n14/16 rue des cerisiers - zi de l&#039;&eacute;glantier - 91090 Lisses - France\r\nl&#039;ensemble des 3 amateurs dont je fais parti payerons leurs engagements d&eacute;but janvier 2026 avant le d&eacute;but de la comp&eacute;tition - Je vous fais parvenir un ch&egrave;que de caution de 4500&euro; pour garantir notre engagement.\r\nmerci\r\nbien cordialement', '', '2025-10-15', 1, 1, 'VIR', '0000-00-00 00:00:00', 2350, 0, 0, '2026-01-07', '2026-01-12', ''),
('68efef0da1229', '68efef0d91a44', 45, 'golfeur', '', '', '', '', '', '-', 1, 2350.00, 0.00, 2350.00, 'Le r&egrave;glement sera fait d&eacute;but janvier 2026 avant le d&eacute;but de la comp&eacute;tition \r\nEric Pennetier vous envoie un ch&egrave;que de caution pour valider nos inscriptions\r\nMerci\r\nBien cordialement ', '', '2025-10-15', 1, 1, 'VIR', '0000-00-00 00:00:00', 2350, 0, 0, '2026-01-07', '2026-01-12', ''),
('68eff1c23692b', '68eff1c226bc8', 46, 'golfeur', '', '', '', '', '', '-', 1, 2350.00, 0.00, 2350.00, 'Un petit sur classement avec vue sur la piscine serai sympa :-)\r\nOn a fait la c&ocirc;te d&#039;opale 2025 et on refait la c&ocirc;te d&#039;opale 2026 ;-)\r\nle r&egrave;glement sera fait  d&eacute;but janvier 2026 avant le d&eacute;but de la comp&eacute;tition\r\nEric Pennetier vous fait parvenir un ch&egrave;que de caution de 4500&euro; pour r&eacute;server notre &eacute;quipe\r\nMerci\r\nBien cordialement', '', '2025-10-15', 1, 1, 'VIR', '0000-00-00 00:00:00', 2350, 0, 0, '2026-01-07', '2026-01-12', ''),
('68f0057f93c9e', '68f0057f84280', 47, 'golfeur', '', '', '', '', '', '-', 1, 2870.00, 0.00, 2870.00, '', '', '2025-10-15', 1, 1, 'VIR', '0000-00-00 00:00:00', 2350, 260, 260, '2026-01-05', '2026-01-14', 'Arrivée le 05/01/2026 à 14H45  vol TO 9852 Provenance LYON\r\nDépart le 14/01/2026 à 11H00   vol TO 3209 Destination LYON'),
('68f0bf7415115', '68f0bf73f40ce', 48, 'golfeur', '', '', '', '', '', '-', 1, 390.00, 0.00, 390.00, '', '', '2025-10-16', 1, 1, 'VIR', '0000-00-00 00:00:00', 0, 390, 0, '2026-01-07', '2026-01-12', ''),
('68f0c05f395e6', '68f0c05f2e1e2', 49, 'golfeur', '', '', '', '', '', '-', 1, 2740.00, 0.00, 2740.00, '', '', '2025-10-16', 1, 1, 'VIR', '0000-00-00 00:00:00', 2350, 390, 0, '2026-01-07', '2026-01-12', ''),
('68f0c0e0eb220', '68f0c0e0dc341', 50, 'golfeur', '', '', '', '', '', '-', 1, 2350.00, 0.00, 2350.00, '', '', '2025-10-16', 1, 1, 'VIR', '0000-00-00 00:00:00', 2350, 0, 0, '2026-01-07', '2026-01-12', ''),
('68f0c153adfda', '68f0c153a9574', 51, 'golfeur', '', '', '', '', '', '-', 1, 2350.00, 0.00, 2350.00, '', '', '2025-10-16', 1, 1, 'VIR', '0000-00-00 00:00:00', 2350, 0, 0, '2026-01-07', '2026-01-12', ''),
('68f754817d915', '68f754811f82d', 52, 'golfeur', '', '', '', '', '', '-', 1, 2740.00, 0.00, 2740.00, '', '', '2025-10-21', 1, 1, 'VIR', '0000-00-00 00:00:00', 2350, 390, 0, '2026-01-07', '2026-01-12', ''),
('68f88a5587420', '68f88a5575a85', 53, 'golfeur', '', '', '', '', '', '-', 1, 3100.00, 0.00, 3100.00, 'Merci de me r&eacute;server une chambre individuelle pour toutes les nuits du 6/1/2026 au 13/1/2026\r\nBonne journ&eacute;e \r\n', '', '2025-10-22', 1, 1, 'CB', '0000-00-00 00:00:00', 2350, 390, 360, '0000-00-00', '0000-00-00', 'Arrivée le 6/1/2026 EasyJet en provenance de Paris CDG 12:05\r\nRetour le 13/1/2026 12:50 EasyJet pour Paris CDG'),
('68f8ebd98580e', '68f8ebd9750a9', 54, 'golfeur', '', '', '', '', '', '-', 1, 5530.00, 0.00, 5530.00, '', '', '2025-10-22', 1, 1, 'CB', '0000-00-00 00:00:00', 4700, 260, 570, '2026-01-06', '2026-01-12', ''),
('68f8ec7cdb3c9', '68f8ec7cd1e5a', 55, 'golfeur', '', '', '', '', '', '-', 1, 0.00, 0.00, 0.00, '', '', '2025-10-22', 0, 0, '', '0000-00-00 00:00:00', 0, 0, 0, '2026-01-06', '2026-01-12', ''),
('68fbb6a46b773', '68fbb6a453e1b', 56, 'golfeur', '', '', '', '', '', '', 1, 0.00, 0.00, 0.00, '', '', '2025-10-24', 0, 0, NULL, '0000-00-00 00:00:00', 0, 0, 0, '2026-01-07', '2026-01-12', ''),
('68fbba5ab9bcf', '68fbba5aac113', 57, 'golfeur', '', '', '', '', '', '-', 1, 2350.00, 0.00, 2350.00, 'Je suis le mari de Marion donc nous partagerons la chambre. Merci', '', '2025-10-24', 1, 1, 'VIR', '0000-00-00 00:00:00', 2350, 0, 0, '2026-01-07', '2026-01-12', 'du 7 au 12 janvier mais nous n’avons pas encore nos horaires d’avion'),
('68fe68c44e9b6', '68fe68c43c25d', 58, 'golfeur', '', '', '', '', '', '-', 1, 5140.00, 0.00, 5140.00, 'Solde &agrave; regler :2300.00', '', '2025-10-26', 1, 1, 'VIR', '0000-00-00 00:00:00', 2840, 200, 2100, '2026-01-07', '2026-01-12', ''),
('68ff4b8e62f76', '68ff4b8e4d03c', 59, 'golfeur', '', '', '', '', '', '-', 1, 2610.00, 0.00, 2610.00, '', '', '2025-10-27', 1, 1, 'VIR', '0000-00-00 00:00:00', 2350, 0, 260, '2026-01-07', '2026-01-14', ''),
('6901205d2002f', '6901205d11d27', 60, 'golfeur', '', '', '', '', '', '-', 1, 3100.00, 0.00, 3100.00, '', '', '2025-10-28', 1, 1, 'CB', '0000-00-00 00:00:00', 2350, 390, 360, '2026-01-06', '2026-01-12', ''),
('6901e8d05f401', '6901e8d04b679', 61, 'golfeur', '', '', '', '', '', '-', 1, 3100.00, 0.00, 3100.00, 'Pro : Michael Altmeyer ', '', '2025-10-29', 1, 1, 'VIR', '0000-00-00 00:00:00', 2350, 390, 360, '2026-01-07', '2026-01-14', 'arrivée le 7 janvier 2026 à 10:30 avec vol LG 997\r\ndépart  le 14 janvier 2026 à 12:10 avec vol LG 990'),
('69035f259ce22', '69035f257c5c5', 62, 'golfeur', '', '', '', '', '', '-', 1, 2740.00, 0.00, 2740.00, '', '', '2025-10-30', 1, 1, 'VIR', '0000-00-00 00:00:00', 2350, 390, 0, '2026-01-07', '2026-01-12', 'J\'arriverai en voiture à l\'hotel vers 17h le Mercredi 7 Janvier.\r\nJ\'ai cru voir que le parking à l\'hotel était libre, merci de me le confirmer.'),
('690373d8d25f2', '690373d8c2412', 63, 'golfeur', '', '', '', '', '', '-', 1, 3100.00, 0.00, 3100.00, '', '', '2025-10-30', 1, 1, 'VIR', '0000-00-00 00:00:00', 2350, 390, 360, '2026-01-05', '2026-01-12', 'J’arrive le 5 janvier à 11h30  Transavia 03004\r\nJe repars le 12 janvier à 10h30 Transavia 03001'),
('69060addeb9f7', '69060addd92ac', 64, 'golfeur', '', '', '', '', '', '', 1, 0.00, 0.00, 0.00, '', '', '2025-11-01', 0, 0, NULL, '0000-00-00 00:00:00', 0, 0, -0, '0000-00-00', '0000-00-00', ''),
('69060e9ed9266', '69060e9ec7e90', 65, 'golfeur', 'CYRILLE DUPLESSIS', '8, rue de la Sarthe', '', '44980', 'SAINTE LUCE SUR LOIRE', 'FR', 1, 2350.00, 0.00, 2350.00, 'Faire la facture avec le libell&eacute; suivant: Inscription Pro-am d&#039;Agadir 2026 (non nominatif)\r\nAdresse de facturation: Cyrille DUPLESSIS 8, rue de la Sarthe 44980 Sainte Luce sur Loire', '', '2025-11-01', 1, 1, 'VIR', '0000-00-00 00:00:00', 2350, 0, 0, '0000-00-00', '0000-00-00', 'Arrivée le 07 Janvier 2026 à Agadir par le vol RAM AT425 à 17H10\r\nDépart le 12 Janvier 2026 de Agadir par le vol RAM AT430 à 9H50'),
('690f57c0af05b', '690f57c05d14a', 66, 'golfeur', '', '', '', '', '', '-', 1, 2920.00, 0.00, 2920.00, '', '', '2025-11-08', 1, 1, 'VIR', '0000-00-00 00:00:00', 2350, 390, 180, '2026-01-06', '2026-01-12', 'Easy jet le 06-01 vol EJU4499\r\nTransavia le 12-01 vol TO9853'),
('69106a4ff3ef4', '69106a4fc4269', 67, 'golfeur', '', '', '', '', '', '-', 1, 360.00, 0.00, 360.00, '', '', '2025-11-09', 1, 0, '', '0000-00-00 00:00:00', 0, 0, 360, '2026-01-07', '2026-01-14', 'Vol LG 997 en provenance de luxembourg le 7/01.\r\nArrivée à Agadir à 10h30\r\n\r\nVol retour le 14 à 12h10 \r\nNuméro de vol LG 990'),
('69136186d3078', '691361868cc87', 68, 'golfeur', '', '', '', '', '', '-', 1, 2740.00, 0.00, 2740.00, '', '', '2025-11-11', 1, 1, 'VIR', '0000-00-00 00:00:00', 2350, 390, 0, '0000-00-00', '0000-00-00', ''),
('6914650119d01', '69146500d4524', 69, 'golfeur', '', '', '', '', '', '-', 1, 0.00, 0.00, 0.00, '', '', '2025-11-12', 0, 0, '', '0000-00-00 00:00:00', 0, 0, 0, '2026-01-07', '2026-01-12', ''),
('691465ad89dd5', '691465ad60f03', 70, 'golfeur', '', '', '', '', '', '-', 1, 3660.00, 0.00, 3660.00, '', '', '2025-11-12', 1, 1, 'CB', '0000-00-00 00:00:00', 2450, 970, 240, '2026-01-07', '2026-01-12', ''),
('6914661e80c59', '6914661e59e9e', 71, 'golfeur', '', '', '', '', '', '-', 1, 2840.00, 0.00, 2840.00, '', '', '2025-11-12', 1, 1, 'VIR', '0000-00-00 00:00:00', 2350, 490, 0, '2026-01-07', '2026-01-12', ''),
('691466e944d47', '691466e9151fb', 72, 'golfeur', '', '', '', '', '', '-', 1, 2840.00, 0.00, 2840.00, '', '', '2025-11-12', 1, 1, 'VIR', '0000-00-00 00:00:00', 2350, 490, 0, '2026-01-07', '2026-01-12', ''),
('6914e9077a606', '6914e90747f98', 73, 'golfeur', '', '', '', '', '', '-', 1, 3100.00, 0.00, 3100.00, 'Pour la taille du polo, s&#039;il s&#039;agit du m&ecirc;me type de polo que l&#039;&eacute;dition 2025 (marque et coupe), alors polo taille L . Sinon , prendre taille M\r\n\r\nLe joueur Pro sera Lionel WEBER \r\nEquipe : WEBER  + SEYER - HAMIDA - BRECHON', '', '2025-11-12', 1, 1, 'VIR', '0000-00-00 00:00:00', 2350, 390, 360, '2026-01-06', '2026-01-13', 'Arrivée le 06/01/2026 :\r\nN° de vol EZS1251 depuis Bâle , Arrivée à Agadir à 10H00\r\n\r\nDépart le 13/01/2025 :\r\nN° de vol EZS1252 vers Bâle , Départ d\'Agadir à 10H45\r\n'),
('6915c3b1a7195', '6915c3b15b6e3', 74, 'golfeur', '', '', '', '', '', '-', 1, 750.00, 0.00, 750.00, '', '', '2025-11-13', 0, 0, '', '0000-00-00 00:00:00', 0, 390, 360, '2026-01-05', '2026-01-12', 'Vol Nantes Agadir Transavia TO 3196 arrivée a 9h45 le lundi 5 janvier\r\nRetour vol Agadir Nantes Transavia TO 3197 départ 10h25'),
('6915f81f1732c', '6915f81ec63c5', 75, 'golfeur', '', '', '', '', '', '-', 1, 5220.00, 0.00, 5220.00, 'Partagera sa chambre avec. Caroline H&eacute;rold \r\nUne seule facture pour les deux ', '', '2025-11-13', 1, 1, 'VIR', '0000-00-00 00:00:00', 4700, 0, 520, '2026-01-05', '2026-01-12', 'Vol Transavia Nantes Agadir 5/01/2026 TO 3196 arrivée 9h45\r\nRetour 12/01/2026 TO 3197 10h25'),
('691608bb0c785', '691608baaad52', 77, 'golfeur', '', '', '', '', '', '-', 1, 3280.00, 0.00, 3280.00, '', '', '2025-11-13', 1, 1, 'VIR', '0000-00-00 00:00:00', 2350, 390, 540, '2026-01-05', '2026-01-13', 'Arrivée :VOL TO 9852 le 05/01/2026 à 14h45\r\nDépart : VOL KBD696D le 13/01/2026 à 10h30'),
('691749690e911', '69174968d2bc2', 78, 'golfeur', 'HURACAN HABITAT', '1 Rue Childebert ', '', '69002', 'LYON', 'FR', 1, 6900.00, 0.00, 6900.00, 'Facturation &agrave; adresser &agrave; Huracan Habitat\r\n2 autres personnes sont aussi &agrave; ajouter en chambre double\r\nLeopaul DESHORS\r\nAlexandre Rebouta ', '', '2025-11-14', 1, 1, 'VIR', '0000-00-00 00:00:00', 6900, 0, 6900, '2026-01-07', '2026-01-12', ''),
('69177797b8ecd', '691777978ac71', 79, 'golfeur', '', '', '', '', '', '-', 1, 2480.00, 0.00, 2480.00, '', '', '2025-11-14', 1, 1, 'VIR', '0000-00-00 00:00:00', 2350, 0, 130, '2026-01-06', '2026-01-12', ''),
('6917783b279ba', '6917783b1488a', 80, 'accompagnateur', '', '', '', '', '', '-', 1, 980.00, 0.00, 980.00, '', '', '2025-11-14', 1, 1, 'VIR', '0000-00-00 00:00:00', 0, 850, 130, '2026-01-06', '2026-01-12', ''),
('691addfa0567f', '691addf9c1bde', 81, 'golfeur', 'INDEXWARE', '3, avenue de l&#039;Europe', '', '67300', 'SCHILTIHEIM', 'FR', 1, 3100.00, 0.00, 3100.00, '', '', '2025-11-17', 1, 1, 'VIR', '0000-00-00 00:00:00', 2350, 390, 360, '2026-01-06', '2026-01-13', ''),
('691ae1a931a59', '691ae1a900cc9', 82, 'golfeur', '', '', '', '', '', '-', 1, 3100.00, 0.00, 3100.00, '', '', '2025-11-17', 1, 1, 'VIR', '0000-00-00 00:00:00', 2350, 390, 360, '2026-01-06', '2026-01-13', ''),
('691b0267adc71', '691b02676b1cb', 83, 'golfeur', '', '', '', '', '', '-', 1, 2480.00, 0.00, 2480.00, '&Eacute;quipe Rocksimo33\r\nChambre partag&eacute;e avec Fouquet Nathalie ', '', '2025-11-17', 1, 1, 'VIR', '0000-00-00 00:00:00', 2350, 0, 130, '2026-01-06', '2026-01-12', 'Arrivée le 06/01 à 18h45 , vol V72302\r\nDépart le 12/01 à 10h25 vol TO3197'),
('691b2abec2a4c', '691b2abe8ad3a', 84, 'golfeur', '', '', '', '', '', '-', 1, 2840.00, 0.00, 2840.00, '', '', '2025-11-17', 1, 1, 'VIR', '0000-00-00 00:00:00', 2350, 490, 0, '2026-01-07', '2026-01-12', 'arrivée le 7 janvier 2026 Nantes -agadir Vol Ryanair FR3983 arrivée à 12h20\r\nDépart le 12 janvier 2026 Agadir Nantes Vol Transavia TO3197 départ à 10 h25  '),
('691b399f80411', '691b399f522ca', 85, 'golfeur', '', '', '', '', '', '-', 1, 2740.00, 0.00, 2740.00, '', '', '2025-11-17', 1, 1, 'VIR', '0000-00-00 00:00:00', 2350, 390, 0, '2026-01-07', '2026-01-12', ''),
('691c2ca46067f', '691c2ca429670', 88, 'golfeur', '', '', '', '', '', '-', 1, 2740.00, 0.00, 2740.00, '', '', '2025-11-18', 1, 1, 'VIR', '0000-00-00 00:00:00', 2350, 390, 0, '2026-01-07', '2026-01-12', ''),
('691c2f0f1257e', '691c2f0ed4e96', 89, 'golfeur', '', '', '', '', '', '-', 1, 2740.00, 0.00, 2740.00, '', '', '2025-11-18', 1, 1, 'VIR', '0000-00-00 00:00:00', 2350, 390, 0, '2026-01-07', '2026-01-12', ''),
('691cc17d4d722', '691cc17d1b584', 90, 'golfeur', '', '', '', '', '', '-', 1, 3040.00, 0.00, 3040.00, '', '', '2025-11-18', 1, 1, 'VIR', '0000-00-00 00:00:00', 2350, 490, 200, '2026-01-06', '2026-01-12', 'Arrivée le 6 Janvier à Agadir à 15h15 vol AT665\r\nDépart le 12 Janvier à Agadir à 16h15 vol AT664'),
('692621c04541d', '692621bff34bc', 91, 'golfeur', '', '', '', '', '', '', 1, 0.00, 0.00, 0.00, '', '', '2025-11-25', 0, 0, NULL, '0000-00-00 00:00:00', 0, 0, -0, '0000-00-00', '0000-00-00', ''),
('69287d81795d2', '69287d814331a', 92, 'golfeur', '', '', '', '', '', '-', 1, 2300.00, 0.00, 2300.00, 'Bonjour &agrave; tous,\r\nJe partagerai ma chambre avec Pierre Tenan et non pas Alain Meric qui ne jouera pas.\r\nMerci \r\nDavid Montesi', '', '2025-11-27', 1, 1, 'VIR', '0000-00-00 00:00:00', 2300, 0, 0, '2026-01-07', '2026-01-12', ''),
('692880cf41943', '692880cf14b48', 93, 'golfeur', '', '', '', '', '', '', 1, 2350.00, 0.00, 2350.00, 'Pierre partagera sa chambre avec son p&egrave;re Noel \r\nMerci \r\nDavid', '', '2025-11-27', 1, 0, NULL, '0000-00-00 00:00:00', 2350, 0, 0, '2026-01-07', '2026-01-12', ''),
('692881c2cc49d', '692881c2a4d46', 94, 'golfeur', '', '', '', '', '', '', 1, 2350.00, 0.00, 2350.00, 'Noel sera avec son fils Pierre\r\nMerci ', '', '2025-11-27', 1, 0, NULL, '0000-00-00 00:00:00', 2350, 0, 0, '2026-01-07', '2026-01-12', ''),
('6929c17e2fdde', '6929c17dd9dce', 95, 'golfeur', '', '', '', '', '', '-', 1, 2480.00, 0.00, 2480.00, '', '', '2025-11-28', 1, 1, 'VIR', '0000-00-00 00:00:00', 2350, 0, 130, '2026-01-06', '2026-01-12', ''),
('6929df7d95dd8', '6929df7d66183', 96, 'golfeur', '', '', '', '', '', '', 1, 0.00, 0.00, 0.00, '', '', '2025-11-28', 0, 0, NULL, '0000-00-00 00:00:00', 0, 0, 0, '2026-01-07', '2026-01-12', ''),
('6929dfd3070dd', '6929dfd2c343f', 97, 'golfeur', '', '', '', '', '', '-', 1, 0.00, 0.00, 0.00, 'Chambre double avec mon mari sibai hicham inscrit &eacute;galement au proam. Nous ferons partis de la m&ecirc;me &eacute;quipe.', '', '2025-11-28', 0, 0, '', '0000-00-00 00:00:00', 0, 0, 0, '2026-01-07', '2026-01-12', ''),
('6929e022849b9', '6929e0224a4fb', 98, 'golfeur', '', '', '', '', '', '-', 1, 4900.00, 0.00, 4900.00, 'J&#039;aimerais &ecirc;tre en chambre double avec mon &eacute;pouse Mme Miyara Khadija. Nous jouons dans la m&ecirc;me &eacute;quipe.  \r\n', '', '2025-11-28', 1, 1, 'VIR', '0000-00-00 00:00:00', 4700, 200, 0, '2026-01-07', '2026-01-12', ''),
('692af70d6a05b', '692af70d2762b', 99, 'golfeur', '', '', '', '', '', '-', 1, 1980.00, 0.00, 1980.00, '', '', '2025-11-29', 1, 1, 'ESP', '0000-00-00 00:00:00', 1980, 0, 0, '0000-00-00', '0000-00-00', ''),
('692d8ee87a4d5', '692d8ee849e55', 100, 'golfeur', '', '', '', '', '', '-', 1, 3100.00, 0.00, 3100.00, 'Proette St&eacute;phanie BORIONE\r\nEquipiers Patrice Faurie et Christian Malaurie', '', '2025-12-01', 1, 1, 'VIR', '0000-00-00 00:00:00', 2350, 390, 360, '2026-01-06', '2026-01-13', '06/01/26  Bordeaux Agadir  Volotéa V7 2790  15h35\r\n13/01/26  Agadir Bordeaux Volotéa   V7 2791 16h15'),
('692da14c24ded', '692da14be66a3', 101, 'golfeur', 'CHRISTIAN MALAURIE', '10 rue Lino Ventura', '', '24200', 'SARLAT LA CANEDA', 'FR', 1, 3240.00, 0.00, 3240.00, '', '', '2025-12-01', 1, 1, 'VIR', '0000-00-00 00:00:00', 2350, 490, 400, '2026-01-06', '2026-01-13', ''),
('692da1ab7adca', '692da1ab54a09', 102, 'golfeur', '', '', '', '', '', '-', 1, 3240.00, 0.00, 3240.00, '', '', '2025-12-01', 1, 1, 'VIR', '0000-00-00 00:00:00', 2350, 490, 400, '2026-01-06', '2026-01-13', ''),
('692eedb12b2a4', '692eedb0f1b0c', 104, 'golfeur', '', '', '', '', '', '-', 1, 2610.00, 0.00, 2610.00, '', '', '2025-12-02', 1, 1, 'VIR', '0000-00-00 00:00:00', 2350, 0, 260, '2026-01-06', '2026-01-13', 'Arrivé le 6 à 15h35 à Marrakech \r\nDépart le 13 à 16h15 de Marrakech '),
('692f0e500b110', '692f0e4fc901e', 105, 'golfeur', '', '', '', '', '', '-', 1, 2870.00, 0.00, 2870.00, '', '', '2025-12-02', 1, 1, 'VIR', '0000-00-00 00:00:00', 2350, 260, 260, '2026-01-06', '2026-01-13', ''),
('6930410d83f95', '6930410d51261', 110, 'golfeur', '', '', '', '', '', '-', 1, 2350.00, 0.00, 2350.00, '', '', '2025-12-03', 1, 1, 'CB', '0000-00-00 00:00:00', 2350, 0, 0, '2026-01-07', '2026-01-12', ''),
('6930416f2a5c1', '6930416f0590b', 111, 'golfeur', '', '', '', '', '', '-', 1, 2350.00, 0.00, 2350.00, '', '', '2025-12-03', 1, 1, 'CB', '0000-00-00 00:00:00', 2350, 0, 0, '2026-01-07', '2026-01-12', ''),
('6935b49226cd2', '6935b491e10cf', 113, 'golfeur', '', '', '', '', '', '-', 1, 700.00, 0.00, 700.00, 'Je partage ma chambre avec mon fils, Arthur\r\nMerci de mettre la facturation de mes nuits suppl&eacute;mentaires avec mon fils &agrave; mon nom', '', '2025-12-07', 1, 0, '', '0000-00-00 00:00:00', 0, 0, 700, '2026-01-05', '2026-01-12', 'Arrivé 5 janvier à 23h avec mon fils. Arthur.'),
('693699f5aa408', '693699f5820c2', 114, 'golfeur', '', '', '', '', '', '-', 1, 2450.00, 0.00, 2450.00, '', '', '2025-12-08', 1, 1, 'VIR', '0000-00-00 00:00:00', 2350, 100, 0, '2026-01-05', '2026-01-12', ''),
('6936b296d836d', '6936b29699303', 115, 'golfeur', '', '', '', '', '', '', 1, 0.00, 0.00, 0.00, '', '', '2025-12-08', 0, 0, NULL, '0000-00-00 00:00:00', 0, 0, 0, '2026-01-07', '2026-01-12', ''),
('6936e662238d7', '6936e661e138d', 116, 'golfeur', '', '', '', '', '', '-', 1, 2920.00, 0.00, 2920.00, '', '', '2025-12-08', 1, 1, 'VIR', '0000-00-00 00:00:00', 2350, 390, 180, '2026-01-06', '2026-01-12', ''),
('6936f4d10a8bd', '6936f4d0ce0d0', 117, 'golfeur', '', '', '', '', '', '-', 1, 0.00, 0.00, 0.00, 'Destinataire de la facture : Cabinet LBIIM &amp; Associ&eacute;s 35 rue Denfert Rochereau 69004 LYON\r\n', '', '2025-12-08', 0, 0, '', '0000-00-00 00:00:00', 2350, 390, 180, '2026-01-06', '2026-01-12', 'Arrivée :	mar. 06 janv. 2026 09:35 De Lyon (T1) à Agadir (Maroc) Numéro de vol : EJU4499	\r\nDépart : lundi 12 janvier 2026 07:00 10:20 Agadir Lyon AGA LYS Numéro de vol : TO9853'),
('6936f79e453d0', '6936f79e187e2', 118, 'golfeur', 'CABINET LBIIM &amp; ASSOCI&Eacute;S', '35 rue Denfert Rochereau', '', '69004', 'LYON', 'FR', 1, 5840.00, 0.00, 5840.00, 'Destinataire de la facture : Cabinet LBIIM &amp; Associ&eacute;s 35 rue Denfert Rochereau 69004 LYON', '', '2025-12-08', 1, 1, 'VIR', '0000-00-00 00:00:00', 4700, 780, 360, '2026-01-06', '2026-01-12', 'Arrivée : mar. 06 janv. 2026 09:35 De Lyon (T1) à Agadir (Maroc) Numéro de vol : EJU4499\r\nDépart : lundi 12 janvier 2026 07:00 10:20 Agadir Lyon AGA LYS Numéro de vol : TO9853\r\n'),
('6937edf962e43', '6937edf934efe', 119, 'golfeur', '', '', '', '', '', '-', 1, 2740.00, 0.00, 2740.00, '', '', '2025-12-09', 1, 1, 'VIR', '0000-00-00 00:00:00', 2350, 390, 0, '2026-01-07', '2026-01-12', ''),
('6937f0e767a50', '6937f0e7358ca', 120, 'golfeur', '', '', '', '', '', '-', 1, 260.00, 0.00, 260.00, '', '', '2025-12-09', 0, 0, '', '0000-00-00 00:00:00', 0, 0, 0, '2026-01-06', '2026-01-13', ''),
('6937f16b3c78a', '6937f16b16cff', 121, 'golfeur', '', '', '', '', '', '-', 1, 2870.00, 0.00, 2870.00, '', '', '2025-12-09', 1, 1, 'VIR', '0000-00-00 00:00:00', 2450, 120, 300, '2026-01-06', '2026-01-13', ''),
('6937f1d952e1e', '6937f1d92e01a', 122, 'golfeur', '', '', '', '', '', '-', 1, 2870.00, 0.00, 2870.00, '', '', '2025-12-09', 1, 1, 'VIR', '0000-00-00 00:00:00', 2450, 120, 300, '2026-01-06', '2026-01-13', ''),
('6937f24fccf5c', '6937f24f9dd58', 123, 'golfeur', '', '', '', '', '', '-', 1, 3040.00, 0.00, 3040.00, '', '', '2025-12-09', 1, 1, 'CB', '0000-00-00 00:00:00', 2350, 390, 300, '2026-01-06', '2026-01-13', ''),
('69383fdcd089d', '69383fdc957de', 124, 'golfeur', '', '', '', '', '', '-', 1, 2610.00, 0.00, 2610.00, '', '', '2025-12-09', 0, 1, 'VIR', '0000-00-00 00:00:00', 2350, 260, 0, '0000-00-00', '0000-00-00', ''),
('693c8a925f081', '693c8a9211be1', 125, 'golfeur', '', '', '', '', '', '-', 1, 2840.00, 0.00, 2840.00, '', '', '2025-12-12', 1, 1, 'VIR', '0000-00-00 00:00:00', 2350, 490, 0, '2026-01-07', '2026-01-12', ''),
('6949617811e84', '69496177d18f2', 126, 'golfeur', '', '', '', '', '', '-', 1, 4900.00, 0.00, 4900.00, '', '', '2025-12-22', 1, 1, 'VIR', '0000-00-00 00:00:00', 4700, 200, 0, '2026-01-07', '2026-01-12', ''),
('694962fcd6ad2', '694962fca3053', 127, 'golfeur', '', '', '', '', '', '-', 1, 0.00, 0.00, 0.00, '', '', '2025-12-22', 0, 0, '', '0000-00-00 00:00:00', 0, 0, 0, '2026-01-07', '2026-01-12', ''),
('6949645fd15ff', '6949645f87fc9', 128, 'golfeur', '', '', '', '', '', '-', 1, 3820.00, 0.00, 3820.00, '', '', '2025-12-22', 1, 1, 'CB', '0000-00-00 00:00:00', 2350, 390, 1080, '2026-01-07', '2026-01-17', ''),
('694967153717d', '6949671509896', 129, 'golfeur', '', '', '', '', '', '', 1, 0.00, 0.00, 0.00, '', '', '2025-12-22', 0, 0, NULL, '0000-00-00 00:00:00', 0, 0, 0, '2026-01-07', '2026-01-12', '');

-- --------------------------------------------------------

--
-- Structure de la table `factures_libelles`
--

CREATE TABLE `factures_libelles` (
  `facture_libelle_id` varchar(100) COLLATE utf8mb3_unicode_ci NOT NULL DEFAULT '0',
  `facture_id` varchar(100) COLLATE utf8mb3_unicode_ci NOT NULL DEFAULT '0',
  `facture_libelle_description` text COLLATE utf8mb3_unicode_ci NOT NULL,
  `facture_libelle_prix_unitaire_ht` decimal(12,2) NOT NULL DEFAULT '0.00',
  `facture_libelle_quantite` int NOT NULL DEFAULT '1',
  `facture_libelle_prix_total_ht` decimal(12,2) NOT NULL DEFAULT '0.00',
  `libelle_forfait` varchar(255) COLLATE utf8mb3_unicode_ci NOT NULL,
  `libelle_option` varchar(255) COLLATE utf8mb3_unicode_ci NOT NULL,
  `libelle_heb` varchar(255) COLLATE utf8mb3_unicode_ci NOT NULL
) ENGINE=MyISAM DEFAULT CHARSET=utf8mb3 COLLATE=utf8mb3_unicode_ci COMMENT='Liste des libellés pour les factures';

--
-- Déchargement des données de la table `factures_libelles`
--

INSERT INTO `factures_libelles` (`facture_libelle_id`, `facture_id`, `facture_libelle_description`, `facture_libelle_prix_unitaire_ht`, `facture_libelle_quantite`, `facture_libelle_prix_total_ht`, `libelle_forfait`, `libelle_option`, `libelle_heb`) VALUES
('6880d05f423aa', '6880d05f41c94', 'Participation au Pro-Am International d\'Agadir\ndu 07/01/2026 au 12/01/2026\nPackage Golfeur - Membre de l\'un des 4 clubs : Belle Dune,\nHardelot, Le Touquet ou Wimereux\nDE LA POEZE Charles\n', 0.00, 1, 0.00, 'forfait PRO (GRATUIT)', '', '\nhébergement au Riu Tikida Agadir du 07-01-2026 au 12-01-2026\n0 nuit(s) (en supplément) x 130.00 euros'),
('68851fafe46d4', '68851fafe3a11', 'Nothing', 390.00, 1, 390.00, 'Forfait PRO (GRATUIT)', '', ''),
('68fbba5aba305', '68fbba5ab9bcf', 'Nothing', 2350.00, 1, 2350.00, 'Package Golfeur', '', 'H&eacute;bergement au Riu Tikida Agadir du 07-01-2026 au 12-01-2026\r\n dont 0 nuit(s) x 130.00 euros'),
('689cf0f94fa6e', '689cf0f94ef68', 'Nothing', 2740.00, 1, 2740.00, 'Package Golfeur', 'Chambre single', 'H&eacute;bergement au Riu Tikida Agadir du 07-01-2026 au 12-01-2026\r\n dont 0 nuit(s) x 180.00 euros'),
('68ed2a0a8b344', '68ed2a0a8a923', 'Participation au Pro-Am International d\'Agadir\ndu 07/01/2026 au 12/01/2026\nPackage Golfeur - Membre de l\'un des 4 clubs : Belle Dune,\nHardelot, Le Touquet ou Wimereux\nBALESTRO  Laurent\n', 0.00, 1, 0.00, 'forfait PRO (GRATUIT)', '', '\nhébergement au Riu Tikida Agadir du 07-01-2026 au 12-01-2026\n0 nuit(s) (en supplément) x 130.00 euros'),
('68b0130186758', '68b0130185c3a', 'Nothing', 5500.00, 1, 5500.00, 'Package Golfeur\r\nLionel Wais - Carole Timmerman', 'Chambre double + vue piscine', 'H&eacute;bergement au Riu Tikida Agadir du 06-01-2026 au 13-01-2026\r\n dont 2 nuit(s) x 150.00 euros x 2'),
('68b073f420950', '68b073f420232', 'Nothing', 4960.00, 1, 4960.00, 'Package Golfeur\r\nGerard et Dominique Dumonceau', 'Supplement  chambre single Elodie Sauzet', 'H&eacute;bergement au Riu Tikida Agadir du 07-01-2026 au 12-01-2026\r\n dont 0 nuit(s) x 130.00 euros'),
('68b074e15ed5b', '68b074e15e7a7', 'Nothing', 2870.00, 1, 2870.00, 'Package Golfeur', 'Chambre single', 'Supplement chambre single Elodie Sauzet'),
('68b7f95a195f8', '68b7f95a18cae', 'Nothing', 2840.00, 1, 2840.00, 'Package Golfeur', 'Chambre single + vue piscine', 'H&eacute;bergement au Riu Tikida Agadir du 07-01-2026 au 12-01-2026\r\n dont 0 nuit(s) x 200.00 euros'),
('68b9e45f6aeb3', '68b9e45f6a42d', 'Nothing', 2840.00, 1, 2840.00, 'Package Golfeur', 'Chambre single + vue piscine', 'H&eacute;bergement au Riu Tikida Agadir du 07-01-2026 au 12-01-2026\r\n dont 0 nuit(s) x 200.00 euros'),
('69496178125f4', '6949617811e84', 'Nothing', 4900.00, 1, 4900.00, 'Package Golfeur\r\n2 joueurs', 'Option vue piscine', 'H&eacute;bergement au Riu Tikida Agadir du 07-01-2026 au 12-01-2026\r\n dont 0 nuit(s) x 130.00 euros'),
('68c822b0dc7f4', '68c822b0dc1cd', 'Nothing', 10230.00, 1, 10230.00, 'Forfait PRO (GRATUIT) \r\nAccompagnant Pro\r\n3 amateurs  en\r\nSingle vue piscine', 'Accompagnant  Pro \r\net nuit supplementaire \r\ndu 6 janvier', 'H&eacute;bergement au Riu Tikida Agadir du 06-01-2026 au 12-01-2026\r\n1 nuit(s) (en supplement) x 200.00 euros\r\nsingle vue piscine pour 3 joueurs '),
('68cbf168c5d31', '68cbf168c55d4', 'Participation au Pro-Am International d\'Agadir\ndu 07/01/2026 au 12/01/2026\nPackage Golfeur - Membre de l\'un des 4 clubs : Belle Dune,\nHardelot, Le Touquet ou Wimereux\nTREMAS  Maxime \n', 0.00, 1, 0.00, 'forfait PRO (GRATUIT)', '', '\nhébergement au Riu Tikida Agadir du 07-01-2026 au 12-01-2026\n0 nuit(s) (en supplément) x 130.00 euros'),
('68cd602b94d0f', '68cd602b94753', 'Nothing', 2840.00, 1, 2840.00, 'Package Golfeur', 'Chambre double + vue piscine', 'H&eacute;bergement au Riu Tikida Agadir du 07-01-2026 au 12-01-2026\r\n dont 0 nuit(s) x 150.00 euros'),
('68d2cda37613d', '68d2cda375982', 'Nothing', 2350.00, 1, 2350.00, 'Package Golfeur', '', 'H&eacute;bergement au Riu Tikida Agadir du 07-01-2026 au 12-01-2026\r\n dont 0 nuit(s) x 130.00 euros'),
('68d2d44c55dae', '68d2d44c55742', 'Nothing', 2740.00, 1, 2740.00, 'Package Golfeur', 'Chambre single', 'H&eacute;bergement au Riu Tikida Agadir du 07-01-2026 au 12-01-2026\r\n dont 0 nuit(s) x 180.00 euros'),
('6936f4d10b209', '6936f4d10a8bd', 'Nothing', 0.00, 1, 0.00, 'Package Golfeur', 'Chambre single', 'H&eacute;bergement au Riu Tikida Agadir du 06-01-2026 au 12-01-2026\r\n dont 1 nuit(s) x 180.00 euros'),
('68d2d7c496f9e', '68d2d7c496893', 'Nothing', 2350.00, 1, 2350.00, 'Package Golfeur', '', 'H&eacute;bergement au Riu Tikida Agadir du 07-01-2026 au 12-01-2026\r\n dont 0 nuit(s) x 130.00 euros'),
('6930410d84878', '6930410d83f95', 'Nothing', 2350.00, 1, 2350.00, 'Package Golfeur', '', 'H&eacute;bergement au Riu Tikida Agadir du 07-01-2026 au 12-01-2026\r\n dont 0 nuit(s) x 130.00 euros'),
('68d50e29e5903', '68d50e29e5287', 'Nothing', 2920.00, 1, 2920.00, 'Package Golfeur', 'Chambre single', 'H&eacute;bergement au Riu Tikida Agadir du 06-01-2026 au 12-01-2026\r\n dont 1 nuit(s) x 180.00 euros'),
('68d5c05f1a809', '68d5c05f19edc', 'Nothing', 2920.00, 1, 2920.00, 'Package Golfeur', 'Chambre single', 'H&eacute;bergement au Riu Tikida Agadir du 06-01-2026 au 12-01-2026\r\n dont 1 nuit(s) x 180.00 euros'),
('68d659c170d92', '68d659c170748', 'Nothing', 5480.00, 1, 5480.00, 'Sponsoring de marque', '', ''),
('68d65da2082c3', '68d65da207cc1', 'Nothing', 2480.00, 1, 2480.00, 'Package Golfeur', '', 'H&eacute;bergement au Riu Tikida Agadir du 06-01-2026 au 12-01-2026\r\n dont 1 nuit(s) x 130.00 euros'),
('68d65f555de76', '68d65f555d96b', 'Nothing', 2740.00, 1, 2740.00, 'Package Golfeur', 'Chambre single', 'H&eacute;bergement au Riu Tikida Agadir du 07-01-2026 au 12-01-2026\r\n dont 0 nuit(s) x 180.00 euros'),
('68d65fc025686', '68d65fc025163', 'Nothing', 0.00, 1, 0.00, 'Package Golfeur', 'Chambre single', 'H&eacute;bergement au Riu Tikida Agadir du 07-01-2026 au 12-01-2026\r\n dont 0 nuit(s) x 180.00 euros'),
('68d6ea08d2fe4', '68d6ea08d2876', 'Nothing', 2450.00, 1, 2450.00, 'Package Golfeur', 'Chambre double + vue piscine', 'H&eacute;bergement au Riu Tikida Agadir du 07-01-2026 au 12-01-2026\r\n dont 0 nuit(s) x 150.00 euros'),
('68d942c7eddf5', '68d942c7ed870', 'Participation au Pro-Am International d\'Agadir\ndu 07/01/2026 au 12/01/2026\nPackage Golfeur - Membre de l\'un des 4 clubs : Belle Dune,\nHardelot, Le Touquet ou Wimereux\nDAUXERRE Simon\n', 0.00, 1, 0.00, 'forfait PRO (GRATUIT)', '', '\nhébergement au Riu Tikida Agadir du 07-01-2026 au 12-01-2026\n0 nuit(s) (en supplément) x 130.00 euros'),
('68dbabcea658c', '68dbabcea5eca', 'Nothing', 4900.00, 1, 4900.00, 'Package Golfeur 2 personnes', 'Chambre double + vue piscine', 'H&eacute;bergement au Riu Tikida Agadir du 07-01-2026 au 12-01-2026\r\n dont 0 nuit(s) x 150.00 euros'),
('68dbac8e73274', '68dbac8e72eb2', 'Nothing', 0.00, 1, 0.00, 'Package Golfeur', 'Chambre double + vue piscine', 'H&eacute;bergement au Riu Tikida Agadir du 07-01-2026 au 12-01-2026\r\n dont 0 nuit(s) x 150.00 euros'),
('68de93e23ac7b', '68de93e23a1af', 'Participation au Pro-Am International d\'Agadir\ndu 07/01/2026 au 12/01/2026\nPackage Golfeur - Membre de l\'un des 4 clubs : Belle Dune,\nHardelot, Le Touquet ou Wimereux\nHOFFSTETTER C&eacute;dric \n', 0.00, 1, 0.00, 'forfait PRO (GRATUIT)', '', '\nhébergement au Riu Tikida Agadir du 07-01-2026 au 12-01-2026\n0 nuit(s) (en supplément) x 130.00 euros'),
('68deab79e96e1', '68deab79e906e', 'Nothing', 2350.00, 1, 2350.00, 'Package Golfeur', '', 'H&eacute;bergement au Riu Tikida Agadir du 07-01-2026 au 12-01-2026\r\n dont 0 nuit(s) x 130.00 euros'),
('6936e66223dff', '6936e662238d7', 'Nothing', 2920.00, 1, 2920.00, 'Package Golfeur', 'Chambre single', 'H&eacute;bergement au Riu Tikida Agadir du 06-01-2026 au 12-01-2026\r\n dont 1 nuit(s) x 180.00 euros'),
('68deb0281b76e', '68deb0281948e', 'Nothing', 2350.00, 1, 2350.00, 'Package Golfeur', '', 'H&eacute;bergement au Riu Tikida Agadir du 07-01-2026 au 12-01-2026\r\n dont 0 nuit(s) x 130.00 euros'),
('68e4e7855effd', '68e4e7855e961', 'Participation au Pro-Am International d\'Agadir\ndu 07/01/2026 au 12/01/2026\nPackage Golfeur - Membre de l\'un des 4 clubs : Belle Dune,\nHardelot, Le Touquet ou Wimereux\nBECHU  Romain\n', 0.00, 1, 0.00, 'forfait PRO (GRATUIT)', '', '\nhébergement au Riu Tikida Agadir du 07-01-2026 au 12-01-2026\n0 nuit(s) (en supplément) x 130.00 euros'),
('68e4e7f820170', '68e4e7f81fc65', 'Nothing', 2450.00, 1, 2450.00, 'Package Golfeur', 'Chambre double + vue piscine', 'H&eacute;bergement au Riu Tikida Agadir du 07-01-2026 au 12-01-2026\r\n dont 0 nuit(s) x 150.00 euros'),
('694962fcd6fab', '694962fcd6ad2', 'Nothing', 0.00, 1, 0.00, 'Package Golfeur', '', 'H&eacute;bergement au Riu Tikida Agadir du 07-01-2026 au 12-01-2026\r\n dont 0 nuit(s) x 130.00 euros'),
('68e4e86e90a30', '68e4e86e90688', 'Nothing', 2450.00, 1, 2450.00, 'Package Golfeur', 'Chambre double + vue piscine', 'H&eacute;bergement au Riu Tikida Agadir du 07-01-2026 au 12-01-2026\r\n dont 0 nuit(s) x 150.00 euros'),
('68e4e93bdd7cd', '68e4e93bdd540', 'Nothing', 3720.00, 1, 3720.00, 'Package Golfeur vue piscine ', 'S&eacute;jour Mme Bariot ', '1 nuit suppl&eacute;mentaire du 12 janvier'),
('68ef4a8893827', '68ef4a8893043', 'Participation au Pro-Am International d\'Agadir\ndu 07/01/2026 au 12/01/2026\nPackage Golfeur - Membre de l\'un des 4 clubs : Belle Dune,\nHardelot, Le Touquet ou Wimereux\nLESPINASSE Cathy\n', 0.00, 1, 0.00, 'forfait PRO (GRATUIT)', '', '\nhébergement au Riu Tikida Agadir du 07-01-2026 au 12-01-2026\n0 nuit(s) (en supplément) x 130.00 euros'),
('68efe631c3837', '68efe631c3167', 'Participation au Pro-Am International d\'Agadir\ndu 07/01/2026 au 12/01/2026\nPackage Golfeur - Membre de l\'un des 4 clubs : Belle Dune,\nHardelot, Le Touquet ou Wimereux\nDARFOUR ZURICH Emmanuel\n', 0.00, 1, 0.00, 'forfait PRO (GRATUIT)', '', '\nhébergement au Riu Tikida Agadir du 07-01-2026 au 12-01-2026\n0 nuit(s) (en supplément) x 130.00 euros'),
('68efe99910ac2', '68efe999101d0', 'Nothing', 2350.00, 1, 2350.00, 'Package Golfeur', '', 'H&eacute;bergement au Riu Tikida Agadir du 07-01-2026 au 12-01-2026\r\n dont 0 nuit(s) x 130.00 euros'),
('68f754817df6f', '68f754817d915', 'Nothing', 2740.00, 1, 2740.00, 'Package Golfeur', 'Suppl&eacute;ment chambre individuelle', 'H&eacute;bergement au Riu Tikida Agadir du 07-01-2026 au 12-01-2026\r\n dont 0 nuit(s) x 130.00 euros'),
('68efef0da1a3d', '68efef0da1229', 'Nothing', 2350.00, 1, 2350.00, 'Package Golfeur', '', 'H&eacute;bergement au Riu Tikida Agadir du 07-01-2026 au 12-01-2026\r\n dont 0 nuit(s) x 130.00 euros'),
('68eff1c236dc1', '68eff1c23692b', 'Nothing', 2350.00, 1, 2350.00, 'Package Golfeur', '', 'H&eacute;bergement au Riu Tikida Agadir du 07-01-2026 au 12-01-2026\r\n dont 0 nuit(s) x 130.00 euros'),
('68f0057f94587', '68f0057f93c9e', 'Nothing', 2870.00, 1, 2870.00, 'Package Golfeur', 'H&eacute;bergement au Riu Tikida Agadir du 05-01-2026 au 12-01-2026\r\n dont 2 nuit(s) x 130.00 euros', 'Pro Balestro Laurent \r\n2 nuits suppl&eacute;mentaires'),
('6901e8d05fa48', '6901e8d05f401', 'Nothing', 3100.00, 1, 3100.00, 'Package Golfeur', 'Chambre single', 'H&eacute;bergement au Riu Tikida Agadir du 07-01-2026 au 14-01-2026\r\n dont 2 nuit(s) x 180.00 euros'),
('68f0bf741576e', '68f0bf7415115', 'Nothing', 390.00, 1, 390.00, 'Forfait PRO (GRATUIT)', 'Chambre single', 'H&eacute;bergement au Riu Tikida Agadir du 07-01-2026 au 12-01-2026\r\n0 nuit(s) (en suppl&eacute;ment) x 180.00 euros'),
('68f0c05f39a10', '68f0c05f395e6', 'Nothing', 2740.00, 1, 2740.00, 'Package Golfeur', 'Chambre single', 'H&eacute;bergement au Riu Tikida Agadir du 07-01-2026 au 12-01-2026\r\n dont 0 nuit(s) x 180.00 euros'),
('68f0c0e0eb63f', '68f0c0e0eb220', 'Nothing', 2350.00, 1, 2350.00, 'Package Golfeur', '', 'H&eacute;bergement au Riu Tikida Agadir du 07-01-2026 au 12-01-2026\r\n dont 0 nuit(s) x 130.00 euros'),
('68f0c153ae396', '68f0c153adfda', 'Nothing', 2350.00, 1, 2350.00, 'Package Golfeur', '', 'H&eacute;bergement au Riu Tikida Agadir du 07-01-2026 au 12-01-2026\r\n dont 0 nuit(s) x 130.00 euros'),
('693c8a925fbf1', '693c8a925f081', 'Nothing', 2840.00, 1, 2840.00, 'Package Golfeur', 'Chambre single + vue piscine', 'H&eacute;bergement au Riu Tikida Agadir du 07-01-2026 au 12-01-2026\r\n dont 0 nuit(s) x 200.00 euros'),
('68f8ebd985fd0', '68f8ebd98580e', 'Nothing', 5530.00, 1, 5530.00, ' 2 Package Golfeur chambre double ', '1 nuit du 6 janvier ', 'Pro Mr ZACHARY chambre individuelle et 1 nuit du 6 janvier'),
('68f88a5587f6b', '68f88a5587420', 'Nothing', 3100.00, 1, 3100.00, 'Package Golfeur', 'Suppl&eacute;ment chambre individuelle ', '2 Nuits suppl&eacute;mentaires du 6 et 12 janvier ( 180 euros / nuit )'),
('68f8ec7cdbd1e', '68f8ec7cdb3c9', 'Nothing', 0.00, 1, 0.00, '', '', ''),
('68fbb6a46be16', '68fbb6a46b773', 'Participation au Pro-Am International d\'Agadir\ndu 07/01/2026 au 12/01/2026\nPackage Golfeur - Membre de l\'un des 4 clubs : Belle Dune,\nHardelot, Le Touquet ou Wimereux\nSAPIN Marion\n', 0.00, 1, 0.00, 'forfait PRO (GRATUIT)', '', '\nhébergement au Riu Tikida Agadir du 07-01-2026 au 12-01-2026\n0 nuit(s) (en supplément) x 130.00 euros'),
('68fe68c44f076', '68fe68c44e9b6', 'Nothing', 5140.00, 1, 5140.00, 'Package Golfeur\r\nSingle\r\nVue piscine', 'Nuit du 6 en single\r\nvue piscine', 'H&eacute;bergement au Riu Tikida Agadir du 06-01-2026 au 12-01-2026\r\nen double du 12 au 19-01\r\nvue piscine'),
('692d8ee87abf9', '692d8ee87a4d5', 'Nothing', 3100.00, 1, 3100.00, 'Package Golfeur', 'Chambre single', 'H&eacute;bergement au Riu Tikida Agadir du 06-01-2026 au 13-01-2026\r\n dont 2 nuit(s) x 180.00 euros'),
('68ff4b8e63453', '68ff4b8e62f76', 'Nothing', 2610.00, 1, 2610.00, 'Package Golfeur', '', 'H&eacute;bergement au Riu Tikida Agadir du 07-01-2026 au 14-01-2026\r\n dont 2 nuit(s) x 130.00 euros'),
('6901205d209e0', '6901205d2002f', 'Nothing', 3100.00, 1, 3100.00, 'Package Golfeur', 'Chambre single', 'H&eacute;bergement au Riu Tikida Agadir du 05-01-2026 au 12-01-2026\r\n dont 2 nuit(s) x 180.00 euros'),
('69035f259d3cd', '69035f259ce22', 'Nothing', 2740.00, 1, 2740.00, 'Package Golfeur', 'Chambre single', 'H&eacute;bergement au Riu Tikida Agadir du 07-01-2026 au 12-01-2026\r\n dont 0 nuit(s) x 180.00 euros'),
('690373d8d2c25', '690373d8d25f2', 'Nothing', 3100.00, 1, 3100.00, 'Package Golfeur', 'Chambre single', 'H&eacute;bergement au Riu Tikida Agadir du 05-01-2026 au 12-01-2026\r\n dont 2 nuit(s) x 180.00 euros'),
('6915c3b1a7d9c', '6915c3b1a7195', 'Nothing', 750.00, 1, 750.00, 'Forfait PRO (GRATUIT)', 'Chambre single', 'H&eacute;bergement au Riu Tikida Agadir du 05-01-2026 au 12-01-2026\r\n2 nuit(s) (en suppl&eacute;ment) x 180.00 euros'),
('69060addec421', '69060addeb9f7', 'Participation au Pro-Am International d\'Agadir\ndu 07/01/2026 au 12/01/2026\nPackage Golfeur - Membre de l\'un des 4 clubs : Belle Dune,\nHardelot, Le Touquet ou Wimereux\nDUPLESSIS Cyrille\n', 0.00, 1, 0.00, 'forfait PRO (GRATUIT)', '', ''),
('69060e9ed9724', '69060e9ed9266', 'Nothing', 2350.00, 1, 2350.00, 'Inscription Pro Am Agadir 2026', '', ''),
('690f57c0afa9a', '690f57c0af05b', 'Nothing', 2920.00, 1, 2920.00, 'Package Golfeur', 'Chambre single', 'H&eacute;bergement au Riu Tikida Agadir du 06-01-2026 au 12-01-2026\r\n dont 1 nuit(s) x 180.00 euros'),
('69106a50001c8', '69106a4ff3ef4', 'Nothing', 360.00, 1, 360.00, 'Forfait PRO (GRATUIT)', '', 'H&eacute;bergement au Riu Tikida Agadir du 07-01-2026 au 14-01-2026\r\n2 nuit(s) (en suppl&eacute;ment) single x 180.00 euros'),
('69136186d37df', '69136186d3078', 'Nothing', 2740.00, 1, 2740.00, 'Package Golfeur', 'Option single', ''),
('6914e9077ac6a', '6914e9077a606', 'Nothing', 3100.00, 1, 3100.00, 'Package Golfeur', 'Chambre single', 'H&eacute;bergement au Riu Tikida Agadir du 06-01-2026 au 13-01-2026\r\n dont 2 nuit(s) x 180.00 euros'),
('691465011a540', '6914650119d01', 'Nothing', 0.00, 1, 0.00, 'Forfait PRO (GRATUIT)', '', 'H&eacute;bergement au Riu Tikida Agadir du 07-01-2026 au 12-01-2026\r\n-5 nuit(s) (en suppl&eacute;ment) x 130.00 euros'),
('691465ad8a3ad', '691465ad89dd5', 'Nothing', 3660.00, 1, 3660.00, 'Package Golfeur vue piscine ', 'H&eacute;bergement au Riu Tikida Agadir du 07-01-2026 au 12-01-2026\r\navec Erika', '1 nuit suppl&eacute;mentaire du 6 janvier et remise transfert a&eacute;roport - 60 euros '),
('692621c045d01', '692621c04541d', 'Participation au Pro-Am International d\'Agadir\ndu 07/01/2026 au 12/01/2026\nPackage Golfeur - Membre de l\'un des 4 clubs : Belle Dune,\nHardelot, Le Touquet ou Wimereux\nWEBER Lionel\n', 0.00, 1, 0.00, 'forfait PRO (GRATUIT)', '', ''),
('6914661e8121f', '6914661e80c59', 'Nothing', 2840.00, 1, 2840.00, 'Package Golfeur', 'Chambre single + vue piscine', 'H&eacute;bergement au Riu Tikida Agadir du 07-01-2026 au 12-01-2026\r\n dont 0 nuit(s) x 200.00 euros'),
('691466e94529a', '691466e944d47', 'Nothing', 2840.00, 1, 2840.00, 'Package Golfeur', 'Chambre single + vue piscine', 'H&eacute;bergement au Riu Tikida Agadir du 07-01-2026 au 12-01-2026\r\n dont 0 nuit(s) x 200.00 euros'),
('6915f81f17ab8', '6915f81f1732c', 'Nothing', 5220.00, 1, 5220.00, 'Package Golfeur\r\nEmmanuel PAON ET Caroline HEROLD', '', 'H&eacute;bergement au Riu Tikida Agadir du 05-01-2026 au 12-01-2026\r\n dont 2 nuit(s) x 130.00 euros x 2 pers'),
('691608bb0d2a6', '691608bb0c785', 'Nothing', 3280.00, 1, 3280.00, 'Package Golfeur', 'Chambre single', 'H&eacute;bergement au Riu Tikida Agadir du 05-01-2026 au 13-01-2026\r\n dont 3 nuit(s) x 180.00 euros'),
('691749690f379', '691749690e911', 'Nothing', 6900.00, 1, 6900.00, 'Package Golfeur\r\n3 personnes \r\n', '', 'H&eacute;bergement au Riu Tikida Agadir du 07-01-2026 au 12-01-2026\r\n'),
('69177797b95c2', '69177797b8ecd', 'Nothing', 2480.00, 1, 2480.00, 'Participation au Pro Am International Agadir\r\nPackage Golfeur\r\nPARIZOT Pascal\r\n', '', 'H&eacute;bergement au Riu Tikida Agadir du 06-01-2026 au 12-01-2026\r\n1 nuit(s) (en suppl&eacute;ment) x 130.00 euros'),
('6917783b27fde', '6917783b279ba', 'Nothing', 980.00, 1, 980.00, '', 'Chambre double sans piscine', 'H&eacute;bergement au Riu Tikida Agadir du 06-01-2026 au 12-01-2026\r\n1 nuit(s) (en suppl&eacute;ment) x 130.00 euros'),
('691addfa0617d', '691addfa0567f', 'Nothing', 3100.00, 1, 3100.00, 'Package Golfeur', 'Chambre single', 'H&eacute;bergement au Riu Tikida Agadir du 06-01-2026 au 13-01-2026\r\n dont 2 nuit(s) x 180.00 euros'),
('691ae1a93232a', '691ae1a931a59', 'Nothing', 3100.00, 1, 3100.00, 'Package Golfeur', 'Chambre single', 'H&eacute;bergement au Riu Tikida Agadir du 06-01-2026 au 13-01-2026\r\n dont 2 nuit(s) x 180.00 euros'),
('691b0267ae4c6', '691b0267adc71', 'Nothing', 2480.00, 1, 2480.00, 'Package Golfeur', '', 'H&eacute;bergement au Riu Tikida Agadir du 06-01-2026 au 12-01-2026\r\n dont 1 nuit(s) x 130.00 euros'),
('691b2abec316b', '691b2abec2a4c', 'Nothing', 2840.00, 1, 2840.00, 'Package Golfeur', 'Chambre single + vue piscine', 'H&eacute;bergement au Riu Tikida Agadir du 07-01-2026 au 12-01-2026\r\n dont 0 nuit(s) x 200.00 euros'),
('691b399f80ced', '691b399f80411', 'Nothing', 2740.00, 1, 2740.00, 'Package Golfeur', 'Single', 'H&eacute;bergement au Riu Tikida Agadir du 07-01-2026 au 12-01-2026\r\n dont 0 nuit(s) x 130.00 euros'),
('691c2ca461218', '691c2ca46067f', 'Nothing', 2740.00, 1, 2740.00, 'Package Golfeur', 'Chambre single', 'H&eacute;bergement au Riu Tikida Agadir du 07-01-2026 au 12-01-2026\r\n dont 0 nuit(s) x 180.00 euros'),
('691c2f0f12d5a', '691c2f0f1257e', 'Nothing', 2740.00, 1, 2740.00, 'Package Golfeur', 'Chambre single', 'H&eacute;bergement au Riu Tikida Agadir du 07-01-2026 au 12-01-2026\r\n dont 0 nuit(s) x 180.00 euros'),
('6937edf963484', '6937edf962e43', 'Nothing', 2740.00, 1, 2740.00, 'Package Golfeur', 'Chambre single', 'H&eacute;bergement au Riu Tikida Agadir du 07-01-2026 au 12-01-2026\r\n dont 0 nuit(s) x 180.00 euros'),
('691cc17d4e068', '691cc17d4d722', 'Nothing', 3040.00, 1, 3040.00, 'Package Golfeur', 'Chambre single + vue piscine', 'H&eacute;bergement au Riu Tikida Agadir du 06-01-2026 au 12-01-2026\r\n dont 1 nuit(s) x 200.00 euros'),
('69287d8179f01', '69287d81795d2', 'Nothing', 2300.00, 1, 2300.00, 'Package Golfeur', '', 'H&eacute;bergement au Riu Tikida Agadir du 07-01-2026 au 12-01-2026\r\n dont 0 nuit(s) x 130.00 euros'),
('692880cf421ad', '692880cf41943', 'Participation au Pro-Am International d\'Agadir\ndu 07/01/2026 au 12/01/2026\nPackage Golfeur\nPAOLINI  Pierre\n', 2350.00, 1, 2350.00, 'Package Golfeur', '', '\nhébergement au Riu Tikida Agadir du 07-01-2026 au 12-01-2026\n dont 0 nuit(s) x 130.00 euros'),
('692881c2ccad9', '692881c2cc49d', 'Participation au Pro-Am International d\'Agadir\ndu 07/01/2026 au 12/01/2026\nPackage Golfeur\nPAOLINI Noel\n', 2350.00, 1, 2350.00, 'Package Golfeur', '', '\nhébergement au Riu Tikida Agadir du 07-01-2026 au 12-01-2026\n dont 0 nuit(s) x 130.00 euros'),
('6929c17e308dd', '6929c17e2fdde', 'Nothing', 2480.00, 1, 2480.00, 'Package Golfeur', '', 'H&eacute;bergement au Riu Tikida Agadir du 06-01-2026 au 12-01-2026\r\n dont 1 nuit(s) x 130.00 euros'),
('6929df7d96956', '6929df7d95dd8', 'Participation au Pro-Am International d\'Agadir\ndu 07/01/2026 au 12/01/2026\nPackage Golfeur - Membre de l\'un des 4 clubs : Belle Dune,\nHardelot, Le Touquet ou Wimereux\nOUAHMANE  Said\n', 0.00, 1, 0.00, 'forfait PRO (GRATUIT)', '', '\nhébergement au Riu Tikida Agadir du 07-01-2026 au 12-01-2026\n0 nuit(s) (en supplément) x 130.00 euros'),
('6929dfd307a3e', '6929dfd3070dd', 'Nothing', 0.00, 1, 0.00, 'Package Golfeur', 'Chambre double + vue piscine', 'H&eacute;bergement au Riu Tikida Agadir du 07-01-2026 au 12-01-2026\r\n dont 0 nuit(s) x 150.00 euros'),
('6929e0228504a', '6929e022849b9', 'Nothing', 4900.00, 1, 4900.00, 'Package Golfeur\r\n2 personnes', 'Chambre double + vue piscine', 'H&eacute;bergement au Riu Tikida Agadir du 07-01-2026 au 12-01-2026\r\n dont 0 nuit(s) x 150.00 euros'),
('692af70d6ace9', '692af70d6a05b', 'Nothing', 1980.00, 1, 1980.00, 'Package Golfeur\r\nHors h&ocirc;tel', '', ''),
('692da14c259a6', '692da14c24ded', 'Nothing', 3240.00, 1, 3240.00, 'Package Golfeur', 'Chambre single + vue piscine', 'H&eacute;bergement au Riu Tikida Agadir du 06-01-2026 au 13-01-2026\r\n dont 2 nuit(s) x 200.00 euros'),
('692da1ab7b4b7', '692da1ab7adca', 'Nothing', 3240.00, 1, 3240.00, 'Package Golfeur', 'Chambre single + vue piscine', 'H&eacute;bergement au Riu Tikida Agadir du 06-01-2026 au 13-01-2026\r\n dont 2 nuit(s) x 200.00 euros'),
('692eedb12bbef', '692eedb12b2a4', 'Nothing', 2610.00, 1, 2610.00, 'Package Golfeur', '', 'H&eacute;bergement au Riu Tikida Agadir du 06-01-2026 au 13-01-2026\r\n dont 2 nuit(s) x 130.00 euros'),
('6936b296d8c83', '6936b296d836d', 'Participation au Pro-Am International d\'Agadir\ndu 07/01/2026 au 12/01/2026\nPackage Golfeur - Membre de l\'un des 4 clubs : Belle Dune,\nHardelot, Le Touquet ou Wimereux\nBORIONE NICOLAY St&eacute;phanie\n', 0.00, 1, 0.00, 'forfait PRO (GRATUIT)', '', '\nhébergement au Riu Tikida Agadir du 07-01-2026 au 12-01-2026\n0 nuit(s) (en supplément) x 130.00 euros'),
('692f0e500b6c9', '692f0e500b110', 'Nothing', 2870.00, 1, 2870.00, 'Package Golfeur', 'Supplement T.Porro\r\n2 nuits ', 'H&eacute;bergement au Riu Tikida Agadir du 06-01-2026 au 13-01-2026\r\n dont 2 nuit(s) x 130.00 euros'),
('6930416f2ae97', '6930416f2a5c1', 'Nothing', 2350.00, 1, 2350.00, 'Package Golfeur', '', 'H&eacute;bergement au Riu Tikida Agadir du 07-01-2026 au 12-01-2026\r\n dont 0 nuit(s) x 130.00 euros'),
('6936f79e45999', '6936f79e453d0', 'Nothing', 5840.00, 1, 5840.00, 'Package Golfeur', 'Chambre single', 'H&eacute;bergement au Riu Tikida Agadir du 06-01-2026 au 12-01-2026\r\n dont 1 nuit(s) x 180.00 euros'),
('6935b49227610', '6935b49226cd2', 'Nothing', 700.00, 1, 700.00, 'Forfait PRO (GRATUIT)', '', 'H&eacute;bergement au Riu Tikida Agadir du 05-01-2026 au 12-01-2026\r\n2 nuit(s) (en suppl&eacute;ment) x 300.00 euros \r\net suppl&eacute;ment vue piscine'),
('693699f5aa97f', '693699f5aa408', 'Nothing', 2450.00, 1, 2450.00, 'Package Golfeur', 'Chambre double + vue piscine', ''),
('6937f0e76809b', '6937f0e767a50', 'Nothing', 260.00, 1, 260.00, 'Forfait PRO (GRATUIT)', '', ''),
('69383fdcd0f15', '69383fdcd089d', 'Nothing', 2610.00, 1, 2610.00, 'Package Golfeur', '2 nuits suppl&eacute;mentaires ', ''),
('6937f16b3cef4', '6937f16b3c78a', 'Nothing', 2870.00, 1, 2870.00, 'Package Golfeur vue piscine', 'Participation aux nuits suppl&eacute;mentaires du Pro', 'H&eacute;bergement au Riu Tikida Agadir du 06-01-2026 au 13-01-2026\r\n dont 2 nuit(s) x 150.00 euros'),
('6937f1d953397', '6937f1d952e1e', 'Nothing', 2870.00, 1, 2870.00, 'Package Golfeur vue piscine', 'Participation aux nuits suppl&eacute;mentaires du Pro ', 'H&eacute;bergement au Riu Tikida Agadir du 06-01-2026 au 13-01-2026\r\n dont 2 nuit(s) x 150.00 euros'),
('6937f24fcd4e0', '6937f24fccf5c', 'Nothing', 3040.00, 1, 3040.00, 'Package Golfeur', 'Chambre single', 'H&eacute;bergement au Riu Tikida Agadir du 07-01-2026 au 13-01-2026\r\n dont 1 nuit(s) x 180.00 euros et participation aux nuits suppl&eacute;mentaires du Pro ( 120 euros )'),
('69496715377a5', '694967153717d', 'Participation au Pro-Am International d\'Agadir\ndu 07/01/2026 au 12/01/2026\nPackage Golfeur - Membre de l\'un des 4 clubs : Belle Dune,\nHardelot, Le Touquet ou Wimereux\nGOMES Tony\n', 0.00, 1, 0.00, 'forfait PRO (GRATUIT)', '', '\nhébergement au Riu Tikida Agadir du 07-01-2026 au 12-01-2026\n0 nuit(s) (en supplément) x 130.00 euros'),
('6949645fd1b74', '6949645fd15ff', 'Nothing', 3820.00, 1, 3820.00, 'Package Golfeur', 'Chambre single', 'H&eacute;bergement au Riu Tikida Agadir du 07-01-2026 au 18-01-2026\r\n dont 6 nuit(s) x 180.00 euros');

-- --------------------------------------------------------

--
-- Structure de la table `golfs`
--

CREATE TABLE `golfs` (
  `golf_id` int NOT NULL,
  `golf_nom` varchar(255) COLLATE utf8mb3_unicode_ci NOT NULL,
  `golf_adresse_1` varchar(255) COLLATE utf8mb3_unicode_ci NOT NULL,
  `golf_adresse_2` varchar(255) COLLATE utf8mb3_unicode_ci NOT NULL,
  `golf_code_postal` varchar(5) COLLATE utf8mb3_unicode_ci NOT NULL,
  `golf_ville` varchar(255) COLLATE utf8mb3_unicode_ci NOT NULL,
  `golf_telephone` varchar(15) COLLATE utf8mb3_unicode_ci NOT NULL,
  `golf_fax` varchar(15) COLLATE utf8mb3_unicode_ci NOT NULL,
  `golf_email` varchar(255) COLLATE utf8mb3_unicode_ci NOT NULL,
  `golf_siteweb` varchar(255) COLLATE utf8mb3_unicode_ci NOT NULL,
  `golf_logo` varchar(255) COLLATE utf8mb3_unicode_ci NOT NULL,
  `golf_par` int NOT NULL DEFAULT '0'
) ENGINE=MyISAM DEFAULT CHARSET=utf8mb3 COLLATE=utf8mb3_unicode_ci COMMENT='Liste des golfs';

--
-- Déchargement des données de la table `golfs`
--

INSERT INTO `golfs` (`golf_id`, `golf_nom`, `golf_adresse_1`, `golf_adresse_2`, `golf_code_postal`, `golf_ville`, `golf_telephone`, `golf_fax`, `golf_email`, `golf_siteweb`, `golf_logo`, `golf_par`) VALUES
(1, 'TAZEGZOUT', 'Promenade du Marquenterre', '', '80120', 'TAZEGZOUT', '03 22 23 45 50', '03 22 23 93 41', 'contact@golfdebelledune.com', 'http://www.golfdebelledune.com', '', 73),
(2, 'SOLEIL', 'Avenue Fran&ccedil;ois Mitterand', '', '62930', 'AGADIR', '03 21 32 43 20', '03 21 33 62 21', '', 'http://www.golf-wimereux.com', '', 72),
(3, 'OCEAN', 'Avenue Edouard VII', '', '62152', 'AGADIR', '03 21 91 90 90', '03 21 83 24 33', 'hardelot@opengolfclub.com', 'http://www.opengolfclub.com/hardelot/fr/golf-hardelot.html', '', 70),
(4, 'DUNES', 'Avenue du Golf', '', '65520', 'AGADIR', '03 21 06 28 00', '03 21 06 28 01', 'letouquet@opengolfclub.com', 'http://www.opengolfclub.com/touquet/fr/golf-touquet.html', '', 72),
(1, 'TAZEGZOUT', 'Promenade du Marquenterre', '', '80120', 'TAZEGZOUT', '03 22 23 45 50', '03 22 23 93 41', 'contact@golfdebelledune.com', 'http://www.golfdebelledune.com', '', 73),
(2, 'SOLEIL', 'Avenue Fran&ccedil;ois Mitterand', '', '62930', 'AGADIR', '03 21 32 43 20', '03 21 33 62 21', '', 'http://www.golf-wimereux.com', '', 72),
(3, 'OCEAN', 'Avenue Edouard VII', '', '62152', 'AGADIR', '03 21 91 90 90', '03 21 83 24 33', 'hardelot@opengolfclub.com', 'http://www.opengolfclub.com/hardelot/fr/golf-hardelot.html', '', 70),
(4, 'DUNES', 'Avenue du Golf', '', '65520', 'AGADIR', '03 21 06 28 00', '03 21 06 28 01', 'letouquet@opengolfclub.com', 'http://www.opengolfclub.com/touquet/fr/golf-touquet.html', '', 72);

-- --------------------------------------------------------

--
-- Structure de la table `golfs_roadbook`
--

CREATE TABLE `golfs_roadbook` (
  `roadbook_id` int NOT NULL,
  `roadbook_golf` int NOT NULL DEFAULT '0',
  `roadbook_trou` int NOT NULL DEFAULT '0',
  `roadbook_par` int NOT NULL DEFAULT '0',
  `roadbook_hcp` int NOT NULL DEFAULT '0',
  `roadbook_blanche` int NOT NULL DEFAULT '0',
  `roadbook_jaune` int NOT NULL DEFAULT '0',
  `roadbook_rouge` int NOT NULL DEFAULT '0'
) ENGINE=MyISAM DEFAULT CHARSET=utf8mb3 COLLATE=utf8mb3_unicode_ci COMMENT='Roadbook des golfs';

--
-- Déchargement des données de la table `golfs_roadbook`
--

INSERT INTO `golfs_roadbook` (`roadbook_id`, `roadbook_golf`, `roadbook_trou`, `roadbook_par`, `roadbook_hcp`, `roadbook_blanche`, `roadbook_jaune`, `roadbook_rouge`) VALUES
(1, 1, 1, 4, 12, 349, 326, 276),
(2, 1, 2, 4, 7, 343, 327, 272),
(3, 1, 3, 3, 18, 141, 137, 101),
(4, 1, 4, 5, 16, 441, 412, 357),
(5, 1, 5, 4, 9, 387, 347, 288),
(6, 1, 6, 3, 14, 161, 144, 117),
(7, 1, 7, 4, 5, 363, 344, 274),
(8, 1, 8, 4, 3, 393, 355, 326),
(9, 1, 9, 4, 11, 297, 272, 226),
(10, 1, 10, 5, 4, 511, 486, 411),
(11, 1, 11, 4, 6, 365, 342, 282),
(12, 1, 12, 3, 13, 141, 132, 107),
(13, 1, 13, 5, 2, 454, 414, 361),
(14, 1, 14, 3, 17, 137, 123, 98),
(15, 1, 15, 6, 1, 600, 550, 450),
(16, 1, 16, 4, 15, 268, 249, 206),
(17, 1, 17, 4, 8, 343, 317, 268),
(18, 1, 18, 4, 10, 400, 378, 313),
(19, 2, 1, 5, 7, 506, 450, 413),
(20, 2, 2, 3, 9, 201, 176, 147),
(21, 2, 3, 4, 3, 326, 309, 274),
(22, 2, 4, 4, 1, 343, 292, 289),
(23, 2, 5, 4, 11, 345, 334, 280),
(24, 2, 6, 3, 17, 156, 150, 124),
(25, 2, 7, 5, 5, 467, 463, 393),
(26, 2, 8, 4, 15, 310, 297, 247),
(27, 2, 9, 4, 13, 340, 328, 295),
(28, 2, 10, 3, 10, 174, 143, 113),
(29, 2, 11, 4, 12, 292, 292, 256),
(30, 2, 12, 3, 14, 151, 146, 118),
(31, 2, 13, 4, 8, 346, 338, 269),
(32, 2, 14, 4, 4, 331, 331, 270),
(33, 2, 15, 4, 2, 358, 350, 316),
(34, 2, 16, 4, 18, 293, 254, 215),
(35, 2, 17, 5, 16, 444, 422, 375),
(36, 2, 18, 5, 6, 466, 435, 410),
(37, 3, 1, 4, 11, 310, 284, 211),
(38, 3, 2, 3, 17, 167, 145, 106),
(39, 3, 3, 5, 9, 468, 407, 357),
(40, 3, 4, 4, 3, 404, 372, 320),
(41, 3, 5, 3, 13, 128, 119, 100),
(42, 3, 6, 4, 5, 322, 292, 248),
(43, 3, 7, 3, 15, 120, 112, 91),
(44, 3, 8, 5, 7, 465, 442, 408),
(45, 3, 9, 5, 1, 431, 405, 327),
(46, 3, 10, 4, 6, 324, 287, 232),
(47, 3, 11, 3, 12, 146, 134, 99),
(48, 3, 12, 4, 2, 371, 351, 308),
(49, 3, 13, 5, 10, 428, 400, 367),
(50, 3, 14, 3, 14, 183, 161, 123),
(51, 3, 15, 4, 16, 281, 266, 196),
(52, 3, 16, 4, 4, 306, 268, 236),
(53, 3, 17, 3, 18, 126, 113, 90),
(54, 3, 18, 4, 8, 354, 334, 291),
(55, 4, 1, 5, 8, 469, 445, 409),
(56, 4, 2, 3, 4, 198, 175, 134),
(57, 4, 3, 4, 18, 336, 321, 277),
(58, 4, 4, 5, 14, 455, 428, 369),
(59, 4, 5, 4, 10, 409, 371, 310),
(60, 4, 6, 4, 16, 319, 296, 269),
(61, 4, 7, 3, 12, 146, 134, 101),
(62, 4, 8, 4, 6, 349, 329, 272),
(63, 4, 9, 4, 2, 406, 370, 278),
(64, 4, 10, 3, 17, 139, 128, 104),
(65, 4, 11, 4, 1, 422, 405, 330),
(66, 4, 12, 4, 7, 367, 351, 280),
(67, 4, 13, 4, 3, 382, 334, 261),
(68, 4, 14, 4, 5, 377, 322, 279),
(69, 4, 15, 5, 11, 465, 433, 374),
(70, 4, 16, 3, 9, 180, 150, 123),
(71, 4, 17, 5, 15, 456, 441, 350),
(72, 4, 18, 4, 13, 384, 373, 334),
(1, 1, 1, 4, 12, 349, 326, 276),
(2, 1, 2, 4, 7, 343, 327, 272),
(3, 1, 3, 3, 18, 141, 137, 101),
(4, 1, 4, 5, 16, 441, 412, 357),
(5, 1, 5, 4, 9, 387, 347, 288),
(6, 1, 6, 3, 14, 161, 144, 117),
(7, 1, 7, 4, 5, 363, 344, 274),
(8, 1, 8, 4, 3, 393, 355, 326),
(9, 1, 9, 4, 11, 297, 272, 226),
(10, 1, 10, 5, 4, 511, 486, 411),
(11, 1, 11, 4, 6, 365, 342, 282),
(12, 1, 12, 3, 13, 141, 132, 107),
(13, 1, 13, 5, 2, 454, 414, 361),
(14, 1, 14, 3, 17, 137, 123, 98),
(15, 1, 15, 6, 1, 600, 550, 450),
(16, 1, 16, 4, 15, 268, 249, 206),
(17, 1, 17, 4, 8, 343, 317, 268),
(18, 1, 18, 4, 10, 400, 378, 313),
(19, 2, 1, 5, 7, 506, 450, 413),
(20, 2, 2, 3, 9, 201, 176, 147),
(21, 2, 3, 4, 3, 326, 309, 274),
(22, 2, 4, 4, 1, 343, 292, 289),
(23, 2, 5, 4, 11, 345, 334, 280),
(24, 2, 6, 3, 17, 156, 150, 124),
(25, 2, 7, 5, 5, 467, 463, 393),
(26, 2, 8, 4, 15, 310, 297, 247),
(27, 2, 9, 4, 13, 340, 328, 295),
(28, 2, 10, 3, 10, 174, 143, 113),
(29, 2, 11, 4, 12, 292, 292, 256),
(30, 2, 12, 3, 14, 151, 146, 118),
(31, 2, 13, 4, 8, 346, 338, 269),
(32, 2, 14, 4, 4, 331, 331, 270),
(33, 2, 15, 4, 2, 358, 350, 316),
(34, 2, 16, 4, 18, 293, 254, 215),
(35, 2, 17, 5, 16, 444, 422, 375),
(36, 2, 18, 5, 6, 466, 435, 410),
(37, 3, 1, 4, 11, 310, 284, 211),
(38, 3, 2, 3, 17, 167, 145, 106),
(39, 3, 3, 5, 9, 468, 407, 357),
(40, 3, 4, 4, 3, 404, 372, 320),
(41, 3, 5, 3, 13, 128, 119, 100),
(42, 3, 6, 4, 5, 322, 292, 248),
(43, 3, 7, 3, 15, 120, 112, 91),
(44, 3, 8, 5, 7, 465, 442, 408),
(45, 3, 9, 5, 1, 431, 405, 327),
(46, 3, 10, 4, 6, 324, 287, 232),
(47, 3, 11, 3, 12, 146, 134, 99),
(48, 3, 12, 4, 2, 371, 351, 308),
(49, 3, 13, 5, 10, 428, 400, 367),
(50, 3, 14, 3, 14, 183, 161, 123),
(51, 3, 15, 4, 16, 281, 266, 196),
(52, 3, 16, 4, 4, 306, 268, 236),
(53, 3, 17, 3, 18, 126, 113, 90),
(54, 3, 18, 4, 8, 354, 334, 291),
(55, 4, 1, 5, 8, 469, 445, 409),
(56, 4, 2, 3, 4, 198, 175, 134),
(57, 4, 3, 4, 18, 336, 321, 277),
(58, 4, 4, 5, 14, 455, 428, 369),
(59, 4, 5, 4, 10, 409, 371, 310),
(60, 4, 6, 4, 16, 319, 296, 269),
(61, 4, 7, 3, 12, 146, 134, 101),
(62, 4, 8, 4, 6, 349, 329, 272),
(63, 4, 9, 4, 2, 406, 370, 278),
(64, 4, 10, 3, 17, 139, 128, 104),
(65, 4, 11, 4, 1, 422, 405, 330),
(66, 4, 12, 4, 7, 367, 351, 280),
(67, 4, 13, 4, 3, 382, 334, 261),
(68, 4, 14, 4, 5, 377, 322, 279),
(69, 4, 15, 5, 11, 465, 433, 374),
(70, 4, 16, 3, 9, 180, 150, 123),
(71, 4, 17, 5, 15, 456, 441, 350),
(72, 4, 18, 4, 13, 384, 373, 334);

-- --------------------------------------------------------

--
-- Structure de la table `hebergements`
--

CREATE TABLE `hebergements` (
  `ID` int NOT NULL,
  `hotel` varchar(255) NOT NULL,
  `prix` decimal(12,2) NOT NULL DEFAULT '0.00',
  `chambre_double` tinyint(1) NOT NULL DEFAULT '0',
  `vue_piscine` tinyint(1) NOT NULL DEFAULT '0',
  `qtte` int NOT NULL DEFAULT '20'
) ENGINE=InnoDB DEFAULT CHARSET=latin1;

--
-- Déchargement des données de la table `hebergements`
--

INSERT INTO `hebergements` (`ID`, `hotel`, `prix`, `chambre_double`, `vue_piscine`, `qtte`) VALUES
(32, 'Riu Tikida Agadir', 130.00, 1, 0, 54),
(33, 'Riu Tikida Agadir', 150.00, 1, 1, 73),
(34, 'Riu Tikida Agadir', 180.00, 0, 0, 46),
(35, 'Riu Tikida Agadir', 200.00, 0, 1, 79);

-- --------------------------------------------------------

--
-- Structure de la table `joueurs`
--

CREATE TABLE `joueurs` (
  `joueur_id` varchar(100) COLLATE utf8mb3_unicode_ci NOT NULL DEFAULT '0',
  `competition_id` varchar(100) COLLATE utf8mb3_unicode_ci NOT NULL,
  `joueur_profil` enum('acc','am','pro') COLLATE utf8mb3_unicode_ci NOT NULL DEFAULT 'am',
  `joueur_licence` varchar(100) COLLATE utf8mb3_unicode_ci NOT NULL,
  `joueur_club` varchar(255) COLLATE utf8mb3_unicode_ci NOT NULL,
  `joueur_handicap` decimal(12,1) DEFAULT NULL,
  `joueur_handicap_validation` varchar(1) COLLATE utf8mb3_unicode_ci NOT NULL DEFAULT '0',
  `joueur_membre_club_competition` varchar(1) COLLATE utf8mb3_unicode_ci NOT NULL DEFAULT '0',
  `joueur_taille_polo` enum('NC','S','M','L','XL','XXL') COLLATE utf8mb3_unicode_ci DEFAULT NULL,
  `joueur_sexe` enum('H','F') COLLATE utf8mb3_unicode_ci NOT NULL DEFAULT 'H',
  `joueur_nom` varchar(255) COLLATE utf8mb3_unicode_ci NOT NULL,
  `joueur_prenom` varchar(255) COLLATE utf8mb3_unicode_ci NOT NULL,
  `joueur_date_naissance` date NOT NULL DEFAULT '0000-00-00',
  `joueur_adresse_1` varchar(255) COLLATE utf8mb3_unicode_ci NOT NULL,
  `joueur_adresse_2` varchar(255) COLLATE utf8mb3_unicode_ci NOT NULL,
  `joueur_code_postal` varchar(10) COLLATE utf8mb3_unicode_ci NOT NULL,
  `joueur_ville` varchar(255) COLLATE utf8mb3_unicode_ci NOT NULL,
  `joueur_pays` varchar(2) COLLATE utf8mb3_unicode_ci NOT NULL DEFAULT 'FR',
  `joueur_email` varchar(255) COLLATE utf8mb3_unicode_ci NOT NULL,
  `joueur_mobile` varchar(50) COLLATE utf8mb3_unicode_ci NOT NULL,
  `joueur_telephone` varchar(50) COLLATE utf8mb3_unicode_ci NOT NULL,
  `joueur_langue` enum('FR','EN') COLLATE utf8mb3_unicode_ci NOT NULL DEFAULT 'FR',
  `joueur_datetime_creation` datetime NOT NULL DEFAULT '0000-00-00 00:00:00',
  `joueur_confirmation_envoyee` datetime NOT NULL DEFAULT '0000-00-00 00:00:00',
  `joueur_admin` varchar(1) COLLATE utf8mb3_unicode_ci NOT NULL DEFAULT '0',
  `joueur_actif` varchar(1) COLLATE utf8mb3_unicode_ci NOT NULL DEFAULT '1'
) ENGINE=MyISAM DEFAULT CHARSET=utf8mb3 COLLATE=utf8mb3_unicode_ci COMMENT='Joueurs';

--
-- Déchargement des données de la table `joueurs`
--

INSERT INTO `joueurs` (`joueur_id`, `competition_id`, `joueur_profil`, `joueur_licence`, `joueur_club`, `joueur_handicap`, `joueur_handicap_validation`, `joueur_membre_club_competition`, `joueur_taille_polo`, `joueur_sexe`, `joueur_nom`, `joueur_prenom`, `joueur_date_naissance`, `joueur_adresse_1`, `joueur_adresse_2`, `joueur_code_postal`, `joueur_ville`, `joueur_pays`, `joueur_email`, `joueur_mobile`, `joueur_telephone`, `joueur_langue`, `joueur_datetime_creation`, `joueur_confirmation_envoyee`, `joueur_admin`, `joueur_actif`) VALUES
('6880d05f31ac0', '683708a560709', 'pro', '042135188', 'Golf de trousse chemise ', NULL, '0', '0', 'L', 'H', 'DE LA POEZE', 'Charles', '1990-04-26', '7 bis Rue des Alouettes', '', '91700', 'VILLIERS-SUR-ORGE', 'FR', 'charlesdelapoeze2@gmail.com', '0624265895', '', 'FR', '2025-07-23 14:06:55', '2025-08-28 17:27:20', '0', '1'),
('68851fafd01a2', '683708a560709', 'pro', '528918012', 'PGA france ', NULL, '0', '0', 'XL', 'H', 'ZACHARY ', 'Alexandre ', '1964-08-31', '248 rue commandant Charcot ', '', '69110', 'SAINTE FOY LES LYON', 'FR', 'ace.zachary16@gmail.com', '0680450589', '', 'FR', '2025-07-26 20:34:23', '2025-08-28 17:27:38', '0', '1'),
('689cf0f93adc5', '683708a560709', 'am', '594693380', 'Golf du fort Illkirch ', NULL, '0', '0', 'L', 'F', 'HOFMAN', 'Dominique', '1967-07-07', '26 rue du ch&acirc;teau ', '26 Rue du Ch&acirc;teau, 67210 Niedernai, Fr', '67210', 'NIEDERNAI', 'FR', 'dominique.hofman@orange.fr', '0661247767', '', 'FR', '2025-08-13 22:09:29', '0000-00-00 00:00:00', '0', '1'),
('68b0130174b6a', '683708a560709', 'am', '517415059', 'Lys chantilly', 14.8, '0', '0', 'L', 'H', 'WAIS', 'Lionel', '1953-04-05', '71bis 6eme avenue', '', '60260', 'LAMORLAYE', 'FR', 'lionel.wais@gmail.com', '0607174579', '', 'FR', '2025-08-28 10:27:45', '0000-00-00 00:00:00', '0', '1'),
('68b026dc99602', '683708a560709', 'am', '043 636 234', '', NULL, '0', '0', 'M', 'F', 'TIMMERMAN', 'Carole', '1965-07-14', '71bis 6eme Avenue', '', '60260', 'LAMORLAYE', 'FR', 'caroledelhomez@gmail.com', '', '', 'FR', '2025-08-28 11:52:28', '0000-00-00 00:00:00', '0', '1'),
('68b0737ce4b4c', '683708a560709', 'pro', '45 116 052', '', NULL, '0', '0', 'XL', 'F', 'SAUZET', 'Elodie', '1983-06-03', 'X', 'X', 'x', 'X', 'FR', 'sauzetelodie@gmail.com', '', '', 'FR', '2025-08-28 17:19:24', '2025-08-28 17:37:38', '0', '1'),
('68b073f41bc8f', '683708a560709', 'am', '003 889 234', '', NULL, '0', '0', 'XL', 'H', 'DUMONCEAU', 'Gerard', '1951-10-25', 'RUE DU VAUZEL', '', '69480', 'AMBERIEUX', 'FR', 'g.dumonceau@defimetal.com', '', '', 'FR', '2025-08-28 17:21:24', '0000-00-00 00:00:00', '0', '1'),
('68b0745dc79a4', '683708a560709', 'am', '003 890 231', '', NULL, '0', '0', 'XL', 'F', 'DUMONCEAU', 'Dominique', '1956-06-11', 'Rue du vauzel', '', '69480', 'AMBERIEUX', 'FR', 'dumonceau@aol.com', '', '', 'FR', '2025-08-28 17:23:09', '0000-00-00 00:00:00', '0', '1'),
('68b074e1563fa', '683708a560709', 'am', '044 268 052', '', NULL, '0', '0', 'S', 'F', 'GIROUDON', 'Michele', '1955-05-04', '15, impasse des pavillons', '', '69300', 'CALUIRE', 'FR', 'michelegiroudon@wanadoo.fr', '', '', 'FR', '2025-08-28 17:25:21', '0000-00-00 00:00:00', '0', '1'),
('68b7f95a05fc3', '683708a560709', 'am', '44 472 174', 'Golf de Trousse Chemise', 35.5, '0', '0', 'M', 'H', 'CARDOSO', 'Aldo', '1956-03-07', '45 Bd de Beausejour', '', '75016', 'PARIS', 'FR', 'cardoso.aldo@gmail.com', '+33607757111', '', 'FR', '2025-09-03 10:16:26', '0000-00-00 00:00:00', '0', '1'),
('68b9e45f57c83', '683708a560709', 'am', '527519384', '', 53.0, '0', '0', 'M', 'F', ' BOURGOIS', 'Nicole', '1954-04-18', '8 rue de furstemberg', '', '75006', 'PARIS', 'FR', 'nicoleannbourgois@gmail.com', '0671255195', '', 'FR', '2025-09-04 21:11:27', '0000-00-00 00:00:00', '0', '1'),
('68c0a7c113e5c', '683708a560709', 'am', '530763014', 'APREMONT', 8.1, '0', '0', 'M', 'F', 'LAURENT', 'Chantal', '1951-02-13', '45 RUE DU CLOS SERMON', '', '95430', 'AUVERS SUR OISE', 'FR', 'talou.laurent@orange.fr', '0608556871', '', 'FR', '2025-09-10 00:18:41', '0000-00-00 00:00:00', '0', '1'),
('68c822b0cf7dc', '683708a560709', 'pro', '', '', NULL, '0', '0', 'M', 'H', 'BILLOT', 'Jean Nicolas', '0000-00-00', '24 rue du Chariot d&#039;Or', '', '69004', 'LYON', 'FR', 'jnb@jnbevents.fr', '', '', 'FR', '2025-09-15 16:29:04', '2025-11-12 12:01:45', '0', '1'),
('68cbf168b5365', '683708a560709', 'pro', '538971098', '', NULL, '0', '0', 'S', 'H', 'TREMAS ', 'Maxime ', '1987-07-22', '151 avenue pierre Mendes France ', '', '49240', 'AVRILL&Eacute; ', 'FR', 'maxime.tremas@laposte.net', '0670153889', '', 'FR', '2025-09-18 13:47:52', '2025-09-23 16:19:27', '0', '1'),
('68cd602b85ef8', '683708a560709', 'am', '', 'L&#039;ISLE ADAM', 16.5, '0', '0', 'XXL', 'H', 'TEMPERE', 'Philippe', '1957-04-26', '259 LA HAIE DE MADAME PARC DE', '', '95290', 'L&#039;ISLE ADAM', 'FR', 'philippe.tempere@wanadoo.fr', '0609028185', '', 'FR', '2025-09-19 15:52:43', '0000-00-00 00:00:00', '0', '1'),
('68d2cda3651cd', '683708a560709', 'am', '45001295', 'Angers La Perri&egrave;re', 6.1, '0', '0', 'M', 'H', 'LERAY', 'Nicolas', '1975-11-04', '25 All&eacute;e du Grand Servial', '', '49000', 'ANGERS', 'FR', 'nicolas@leray.biz', '0660995161', '', 'FR', '2025-09-23 18:41:07', '0000-00-00 00:00:00', '0', '1'),
('68d2d44c3c7ad', '683708a560709', 'am', '', 'Angers ', 18.3, '0', '0', 'L', 'H', 'ALLARD', 'Philippe', '1960-02-10', '7 rue montgomery', '', '49000', 'ANGERS', 'FR', 'allard.philippe@orange.fr', '0607599627', '', 'FR', '2025-09-23 19:09:32', '0000-00-00 00:00:00', '0', '1'),
('68d2d7c48b520', '683708a560709', 'am', '045868348', 'Golf Angers la Perriere ', 10.9, '0', '1', 'L', 'H', 'MORIN', 'Alexis', '1983-08-07', '4 all&eacute;e de Savoie ', '', '49100', 'ANGERS', 'FR', 'alexis.morin@ymail.com', '0671552027', '', 'FR', '2025-09-23 19:24:20', '0000-00-00 00:00:00', '0', '1'),
('68d50e29d2d6d', '683708a560709', 'am', '512615299', 'Pontarlier', 24.0, '0', '0', 'XL', 'H', 'TIMOSSI', 'St&eacute;phane', '1962-01-05', '8 route de Malpas', '', '25160', 'LES GRANGETTES', 'FR', 'stephanetimossi@gmail.com', '0613631572', '', 'FR', '2025-09-25 11:40:57', '0000-00-00 00:00:00', '0', '1'),
('68d5c05f086ef', '683708a560709', 'am', '517.450.369 ', 'Pontarlier ', 21.5, '0', '0', 'XL', 'H', 'JOUENNE', 'Alexandre ', '1984-06-25', '2 bis Grande Rue ', '', '25160', 'REMORAY-BOUJEONS ', 'FR', 'alexjouenne@gmail.com', '0789310068', '', 'FR', '2025-09-26 00:21:19', '0000-00-00 00:00:00', '0', '1'),
('68d659c160fc2', '683708a560709', 'am', '43251289', 'Ligue Paris Ile de France', 54.0, '0', '1', 'XL', 'H', 'POULET', 'Fr&eacute;d&eacute;ric', '1969-10-26', '26, rue Deparcieux', '', '75014', 'PARIS', 'FR', 'fred.poulet@optimize360.fr', '0650122984', '0650122984', 'FR', '2025-09-26 11:15:45', '0000-00-00 00:00:00', '0', '1'),
('68d65da1eb402', '683708a560709', 'am', '524870268', 'Pontarlier', 9.3, '0', '0', 'L', 'H', 'MARICAL', 'Antoine', '0000-00-00', '826 rue de la saone', '', '25300', 'PONTARLIER', 'FR', 'origine74@gmail.com', '0777988186', '', 'FR', '2025-09-26 11:32:17', '0000-00-00 00:00:00', '0', '1'),
('68d65f5553c2c', '683708a560709', 'am', '43536260', 'Bordeaux-Lac', 18.6, '0', '0', 'XL', 'H', 'ABD RAHMAN', 'Azman', '1956-01-31', '11, rue du Palais Gallien', 'Appt A 417', '33000', 'BORDEAUX', 'FR', 'dk_azman@yahoo.com', '0621634492', '0556527289', 'FR', '2025-09-26 11:39:33', '0000-00-00 00:00:00', '0', '1'),
('68d65fc01fb2a', '683708a560709', 'am', '526583208', 'Villenave d&#039;Ornon', 14.4, '0', '0', 'L', 'H', 'TONON', 'Nicolas', '1982-04-20', '13 Chemin de Lauray', '', '33830', 'BELIN BELIET', 'FR', 'nicolas.tonon@optimize360.fr', '0685891018', '', 'FR', '2025-09-26 11:41:20', '0000-00-00 00:00:00', '0', '1'),
('68d6ea08c9a1e', '683708a560709', 'am', '540 931 180', 'Vilennes', 17.2, '0', '0', 'S', 'F', 'ROZENFARB ', 'Isabelle', '1957-05-02', '2 rue Joseph Sansboeuf ', '', '75008', 'PARIS', 'FR', 'docteur.rozenfarb@free.fr', '0607210827', '', 'FR', '2025-09-26 21:31:20', '0000-00-00 00:00:00', '0', '1'),
('68d942c7dbc27', '683708a560709', 'pro', '524216260', 'Golf de Niort ', NULL, '0', '0', 'L', 'H', 'DAUXERRE', 'Simon', '1982-12-21', '16 rue de l&#039;abreuvoir', '', '79460', 'MAGNE', 'FR', 'hseilm@hotmail.fr', '0633816473', '', 'FR', '2025-09-28 16:14:31', '2025-11-12 12:00:04', '0', '1'),
('68da9ff8bc860', '683708a560709', 'pro', 'MAROC', '', NULL, '0', '0', 'M', 'H', 'ESPELT', 'Jean Marc', '1970-01-01', 'Xx', '', 'xx', 'XX', 'MA', 'jmespelt66@gmail.com', '', '', 'FR', '2025-09-29 17:04:24', '2025-11-12 12:02:06', '1', '1'),
('68dbabce9c314', '683708a560709', 'am', '542234091', 'L&#039;ile d&#039;or', 20.7, '0', '0', 'L', 'H', 'LE MENELEC', 'Norbert', '1965-04-30', '5 IMPASSE DE LA VISONNIERE', '', '44120', 'VERTOU', 'FR', 'nlemenelec@fertilem.fr', '0608608190', '', 'FR', '2025-09-30 12:07:10', '0000-00-00 00:00:00', '0', '1'),
('68dbac8e6e95e', '683708a560709', 'am', '541288268', 'L&#039;ile d&#039;or', 25.3, '0', '0', 'M', 'F', 'LE MENELEC', 'Estelle', '1973-05-10', '5 IMPASSE DE LA VISONNIERE', '', '44120', 'VERTOU', 'FR', 'elemenelec73@gmail.com', '0603496865', '', 'FR', '2025-09-30 12:10:22', '0000-00-00 00:00:00', '0', '1'),
('68de93e22902e', '683708a560709', 'pro', '513176048', 'PGA', NULL, '0', '0', 'L', 'H', 'HOFFSTETTER', 'C&eacute;dric ', '1967-12-27', 'Villa Hortebise ', '31 avenue des Pyr&eacute;n&eacute;es ', '64270', 'SALIES DE B&Eacute;ARN ', 'FR', 'golf.cedric.hoffstetter@gmail.com', '0630088352', '', 'FR', '2025-10-02 17:01:54', '2025-11-12 12:00:37', '0', '1'),
('68deab79e0e0d', '683708a560709', 'am', '513957016', 'Occitanie', 22.1, '0', '0', 'L', 'H', 'MARTIN', 'Gerard', '1953-10-24', '9 rue des garrigues', '', '34710', 'LESPIGNAN', 'FR', 'ma@gmex.fr', '0680870235', '0680870235', 'FR', '2025-10-02 18:42:33', '0000-00-00 00:00:00', '0', '1'),
('68deb02810f9e', '683708a560709', 'am', '516147065', 'TOULOUSE', 16.5, '0', '0', 'M', 'H', 'LACROIX', 'Jean Ren&eacute;', '1961-10-25', '4 chemin de la Fontasse', '', '31750', 'ESCALQUENS', 'FR', 'jeanrenelacroix@gmail.com', '0648736028', '', 'FR', '2025-10-02 19:02:32', '0000-00-00 00:00:00', '0', '1'),
('68e4e78542373', '683708a560709', 'pro', '041 866 099', '', NULL, '0', '0', 'XL', 'H', 'BECHU ', 'Romain', '1985-10-01', 'Xx', '', 'xx', 'XX', 'FR', 'romainbech@yahoo.fr', '', '', 'FR', '2025-10-07 12:12:21', '2025-11-12 12:01:05', '0', '1'),
('68e4e7f81b9ad', '683708a560709', 'am', '042 126 088', '', 24.7, '0', '0', 'XL', 'H', 'VIERLING ', 'Philippe', '1959-09-13', 'Xx', '', 'xx', 'XX', 'FR', 'dr.vierling@hotmail.fr', '', '', 'FR', '2025-10-07 12:14:16', '0000-00-00 00:00:00', '0', '1'),
('68e4e86e8b56c', '683708a560709', 'am', '046976322', '', 22.8, '0', '0', 'S', 'F', 'VIERLING ', 'Iryna', '1980-11-04', 'Xx', '', 'xx', 'XX', 'FR', 'vierling@gmail.com', '', '', 'FR', '2025-10-07 12:16:14', '0000-00-00 00:00:00', '0', '1'),
('68e4e93bd09b2', '683708a560709', 'am', '&nbsp;512 346 277', '', 14.7, '0', '0', 'XL', 'H', 'BARIOT', 'Pascal ', '1961-04-26', 'Xx', '', 'xx', 'XX', 'FR', 'pascal.bariot@icloud.com', '', '', 'FR', '2025-10-07 12:19:39', '0000-00-00 00:00:00', '0', '1'),
('68ed2a0a71424', '683708a560709', 'pro', '511380017', 'GCL ', NULL, '0', '0', 'L', 'H', 'BALESTRO ', 'Laurent', '1975-09-15', '9 rue des bruy&egrave;res ', '', '69160', 'TASSIN LA DEMI LUNE', 'FR', 'laurent.balestro@gmail.com', '0620988905', '', 'FR', '2025-10-13 18:34:18', '2025-11-12 12:01:33', '0', '1'),
('68ef4a887b10e', '683708a560709', 'pro', '', '', NULL, '0', '0', 'S', 'F', 'LESPINASSE', 'Cathy', '0000-00-00', 'Ccc', '', 'c', 'CC', 'FR', 'cathylespinasse@gmail.com', '', '', 'FR', '2025-10-15 09:17:28', '2025-11-12 12:02:30', '0', '1'),
('68efe631aeaf3', '683708a560709', 'pro', '516710053', 'PGA FRANCE', NULL, '0', '0', 'S', 'H', 'DARFOUR ZURICH', 'Emmanuel', '1968-06-18', '55 avenue de Magellan ', '', '91650', 'BREUILLET', 'FR', 'edelta.sae@gmail.com', '+33663331827', '', 'FR', '2025-10-15 20:21:37', '2025-10-16 18:49:03', '0', '1'),
('68efe998f2beb', '683708a560709', 'am', '518529158', 'Golf de Marivaux (France)', 21.5, '0', '0', 'XL', 'H', 'PENNETIER', 'Eric', '1965-07-21', '54 rue de l&#039;orme gras', '', '91640', 'VAUGRIGNEUSE', 'FR', 'epennetier@artampo.fr', '+33670038321', '', 'FR', '2025-10-15 20:36:08', '0000-00-00 00:00:00', '0', '1'),
('68efef0d91a44', '683708a560709', 'am', '548419238', 'Golf de Marivaux (France)', 18.0, '0', '0', 'M', 'H', 'GIOLLOT', 'K&eacute;vin', '1982-12-03', '42 avenue de Bechevret', '', '91790', 'BOISSY SOUS SAINT YON', 'FR', 'kevin.giollot@wanadoo.fr', '+33688927302', '', 'FR', '2025-10-15 20:59:25', '0000-00-00 00:00:00', '0', '1'),
('68eff1c226bc8', '683708a560709', 'am', '520109384', 'Golf de Marivaux (France)', 12.0, '0', '0', 'L', 'H', 'DA COSTA', 'Fabio', '2002-03-03', '2 rue d&#039;adelaiau', '', '91470', 'FORGES LES BAINS', 'FR', 'fabiodacosta91640@outlook.com', '+33626014881', '', 'FR', '2025-10-15 21:10:58', '0000-00-00 00:00:00', '0', '1'),
('68f0057f84280', '683708a560709', 'am', '529364252', 'GOLF CLUB DE LYON', 28.7, '0', '1', 'M', 'H', 'BAURES', 'Jean Marie', '0000-00-00', '284 Chemin des Mitoyens', '', '38780', 'OYTIER SAINT OBLAS.  FRANCE', 'FR', 'jmbaures@osoaste.com', '0607497970', '', 'FR', '2025-10-15 22:35:11', '0000-00-00 00:00:00', '0', '1'),
('68f0bf73f40ce', '683708a560709', 'pro', '', '', NULL, '0', '0', 'XL', 'H', 'RICHARD', 'Laurent', '1975-04-17', 'RUE DES AGUESSES 37', '', '6940', 'DURBUY', 'BE', 'laurent.richard.golf@gmail.com', '', '', 'FR', '2025-10-16 11:48:35', '2025-11-12 12:02:57', '0', '1'),
('68f0c05f2e1e2', '683708a560709', 'am', '', '', NULL, '0', '0', 'L', 'F', 'PIRKIN', 'Karin', '1964-10-23', 'AVENUE DE L AMAZONE 15', '', '1640', 'RHODE ST GENESE', 'BE', 'karin.pirkin@gmail.com', '', '', 'FR', '2025-10-16 11:52:31', '0000-00-00 00:00:00', '0', '1'),
('68f0c0e0dc341', '683708a560709', 'am', '', '', NULL, '0', '0', 'S', 'H', 'MIGEOTTE', 'Pierre', '1987-01-17', 'Raidillon du thier 6', '', '4180', 'HAMOIR', 'FR', 'pierre.migeotte@hotmail.com', '', '', 'FR', '2025-10-16 11:54:40', '0000-00-00 00:00:00', '0', '1'),
('68f0c153a9574', '683708a560709', 'am', '', '', NULL, '0', '0', 'M', 'H', 'CONTINO', 'Pino', '1968-01-01', 'X', 'X', 'x', 'X', 'BE', 'pcontino@hotmail.com', '', '', 'FR', '2025-10-16 11:56:35', '0000-00-00 00:00:00', '0', '1'),
('68f754811f82d', '683708a560709', 'am', '546425252', 'Seilh', 19.0, '0', '0', 'L', 'H', 'ROBLES', 'Jose', '1966-02-01', '531 ROUTE DE COUTAL', '', '31620', 'VILLAUDRIC', 'FR', 'jose.robles@tcm-grandest.fr', '0624126927', '', 'FR', '2025-10-21 11:38:09', '0000-00-00 00:00:00', '0', '1'),
('68f88a5575a85', '683708a560709', 'am', '513445033', 'Golf de l&rsquo;Isle Adam ', 15.7, '0', '0', 'L', 'F', 'LE BEC-MARCHAL ', 'Annick ', '1947-07-20', '11 rue Alphonse Daudet ', '', '95170', 'DEUIL LA BARRE', 'FR', 'alebecmarchal@gmail.com', '0611021937', '', 'FR', '2025-10-22 09:40:05', '0000-00-00 00:00:00', '0', '1'),
('68f8ebd9750a9', '683708a560709', 'am', '510 074 056', '', 11.7, '0', '0', 'L', 'H', 'ROBERT', 'Eric ', '1957-08-10', 'Xx', '', 'xx', 'XX', 'FR', 'tbiber@netc.eu', '', '', 'FR', '2025-10-22 16:36:09', '0000-00-00 00:00:00', '0', '1'),
('68f8ec7cd1e5a', '683708a560709', 'am', '510 075 055', '', 11.7, '0', '0', 'S', 'F', 'ROBERT', 'Isabelle', '1959-11-28', 'Xx', '', 'xx', 'XX', 'FR', 'tbiber@netc.com', '', '', 'FR', '2025-10-22 16:38:52', '0000-00-00 00:00:00', '0', '1'),
('68fbb6a453e1b', '683708a560709', 'pro', '42839061', 'Bossey', NULL, '0', '1', 'L', 'F', 'SAPIN', 'Marion', '1980-02-12', '563 Route des Fins', '', '74930', 'PERS-JUSSY', 'FR', 'marionsapin@yahoo.fr', '0662183600', '', 'FR', '2025-10-24 19:25:56', '2025-11-12 12:03:08', '0', '1'),
('68fbba5aac113', '683708a560709', 'am', '', 'Beauvallon', 20.0, '0', '1', 'L', 'H', 'CRIGNON', 'Xavier', '1960-04-06', '563 Route des Fins', '', '74930', 'PERS-JUSSY', 'FR', 'xaviercrignon@orange.fr', '0610326226', '', 'FR', '2025-10-24 19:41:46', '0000-00-00 00:00:00', '0', '1'),
('68fe68c43c25d', '683708a560709', 'am', '', 'Bossey', 28.0, '0', '0', 'XXL', 'H', 'ZYLLA', 'Jeorg', '1959-06-07', '19 Avenue Krieg', '', '1208', 'GENEVE', 'CH', 'jorg.zylla@gmail.com', '+41799445697', '', 'FR', '2025-10-26 19:30:28', '0000-00-00 00:00:00', '0', '1'),
('68ff4b8e4d03c', '683708a560709', 'am', '01-6185', 'GRAND DUCAL Luxembourg', 8.8, '0', '0', 'XL', 'H', 'JEITZ', 'Luc', '1978-12-15', '20 bl de la Foire', '', 'l1528', 'LUXEMBOURG', 'LU', 'luc.jeitz@jeitz-goerens.lu', '+352621504510', '+3524532681', 'FR', '2025-10-27 11:38:06', '0000-00-00 00:00:00', '0', '1'),
('6901205d11d27', '683708a560709', 'am', '045587302', 'ASSE Marseille ', NULL, '0', '0', 'XL', 'H', 'LALLIER', 'Bruno', '1961-09-23', '10 chemin de la pointe', '', '13800', 'ISTRES', 'FR', 'bruno.lallier61@gmail.com', '0688743839', '', 'FR', '2025-10-28 20:58:21', '0000-00-00 00:00:00', '0', '1'),
('6901e8d04b679', '683708a560709', 'am', '004291', 'Golf Club Grand-Ducal de Luxembourg', 6.0, '0', '0', 'M', 'H', 'DIEHL', 'Marco', '1964-06-23', '4, rue de Dalheim ', '', '5898', 'SYREN', 'LU', 'marco.diehl@gmail.com', '+352621230664', '', 'FR', '2025-10-29 11:13:36', '0000-00-00 00:00:00', '0', '1'),
('69035f257c5c5', '683708a560709', 'am', '549 081 163', 'Bossey', 13.1, '0', '0', 'L', 'H', 'BOUCHER', 'Julien', '1974-04-18', 'Bois-Gourmand 53b', '', '1234', 'VESSY', 'CH', 'julien.boucher@gmail.com', '+41789352255', '', 'FR', '2025-10-30 13:50:45', '0000-00-00 00:00:00', '0', '1'),
('690373d8c2412', '683708a560709', 'am', '042775281', 'Buc', 19.5, '0', '0', 'L', 'H', 'DULUD', 'Alain', '1963-06-01', '154 avenue du g&eacute;n&eacute;ral de Gaule ', '', '92140', 'CLAMART', 'FR', 'alain.dulud63@gmail.com', '0673876164', '', 'FR', '2025-10-30 15:19:04', '0000-00-00 00:00:00', '0', '1'),
('69060addd92ac', '683708a560709', 'pro', '528875014', 'PGA', NULL, '0', '0', 'M', 'H', 'DUPLESSIS', 'Cyrille', '1966-08-15', '8, rue de la Sarthe', '', '44980', 'SAINTE LUCE SUR LOIRE', 'FR', 'cyrille.duplessis@wanadoo.fr', '0681715549', '', 'FR', '2025-11-01 14:27:57', '2025-11-12 12:01:55', '0', '1'),
('69060e9ec7e90', '683708a560709', 'am', '511769287', 'AS Golf de St S&eacute;bastien sur Loire', 26.0, '0', '0', 'L', 'H', 'DUPLESSIS', 'Damien', '1995-07-20', '8, rue de la Sarthe', '', '44980', 'SAINTE LUCE SUR LOIRE', 'FR', 'nadine.duplessis@orange.fr', '0681715549', '', 'FR', '2025-11-01 14:43:58', '0000-00-00 00:00:00', '0', '1'),
('690f57c05d14a', '683708a560709', 'am', '517688130', 'GCL', 22.0, '0', '0', 'M', 'H', 'KHAMTACHE ', 'Jean Marc', '1966-02-08', 'Umm Suqeim 2 , Al Tayari st ,Villa 61', '', '00000', 'DUBA&Iuml;', 'AE', 'jmarcok@gmail.com', '00971504218682', '', 'FR', '2025-11-08 15:46:24', '0000-00-00 00:00:00', '0', '1'),
('69106a4fc4269', '683708a560709', 'pro', '527831107', 'Golf club grand ducal ', NULL, '0', '0', 'M', 'H', 'ALTMEYER', 'Mickael ', '1981-11-20', '4 rue des 3 maisons ', '', '57660', 'LIXING LES SAINT AVOLD ', 'FR', 'mikealtmeyer@gmail.com', '0659474690', '', 'FR', '2025-11-09 11:17:51', '2025-11-12 12:01:21', '0', '1'),
('691361868cc87', '683708a560709', 'am', '45140093', 'Valescure', 17.5, '0', '0', 'L', 'H', 'CONVENT ', 'Jean  Jacques ', '1953-10-18', '56av du Lac ', '', '83480', 'PUGET SUR ARGENS ', 'FR', 'jjconvent@yahoo.fr', '33607664099', '', 'FR', '2025-11-11 17:17:10', '0000-00-00 00:00:00', '0', '1'),
('69146500d4524', '683708a560709', 'pro', '', '', NULL, '0', '0', 'XL', 'H', 'MARTY', 'Fabien', '1983-05-06', 'X', 'X', 'x', 'X', 'FR', 'fmarty@hotmail.com', '', '', 'FR', '2025-11-12 11:44:16', '2025-11-12 12:02:44', '0', '1'),
('691465ad60f03', '683708a560709', 'am', '513 179 018', '', NULL, '0', '0', 'L', 'H', 'ARNEODO ', 'Jean', '1951-05-29', '434 Chemin de la blanchere', '', '84270', 'VEDENE', 'FR', 'jarneodo@avoriaz-holidays.com', '', '', 'FR', '2025-11-12 11:47:09', '0000-00-00 00:00:00', '0', '1'),
('6914661e59e9e', '683708a560709', 'am', '046 309 044', '', NULL, '0', '0', 'L', 'H', 'MELCHIORRE', 'Serge', '0000-00-00', '3 all&eacute;e de la Louisiane', '', '33600', 'PESSAC', 'FR', 's.melchiorre@outlook.fr', '', '', 'FR', '2025-11-12 11:49:02', '0000-00-00 00:00:00', '0', '1'),
('691466e9151fb', '683708a560709', 'am', '', '', NULL, '0', '0', 'M', 'H', 'TALET', 'Rene', '1957-08-03', 'Mielweg 53', '', '6741zw', 'LUNTEREN', 'NL', 'rene@talet.nl', '', '', 'FR', '2025-11-12 11:52:25', '0000-00-00 00:00:00', '0', '1'),
('6914e90747f98', '683708a560709', 'am', '526770229', 'La Wantzenau', 0.8, '0', '0', 'L', 'H', 'SEYER', 'Sylvain', '1979-04-29', '2A RUE DU COUVENT', '', '67850', 'OFFENDORF', 'FR', 'sylvain.seyer79@gmail.com', '0659036642', '', 'FR', '2025-11-12 21:07:35', '0000-00-00 00:00:00', '0', '1'),
('6915c3b15b6e3', '683708a560709', 'pro', '539488010', 'Pga france', NULL, '0', '0', 'S', 'F', 'LE NALIO', 'Anne Sophie', '1977-05-24', '4 rue champlain', '', '56270', 'PLOEMEUR ', 'FR', 'alenalio@yahoo.fr', '+33670897901', '+33670897901', 'FR', '2025-11-13 12:40:33', '0000-00-00 00:00:00', '0', '1'),
('6915f81ec63c5', '683708a560709', 'am', '540 628 160', 'Carantec', 28.8, '0', '0', 'L', 'H', 'PAON', 'Emmanuel ', '1962-11-22', '49 rue puebla', '', '29200', 'BREST', 'FR', 'emmanuelpaon1@gmail.com', '0684774009', '', 'FR', '2025-11-13 16:24:14', '0000-00-00 00:00:00', '0', '1'),
('6915f90b3d491', '683708a560709', 'am', '518 219 215', 'Carantec', 17.5, '0', '0', 'L', 'F', 'HEROLD', 'Caroline', '1970-07-20', '49 rue Puebla', '', '29200', 'BREST', 'FR', 'herold.caroline@icloud.com', '0681676107', '', 'FR', '2025-11-13 16:28:11', '0000-00-00 00:00:00', '0', '1'),
('691608baaad52', '683708a560709', 'am', '543649356', 'PULNOY', 35.0, '0', '0', 'M', 'F', 'DIRAND', 'Fanny', '1981-03-26', '34 RUE DE LA REPUBLIQUE', 'BAT B2 APT 147', '54140', 'JARVILLE', 'FR', 'poupfamily@hotmail.fr', '0621392007', '', 'FR', '2025-11-13 17:35:06', '0000-00-00 00:00:00', '0', '1'),
('69174968d2bc2', '683708a560709', 'am', '526655354', 'Salvagny ', 20.2, '0', '0', 'L', 'H', 'DESHORS ', 'Lionel ', '1979-09-17', '41 chemin du Colin', '', '69370', 'SAINT DIDIER AU MONT D&rsquo;OR', 'FR', 'ldeshors@huracan-habitat.fr', '0674836317', '', 'FR', '2025-11-14 16:23:20', '0000-00-00 00:00:00', '0', '1'),
('691777978ac71', '683708a560709', 'am', ' 511070361', 'GOLF BLUEGREEN NIORT ROMAGNE', NULL, '0', '0', 'L', 'H', 'PARIZOT', 'Pascal', '1962-08-15', '59 impasse de la Baraudrie', '', '79230', 'AIFFRES', 'FR', 'parizotp@hotmail.fr', '0611881448', '', 'FR', '2025-11-14 19:40:23', '1970-01-01 00:00:00', '0', '1'),
('6917783b1488a', '683708a560709', 'acc', '', '', NULL, '0', '0', NULL, 'F', 'FOUQUET', 'Nathalie', '0000-00-00', '', '', '', '', 'FR', '', '', '', 'FR', '2025-11-14 19:43:07', '0000-00-00 00:00:00', '0', '1'),
('691addf9c1bde', '683708a560709', 'am', '', '', NULL, '0', '0', 'XL', 'H', 'HAMIDA', 'Karim', '1963-01-02', '9 RUE DE TOURS', '', '67800', 'BISCHHEIM', 'FR', 'karim.hamida@indexware.fr', '', '', 'FR', '2025-11-17 09:34:01', '0000-00-00 00:00:00', '0', '1'),
('691ae1a900cc9', '683708a560709', 'am', '', '', NULL, '0', '0', 'M', 'H', 'BRECHON ', 'Benoit', '1973-05-09', '6 rue de Berstett', '', '67550', 'VENDENHEIM', 'FR', 'bbr73@protonmail.com', '', '', 'FR', '2025-11-17 09:49:45', '0000-00-00 00:00:00', '0', '1'),
('691b02676b1cb', '683708a560709', 'am', '46688183', 'Mutuelles', 21.1, '0', '0', 'L', 'F', 'GIMENEZ ', 'Beatrice ', '1966-03-10', '7 Imp. Romain Rolland', '', '79000', 'NIORT', 'FR', 'bgime79@gmail.com', '0663199173', '', 'FR', '2025-11-17 12:09:27', '0000-00-00 00:00:00', '0', '1'),
('691b2abe8ad3a', '683708a560709', 'am', '46608149', 'Golf international barri&egrave;re La Baule', 6.3, '0', '0', 'L', 'H', 'HUET DE GUERVILLE', 'Thomas', '1971-03-10', '21 avenue des ribes', '', '44500', 'LA  BAULE', 'FR', 'tdeguerville@amtorganisation.com', '0683869628', '', 'FR', '2025-11-17 15:01:34', '0000-00-00 00:00:00', '0', '1'),
('691b2d7f816af', '683708a560709', 'acc', '', '', NULL, '0', '0', NULL, 'F', 'HOFFSTETTER', 'Corinne', '0000-00-00', '', '', '', '', 'FR', '', '', '', 'FR', '2025-11-17 15:13:19', '0000-00-00 00:00:00', '1', '1'),
('691b399f522ca', '683708a560709', 'am', '539283151', '', 10.8, '0', '0', 'XL', 'H', 'BEGUE', 'Andre', '1959-07-27', 'Impasse de PINTRE', '', '65170', 'VIGNEC', 'FR', 'andrebegue1@wanadoo.fr', '0682565980', '0562394748', 'FR', '2025-11-17 16:05:03', '0000-00-00 00:00:00', '0', '1'),
('691c2ca429670', '683708a560709', 'am', '535979256', '', 13.8, '0', '0', 'XL', 'H', 'DELANNOY ', 'Patrice', '1967-06-02', '269 chemin du puits ', '', '69210', 'FLEURIEUX SUR L ARBRESLE', 'FR', 'patrice.delannoy@wanadoo.fr', '', '', 'FR', '2025-11-18 09:21:56', '0000-00-00 00:00:00', '0', '1'),
('691c2f0ed4e96', '683708a560709', 'am', '540548256', '', 9.6, '0', '0', 'S', 'F', 'BELTRAN', 'Caroline', '1970-05-15', 'Xx', '', 'xx', 'X', 'FR', 'caro.beltran@orange.fr', '', '', 'FR', '2025-11-18 09:32:14', '0000-00-00 00:00:00', '0', '1'),
('691cc17d1b584', '683708a560709', 'am', '532448101', 'DOMONT Montmorency', 23.5, '0', '0', 'XL', 'H', 'CHEBROU', 'Jean Pierre', '1947-08-28', 'Les Floralies', '15 bis rue du Marechal Foch', '95120', 'ERMONT', 'FR', 'jean-pierre@chebrou.fr', '+33607397258', '', 'FR', '2025-11-18 19:57:01', '0000-00-00 00:00:00', '0', '1'),
('692621bff34bc', '683708a560709', 'pro', '510489126', 'Golf du Rhin', NULL, '0', '0', 'M', 'H', 'WEBER', 'Lionel', '1990-09-05', '84 Rue Bartholdi', '', '68400', 'RIEDISHEIM', 'FR', 'weber.lionel@yahoo.fr', '0623214814', '', 'FR', '2025-11-25 22:38:07', '2025-12-01 11:50:43', '0', '1'),
('69287d814331a', '683708a560709', 'am', '46576247', 'Golf de Beauvallon', 23.2, '0', '0', 'XL', 'H', 'TENAN', 'Pierre', '0000-00-00', '5 avenue des marronniers ', '', '83990', 'SAINT TROPEZ', 'FR', 'pierre.tenan@wanadoo.fr ', '0614676200', '', 'FR', '2025-11-27 17:34:09', '0000-00-00 00:00:00', '0', '1'),
('692880cf14b48', '683708a560709', 'am', '48727260', 'Beauvallon', NULL, '0', '0', 'M', 'H', 'PAOLINI ', 'Pierre', '0000-00-00', '323 Avenue de la Vigie', '', '83240', 'CAVALAIRE ', 'FR', 'pierrepln83@gmail.com', '0786202517', '', 'FR', '2025-11-27 17:48:15', '0000-00-00 00:00:00', '0', '1'),
('692881c2a4d46', '683708a560709', 'am', '3892257', 'Beauvallon ', NULL, '0', '0', 'M', 'H', 'PAOLINI', 'Noel', '0000-00-00', '323 Avenue de la Vigie', '', '83240', 'CAVALAIRE', 'FR', 'paolinin83200@yahoo.fr', '0637881403', '', 'FR', '2025-11-27 17:52:18', '0000-00-00 00:00:00', '0', '1'),
('6929c17dd9dce', '683708a560709', 'am', '541630397', 'Mazi&egrave;res en g&acirc;tine', NULL, '0', '0', 'L', 'H', 'CALLA', 'Vincent', '1975-04-23', '19, rue de la Maladrerie', '', '79160', 'COULONGES SUR L AUTIZE', 'FR', 'bixentecalla@hotmail.com', '0682177951', '', 'FR', '2025-11-28 16:36:29', '0000-00-00 00:00:00', '0', '1'),
('6929df7d66183', '683708a560709', 'pro', '5161230031', 'The Tony Jacklin Casablanca ', NULL, '0', '0', 'M', 'H', 'OUAHMANE ', 'Said', '1992-12-02', 'Andalous prestige bouskoura ', '', '27182', 'CASABLANCA ', 'MA', 'ouahmane17@gmail.com', '0619385888', '0775500500', 'FR', '2025-11-28 18:44:29', '2025-12-01 11:19:29', '0', '1'),
('6929dfd2c343f', '683708a560709', 'am', '522134485', 'Tony jacklin bouskoura ', 28.9, '0', '0', 'S', 'F', 'MIYARA ', 'Khadija ', '1978-03-28', '296, bouskoura golf city ville verte ', 'Bouskoura ', '27182', 'CASABLANCA ', 'MA', 'k.miyara@yahoo.fr', '0661109057', '', 'FR', '2025-11-28 18:45:54', '0000-00-00 00:00:00', '0', '1'),
('6929e0224a4fb', '683708a560709', 'am', '5221343477', 'Tony Jacklin bouskoura maroc', 20.1, '0', '0', 'L', 'H', 'SIBAI ', 'Hicham', '1966-11-29', '296, BGC. PRESTIGIA', '', '27182', 'BOUSKOURA, CASABLANCA', 'MA', 'sibai.hicham@gmail.com', '0771949932', '', 'FR', '2025-11-28 18:47:14', '0000-00-00 00:00:00', '0', '1'),
('692af70d2762b', '683708a560709', 'am', '5251445556', 'Royal Golf Dar Es Salam', 10.0, '0', '0', 'M', 'H', 'ZAID', 'Hicham', '1994-10-17', '3 rue arocarias', 'Anfa', '20000', 'CASABLANCA', 'MA', '84hz84@gmail.com', '', '', 'FR', '2025-11-29 14:37:17', '0000-00-00 00:00:00', '0', '1'),
('692d8ee849e55', '683708a560709', 'am', '517099053', 'Arcachon', 10.4, '0', '0', 'XL', 'H', 'RANGHEARD', 'Fran&ccedil;ois', '1957-08-27', '13E rue de tagon', '', '33380', 'BIGANOS', 'FR', 'francoisrangheard@free.fr', '0681024552', '0681024552', 'FR', '2025-12-01 13:49:44', '0000-00-00 00:00:00', '0', '1'),
('692da14be66a3', '683708a560709', 'am', '', '', NULL, '0', '0', 'XL', 'H', 'MALAURIE', 'Christian', '1949-10-01', '10 rue Lino Ventura', '', '24200', 'SARLAT LA CANEDA', 'FR', 'chmalaurie@wanadoo.fr', '0608649825', '', 'FR', '2025-12-01 15:08:11', '0000-00-00 00:00:00', '0', '1'),
('692da1ab54a09', '683708a560709', 'am', '', '', NULL, '0', '0', 'L', 'H', 'FAURIE', 'Patrice', '1050-05-25', 'Ccc', '', 'ccc', 'CC', 'FR', 'patrice.faurie@gmail.com', '', '', 'FR', '2025-12-01 15:09:47', '0000-00-00 00:00:00', '0', '1'),
('692eedb0f1b0c', '683708a560709', 'am', '41696313', 'Pessac', 15.1, '0', '0', 'S', 'F', 'LINARES ', 'Val&eacute;rie ', '1969-01-09', '9 All&eacute;e des Salamandres', '', '33170', 'GRADIGNAN', 'FR', 'valerielnrs@gmail.com', '', '0608075226', 'FR', '2025-12-02 14:46:24', '0000-00-00 00:00:00', '0', '1'),
('692f0e4fc901e', '683708a560709', 'am', '516 866 010', '', NULL, '0', '0', 'XL', 'F', 'PERROT', 'Sophie', '0000-00-00', 'Cc', '', 'cc', 'CC', 'FR', 'sophieglaunesperrot@gmail.com', '', '', 'FR', '2025-12-02 17:05:35', '0000-00-00 00:00:00', '0', '1'),
('6930410d51261', '683708a560709', 'am', '496 210 15', '', 13.6, '0', '0', 'L', 'H', 'OUANEZAR', 'Abel ', '1950-06-04', 'Xx', '', 'xx', 'XX', 'FR', 'ouanezar.abdel@gmail.com', '', '', 'FR', '2025-12-03 14:54:21', '0000-00-00 00:00:00', '0', '1'),
('6930416f0590b', '683708a560709', 'am', '045 360 055', '', 9.8, '0', '0', 'XL', 'H', 'MENDES', 'Jos&eacute;', '1952-06-25', 'Xx', '', 'xx', 'XX', 'FR', 'mendes.jose@dbmail.com', '', '', 'FR', '2025-12-03 14:55:59', '0000-00-00 00:00:00', '0', '1'),
('6935b491e10cf', '683708a560709', 'pro', '530627073', 'Saint samson', NULL, '0', '0', 'L', 'H', 'SAVIDAN ', 'Jean Dominique ', '1966-09-02', '28 bis rue de Ty huellan ', '', '22700', 'PERROS GUIREC', 'FR', 'savidan.jeando@wanadoo.fr', '0687522985', '', 'FR', '2025-12-07 18:08:33', '0000-00-00 00:00:00', '0', '1'),
('693699f5820c2', '683708a560709', 'am', '042008145', '', 7.8, '0', '0', 'NC', 'H', 'SAVIDAN', 'Arthur', '1993-09-03', 'Xx', '', 'xx', 'XX', 'FR', 'savidan.arthur@gmail.com', '', '', 'FR', '2025-12-08 10:27:17', '0000-00-00 00:00:00', '0', '1'),
('6936b29699303', '683708a560709', 'pro', '542514010', 'Longchamp', NULL, '0', '0', 'L', 'F', 'BORIONE NICOLAY', 'St&eacute;phanie', '1977-11-09', '11 rue du general henrion bertier', '', '92200', 'NEUILLY', 'FR', 'stephaniegolf@hotmail.com', '0610266523', '', 'FR', '2025-12-08 12:12:22', '0000-00-00 00:00:00', '0', '1'),
('6936e661e138d', '683708a560709', 'am', '539 706 177', '', 28.0, '0', '0', 'NC', 'H', 'JOCKEY', 'Michel', '1966-06-06', 'Xx', '', 'xx', 'XX', 'FR', 'michel.jockey@gmail.com', '', '', 'FR', '2025-12-08 15:53:21', '0000-00-00 00:00:00', '0', '1'),
('6936f4d0ce0d0', '683708a560709', 'am', '543270193', '', 15.0, '0', '0', 'L', 'H', 'MUNOS', 'Olivier', '1967-07-30', '35 Rue Denfert-Rochereau', '', '69004', 'LYON', 'FR', 'cabinetlb2m@gmail.com', '0624120963', '', 'FR', '2025-12-08 16:54:56', '0000-00-00 00:00:00', '0', '1'),
('6936f79e187e2', '683708a560709', 'am', '544269185', '', 17.1, '0', '0', 'M', 'H', 'MUNOS', 'Bastien', '1997-06-12', '15 COURS ARISTIDE BRIAND', '', '69300', 'CALUIRE', 'FR', 'bastienmunos@icloud.com', '0624120963', '', 'FR', '2025-12-08 17:06:54', '0000-00-00 00:00:00', '0', '1'),
('6937edf934efe', '683708a560709', 'am', '465 69 226', '', 8.4, '0', '0', 'M', 'H', 'MARIN', 'Eric', '1970-06-08', 'Xx', '', 'xx', 'XX', 'FR', 'eric17re@gmail.com', '', '', 'FR', '2025-12-09 10:38:01', '0000-00-00 00:00:00', '0', '1'),
('6937f0e7358ca', '683708a560709', 'pro', '445 212 36', '', NULL, '0', '0', 'NC', 'H', 'PARDOUX ', 'Baptiste', '2022-09-20', 'XX', '', 'xx', 'XX', 'FR', 'pardouxbaptiste@gmail.com', '', '', 'FR', '2025-12-09 10:50:31', '0000-00-00 00:00:00', '0', '1'),
('6937f16b16cff', '683708a560709', 'am', '519 663 171', '', 26.8, '0', '0', 'M', 'F', 'GAUME', 'Hilda', '1964-10-21', '22 avenue Louis Gaume ', '', '33115', 'PYLA SUR MER', 'FR', 'gaumelouis@orange.fr', '', '', 'FR', '2025-12-09 10:52:43', '0000-00-00 00:00:00', '0', '1'),
('6937f1d92e01a', '683708a560709', 'am', '523 319 018', '', 5.7, '0', '0', 'M', 'H', 'GAUME', 'Louis', '1956-04-13', '22 avenue Louis Gaume ', '', '33115', 'PYLA SUR MER', 'FR', 'gaume.louis@orange.fr', '', '', 'FR', '2025-12-09 10:54:33', '0000-00-00 00:00:00', '0', '1'),
('6937f24f9dd58', '683708a560709', 'am', '515 466 123 ', '', 21.7, '0', '0', 'S', 'F', 'PAJON ', 'Catherine', '1957-02-16', '22 all&eacute;e de Lim&egrave;re', '', '45160', 'ARDON ', 'FR', 'cathpaj75@gmail.com', '', '', 'FR', '2025-12-09 10:56:31', '0000-00-00 00:00:00', '0', '1'),
('69383fdc957de', '683708a560709', 'am', '01-7644', 'Grand ducal', -3.8, '0', '0', 'M', 'H', 'WINANDY', 'Nicolas', '2006-12-15', '1 Rue de Mensdorf', '', '5380', 'UEBERSYREN', 'LU', 'nicolaswinandy@icloud.com', '', '', 'FR', '2025-12-09 16:27:24', '0000-00-00 00:00:00', '0', '1'),
('693c8a9211be1', '683708a560709', 'am', '511965118', 'Golf du perche ', 6.1, '0', '0', 'XXL', 'H', 'BRANCHU', 'Matthieu', '1980-03-08', 'Golf du perche ', 'La vall&eacute;e des aulnes ', '28400', 'SOYA CE AU PERCHE ', 'FR', 'matthieu.branchu@orange.fr', '0677064135', '', 'FR', '2025-12-12 22:35:14', '0000-00-00 00:00:00', '0', '1'),
('69496177d18f2', '683708a560709', 'am', '', '', NULL, '0', '0', 'L', 'F', 'HUBLE', 'Val&eacute;rie', '0000-00-00', 'Ss', '', 'cc', 'CC', 'FR', 'valerie.huble@gmail.com', '', '', 'FR', '2025-12-22 16:19:19', '0000-00-00 00:00:00', '0', '1'),
('694962fca3053', '683708a560709', 'am', '', '', NULL, '0', '0', 'NC', 'H', 'ABRAHAM', 'Patrick', '0000-00-00', 'XXX', '', 'x', 'AMIENS', 'FR', 'golf@golf-first.fr', '', '', 'FR', '2025-12-22 16:25:48', '0000-00-00 00:00:00', '0', '1'),
('6949645f87fc9', '683708a560709', 'am', '', '', NULL, '0', '0', 'S', 'F', 'MAISONNIAL', 'Yollande', '0000-00-00', 'Xx', '', 'xx', 'LYON', 'FR', 'yollande@maisonnial.fr', '', '', 'FR', '2025-12-22 16:31:43', '0000-00-00 00:00:00', '0', '1'),
('6949671509896', '683708a560709', 'pro', '', '', NULL, '0', '0', 'M', 'H', 'GOMES', 'Tony', '0000-00-00', 'Xx', '', 'xx', 'LYON', 'FR', 'contact.tonygomes@gmail.com', '', '', 'FR', '2025-12-22 16:43:17', '0000-00-00 00:00:00', '0', '1');

-- --------------------------------------------------------

--
-- Structure de la table `parametres`
--

CREATE TABLE `parametres` (
  `parametre_id` int NOT NULL,
  `prix_tva` decimal(12,2) NOT NULL DEFAULT '0.00',
  `prix_golfeur_nonmembre_ht` decimal(12,2) NOT NULL DEFAULT '0.00',
  `prix_golfeur_nonmembre_tva` decimal(12,2) NOT NULL DEFAULT '0.00',
  `prix_golfeur_nonmembre_ttc` decimal(12,2) NOT NULL DEFAULT '0.00',
  `prix_golfeur_membre_ht` decimal(12,2) NOT NULL DEFAULT '0.00',
  `prix_golfeur_membre_tva` decimal(12,2) NOT NULL DEFAULT '0.00',
  `prix_golfeur_membre_ttc` decimal(12,2) NOT NULL DEFAULT '0.00',
  `prix_entreprise_ht` decimal(12,2) NOT NULL DEFAULT '0.00',
  `prix_entreprise_tva` decimal(12,2) NOT NULL DEFAULT '0.00',
  `prix_entreprise_ttc` decimal(12,2) NOT NULL DEFAULT '0.00',
  `prix_entreprise_accompagnateur_ht` decimal(12,2) NOT NULL DEFAULT '0.00',
  `prix_entreprise_accompagnateur_tva` decimal(12,2) NOT NULL DEFAULT '0.00',
  `prix_entreprise_accompagnateur_ttc` decimal(12,2) NOT NULL DEFAULT '0.00',
  `prix_accompagnateur_ht` decimal(12,2) NOT NULL DEFAULT '0.00',
  `prix_accompagnateur_tva` decimal(12,2) NOT NULL DEFAULT '0.00',
  `prix_accompagnateur_ttc` decimal(12,2) NOT NULL DEFAULT '0.00',
  `texte_facture_objet_FR` varchar(255) NOT NULL,
  `texte_facture_objet_EN` varchar(255) NOT NULL,
  `texte_facture_message_FR` text NOT NULL,
  `texte_facture_message_EN` text NOT NULL,
  `texte_inscription_objet_FR` varchar(255) NOT NULL,
  `texte_inscription_objet_EN` varchar(255) NOT NULL,
  `texte_inscription_titre_FR` varchar(255) NOT NULL,
  `texte_inscription_titre_EN` varchar(255) NOT NULL,
  `texte_inscription_message_FR` text NOT NULL,
  `texte_inscription_message_EN` text NOT NULL,
  `param_site_affichage_planning` varchar(1) NOT NULL DEFAULT '1',
  `param_site_affichage_cartes_score` varchar(1) NOT NULL DEFAULT '1'
) ENGINE=MyISAM DEFAULT CHARSET=utf8mb3 COMMENT='Paramètres de l''application';

--
-- Déchargement des données de la table `parametres`
--

INSERT INTO `parametres` (`parametre_id`, `prix_tva`, `prix_golfeur_nonmembre_ht`, `prix_golfeur_nonmembre_tva`, `prix_golfeur_nonmembre_ttc`, `prix_golfeur_membre_ht`, `prix_golfeur_membre_tva`, `prix_golfeur_membre_ttc`, `prix_entreprise_ht`, `prix_entreprise_tva`, `prix_entreprise_ttc`, `prix_entreprise_accompagnateur_ht`, `prix_entreprise_accompagnateur_tva`, `prix_entreprise_accompagnateur_ttc`, `prix_accompagnateur_ht`, `prix_accompagnateur_tva`, `prix_accompagnateur_ttc`, `texte_facture_objet_FR`, `texte_facture_objet_EN`, `texte_facture_message_FR`, `texte_facture_message_EN`, `texte_inscription_objet_FR`, `texte_inscription_objet_EN`, `texte_inscription_titre_FR`, `texte_inscription_titre_EN`, `texte_inscription_message_FR`, `texte_inscription_message_EN`, `param_site_affichage_planning`, `param_site_affichage_cartes_score`) VALUES
(0, 0.00, 1890.00, 1890.00, 1890.00, 1890.00, 0.00, 1890.00, 0.00, 0.00, 0.00, 0.00, 0.00, 0.00, 0.00, 0.00, 0.00, 'Pro Am international Agadir avec votre facture en pi&egrave;ce jointe', 'Your subscription is confirmed - Your invoice attached', '&lt;p&gt;&lt;span style=&quot;font-size: medium;&quot;&gt; Cher [CIVILITE] [NOM]\r\n&lt;p&gt;&lt;span style=&quot;font-size: medium;&quot;&gt;Nous vous confirmons votre inscription au Pro Am International d&#039;Agadir&nbsp;&lt;span style=&quot;font-size: medium;&quot;&gt;qui se d&eacute;roulera du 7 au 12 janvier 2026.&lt;p&gt;&lt;span style=&quot;font-size: medium;&quot;&gt;Le tournoi d&eacute;marre le 8 janvier. Nous nous retrouverons le 7 Janvier &agrave; partir de 19h au Riu Tikida Palace d&#039;Agadir pour le cocktail de bienvenue et la remise du polo officiel du tournoi.\r\n&lt;p&gt;&lt;span style=&quot;font-size: medium;&quot;&gt;&lt;strong&gt;1/Les voiturettes :&lt;/strong&gt; leur nombre &eacute;tant limit&eacute;, nous privil&eacute;gions les joueurs munis d&rsquo;un certificat m&eacute;dical.&lt;p&gt;&lt;span style=&quot;font-size: medium;&quot;&gt;La r&eacute;servation se fait uniquement par notre interm&eacute;diaire.&lt;p&gt;&lt;span style=&quot;font-size: medium;&quot;&gt;&lt;strong&gt;2/ Les caddies :&lt;/strong&gt; R&eacute;servation &agrave; l&rsquo;avance par nos soins.&nbsp;\r\n&lt;p&gt;&lt;span style=&quot;font-size: medium;&quot;&gt;Tout caddie r&eacute;serv&eacute; devra &ecirc;tre r&eacute;gl&eacute; sur place.&lt;p&gt;&lt;span style=&quot;font-size: medium;&quot;&gt;&lt;strong&gt;3/ les transferts :&nbsp;&lt;/strong&gt;Afin de pouvoir organiser au mieux les transferts entre l&#039;a&eacute;roport et l&#039;h&ocirc;tel, merci &nbsp;de nous communiquer au plus t&ocirc;t votre num&eacute;ro de vol, la compagnie, les horaires d&#039;arriv&eacute;e et de retour.&lt;p&gt;&lt;span style=&quot;font-size: medium;&quot;&gt;Les changements de dates d&rsquo;arriv&eacute;e et/ou de d&eacute;part sont r&eacute;alisables (par envoi d&rsquo;un mail) jusqu&#039;&agrave; 15 jours avant votre d&eacute;part, et en fonction des disponibilit&eacute;s.\r\n&lt;p&gt;&lt;span style=&quot;font-size: medium;&quot;&gt;Votre participation deviendra effective &agrave; r&eacute;ception de votre r&egrave;glement complet au 1 D&eacute;cembre 2025. &lt;p&gt;&lt;span style=&quot;font-size: medium;&quot;&gt;Tr&egrave;s Cordialement&lt;/span&gt;&lt;/p&gt;\r\n\r\n\r\n\r\nChristophe CANTEGREL\r\nLaetitia MARIN                     \r\nT&eacute;l : 04.81.88.45.64 &amp; T&eacute;l 05 59 42 27 97\r\n\r\nUne Organisation conjointe GOLF FIRST et MAKILAS GOLF TOUR\r\nLicence n&deg;IM 064110031\r\n\r\nPour les virements, Rib au nom de Challenge organisation Sarl.', 'Dear [CIVILITY] [NAME]\r\n\r\n\r\nWe confirm your registration for the Agadir International Pro Am which will take place from 7 to 12 january 2025.\r\n\r\nThe tournament starts on Thursday 8 january. We will meet on wednesday from 7pm at the Riu Tikida Palace Agadir  for the handing over of the official polo shirt .\r\n\r\n1/Carts: their number being limited, we prefer players with a medical certificate. \r\nReservations can only be made through us.\r\n\r\n2/ Caddies: Booking in advance by us. \r\nAll reserved caddies must be paid for on site.\r\n\r\n3/ Transfers: In order to be able to organise the transfers between the airport and the hotel as well as possible, please inform us of your flight number, the airline, the arrival and return times.\r\nChanges to arrival and/or departure dates can be made (by sending an email) up to 15 days before your departure, and are subject to availability.\r\n\r\n\r\nYour participation will become effective upon receipt of your full payment on 1 december 2025.  \r\n\r\n\r\n\r\nKind regards.\r\n\r\nChristophe CANTEGREL              Laetitia MARIN\r\nTel : 04.81.88.45.64                       Tel 05 59 42 27 97\r\n\r\nA joint organization of GOLF FIRST and MAKILAS GOLF TOUR\r\nLicense n&deg;IM 064110031\r\n\r\n\r\n', 'Pro Am international Agadir', 'Pro Am international Agadir', 'Confirmation d&#039;inscription au Pro Am international Agadir', 'Confirmation d&#039;inscription au Pro Am international Agadir', '&lt;p&gt;&lt;span style=&quot;font-size: medium;&quot;&gt; Cher [CIVILITE] [NOM]\r\n&lt;p&gt;&lt;span style=&quot;font-size: medium;&quot;&gt;Nous vous confirmons votre inscription au Pro Am International d&#039;Agadir&nbsp;&lt;span style=&quot;font-size: medium;&quot;&gt;qui se d&eacute;roulera du 7 au 12 janvier 2026.&lt;p&gt;&lt;span style=&quot;font-size: medium;&quot;&gt;Le tournoi d&eacute;marre le 8 janvier. Nous nous retrouverons le 7 Janvier &agrave; partir de 19h au Riu Tikida Palace d&#039;Agadir pour le cocktail de bienvenue et la remise du polo officiel du tournoi.\r\n&lt;p&gt;&lt;span style=&quot;font-size: medium;&quot;&gt;&lt;strong&gt;1/Les voiturettes :&lt;/strong&gt; leur nombre &eacute;tant limit&eacute;, nous privil&eacute;gions les joueurs munis d&rsquo;un certificat m&eacute;dical.&lt;p&gt;&lt;span style=&quot;font-size: medium;&quot;&gt;La r&eacute;servation se fait uniquement par notre interm&eacute;diaire.&lt;p&gt;&lt;span style=&quot;font-size: medium;&quot;&gt;&lt;strong&gt;2/ Les caddies :&lt;/strong&gt; R&eacute;servation &agrave; l&rsquo;avance par nos soins.&nbsp;\r\n&lt;p&gt;&lt;span style=&quot;font-size: medium;&quot;&gt;Tout caddie r&eacute;serv&eacute; devra &ecirc;tre r&eacute;gl&eacute; sur place.&lt;p&gt;&lt;span style=&quot;font-size: medium;&quot;&gt;&lt;strong&gt;3/ les transferts :&nbsp;&lt;/strong&gt;Afin de pouvoir organiser au mieux les transferts entre l&#039;a&eacute;roport et l&#039;h&ocirc;tel, merci &nbsp;de nous communiquer au plus t&ocirc;t votre num&eacute;ro de vol, la compagnie, les horaires d&#039;arriv&eacute;e et de retour.&lt;p&gt;&lt;span style=&quot;font-size: medium;&quot;&gt;Les changements de dates d&rsquo;arriv&eacute;e et/ou de d&eacute;part sont r&eacute;alisables (par envoi d&rsquo;un mail) jusqu&#039;&agrave; 15 jours avant votre d&eacute;part, et en fonction des disponibilit&eacute;s.\r\n&lt;p&gt;&lt;span style=&quot;font-size: medium;&quot;&gt;\r\n\r\n\r\n\r\nChristophe CANTEGREL\r\nLaetitia MARIN                     \r\nT&eacute;l : 04.81.88.45.64 &amp; T&eacute;l 05 59 42 27 97\r\n\r\nUne Organisation conjointe GOLF FIRST et MAKILAS GOLF TOUR\r\nLicence n&deg;IM 064110031\r\n', '&lt;p&gt;&lt;span style=&quot;font-size: medium;&quot;&gt; Cher [CIVILITE] [NOM]\r\n&lt;p&gt;&lt;span style=&quot;font-size: medium;&quot;&gt;Nous vous confirmons votre inscription au Pro Am International d&#039;Agadir&nbsp;&lt;span style=&quot;font-size: medium;&quot;&gt;qui se d&eacute;roulera du 7 au 12 janvier 2026.&lt;p&gt;&lt;span style=&quot;font-size: medium;&quot;&gt;Le tournoi d&eacute;marre le 8 janvier. Nous nous retrouverons le 7 Janvier &agrave; partir de 19h au Riu Tikida Palace d&#039;Agadir pour le cocktail de bienvenue et la remise du polo officiel du tournoi.\r\n&lt;p&gt;&lt;span style=&quot;font-size: medium;&quot;&gt;&lt;strong&gt;1/Les voiturettes :&lt;/strong&gt; leur nombre &eacute;tant limit&eacute;, nous privil&eacute;gions les joueurs munis d&rsquo;un certificat m&eacute;dical.&lt;p&gt;&lt;span style=&quot;font-size: medium;&quot;&gt;La r&eacute;servation se fait uniquement par notre interm&eacute;diaire.&lt;p&gt;&lt;span style=&quot;font-size: medium;&quot;&gt;&lt;strong&gt;2/ Les caddies :&lt;/strong&gt; R&eacute;servation &agrave; l&rsquo;avance par nos soins.&nbsp;\r\n&lt;p&gt;&lt;span style=&quot;font-size: medium;&quot;&gt;Tout caddie r&eacute;serv&eacute; devra &ecirc;tre r&eacute;gl&eacute; sur place.&lt;p&gt;&lt;span style=&quot;font-size: medium;&quot;&gt;&lt;strong&gt;3/ les transferts :&nbsp;&lt;/strong&gt;Afin de pouvoir organiser au mieux les transferts entre l&#039;a&eacute;roport et l&#039;h&ocirc;tel, merci &nbsp;de nous communiquer au plus t&ocirc;t votre num&eacute;ro de vol, la compagnie, les horaires d&#039;arriv&eacute;e et de retour.&lt;p&gt;&lt;span style=&quot;font-size: medium;&quot;&gt;Les changements de dates d&rsquo;arriv&eacute;e et/ou de d&eacute;part sont r&eacute;alisables (par envoi d&rsquo;un mail) jusqu&#039;&agrave; 15 jours avant votre d&eacute;part, et en fonction des disponibilit&eacute;s.\r\n&lt;p&gt;&lt;span style=&quot;font-size: medium;&quot;&gt;Votre participation deviendra effective &agrave; r&eacute;ception de votre r&egrave;glement complet au 1 D&eacute;cembre 2025. &lt;p&gt;&lt;span style=&quot;font-size: medium;&quot;&gt;Tr&egrave;s Cordialement&lt;/span&gt;&lt;/p&gt;\r\n\r\n\r\n\r\nChristophe CANTEGREL\r\nLaetitia MARIN                     \r\nT&eacute;l : 04.81.88.45.64 &amp; T&eacute;l 05 59 42 27 97\r\n\r\nUne Organisation conjointe GOLF FIRST et MAKILAS GOLF TOUR\r\nLicence n&deg;IM 064110031\r\n', '[', '[');

-- --------------------------------------------------------

--
-- Structure de la table `pays`
--

CREATE TABLE `pays` (
  `pays_id` int NOT NULL,
  `pays_code` varchar(2) COLLATE utf8mb3_unicode_ci NOT NULL,
  `pays_libelle_FR` varchar(255) COLLATE utf8mb3_unicode_ci NOT NULL,
  `pays_libelle_EN` varchar(255) COLLATE utf8mb3_unicode_ci NOT NULL
) ENGINE=MyISAM DEFAULT CHARSET=utf8mb3 COLLATE=utf8mb3_unicode_ci COMMENT='Pays';

--
-- Déchargement des données de la table `pays`
--

INSERT INTO `pays` (`pays_id`, `pays_code`, `pays_libelle_FR`, `pays_libelle_EN`) VALUES
(1, 'ZA', 'Afrique du Sud', 'South Africa'),
(2, 'AL', 'Albanie', 'Albania'),
(3, 'DZ', 'Algerie', 'Algeria'),
(4, 'DE', 'Allemagne', 'Germany'),
(5, 'AD', 'Andorre', 'Andorra'),
(6, 'AO', 'Angola', 'Angola'),
(7, 'AI', 'Anguilla', 'Anguilla'),
(8, 'AQ', 'Antarctique', 'Antarctica'),
(9, 'AG', 'Antigua-et-Barbuda', 'Antigua and Barbuda'),
(10, 'AN', 'Antilles neerlandaises', 'Netherlands Antilles'),
(11, 'SA', 'Arabie Saoudite', 'Saudi Arabia'),
(12, 'AR', 'Argentine', 'Argentina'),
(13, 'AM', 'Armenie', 'Armenia'),
(14, 'AW', 'Aruba', 'Aruba'),
(15, 'AU', 'Australie', 'Australia'),
(16, 'AT', 'Autriche', 'Austria'),
(17, 'AZ', 'Azerbaidjan', 'Azerbaijan'),
(18, 'BS', 'Bahamas', 'Bahamas'),
(19, 'BH', 'Bahrein', 'Bahrain'),
(20, 'BD', 'Bangladesh', 'Bangladesh'),
(21, 'BB', 'Barbade', 'Barbados'),
(22, 'BE', 'Belgique', 'Belgium'),
(23, 'BZ', 'Belize', 'Belize'),
(24, 'BM', 'Bermudes', 'Bermuda'),
(25, 'BT', 'Bhoutan', 'Bhutan'),
(26, 'BO', 'Bolivie', 'Bolivia'),
(27, 'BA', 'Bosnie-Herzegovine', 'Bosnia and Herzegovina'),
(28, 'BW', 'Botswana', 'Botswana'),
(29, 'BV', 'BouvetIle', 'Bouvet Island'),
(30, 'BN', 'Brunei Darussalam', 'Brunei Darussalam'),
(31, 'BR', 'Bresil', 'Brazil'),
(32, 'BG', 'Bulgarie', 'Bulgaria'),
(33, 'BF', 'Burkina faso', 'Burkina Faso'),
(34, 'BI', 'Burundi', 'Burundi'),
(35, 'BY', 'Belarus', 'Belarus'),
(36, 'BJ', 'Benin', 'Benin'),
(37, 'KH', 'Cambodge', 'Cambodia'),
(38, 'CM', 'Cameroun', 'Cameroon'),
(39, 'CA', 'Canada', 'Canada'),
(40, 'CV', 'Cap-vert', 'Cape Verde'),
(41, 'KY', 'CaimanesIles', 'Cayman Islands'),
(42, 'CF', 'Centrafricaine, Republique', 'Central African Republic'),
(43, 'CL', 'Chili', 'Chile'),
(44, 'CN', 'Chine', 'China'),
(45, 'CX', 'ChristmasIle', 'Christmas Island'),
(46, 'CY', 'Chypre', 'Cyprus'),
(47, 'CC', 'Cocos (Keeling), Iles', 'Cocos (Keeling) Islands'),
(48, 'CO', 'Colombie', 'Colombia'),
(49, 'KM', 'Comores', 'Comoros'),
(50, 'CG', 'Congo', 'Congo, Republic of'),
(51, 'CD', 'Congola, Republique Democratique du', 'Congo, The Democratic Republic of the'),
(52, 'CK', 'Cook, Iles', 'Cook Islands'),
(53, 'KP', 'Coree, Republique Populaire Democratique de', 'Korea, Democratic People s Republic'),
(54, 'KR', 'Coree, Republique de', 'Korea, Republic of'),
(55, 'CR', 'Costa rica', 'Costa Rica'),
(56, 'HR', 'Croatie', 'Croatia - Hrvatska'),
(57, 'CU', 'Cuba', 'Cuba'),
(58, 'CI', 'Cote d Ivoire', 'Ivory Coast'),
(59, 'DK', 'Danemark', 'Denmark'),
(60, 'DJ', 'Djibouti', 'Djibouti'),
(61, 'DO', 'Dominicaine, Republique', 'Dominican Republic'),
(62, 'DM', 'Dominique', 'Dominica'),
(63, 'EG', 'Egypte', 'Egypt'),
(64, 'AE', 'Emirats Arabes Unis', 'United Arab Emirates'),
(65, 'EC', 'Equateur', 'Ecuador'),
(66, 'ER', 'Erythree', 'Eritrea'),
(67, 'ES', 'Espagne', 'Spain'),
(68, 'EE', 'Estonie', 'Estonia'),
(69, 'US', 'Etats-Unis', 'United States'),
(70, 'ET', 'Ethiopie', 'Ethiopia'),
(71, 'FK', 'Falkland, Iles (Malvinas)', 'Falkland Islands (Malvinas)'),
(72, 'FJ', 'Fidji', 'Fiji'),
(73, 'FI', 'Finlande', 'Finland'),
(74, 'FR', 'France', 'France'),
(75, 'FO', 'Feroe, Iles', 'Faroe Islands'),
(76, 'GA', 'Gabon', 'Gabon'),
(77, 'GM', 'Gambie', 'Gambia'),
(78, 'GH', 'Ghana', 'Ghana'),
(79, 'GI', 'Gibraltar', 'Gibraltar'),
(80, 'GD', 'Grenade', 'Grenada'),
(81, 'GL', 'Groenland', 'Greenland'),
(82, 'GR', 'Grece', 'Greece'),
(83, 'GP', 'Guadeloupe', 'Guadeloupe'),
(84, 'GU', 'Guam', 'Guam'),
(85, 'GT', 'Guatemala', 'Guatemala'),
(86, 'GN', 'Guinee', 'Guinea'),
(87, 'GQ', 'Guinee Equatoriale', 'Equatorial Guinea'),
(88, 'GW', 'Guinee-Bissau', 'Guinea-Bissau'),
(89, 'GY', 'Guyana', 'Guyana'),
(90, 'GF', 'Guyane Francaise', 'French Guiana'),
(91, 'GE', 'Georgie', 'Georgia'),
(92, 'GS', 'Georgie du Sud et les Iles Sandwich du Sud', 'South Georgia and the South Sandwich Islands'),
(93, 'HT', 'Haiti', 'Haiti'),
(94, 'HM', 'HeardIle et McdonaldIles', 'Heard and McDonald Islands'),
(95, 'HN', 'Honduras', 'Honduras'),
(96, 'HK', 'Hong-kong', 'Hong Kong'),
(97, 'HU', 'Hongrie', 'Hungary'),
(98, 'VG', 'Iles Vierges Britanniques', 'Virgin IslandsBritish'),
(99, 'VI', 'Iles Vierges des Etats-Unis', 'Virgin IslandsUS'),
(100, 'UM', 'Iles mineures Eloignees des Etats-Unis', 'United States Minor Outlying Islands'),
(101, 'IN', 'Inde', 'India'),
(102, 'ID', 'Indonesie', 'Indonesia'),
(103, 'IR', 'Iran, Republique islamique d', 'Iran, Islamic Republic of'),
(104, 'IQ', 'Iraq', 'Iraq'),
(105, 'IE', 'Irlande', 'Ireland'),
(106, 'IS', 'Islande', 'Iceland'),
(107, 'IL', 'Israel', 'Israel'),
(108, 'IT', 'Italie', 'Italy'),
(109, 'JM', 'Jamaique', 'Jamaica'),
(110, 'JP', 'Japon', 'Japan'),
(111, 'JO', 'Jordanie', 'Jordan'),
(112, 'KZ', 'Kazakhstan', 'Kazakhstan'),
(113, 'KE', 'Kenya', 'Kenya'),
(114, 'KG', 'Kirghizistan', 'Kyrgyzstan'),
(115, 'KI', 'Kiribati', 'Kiribati'),
(116, 'KW', 'Koweit', 'Kuwait'),
(117, 'LA', 'Lao, Republique Democratique Populaire', 'Lao People s Democratic Republic'),
(118, 'LS', 'Lesotho', 'Lesotho'),
(119, 'LV', 'Lettonie', 'Latvia'),
(120, 'LB', 'Liban', 'Lebanon'),
(121, 'LY', 'Libyenne, Jamahiriya Arabe', 'Libyan Arab Jamahiriya'),
(122, 'LR', 'Liberia', 'Liberia'),
(123, 'LI', 'Liechtenstein', 'Liechtenstein'),
(124, 'LT', 'Lituanie', 'Lithuania'),
(125, 'LU', 'Luxembourg', 'Luxembourg'),
(126, 'MO', 'Macao', 'Macau'),
(127, 'MK', 'Macedoine, Ex-republique Yougoslave de', 'Macedonia, The Former Yugoslav Republic of'),
(128, 'MG', 'Madagascar', 'Madagascar'),
(129, 'MY', 'Malaisie', 'Malaysia'),
(130, 'MW', 'Malawi', 'Malawi'),
(131, 'MV', 'Maldives', 'Maldives'),
(132, 'ML', 'Mali', 'Mali'),
(133, 'MT', 'Malte', 'Malta'),
(134, 'MP', 'Mariannes du nordIles', 'Northern Mariana Islands'),
(135, 'MA', 'Maroc', 'Morocco'),
(136, 'MH', 'MarshallIles', 'Marshall Islands'),
(137, 'MQ', 'Martinique', 'Martinique'),
(138, 'MU', 'Maurice', 'Mauritius'),
(139, 'MR', 'Mauritanie', 'Mauritania'),
(140, 'YT', 'Mayotte', 'Mayotte'),
(141, 'MX', 'Mexique', 'Mexico'),
(142, 'FM', 'Micronesie, Etats federes de', 'Micronesia, Federal State of'),
(143, 'MD', 'Moldova, Republique de', 'Moldova, Republic of'),
(144, 'MC', 'Monaco', 'Monaco'),
(145, 'MN', 'Mongolie', 'Mongolia'),
(146, 'MS', 'Montserrat', 'Montserrat'),
(147, 'ME', 'Montenegro', 'Montenegro'),
(148, 'MZ', 'Mozambique', 'Mozambique'),
(149, 'MM', 'Myanmar', 'Myanmar'),
(150, 'NA', 'Namibie', 'Namibia'),
(151, 'NR', 'Nauru', 'Nauru'),
(152, 'NI', 'Nicaragua', 'Nicaragua'),
(153, 'NE', 'Niger', 'Niger'),
(154, 'NG', 'Nigeria', 'Nigeria'),
(155, 'NU', 'Niue', 'Niue'),
(156, 'NF', 'Norfolk, Ile', 'Norfolk Island'),
(157, 'NO', 'Norvege', 'Norway'),
(158, 'NC', 'Nouvelle-Caledonie', 'New Caledonia'),
(159, 'NZ', 'Nouvelle-Zelande', 'New Zealand'),
(160, 'NP', 'Nepal', 'Nepal'),
(161, 'IO', 'Ocean Indien, Territoire Britannique de l', 'British Indian Ocean Territory'),
(162, 'OM', 'Oman', 'Oman'),
(163, 'UG', 'Ouganda', 'Uganda'),
(164, 'UZ', 'Ouzbekistan', 'Uzbekistan'),
(165, 'PK', 'Pakistan', 'Pakistan'),
(166, 'PW', 'Palaos', 'Palau'),
(167, 'PS', 'Palestinien, Territoire occupe', 'Palestinian Territory Occupied'),
(168, 'PA', 'Panama', 'Panama'),
(169, 'PG', 'Papouasie-Nouvelle-Guinee', 'Papua New Guinea'),
(170, 'PY', 'Paraguay', 'Paraguay'),
(171, 'NL', 'Pays-bas', 'Netherlands'),
(172, 'PH', 'Philippines', 'Philippines'),
(173, 'PN', 'Pitcairn', 'Pitcairn Island'),
(174, 'PL', 'Pologne', 'Poland'),
(175, 'PF', 'Polynesie Francaise', 'French Polynesia'),
(176, 'PR', 'Porto Rico', 'Puerto Rico'),
(177, 'PT', 'Portugal', 'Portugal'),
(178, 'PE', 'Perou', 'Peru'),
(179, 'QA', 'Qatar', 'Qatar'),
(180, 'RO', 'Roumanie', 'Romania'),
(181, 'GB', 'Royaume-uni', 'United Kingdom'),
(182, 'RU', 'Russie, Federation de', 'Russian Federation'),
(183, 'RW', 'Rwanda', 'Rwanda'),
(184, 'RS', 'Republique de Serbie', 'Republic of Serbia'),
(185, 'RE', 'Reunion', 'Reunion Island'),
(186, 'EH', 'Sahara Occidental', 'Western Sahara'),
(187, 'KN', 'Saint-Kitts-et-Nevis', 'Saint Kitts and Nevis'),
(188, 'SM', 'Saint-Marin', 'San Marino'),
(189, 'PM', 'Saint-Pierre-et-Miquelon', 'Saint Pierre and Miquelon'),
(190, 'VA', 'Saint-Siege (Etat de la Cite du Vatican)', 'Holy See (Vatican City State)'),
(191, 'VC', 'Saint-Vincent-et-les Grenadines', 'Saint Vincent and the Grenadines'),
(192, 'SH', 'Sainte-Helene', 'Saint Helena'),
(193, 'LC', 'Sainte-Lucie', 'Saint Lucia'),
(194, 'SB', 'SalomonIles', 'Solomon Islands'),
(195, 'SV', 'Salvador', 'Salvador'),
(196, 'WS', 'Samoa', 'Western Samoa'),
(197, 'AS', 'Samoa americaines', 'American Samoa'),
(198, 'ST', 'Sao Tome-et-Principe', 'Sao Tome and Principe'),
(199, 'SC', 'Seychelles', 'Seychelles'),
(200, 'SL', 'Sierra Leone', 'Sierra Leone'),
(201, 'SG', 'Singapour', 'Singapore'),
(202, 'SK', 'Slovaquie', 'Slovak Republic'),
(203, 'SI', 'Slovenie', 'Slovenia'),
(204, 'SO', 'Somalie', 'Somalia'),
(205, 'SD', 'Soudan', 'Sudan'),
(206, 'LK', 'Sri Lanka', 'Sri Lanka'),
(207, 'CH', 'Suisse', 'Switzerland'),
(208, 'SR', 'Suriname', 'Suriname'),
(209, 'SE', 'Suede', 'Sweden'),
(210, 'SJ', 'Svalbard et Ile Jan Mayen', 'Svalbard and Jan Mayen Islands'),
(211, 'SZ', 'Swaziland', 'Swaziland'),
(212, 'SY', 'Syrienne, Republique Arabe', 'Syrian Arab Republic'),
(213, 'SN', 'Senegal', 'Senegal'),
(214, 'TJ', 'Tadjikistan', 'Tajikistan'),
(215, 'TZ', 'Tanzanie, Republique-Unie de', 'Tanzania'),
(216, 'TW', 'Taiwan, Province de Chine', 'Taiwan'),
(217, 'TD', 'Tchad', 'Chad'),
(218, 'CZ', 'Tcheque, Republique', 'Czech Republic'),
(219, 'TF', 'Terres Australes Francaises', 'French Southern Territories'),
(220, 'TH', 'Thailande', 'Thailand'),
(221, 'TL', 'Timor-Leste', 'Timor-Leste'),
(222, 'TG', 'Togo', 'Togo'),
(223, 'TK', 'Tokelau', 'Tokelau'),
(224, 'TO', 'Tonga', 'Tonga'),
(225, 'TT', 'Trinite-et-Tobago', 'Trinidad and Tobago'),
(226, 'TN', 'Tunisie', 'Tunisia'),
(227, 'TM', 'Turkmenistan', 'Turkmenistan'),
(228, 'TC', 'Turks et CaiquesIles', 'Turks and Caicos Islands'),
(229, 'TR', 'Turquie', 'Turkey'),
(230, 'TV', 'Tuvalu', 'Tuvalu'),
(231, 'UA', 'Ukraine', 'Ukraine'),
(232, 'UY', 'Uruguay', 'Uruguay'),
(233, 'VU', 'Vanuatu', 'Vanuatu'),
(234, 'VE', 'Venezuela', 'Venezuela'),
(235, 'VN', 'Vietnam', 'Vietnam'),
(236, 'WF', 'Wallis et Futuna', 'Wallis and Futuna Islands'),
(237, 'YE', 'Yemen', 'Yemen'),
(238, 'ZM', 'Zambie', 'Zambia'),
(239, 'ZW', 'Zimbabwe', 'Zimbabwe');

-- --------------------------------------------------------

--
-- Structure de la table `planning`
--

CREATE TABLE `planning` (
  `planning_id` int UNSIGNED NOT NULL,
  `competition_id` varchar(100) COLLATE utf8mb3_unicode_ci NOT NULL DEFAULT '0',
  `planning_groupe` varchar(1) COLLATE utf8mb3_unicode_ci NOT NULL DEFAULT 'Z',
  `golf_id` int NOT NULL DEFAULT '0',
  `equipe_id` varchar(100) COLLATE utf8mb3_unicode_ci NOT NULL DEFAULT '0',
  `planning_depart_date` date NOT NULL DEFAULT '0000-00-00',
  `planning_depart_heure` time NOT NULL DEFAULT '00:00:00'
) ENGINE=InnoDB DEFAULT CHARSET=utf8mb3 COLLATE=utf8mb3_unicode_ci COMMENT='Planning de la compétition';

-- --------------------------------------------------------

--
-- Structure de la table `scores`
--

CREATE TABLE `scores` (
  `score_id` int NOT NULL,
  `competition_id` varchar(100) COLLATE utf8mb3_unicode_ci NOT NULL DEFAULT '0',
  `planning_id` int NOT NULL,
  `equipe_id` varchar(100) COLLATE utf8mb3_unicode_ci NOT NULL DEFAULT '0',
  `score_joueur_pro_id` varchar(100) COLLATE utf8mb3_unicode_ci NOT NULL DEFAULT '0',
  `score_joueur_pro_resultats` varchar(255) COLLATE utf8mb3_unicode_ci NOT NULL,
  `score_joueur_pro_resultats_aller` int NOT NULL DEFAULT '0',
  `score_joueur_pro_resultats_retour` int NOT NULL DEFAULT '0',
  `score_joueur_pro_resultats_total` int NOT NULL DEFAULT '0',
  `score_joueur_pro_reference` int NOT NULL DEFAULT '0',
  `score_joueur_pro_abandon` int NOT NULL DEFAULT '0',
  `score_joueur_am1_id` varchar(100) COLLATE utf8mb3_unicode_ci NOT NULL DEFAULT '0',
  `score_joueur_am1_resultats` varchar(255) COLLATE utf8mb3_unicode_ci NOT NULL,
  `score_joueur_am1_coupsrecus` varchar(255) COLLATE utf8mb3_unicode_ci NOT NULL,
  `score_joueur_am2_id` varchar(100) COLLATE utf8mb3_unicode_ci NOT NULL DEFAULT '0',
  `score_joueur_am2_resultats` varchar(255) COLLATE utf8mb3_unicode_ci NOT NULL,
  `score_joueur_am2_coupsrecus` varchar(255) COLLATE utf8mb3_unicode_ci NOT NULL,
  `score_joueur_am3_id` varchar(100) COLLATE utf8mb3_unicode_ci NOT NULL DEFAULT '0',
  `score_joueur_am3_resultats` varchar(255) COLLATE utf8mb3_unicode_ci NOT NULL,
  `score_joueur_am3_coupsrecus` varchar(255) COLLATE utf8mb3_unicode_ci NOT NULL,
  `score_joueur_brut` varchar(255) COLLATE utf8mb3_unicode_ci NOT NULL,
  `score_joueur_net` varchar(255) COLLATE utf8mb3_unicode_ci NOT NULL,
  `score_joueur_brut_retour` int NOT NULL DEFAULT '0',
  `score_joueur_brut_aller` int NOT NULL DEFAULT '0',
  `score_joueur_brut_total` int NOT NULL DEFAULT '0',
  `score_joueur_brut_6derniers` int NOT NULL DEFAULT '0',
  `score_joueur_brut_3derniers` int NOT NULL DEFAULT '0',
  `score_joueur_brut_reference` int NOT NULL DEFAULT '0',
  `score_joueur_net_retour` int NOT NULL DEFAULT '0',
  `score_joueur_net_aller` int NOT NULL DEFAULT '0',
  `score_joueur_net_total` int NOT NULL DEFAULT '0',
  `score_joueur_net_6derniers` int NOT NULL DEFAULT '0',
  `score_joueur_net_3derniers` int NOT NULL DEFAULT '0',
  `score_joueur_net_reference` int NOT NULL DEFAULT '0'
) ENGINE=MyISAM DEFAULT CHARSET=utf8mb3 COLLATE=utf8mb3_unicode_ci COMMENT='Liste des scores de la compétition';

-- --------------------------------------------------------

--
-- Structure de la table `sponsors`
--

CREATE TABLE `sponsors` (
  `sponsor_id` int NOT NULL,
  `sponsor_nom` varchar(255) COLLATE utf8mb3_unicode_ci NOT NULL,
  `sponsor_logo` varchar(255) COLLATE utf8mb3_unicode_ci NOT NULL,
  `sponsor_classement` int NOT NULL DEFAULT '0',
  `sponsor_actif` varchar(1) COLLATE utf8mb3_unicode_ci NOT NULL DEFAULT '1'
) ENGINE=MyISAM DEFAULT CHARSET=utf8mb3 COLLATE=utf8mb3_unicode_ci COMMENT='Sponsors';

--
-- Déchargement des données de la table `sponsors`
--

INSERT INTO `sponsors` (`sponsor_id`, `sponsor_nom`, `sponsor_logo`, `sponsor_classement`, `sponsor_actif`) VALUES
(19, 'Under armor', '5f95d4ff1bb9a.jpg', 3, '1'),
(4, 'Carre Golf', '53e7c97eb382f.png', 2, '1'),
(22, 'Srixon', '60b73420c0718.jpg', 1, '1');

-- --------------------------------------------------------

--
-- Structure de la table `test`
--

CREATE TABLE `test` (
  `text` varchar(255) NOT NULL
) ENGINE=InnoDB DEFAULT CHARSET=latin1;

--
-- Déchargement des données de la table `test`
--

INSERT INTO `test` (`text`) VALUES
('0'),
('0'),
('0'),
('0'),
('0'),
('0'),
('0'),
('0'),
('0'),
('0'),
('0'),
('0'),
('0'),
('0'),
('0'),
('0'),
('0'),
('0'),
('0'),
('0'),
('0'),
('0'),
('0'),
('0'),
('0'),
('0'),
('0'),
('0'),
('0'),
('0'),
('0'),
('0'),
('0'),
('0'),
('0'),
('0'),
('0'),
('0'),
('0'),
('0'),
('0'),
('0'),
('0'),
('0'),
('0'),
('0'),
('0'),
('0'),
('0'),
('0'),
('0'),
('0'),
('0'),
('0'),
('0'),
('0'),
('0'),
('0'),
('0'),
('0'),
('0'),
('0'),
('0'),
('0'),
('0'),
('0'),
('0'),
('0'),
('0'),
('0'),
('0'),
('0'),
('0'),
('0'),
('0'),
('0'),
('0'),
('0'),
('0'),
('0'),
('0'),
('0'),
('0'),
('0'),
('0'),
('0'),
('0'),
('0'),
('0'),
('0'),
('0'),
('0'),
('0'),
('0'),
('0'),
('0'),
('0'),
('0'),
('0'),
('0'),
('0'),
('0'),
('0'),
('0'),
('0'),
('0'),
('0'),
('0'),
('0'),
('0'),
('0'),
('0'),
('0'),
('0'),
('0'),
('0'),
('0'),
('0'),
('0'),
('0'),
('0'),
('0'),
('0'),
('0'),
('0'),
('0'),
('0'),
('0'),
('0'),
('0'),
('0'),
('0'),
('0'),
('0'),
('0'),
('0'),
('0'),
('0'),
('0'),
('0'),
('0'),
('0'),
('0'),
('0'),
('0'),
('0'),
('0'),
('0'),
('0'),
('0'),
('0'),
('0'),
('0'),
('0'),
('0'),
('0'),
('0'),
('0'),
('0'),
('0'),
('0'),
('0'),
('0'),
('0'),
('0'),
('0'),
('0'),
('0'),
('0'),
('0'),
('0'),
('0'),
('0'),
('0'),
('0'),
('0'),
('0'),
('0'),
('0'),
('0'),
('0'),
('0'),
('0'),
('0'),
('0'),
('0'),
('0'),
('0'),
('0'),
('0'),
('0'),
('0'),
('0'),
('0'),
('0'),
('0'),
('0'),
('0'),
('0'),
('0'),
('0'),
('0'),
('0'),
('0'),
('0'),
('0'),
('0'),
('0'),
('0'),
('0'),
('0'),
('0'),
('0'),
('0'),
('0'),
('0'),
('0'),
('0'),
('0'),
('0'),
('0'),
('0'),
('0'),
('0'),
('0'),
('0'),
('0'),
('0'),
('0'),
('0'),
('0'),
('0'),
('0'),
('0'),
('0'),
('0'),
('0'),
('0'),
('0'),
('0'),
('0'),
('0'),
('0'),
('0'),
('0'),
('0'),
('0'),
('0'),
('0'),
('0'),
('0'),
('0'),
('0'),
('0'),
('0'),
('0'),
('0'),
('0'),
('0'),
('0'),
('0'),
('0'),
('0'),
('0'),
('0'),
('0'),
('0'),
('0'),
('0'),
('0'),
('0'),
('0'),
('0'),
('0'),
('0'),
('0'),
('0'),
('0'),
('0'),
('0'),
('0'),
('0'),
('0'),
('0'),
('0'),
('0'),
('0'),
('0'),
('0'),
('0'),
('0'),
('0'),
('0'),
('0'),
('0'),
('0'),
('0'),
('0'),
('0'),
('0'),
('0'),
('0'),
('0'),
('0'),
('0'),
('0'),
('0'),
('0'),
('0'),
('0'),
('0'),
('0'),
('0'),
('0'),
('0'),
('0'),
('0'),
('0'),
('0'),
('0'),
('0'),
('0'),
('0'),
('0'),
('0'),
('0'),
('0'),
('0'),
('0'),
('0'),
('0'),
('0'),
('0'),
('0'),
('0'),
('0'),
('0'),
('0'),
('0'),
('0'),
('0'),
('0'),
('0'),
('0'),
('0'),
('0'),
('0'),
('0'),
('0'),
('0'),
('0'),
('0'),
('0'),
('0'),
('0'),
('0'),
('0'),
('0'),
('0'),
('0'),
('0'),
('0'),
('0'),
('0'),
('0'),
('0'),
('0'),
('0'),
('0'),
('0'),
('0'),
('0'),
('0'),
('0'),
('0'),
('0'),
('0'),
('0'),
('0'),
('0'),
('0'),
('0'),
('0'),
('0'),
('0'),
('0'),
('0'),
('0'),
('0'),
('0'),
('0'),
('0'),
('0'),
('0'),
('0'),
('0'),
('0'),
('0'),
('0'),
('0'),
('0'),
('0'),
('0'),
('0'),
('0'),
('0'),
('0'),
('0'),
('0'),
('0'),
('0'),
('0'),
('0'),
('0'),
('0'),
('0'),
('0'),
('0'),
('0'),
('0'),
('0'),
('0'),
('0'),
('0'),
('0'),
('0'),
('0'),
('0'),
('0'),
('0'),
('0'),
('0'),
('0'),
('0'),
('0'),
('0'),
('0'),
('0'),
('0'),
('0'),
('0'),
('0'),
('0'),
('0'),
('0'),
('0'),
('0'),
('0'),
('0'),
('0'),
('0'),
('0'),
('0'),
('0'),
('0'),
('0'),
('0'),
('0'),
('0'),
('0'),
('0'),
('0'),
('0'),
('0'),
('0'),
('0'),
('0'),
('0'),
('0'),
('0'),
('0'),
('0'),
('0'),
('0'),
('0'),
('0'),
('0'),
('0'),
('0'),
('0'),
('0'),
('0'),
('0'),
('0'),
('0'),
('0'),
('0'),
('0'),
('0'),
('0'),
('0'),
('0'),
('0'),
('0'),
('0'),
('0'),
('0'),
('0'),
('0'),
('0'),
('0'),
('0'),
('0'),
('0'),
('0'),
('0'),
('0'),
('0'),
('0'),
('0'),
('0'),
('0'),
('0'),
('0'),
('0'),
('0'),
('0'),
('0'),
('0'),
('0'),
('0'),
('0'),
('0'),
('0'),
('0'),
('0'),
('0'),
('0'),
('0'),
('0'),
('0'),
('0'),
('0'),
('0'),
('0'),
('0'),
('0'),
('0'),
('0'),
('0'),
('0'),
('0'),
('0'),
('0'),
('0'),
('0'),
('0'),
('0'),
('0'),
('0'),
('0'),
('0'),
('0'),
('0'),
('0'),
('0'),
('0'),
('0'),
('0'),
('0'),
('0'),
('0'),
('0'),
('0'),
('0'),
('0'),
('0'),
('0'),
('0'),
('0'),
('0'),
('0'),
('0'),
('0'),
('0'),
('0'),
('0'),
('0'),
('0'),
('0'),
('0'),
('0'),
('0'),
('0'),
('0'),
('0'),
('0'),
('0'),
('0'),
('0'),
('0'),
('0'),
('0'),
('0'),
('0'),
('0'),
('0'),
('0'),
('0'),
('0'),
('0'),
('0'),
('0'),
('0'),
('0'),
('0'),
('0'),
('0'),
('0'),
('0'),
('0'),
('0'),
('0'),
('0'),
('0'),
('0'),
('0'),
('0'),
('0'),
('0'),
('0'),
('0'),
('0'),
('0'),
('0'),
('0'),
('0'),
('0'),
('0'),
('0'),
('0'),
('0'),
('0'),
('0'),
('0'),
('0'),
('0'),
('0'),
('0'),
('0'),
('0'),
('0'),
('0'),
('0'),
('0'),
('0'),
('0'),
('0'),
('0'),
('0'),
('0'),
('0'),
('0'),
('0'),
('0'),
('0'),
('0'),
('0'),
('0'),
('0'),
('0'),
('0'),
('0'),
('0'),
('0'),
('0'),
('0'),
('0'),
('0'),
('0'),
('0'),
('0'),
('0'),
('0'),
('0'),
('0'),
('0'),
('0'),
('0'),
('0'),
('0'),
('0'),
('0'),
('0'),
('0'),
('0'),
('0'),
('0'),
('0'),
('0'),
('0'),
('0'),
('0'),
('0'),
('0'),
('0'),
('0'),
('0'),
('0'),
('0'),
('0'),
('0'),
('0'),
('0'),
('0'),
('0'),
('0'),
('0'),
('0'),
('0'),
('0'),
('0'),
('0'),
('0'),
('0'),
('0'),
('0'),
('0'),
('0'),
('0'),
('0'),
('0'),
('0'),
('0'),
('0'),
('0'),
('0'),
('0'),
('0'),
('0'),
('0'),
('0'),
('0'),
('0'),
('0'),
('0'),
('0'),
('0'),
('0'),
('0'),
('0'),
('0'),
('0'),
('0'),
('0'),
('0'),
('0'),
('0'),
('0'),
('0'),
('0'),
('0'),
('0'),
('0'),
('0'),
('0'),
('0'),
('0'),
('0'),
('0'),
('0'),
('0'),
('0'),
('0'),
('0'),
('0'),
('0'),
('0'),
('0'),
('0'),
('0'),
('0'),
('0'),
('0'),
('0'),
('0'),
('0'),
('0'),
('0'),
('0'),
('0'),
('0');

--
-- Index pour les tables déchargées
--

--
-- Index pour la table `hebergements`
--
ALTER TABLE `hebergements`
  ADD PRIMARY KEY (`ID`);

--
-- Index pour la table `planning`
--
ALTER TABLE `planning`
  ADD PRIMARY KEY (`planning_id`);

--
-- Index pour la table `sponsors`
--
ALTER TABLE `sponsors`
  ADD PRIMARY KEY (`sponsor_id`);

--
-- AUTO_INCREMENT pour les tables déchargées
--

--
-- AUTO_INCREMENT pour la table `hebergements`
--
ALTER TABLE `hebergements`
  MODIFY `ID` int NOT NULL AUTO_INCREMENT, AUTO_INCREMENT=36;

--
-- AUTO_INCREMENT pour la table `planning`
--
ALTER TABLE `planning`
  MODIFY `planning_id` int UNSIGNED NOT NULL AUTO_INCREMENT;

--
-- AUTO_INCREMENT pour la table `sponsors`
--
ALTER TABLE `sponsors`
  MODIFY `sponsor_id` int NOT NULL AUTO_INCREMENT, AUTO_INCREMENT=23;
COMMIT;

